Jun 17 18:52:07.057600 np0000003086 devstack@neutron-api.service[90120]: INFO neutron.quota.resource_registry [None req-bc658c54-a291-40bb-8448-54e839326cbd None None] Creating instance of TrackedResource for resource:subnetpool
Jun 17 18:52:07.057696 np0000003086 devstack@neutron-api.service[90120]: WARNING neutron.quota.resource_registry [None req-bc658c54-a291-40bb-8448-54e839326cbd None None] subnetpool is already registered
Jun 17 18:52:07.058053 np0000003086 devstack@neutron-api.service[90120]: DEBUG neutron.api.v2.resource_helper [None req-bc658c54-a291-40bb-8448-54e839326cbd None None] Service CORE assigned prefix: {{(pid=90120) build_resource_info /opt/stack/neutron/neutron/api/v2/resource_helper.py:77}}
Jun 17 18:52:07.058212 np0000003086 devstack@neutron-api.service[90120]: INFO neutron.quota.resource_registry [None req-bc658c54-a291-40bb-8448-54e839326cbd None None] Creating instance of TrackedResource for resource:subnetpool
Jun 17 18:52:07.058474 np0000003086 devstack@neutron-api.service[90120]: WARNING neutron.quota.resource_registry [None req-bc658c54-a291-40bb-8448-54e839326cbd None None] subnetpool is already registered
Jun 17 18:52:07.059184 np0000003086 devstack@neutron-api.service[90121]: DEBUG oslo_concurrency.processutils [None req-24144e31-3efa-41cf-bf07-f09962172510 None None] CMD "ovsdb-client transact ssl:10.4.3.105:6641 --timeout 180 -p /opt/stack/data/CA/int-ca/private/devstack-cert.key -c /opt/stack/data/CA/int-ca/devstack-cert.crt -C /opt/stack/data/CA/int-ca/ca-chain.pem ["OVN_Northbound", {"op": "wait", "timeout": 0, "table": "Port_Group", "where": [["name", "==", "neutron_pg_drop"]], "until": "==", "rows": []}, {"op": "insert", "table": "ACL", "row": {"action": "drop", "direction": "to-lport", "match": "outport == @neutron_pg_drop && ip", "priority": 1001}, "uuid-name": "droptoport"}, {"op": "insert", "table": "ACL", "row": {"action": "drop", "direction": "from-lport", "match": "inport == @neutron_pg_drop && ip", "priority": 1001}, "uuid-name": "dropfromport"}, {"op": "insert", "table": "Port_Group", "row": {"name": "neutron_pg_drop", "acls": ["set", [["named-uuid", "droptoport"], ["named-uuid", "dropfromport"]]]}}]" returned: 0 in 0.040s {{(pid=90121) execute /opt/stack/data/venv/lib/python3.12/site-packages/oslo_concurrency/processutils.py:468}}
Jun 17 18:52:07.060169 np0000003086 devstack@neutron-api.service[90121]: DEBUG neutron_lib.callbacks.manager [None req-24144e31-3efa-41cf-bf07-f09962172510 None None] Publish callbacks ['neutron.plugins.ml2.drivers.ovn.mech_driver.mech_driver.OVNMechanismDriver.post_fork_initialize-330584', 'neutron.services.pvlan.drivers.ovn.driver._initialize_pvlan_pg_drop-8623329219798', 'neutron.services.ovn_l3.plugin.OVNL3RouterPlugin._post_fork_initialize-81971'] for process (None), after_init {{(pid=90121) _notify_loop /opt/stack/data/venv/lib/python3.12/site-packages/neutron_lib/callbacks/manager.py:184}}
Jun 17 18:52:07.061090 np0000003086 devstack@neutron-api.service[90121]: DEBUG oslo_concurrency.lockutils [None req-24144e31-3efa-41cf-bf07-f09962172510 None None] Acquiring lock "singleton_lock" {{(pid=90121) lock /opt/stack/data/venv/lib/python3.12/site-packages/oslo_concurrency/lockutils.py:395}}
Jun 17 18:52:07.061385 np0000003086 devstack@neutron-api.service[90121]: DEBUG oslo_concurrency.lockutils [None req-24144e31-3efa-41cf-bf07-f09962172510 None None] Acquired lock "singleton_lock" {{(pid=90121) lock /opt/stack/data/venv/lib/python3.12/site-packages/oslo_concurrency/lockutils.py:398}}
Jun 17 18:52:07.061778 np0000003086 devstack@neutron-api.service[90121]: DEBUG oslo_concurrency.lockutils [None req-24144e31-3efa-41cf-bf07-f09962172510 None None] Releasing lock "singleton_lock" {{(pid=90121) lock /opt/stack/data/venv/lib/python3.12/site-packages/oslo_concurrency/lockutils.py:418}}
Jun 17 18:52:07.062732 np0000003086 devstack@neutron-api.service[90120]: DEBUG neutron.api.v2.resource_helper [None req-bc658c54-a291-40bb-8448-54e839326cbd None None] Service L3_ROUTER_NAT assigned prefix: {{(pid=90120) build_resource_info /opt/stack/neutron/neutron/api/v2/resource_helper.py:77}}
Jun 17 18:52:07.063972 np0000003086 devstack@neutron-api.service[90120]: DEBUG neutron.api.v2.resource_helper [None req-bc658c54-a291-40bb-8448-54e839326cbd None None] Service FLAVORS assigned prefix: {{(pid=90120) build_resource_info /opt/stack/neutron/neutron/api/v2/resource_helper.py:77}}
Jun 17 18:52:07.064091 np0000003086 devstack@neutron-api.service[90121]: DEBUG neutron.plugins.ml2.drivers.ovn.mech_driver.mech_driver [None req-24144e31-3efa-41cf-bf07-f09962172510 None None] Hash Ring setup using WSGI start time 2026-06-17 18:52:00+00:00 {{(pid=90121) _init_hash_ring /opt/stack/neutron/neutron/plugins/ml2/drivers/ovn/mech_driver/mech_driver.py:404}}
Jun 17 18:52:07.065459 np0000003086 devstack@neutron-api.service[90120]: DEBUG neutron.api.v2.resource_helper [None req-bc658c54-a291-40bb-8448-54e839326cbd None None] Service L3_ROUTER_NAT assigned prefix: {{(pid=90120) build_resource_info /opt/stack/neutron/neutron/api/v2/resource_helper.py:77}}
Jun 17 18:52:07.068742 np0000003086 devstack@neutron-api.service[90120]: DEBUG neutron.api.v2.resource_helper [None req-bc658c54-a291-40bb-8448-54e839326cbd None None] Service L3_ROUTER_NAT assigned prefix: {{(pid=90120) build_resource_info /opt/stack/neutron/neutron/api/v2/resource_helper.py:77}}
Jun 17 18:52:07.068742 np0000003086 devstack@neutron-api.service[90120]: INFO neutron.quota.resource_registry [None req-bc658c54-a291-40bb-8448-54e839326cbd None None] Creating instance of TrackedResource for resource:router
Jun 17 18:52:07.068742 np0000003086 devstack@neutron-api.service[90120]: WARNING neutron.quota.resource_registry [None req-bc658c54-a291-40bb-8448-54e839326cbd None None] router is already registered
Jun 17 18:52:07.068742 np0000003086 devstack@neutron-api.service[90120]: INFO neutron.quota.resource_registry [None req-bc658c54-a291-40bb-8448-54e839326cbd None None] Creating instance of TrackedResource for resource:floatingip
Jun 17 18:52:07.068742 np0000003086 devstack@neutron-api.service[90120]: WARNING neutron.quota.resource_registry [None req-bc658c54-a291-40bb-8448-54e839326cbd None None] floatingip is already registered
Jun 17 18:52:07.068742 np0000003086 devstack@neutron-api.service[90120]: INFO neutron.quota.resource_registry [None req-bc658c54-a291-40bb-8448-54e839326cbd None None] Creating instance of CountableResource for resource:rbac_policy
Jun 17 18:52:07.068742 np0000003086 devstack@neutron-api.service[90120]: WARNING neutron.quota.resource_registry [None req-bc658c54-a291-40bb-8448-54e839326cbd None None] rbac_policy is already registered
Jun 17 18:52:07.068742 np0000003086 devstack@neutron-api.service[90120]: INFO neutron.quota.resource_registry [None req-bc658c54-a291-40bb-8448-54e839326cbd None None] Creating instance of TrackedResource for resource:security_group
Jun 17 18:52:07.068742 np0000003086 devstack@neutron-api.service[90120]: WARNING neutron.quota.resource_registry [None req-bc658c54-a291-40bb-8448-54e839326cbd None None] security_group is already registered
Jun 17 18:52:07.069280 np0000003086 devstack@neutron-api.service[90120]: INFO neutron.quota.resource_registry [None req-bc658c54-a291-40bb-8448-54e839326cbd None None] Creating instance of TrackedResource for resource:security_group_rule
Jun 17 18:52:07.069407 np0000003086 devstack@neutron-api.service[90120]: WARNING neutron.quota.resource_registry [None req-bc658c54-a291-40bb-8448-54e839326cbd None None] security_group_rule is already registered
Jun 17 18:52:07.070084 np0000003086 devstack@neutron-api.service[90121]: INFO neutron.db.ovn_hash_ring_db [None req-24144e31-3efa-41cf-bf07-f09962172510 None None] Nodes from host "np0000003086" and group "mechanism_driver" removed from the Hash Ring created at 2026-06-17 18:52:00+00:00
Jun 17 18:52:07.070303 np0000003086 devstack@neutron-api.service[90120]: DEBUG neutron.api.v2.resource_helper [None req-bc658c54-a291-40bb-8448-54e839326cbd None None] Service CORE assigned prefix: {{(pid=90120) build_resource_info /opt/stack/neutron/neutron/api/v2/resource_helper.py:77}}
Jun 17 18:52:07.070671 np0000003086 devstack@neutron-api.service[90120]: INFO neutron.quota.resource_registry [None req-bc658c54-a291-40bb-8448-54e839326cbd None None] Creating instance of TrackedResource for resource:subnetpool
Jun 17 18:52:07.071982 np0000003086 devstack@neutron-api.service[90120]: WARNING neutron.quota.resource_registry [None req-bc658c54-a291-40bb-8448-54e839326cbd None None] subnetpool is already registered
Jun 17 18:52:07.073865 np0000003086 devstack@neutron-api.service[90120]: DEBUG neutron.api.v2.resource_helper [None req-bc658c54-a291-40bb-8448-54e839326cbd None None] Service CORE assigned prefix: {{(pid=90120) build_resource_info /opt/stack/neutron/neutron/api/v2/resource_helper.py:77}}
Jun 17 18:52:07.073899 np0000003086 devstack@neutron-api.service[90121]: INFO neutron.db.ovn_hash_ring_db [None req-24144e31-3efa-41cf-bf07-f09962172510 None None] Node a8bba05a6efa5e12b1b3a59c18df45ac from host "np0000003086" and group "mechanism_driver" added to the Hash Ring
Jun 17 18:52:07.074916 np0000003086 devstack@neutron-api.service[90120]: INFO neutron.quota.resource_registry [None req-bc658c54-a291-40bb-8448-54e839326cbd None None] Creating instance of TrackedResource for resource:subnetpool
Jun 17 18:52:07.074916 np0000003086 devstack@neutron-api.service[90120]: WARNING neutron.quota.resource_registry [None req-bc658c54-a291-40bb-8448-54e839326cbd None None] subnetpool is already registered
Jun 17 18:52:07.077053 np0000003086 devstack@neutron-api.service[90120]: DEBUG neutron.api.extensions [None req-bc658c54-a291-40bb-8448-54e839326cbd None None] Extended resource: extensions {{(pid=90120) __init__ /opt/stack/neutron/neutron/api/extensions.py:156}}
Jun 17 18:52:07.077120 np0000003086 devstack@neutron-api.service[90121]: DEBUG neutron.plugins.ml2.drivers.ovn.mech_driver.mech_driver [None req-24144e31-3efa-41cf-bf07-f09962172510 None None] Hash Ring setup, this worker has detected 2 OVN hash ring registers in the database {{(pid=90121) _init_hash_ring /opt/stack/neutron/neutron/plugins/ml2/drivers/ovn/mech_driver/mech_driver.py:414}}
Jun 17 18:52:07.078548 np0000003086 devstack@neutron-api.service[90120]: DEBUG neutron.api.extensions [None req-bc658c54-a291-40bb-8448-54e839326cbd None None] Extended resource: address-groups {{(pid=90120) __init__ /opt/stack/neutron/neutron/api/extensions.py:156}}
Jun 17 18:52:07.080969 np0000003086 devstack@neutron-api.service[90120]: DEBUG neutron.api.extensions [None req-bc658c54-a291-40bb-8448-54e839326cbd None None] Extended resource: address-scopes {{(pid=90120) __init__ /opt/stack/neutron/neutron/api/extensions.py:156}}
Jun 17 18:52:07.081555 np0000003086 devstack@neutron-api.service[90120]: DEBUG neutron.api.extensions [None req-bc658c54-a291-40bb-8448-54e839326cbd None None] Extended resource: agents {{(pid=90120) __init__ /opt/stack/neutron/neutron/api/extensions.py:156}}
Jun 17 18:52:07.082774 np0000003086 devstack@neutron-api.service[90121]: DEBUG neutron.plugins.ml2.drivers.ovn.mech_driver.ovsdb.maintenance [None req-24144e31-3efa-41cf-bf07-f09962172510 None None] Periodic task found: HashRingHealthCheckPeriodics.touch_hash_ring_node {{(pid=90121) add_periodics /opt/stack/neutron/neutron/plugins/ml2/drivers/ovn/mech_driver/ovsdb/maintenance.py:146}}
Jun 17 18:52:07.083641 np0000003086 devstack@neutron-api.service[90120]: DEBUG neutron.api.extensions [None req-bc658c54-a291-40bb-8448-54e839326cbd None None] Extended resource: auto-allocated-topology {{(pid=90120) __init__ /opt/stack/neutron/neutron/api/extensions.py:156}}
Jun 17 18:52:07.083730 np0000003086 devstack@neutron-api.service[90121]: INFO neutron.plugins.ml2.drivers.ovn.mech_driver.mech_driver [None req-24144e31-3efa-41cf-bf07-f09962172510 None None] Hash Ring probing thread for node a8bba05a6efa5e12b1b3a59c18df45ac has started
Jun 17 18:52:07.084447 np0000003086 devstack@neutron-api.service[90121]: INFO neutron.plugins.ml2.drivers.ovn.mech_driver.ovsdb.impl_idl_ovn [None req-24144e31-3efa-41cf-bf07-f09962172510 None None] Getting OvsdbNbOvnIdl for WorkerService with retry
Jun 17 18:52:07.085483 np0000003086 devstack@neutron-api.service[90120]: DEBUG neutron.api.extensions [None req-bc658c54-a291-40bb-8448-54e839326cbd None None] Extended resource: availability_zones {{(pid=90120) __init__ /opt/stack/neutron/neutron/api/extensions.py:156}}
Jun 17 18:52:07.086022 np0000003086 devstack@neutron-api.service[90120]: DEBUG neutron.api.extensions [None req-bc658c54-a291-40bb-8448-54e839326cbd None None] Extended resource: dhcp-networks {{(pid=90120) __init__ /opt/stack/neutron/neutron/api/extensions.py:156}}
Jun 17 18:52:07.086839 np0000003086 devstack@neutron-api.service[90120]: DEBUG neutron.api.extensions [None req-bc658c54-a291-40bb-8448-54e839326cbd None None] Extended resource: dhcp-agents {{(pid=90120) __init__ /opt/stack/neutron/neutron/api/extensions.py:156}}
Jun 17 18:52:07.089494 np0000003086 devstack@neutron-api.service[90120]: DEBUG neutron.api.extensions [None req-bc658c54-a291-40bb-8448-54e839326cbd None None] Extended resource: routers {{(pid=90120) __init__ /opt/stack/neutron/neutron/api/extensions.py:156}}
Jun 17 18:52:07.090016 np0000003086 devstack@neutron-api.service[90120]: DEBUG neutron.api.extensions [None req-bc658c54-a291-40bb-8448-54e839326cbd None None] Extended resource: flavors {{(pid=90120) __init__ /opt/stack/neutron/neutron/api/extensions.py:156}}
Jun 17 18:52:07.091345 np0000003086 devstack@neutron-api.service[90120]: DEBUG neutron.api.extensions [None req-bc658c54-a291-40bb-8448-54e839326cbd None None] Extended resource: service_profiles {{(pid=90120) __init__ /opt/stack/neutron/neutron/api/extensions.py:156}}
Jun 17 18:52:07.092512 np0000003086 devstack@neutron-api.service[90120]: DEBUG neutron.api.extensions [None req-bc658c54-a291-40bb-8448-54e839326cbd None None] Extended resource: next_providers {{(pid=90120) __init__ /opt/stack/neutron/neutron/api/extensions.py:156}}
Jun 17 18:52:07.093227 np0000003086 devstack@neutron-api.service[90120]: DEBUG neutron.api.extensions [None req-bc658c54-a291-40bb-8448-54e839326cbd None None] Extended resource: service_profiles {{(pid=90120) __init__ /opt/stack/neutron/neutron/api/extensions.py:156}}
Jun 17 18:52:07.097037 np0000003086 devstack@neutron-api.service[90120]: DEBUG neutron.api.extensions [None req-bc658c54-a291-40bb-8448-54e839326cbd None None] Extended resource: floatingip-pools {{(pid=90120) __init__ /opt/stack/neutron/neutron/api/extensions.py:156}}
Jun 17 18:52:07.098996 np0000003086 devstack@neutron-api.service[90120]: DEBUG neutron.api.extensions [None req-bc658c54-a291-40bb-8448-54e839326cbd None None] Extended resource: routers {{(pid=90120) __init__ /opt/stack/neutron/neutron/api/extensions.py:156}}
Jun 17 18:52:07.100390 np0000003086 devstack@neutron-api.service[90120]: DEBUG neutron.api.extensions [None req-bc658c54-a291-40bb-8448-54e839326cbd None None] Extended resource: floatingips {{(pid=90120) __init__ /opt/stack/neutron/neutron/api/extensions.py:156}}
Jun 17 18:52:07.100982 np0000003086 devstack@neutron-api.service[90120]: DEBUG neutron.api.extensions [None req-bc658c54-a291-40bb-8448-54e839326cbd None None] Extended resource: l3-routers {{(pid=90120) __init__ /opt/stack/neutron/neutron/api/extensions.py:156}}
Jun 17 18:52:07.104937 np0000003086 devstack@neutron-api.service[90120]: DEBUG neutron.api.extensions [None req-bc658c54-a291-40bb-8448-54e839326cbd None None] Extended resource: l3-agents {{(pid=90120) __init__ /opt/stack/neutron/neutron/api/extensions.py:156}}
Jun 17 18:52:07.105681 np0000003086 devstack@neutron-api.service[90120]: DEBUG neutron.api.extensions [None req-bc658c54-a291-40bb-8448-54e839326cbd None None] Extended resource: network-ip-availabilities {{(pid=90120) __init__ /opt/stack/neutron/neutron/api/extensions.py:156}}
Jun 17 18:52:07.106583 np0000003086 devstack@neutron-api.service[90120]: DEBUG neutron.api.extensions [None req-bc658c54-a291-40bb-8448-54e839326cbd None None] Extended resource: network-ip-availabilities {{(pid=90120) __init__ /opt/stack/neutron/neutron/api/extensions.py:156}}
Jun 17 18:52:07.107018 np0000003086 devstack@neutron-api.service[90120]: DEBUG neutron.api.extensions [None req-bc658c54-a291-40bb-8448-54e839326cbd None None] Extended resource: bindings {{(pid=90120) __init__ /opt/stack/neutron/neutron/api/extensions.py:156}}
Jun 17 18:52:07.108020 np0000003086 devstack@neutron-api.service[90120]: DEBUG neutron.api.extensions [None req-bc658c54-a291-40bb-8448-54e839326cbd None None] Extended resource: quotas {{(pid=90120) __init__ /opt/stack/neutron/neutron/api/extensions.py:156}}
Jun 17 18:52:07.108675 np0000003086 devstack@neutron-api.service[90120]: DEBUG neutron.api.extensions [None req-bc658c54-a291-40bb-8448-54e839326cbd None None] Extended resource: quotas {{(pid=90120) __init__ /opt/stack/neutron/neutron/api/extensions.py:156}}
Jun 17 18:52:07.109296 np0000003086 devstack@neutron-api.service[90120]: DEBUG neutron.api.extensions [None req-bc658c54-a291-40bb-8448-54e839326cbd None None] Extended resource: rbac-policies {{(pid=90120) __init__ /opt/stack/neutron/neutron/api/extensions.py:156}}
Jun 17 18:52:07.109680 np0000003086 devstack@neutron-api.service[90120]: DEBUG neutron.api.extensions [None req-bc658c54-a291-40bb-8448-54e839326cbd None None] Extended resource: default-security-group-rules {{(pid=90120) __init__ /opt/stack/neutron/neutron/api/extensions.py:156}}
Jun 17 18:52:07.110217 np0000003086 devstack@neutron-api.service[90120]: DEBUG neutron.api.extensions [None req-bc658c54-a291-40bb-8448-54e839326cbd None None] Extended resource: security-groups {{(pid=90120) __init__ /opt/stack/neutron/neutron/api/extensions.py:156}}
Jun 17 18:52:07.110602 np0000003086 devstack@neutron-api.service[90120]: DEBUG neutron.api.extensions [None req-bc658c54-a291-40bb-8448-54e839326cbd None None] Extended resource: security-group-rules {{(pid=90120) __init__ /opt/stack/neutron/neutron/api/extensions.py:156}}
Jun 17 18:52:07.111078 np0000003086 devstack@neutron-api.service[90120]: DEBUG neutron.api.extensions [None req-bc658c54-a291-40bb-8448-54e839326cbd None None] Extended resource: service-providers {{(pid=90120) __init__ /opt/stack/neutron/neutron/api/extensions.py:156}}
Jun 17 18:52:07.111559 np0000003086 devstack@neutron-api.service[90120]: DEBUG neutron.api.extensions [None req-bc658c54-a291-40bb-8448-54e839326cbd None None] Extended resource: subnetpools {{(pid=90120) __init__ /opt/stack/neutron/neutron/api/extensions.py:156}}
Jun 17 18:52:07.112630 np0000003086 devstack@neutron-api.service[90120]: DEBUG neutron.api.extensions [None req-bc658c54-a291-40bb-8448-54e839326cbd None None] Extended resource: subnetpools {{(pid=90120) __init__ /opt/stack/neutron/neutron/api/extensions.py:156}}
Jun 17 18:52:07.117230 np0000003086 devstack@neutron-api.service[90120]: DEBUG neutron.api.extensions [None req-bc658c54-a291-40bb-8448-54e839326cbd None None] Extended resource: tags {{(pid=90120) __init__ /opt/stack/neutron/neutron/api/extensions.py:156}}
Jun 17 18:52:07.118372 np0000003086 devstack@neutron-api.service[90120]: DEBUG neutron.api.extensions [None req-bc658c54-a291-40bb-8448-54e839326cbd None None] Extended resource: tags {{(pid=90120) __init__ /opt/stack/neutron/neutron/api/extensions.py:156}}
Jun 17 18:52:07.118976 np0000003086 devstack@neutron-api.service[90120]: DEBUG neutron.api.extensions [None req-bc658c54-a291-40bb-8448-54e839326cbd None None] Extended resource: tags {{(pid=90120) __init__ /opt/stack/neutron/neutron/api/extensions.py:156}}
Jun 17 18:52:07.119715 np0000003086 devstack@neutron-api.service[90120]: DEBUG neutron.api.extensions [None req-bc658c54-a291-40bb-8448-54e839326cbd None None] Extended resource: tags {{(pid=90120) __init__ /opt/stack/neutron/neutron/api/extensions.py:156}}
Jun 17 18:52:07.120531 np0000003086 devstack@neutron-api.service[90120]: DEBUG neutron.api.extensions [None req-bc658c54-a291-40bb-8448-54e839326cbd None None] Extended resource: tags {{(pid=90120) __init__ /opt/stack/neutron/neutron/api/extensions.py:156}}
Jun 17 18:52:07.121796 np0000003086 devstack@neutron-api.service[90120]: DEBUG neutron.api.extensions [None req-bc658c54-a291-40bb-8448-54e839326cbd None None] Extended resource: tags {{(pid=90120) __init__ /opt/stack/neutron/neutron/api/extensions.py:156}}
Jun 17 18:52:07.121796 np0000003086 devstack@neutron-api.service[90120]: DEBUG neutron.api.extensions [None req-bc658c54-a291-40bb-8448-54e839326cbd None None] Extended resource: tags {{(pid=90120) __init__ /opt/stack/neutron/neutron/api/extensions.py:156}}
Jun 17 18:52:07.125320 np0000003086 devstack@neutron-api.service[90121]: DEBUG ovsdbapp.backend.ovs_idl [None req-24144e31-3efa-41cf-bf07-f09962172510 None None] Created lookup_table index Logical_Switch.name {{(pid=90121) autocreate_indices /opt/stack/data/venv/lib/python3.12/site-packages/ovsdbapp/backend/ovs_idl/__init__.py:87}}
Jun 17 18:52:07.125496 np0000003086 devstack@neutron-api.service[90121]: DEBUG ovsdbapp.backend.ovs_idl [None req-24144e31-3efa-41cf-bf07-f09962172510 None None] Created lookup_table index Logical_Router.name {{(pid=90121) autocreate_indices /opt/stack/data/venv/lib/python3.12/site-packages/ovsdbapp/backend/ovs_idl/__init__.py:87}}
Jun 17 18:52:07.125496 np0000003086 devstack@neutron-api.service[90121]: DEBUG ovsdbapp.backend.ovs_idl [None req-24144e31-3efa-41cf-bf07-f09962172510 None None] Created lookup_table index Load_Balancer.name {{(pid=90121) autocreate_indices /opt/stack/data/venv/lib/python3.12/site-packages/ovsdbapp/backend/ovs_idl/__init__.py:87}}
Jun 17 18:52:07.125746 np0000003086 devstack@neutron-api.service[90121]: DEBUG ovsdbapp.backend.ovs_idl [None req-24144e31-3efa-41cf-bf07-f09962172510 None None] Created schema index Copp.name {{(pid=90121) autocreate_indices /opt/stack/data/venv/lib/python3.12/site-packages/ovsdbapp/backend/ovs_idl/__init__.py:106}}
Jun 17 18:52:07.125746 np0000003086 devstack@neutron-api.service[90121]: DEBUG ovsdbapp.backend.ovs_idl [None req-24144e31-3efa-41cf-bf07-f09962172510 None None] Created schema index Meter.name {{(pid=90121) autocreate_indices /opt/stack/data/venv/lib/python3.12/site-packages/ovsdbapp/backend/ovs_idl/__init__.py:106}}
Jun 17 18:52:07.125981 np0000003086 devstack@neutron-api.service[90120]: DEBUG neutron.api.extensions [None req-bc658c54-a291-40bb-8448-54e839326cbd None None] Extended resource: tags {{(pid=90120) __init__ /opt/stack/neutron/neutron/api/extensions.py:156}}
Jun 17 18:52:07.126194 np0000003086 devstack@neutron-api.service[90121]: DEBUG ovsdbapp.backend.ovs_idl [None req-24144e31-3efa-41cf-bf07-f09962172510 None None] Created schema index Load_Balancer_Group.name {{(pid=90121) autocreate_indices /opt/stack/data/venv/lib/python3.12/site-packages/ovsdbapp/backend/ovs_idl/__init__.py:106}}
Jun 17 18:52:07.126194 np0000003086 devstack@neutron-api.service[90121]: DEBUG ovsdbapp.backend.ovs_idl [None req-24144e31-3efa-41cf-bf07-f09962172510 None None] Created schema index HA_Chassis_Group.name {{(pid=90121) autocreate_indices /opt/stack/data/venv/lib/python3.12/site-packages/ovsdbapp/backend/ovs_idl/__init__.py:106}}
Jun 17 18:52:07.126194 np0000003086 devstack@neutron-api.service[90121]: DEBUG ovsdbapp.backend.ovs_idl [None req-24144e31-3efa-41cf-bf07-f09962172510 None None] Created schema index Address_Set.name {{(pid=90121) autocreate_indices /opt/stack/data/venv/lib/python3.12/site-packages/ovsdbapp/backend/ovs_idl/__init__.py:106}}
Jun 17 18:52:07.126194 np0000003086 devstack@neutron-api.service[90121]: DEBUG ovsdbapp.backend.ovs_idl [None req-24144e31-3efa-41cf-bf07-f09962172510 None None] Created schema index Connection.target {{(pid=90121) autocreate_indices /opt/stack/data/venv/lib/python3.12/site-packages/ovsdbapp/backend/ovs_idl/__init__.py:106}}
Jun 17 18:52:07.126194 np0000003086 devstack@neutron-api.service[90121]: DEBUG ovsdbapp.backend.ovs_idl [None req-24144e31-3efa-41cf-bf07-f09962172510 None None] Created schema index Gateway_Chassis.name {{(pid=90121) autocreate_indices /opt/stack/data/venv/lib/python3.12/site-packages/ovsdbapp/backend/ovs_idl/__init__.py:106}}
Jun 17 18:52:07.126194 np0000003086 devstack@neutron-api.service[90121]: DEBUG ovsdbapp.backend.ovs_idl [None req-24144e31-3efa-41cf-bf07-f09962172510 None None] Created schema index Mirror.name {{(pid=90121) autocreate_indices /opt/stack/data/venv/lib/python3.12/site-packages/ovsdbapp/backend/ovs_idl/__init__.py:106}}
Jun 17 18:52:07.126471 np0000003086 devstack@neutron-api.service[90121]: DEBUG ovsdbapp.backend.ovs_idl [None req-24144e31-3efa-41cf-bf07-f09962172510 None None] Created schema index Chassis_Template_Var.chassis {{(pid=90121) autocreate_indices /opt/stack/data/venv/lib/python3.12/site-packages/ovsdbapp/backend/ovs_idl/__init__.py:106}}
Jun 17 18:52:07.126471 np0000003086 devstack@neutron-api.service[90121]: DEBUG ovsdbapp.backend.ovs_idl [None req-24144e31-3efa-41cf-bf07-f09962172510 None None] Created schema index Logical_Router_Port.name {{(pid=90121) autocreate_indices /opt/stack/data/venv/lib/python3.12/site-packages/ovsdbapp/backend/ovs_idl/__init__.py:106}}
Jun 17 18:52:07.126471 np0000003086 devstack@neutron-api.service[90121]: DEBUG ovsdbapp.backend.ovs_idl [None req-24144e31-3efa-41cf-bf07-f09962172510 None None] Created schema index Port_Group.name {{(pid=90121) autocreate_indices /opt/stack/data/venv/lib/python3.12/site-packages/ovsdbapp/backend/ovs_idl/__init__.py:106}}
Jun 17 18:52:07.126471 np0000003086 devstack@neutron-api.service[90121]: DEBUG ovsdbapp.backend.ovs_idl [None req-24144e31-3efa-41cf-bf07-f09962172510 None None] Created schema index Logical_Switch_Port.name {{(pid=90121) autocreate_indices /opt/stack/data/venv/lib/python3.12/site-packages/ovsdbapp/backend/ovs_idl/__init__.py:106}}
Jun 17 18:52:07.126598 np0000003086 devstack@neutron-api.service[90120]: DEBUG neutron.api.extensions [None req-bc658c54-a291-40bb-8448-54e839326cbd None None] Extended resource: tags {{(pid=90120) __init__ /opt/stack/neutron/neutron/api/extensions.py:156}}
Jun 17 18:52:07.127515 np0000003086 devstack@neutron-api.service[90120]: DEBUG neutron.api.extensions [None req-bc658c54-a291-40bb-8448-54e839326cbd None None] Extended resource: tags {{(pid=90120) __init__ /opt/stack/neutron/neutron/api/extensions.py:156}}
Jun 17 18:52:07.128494 np0000003086 devstack@neutron-api.service[90121]: INFO ovsdbapp.backend.ovs_idl.vlog [None req-24144e31-3efa-41cf-bf07-f09962172510 None None] ssl:10.4.3.105:6641: connecting...
Jun 17 18:52:07.133413 np0000003086 devstack@neutron-api.service[90121]: INFO ovsdbapp.backend.ovs_idl.vlog [None req-24144e31-3efa-41cf-bf07-f09962172510 None None] ssl:10.4.3.105:6641: connected
Jun 17 18:52:07.137289 np0000003086 devstack@neutron-api.service[90120]: DEBUG neutron_lib.callbacks.manager [None req-bc658c54-a291-40bb-8448-54e839326cbd None None] Publish callbacks ['neutron.plugins.ml2.drivers.ovn.mech_driver.mech_driver.OVNMechanismDriver.pre_fork_initialize-332024'] for process (None), before_spawn {{(pid=90120) _notify_loop /opt/stack/data/venv/lib/python3.12/site-packages/neutron_lib/callbacks/manager.py:184}}
Jun 17 18:52:07.137656 np0000003086 devstack@neutron-api.service[90120]: DEBUG oslo_concurrency.processutils [None req-bc658c54-a291-40bb-8448-54e839326cbd None None] Running cmd (subprocess): ovsdb-client transact ssl:10.4.3.105:6641 --timeout 180 -p /opt/stack/data/CA/int-ca/private/devstack-cert.key -c /opt/stack/data/CA/int-ca/devstack-cert.crt -C /opt/stack/data/CA/int-ca/ca-chain.pem ["OVN_Northbound", {"op": "wait", "timeout": 0, "table": "Port_Group", "where": [["name", "==", "neutron_pg_drop"]], "until": "==", "rows": []}, {"op": "insert", "table": "ACL", "row": {"action": "drop", "direction": "to-lport", "match": "outport == @neutron_pg_drop && ip", "priority": 1001}, "uuid-name": "droptoport"}, {"op": "insert", "table": "ACL", "row": {"action": "drop", "direction": "from-lport", "match": "inport == @neutron_pg_drop && ip", "priority": 1001}, "uuid-name": "dropfromport"}, {"op": "insert", "table": "Port_Group", "row": {"name": "neutron_pg_drop", "acls": ["set", [["named-uuid", "droptoport"], ["named-uuid", "dropfromport"]]]}}] {{(pid=90120) execute /opt/stack/data/venv/lib/python3.12/site-packages/oslo_concurrency/processutils.py:440}}
Jun 17 18:52:07.163597 np0000003086 devstack@neutron-api.service[90120]: DEBUG oslo_concurrency.processutils [None req-bc658c54-a291-40bb-8448-54e839326cbd None None] CMD "ovsdb-client transact ssl:10.4.3.105:6641 --timeout 180 -p /opt/stack/data/CA/int-ca/private/devstack-cert.key -c /opt/stack/data/CA/int-ca/devstack-cert.crt -C /opt/stack/data/CA/int-ca/ca-chain.pem ["OVN_Northbound", {"op": "wait", "timeout": 0, "table": "Port_Group", "where": [["name", "==", "neutron_pg_drop"]], "until": "==", "rows": []}, {"op": "insert", "table": "ACL", "row": {"action": "drop", "direction": "to-lport", "match": "outport == @neutron_pg_drop && ip", "priority": 1001}, "uuid-name": "droptoport"}, {"op": "insert", "table": "ACL", "row": {"action": "drop", "direction": "from-lport", "match": "inport == @neutron_pg_drop && ip", "priority": 1001}, "uuid-name": "dropfromport"}, {"op": "insert", "table": "Port_Group", "row": {"name": "neutron_pg_drop", "acls": ["set", [["named-uuid", "droptoport"], ["named-uuid", "dropfromport"]]]}}]" returned: 0 in 0.025s {{(pid=90120) execute /opt/stack/data/venv/lib/python3.12/site-packages/oslo_concurrency/processutils.py:468}}
Jun 17 18:52:07.164251 np0000003086 devstack@neutron-api.service[90120]: DEBUG neutron_lib.callbacks.manager [None req-bc658c54-a291-40bb-8448-54e839326cbd None None] Publish callbacks ['neutron.plugins.ml2.drivers.ovn.mech_driver.mech_driver.OVNMechanismDriver.post_fork_initialize-331920', 'neutron.services.pvlan.drivers.ovn.driver._initialize_pvlan_pg_drop-8623329211022', 'neutron.services.ovn_l3.plugin.OVNL3RouterPlugin._post_fork_initialize-31899'] for process (None), after_init {{(pid=90120) _notify_loop /opt/stack/data/venv/lib/python3.12/site-packages/neutron_lib/callbacks/manager.py:184}}
Jun 17 18:52:07.164497 np0000003086 devstack@neutron-api.service[90120]: DEBUG oslo_concurrency.lockutils [None req-bc658c54-a291-40bb-8448-54e839326cbd None None] Acquiring lock "singleton_lock" {{(pid=90120) lock /opt/stack/data/venv/lib/python3.12/site-packages/oslo_concurrency/lockutils.py:395}}
Jun 17 18:52:07.164680 np0000003086 devstack@neutron-api.service[90120]: DEBUG oslo_concurrency.lockutils [None req-bc658c54-a291-40bb-8448-54e839326cbd None None] Acquired lock "singleton_lock" {{(pid=90120) lock /opt/stack/data/venv/lib/python3.12/site-packages/oslo_concurrency/lockutils.py:398}}
Jun 17 18:52:07.164825 np0000003086 devstack@neutron-api.service[90121]: DEBUG neutron.common.ovn.hash_ring_manager [None req-24144e31-3efa-41cf-bf07-f09962172510 None None] Disallow caching, nodes 2<3 {{(pid=90121) _wait_startup_before_caching /opt/stack/neutron/neutron/common/ovn/hash_ring_manager.py:79}}
Jun 17 18:52:07.164955 np0000003086 devstack@neutron-api.service[90120]: DEBUG oslo_concurrency.lockutils [None req-bc658c54-a291-40bb-8448-54e839326cbd None None] Releasing lock "singleton_lock" {{(pid=90120) lock /opt/stack/data/venv/lib/python3.12/site-packages/oslo_concurrency/lockutils.py:418}}
Jun 17 18:52:07.167075 np0000003086 devstack@neutron-api.service[90120]: DEBUG neutron.plugins.ml2.drivers.ovn.mech_driver.mech_driver [None req-bc658c54-a291-40bb-8448-54e839326cbd None None] Hash Ring setup using WSGI start time 2026-06-17 18:52:00+00:00 {{(pid=90120) _init_hash_ring /opt/stack/neutron/neutron/plugins/ml2/drivers/ovn/mech_driver/mech_driver.py:404}}
Jun 17 18:52:07.170925 np0000003086 devstack@neutron-api.service[90121]: DEBUG neutron.common.ovn.hash_ring_manager [None req-24144e31-3efa-41cf-bf07-f09962172510 None None] Hash Ring loaded. 2 active nodes. 0 offline nodes {{(pid=90121) _load_hash_ring /opt/stack/neutron/neutron/common/ovn/hash_ring_manager.py:110}}
Jun 17 18:52:07.171168 np0000003086 devstack@neutron-api.service[90121]: DEBUG neutron.plugins.ml2.drivers.ovn.mech_driver.ovsdb.ovsdb_monitor [None req-24144e31-3efa-41cf-bf07-f09962172510 None None] Hash Ring: Node a8bba05a6efa5e12b1b3a59c18df45ac (host: np0000003086) handling event "create" for row 1502e812-1ae6-4d41-a883-18a21366bab2 (table: ACL) {{(pid=90121) notify /opt/stack/neutron/neutron/plugins/ml2/drivers/ovn/mech_driver/ovsdb/ovsdb_monitor.py:1015}}
Jun 17 18:52:07.173972 np0000003086 devstack@neutron-api.service[90120]: INFO neutron.db.ovn_hash_ring_db [None req-bc658c54-a291-40bb-8448-54e839326cbd None None] Nodes from host "np0000003086" and group "mechanism_driver" removed from the Hash Ring created at 2026-06-17 18:52:00+00:00
Jun 17 18:52:07.177259 np0000003086 devstack@neutron-api.service[90120]: INFO neutron.db.ovn_hash_ring_db [None req-bc658c54-a291-40bb-8448-54e839326cbd None None] Node 5696e6369f8351d0a52f90619aa57018 from host "np0000003086" and group "mechanism_driver" added to the Hash Ring
Jun 17 18:52:07.180311 np0000003086 devstack@neutron-api.service[90121]: DEBUG neutron.common.ovn.hash_ring_manager [None req-24144e31-3efa-41cf-bf07-f09962172510 None None] Hash Ring loaded. 2 active nodes. 0 offline nodes {{(pid=90121) _load_hash_ring /opt/stack/neutron/neutron/common/ovn/hash_ring_manager.py:110}}
Jun 17 18:52:07.181169 np0000003086 devstack@neutron-api.service[90120]: DEBUG neutron.plugins.ml2.drivers.ovn.mech_driver.mech_driver [None req-bc658c54-a291-40bb-8448-54e839326cbd None None] Hash Ring setup, this worker has detected 3 OVN hash ring registers in the database {{(pid=90120) _init_hash_ring /opt/stack/neutron/neutron/plugins/ml2/drivers/ovn/mech_driver/mech_driver.py:414}}
Jun 17 18:52:07.185846 np0000003086 devstack@neutron-api.service[90120]: DEBUG neutron.plugins.ml2.drivers.ovn.mech_driver.ovsdb.maintenance [None req-bc658c54-a291-40bb-8448-54e839326cbd None None] Periodic task found: HashRingHealthCheckPeriodics.touch_hash_ring_node {{(pid=90120) add_periodics /opt/stack/neutron/neutron/plugins/ml2/drivers/ovn/mech_driver/ovsdb/maintenance.py:146}}
Jun 17 18:52:07.187183 np0000003086 devstack@neutron-api.service[90120]: INFO neutron.plugins.ml2.drivers.ovn.mech_driver.mech_driver [None req-bc658c54-a291-40bb-8448-54e839326cbd None None] Hash Ring probing thread for node 5696e6369f8351d0a52f90619aa57018 has started
Jun 17 18:52:07.188396 np0000003086 devstack@neutron-api.service[90120]: INFO neutron.plugins.ml2.drivers.ovn.mech_driver.ovsdb.impl_idl_ovn [None req-bc658c54-a291-40bb-8448-54e839326cbd None None] Getting OvsdbNbOvnIdl for WorkerService with retry
Jun 17 18:52:07.189008 np0000003086 devstack@neutron-api.service[90121]: DEBUG neutron.common.ovn.hash_ring_manager [None req-24144e31-3efa-41cf-bf07-f09962172510 None None] Hash Ring loaded. 2 active nodes. 0 offline nodes {{(pid=90121) _load_hash_ring /opt/stack/neutron/neutron/common/ovn/hash_ring_manager.py:110}}
Jun 17 18:52:07.192540 np0000003086 devstack@neutron-api.service[90121]: DEBUG neutron.common.ovn.hash_ring_manager [None req-24144e31-3efa-41cf-bf07-f09962172510 None None] Allow caching, nodes 3>=3 {{(pid=90121) _wait_startup_before_caching /opt/stack/neutron/neutron/common/ovn/hash_ring_manager.py:71}}
Jun 17 18:52:07.192901 np0000003086 devstack@neutron-api.service[90121]: DEBUG neutron.plugins.ml2.drivers.ovn.mech_driver.ovsdb.ovsdb_monitor [None req-24144e31-3efa-41cf-bf07-f09962172510 None None] Hash Ring: Node a8bba05a6efa5e12b1b3a59c18df45ac (host: np0000003086) handling event "create" for row a816aac2-8109-45b9-b22e-5f8ecc143311 (table: ACL) {{(pid=90121) notify /opt/stack/neutron/neutron/plugins/ml2/drivers/ovn/mech_driver/ovsdb/ovsdb_monitor.py:1015}}
Jun 17 18:52:07.193024 np0000003086 devstack@neutron-api.service[90121]: DEBUG neutron.plugins.ml2.drivers.ovn.mech_driver.ovsdb.ovsdb_monitor [None req-24144e31-3efa-41cf-bf07-f09962172510 None None] Hash Ring: Node a8bba05a6efa5e12b1b3a59c18df45ac (host: np0000003086) handling event "create" for row d7c26bf6-93fd-492e-8757-e8756d118e2d (table: NB_Global) {{(pid=90121) notify /opt/stack/neutron/neutron/plugins/ml2/drivers/ovn/mech_driver/ovsdb/ovsdb_monitor.py:1015}}
Jun 17 18:52:07.193299 np0000003086 devstack@neutron-api.service[90121]: DEBUG neutron.plugins.ml2.drivers.ovn.mech_driver.ovsdb.ovsdb_monitor [None req-24144e31-3efa-41cf-bf07-f09962172510 None None] Hash Ring: Node a8bba05a6efa5e12b1b3a59c18df45ac (host: np0000003086) handling event "create" for row 7a1e2fbe-8ffe-4516-8133-0815a221bc02 (table: Port_Group) {{(pid=90121) notify /opt/stack/neutron/neutron/plugins/ml2/drivers/ovn/mech_driver/ovsdb/ovsdb_monitor.py:1015}}
Jun 17 18:52:07.194426 np0000003086 devstack@neutron-api.service[90121]: INFO neutron.plugins.ml2.drivers.ovn.mech_driver.ovsdb.impl_idl_ovn [None req-24144e31-3efa-41cf-bf07-f09962172510 None None] Getting OvsdbSbOvnIdl for WorkerService with retry
Jun 17 18:52:07.225465 np0000003086 devstack@neutron-api.service[90120]: DEBUG ovsdbapp.backend.ovs_idl [None req-bc658c54-a291-40bb-8448-54e839326cbd None None] Created lookup_table index Logical_Switch.name {{(pid=90120) autocreate_indices /opt/stack/data/venv/lib/python3.12/site-packages/ovsdbapp/backend/ovs_idl/__init__.py:87}}
Jun 17 18:52:07.225573 np0000003086 devstack@neutron-api.service[90120]: DEBUG ovsdbapp.backend.ovs_idl [None req-bc658c54-a291-40bb-8448-54e839326cbd None None] Created lookup_table index Logical_Router.name {{(pid=90120) autocreate_indices /opt/stack/data/venv/lib/python3.12/site-packages/ovsdbapp/backend/ovs_idl/__init__.py:87}}
Jun 17 18:52:07.225675 np0000003086 devstack@neutron-api.service[90120]: DEBUG ovsdbapp.backend.ovs_idl [None req-bc658c54-a291-40bb-8448-54e839326cbd None None] Created lookup_table index Load_Balancer.name {{(pid=90120) autocreate_indices /opt/stack/data/venv/lib/python3.12/site-packages/ovsdbapp/backend/ovs_idl/__init__.py:87}}
Jun 17 18:52:07.225756 np0000003086 devstack@neutron-api.service[90120]: DEBUG ovsdbapp.backend.ovs_idl [None req-bc658c54-a291-40bb-8448-54e839326cbd None None] Created schema index Copp.name {{(pid=90120) autocreate_indices /opt/stack/data/venv/lib/python3.12/site-packages/ovsdbapp/backend/ovs_idl/__init__.py:106}}
Jun 17 18:52:07.225844 np0000003086 devstack@neutron-api.service[90120]: DEBUG ovsdbapp.backend.ovs_idl [None req-bc658c54-a291-40bb-8448-54e839326cbd None None] Created schema index Meter.name {{(pid=90120) autocreate_indices /opt/stack/data/venv/lib/python3.12/site-packages/ovsdbapp/backend/ovs_idl/__init__.py:106}}
Jun 17 18:52:07.225943 np0000003086 devstack@neutron-api.service[90120]: DEBUG ovsdbapp.backend.ovs_idl [None req-bc658c54-a291-40bb-8448-54e839326cbd None None] Created schema index Load_Balancer_Group.name {{(pid=90120) autocreate_indices /opt/stack/data/venv/lib/python3.12/site-packages/ovsdbapp/backend/ovs_idl/__init__.py:106}}
Jun 17 18:52:07.226011 np0000003086 devstack@neutron-api.service[90120]: DEBUG ovsdbapp.backend.ovs_idl [None req-bc658c54-a291-40bb-8448-54e839326cbd None None] Created schema index HA_Chassis_Group.name {{(pid=90120) autocreate_indices /opt/stack/data/venv/lib/python3.12/site-packages/ovsdbapp/backend/ovs_idl/__init__.py:106}}
Jun 17 18:52:07.226136 np0000003086 devstack@neutron-api.service[90120]: DEBUG ovsdbapp.backend.ovs_idl [None req-bc658c54-a291-40bb-8448-54e839326cbd None None] Created schema index Address_Set.name {{(pid=90120) autocreate_indices /opt/stack/data/venv/lib/python3.12/site-packages/ovsdbapp/backend/ovs_idl/__init__.py:106}}
Jun 17 18:52:07.226214 np0000003086 devstack@neutron-api.service[90120]: DEBUG ovsdbapp.backend.ovs_idl [None req-bc658c54-a291-40bb-8448-54e839326cbd None None] Created schema index Connection.target {{(pid=90120) autocreate_indices /opt/stack/data/venv/lib/python3.12/site-packages/ovsdbapp/backend/ovs_idl/__init__.py:106}}
Jun 17 18:52:07.226291 np0000003086 devstack@neutron-api.service[90120]: DEBUG ovsdbapp.backend.ovs_idl [None req-bc658c54-a291-40bb-8448-54e839326cbd None None] Created schema index Gateway_Chassis.name {{(pid=90120) autocreate_indices /opt/stack/data/venv/lib/python3.12/site-packages/ovsdbapp/backend/ovs_idl/__init__.py:106}}
Jun 17 18:52:07.226393 np0000003086 devstack@neutron-api.service[90120]: DEBUG ovsdbapp.backend.ovs_idl [None req-bc658c54-a291-40bb-8448-54e839326cbd None None] Created schema index Mirror.name {{(pid=90120) autocreate_indices /opt/stack/data/venv/lib/python3.12/site-packages/ovsdbapp/backend/ovs_idl/__init__.py:106}}
Jun 17 18:52:07.226444 np0000003086 devstack@neutron-api.service[90120]: DEBUG ovsdbapp.backend.ovs_idl [None req-bc658c54-a291-40bb-8448-54e839326cbd None None] Created schema index Chassis_Template_Var.chassis {{(pid=90120) autocreate_indices /opt/stack/data/venv/lib/python3.12/site-packages/ovsdbapp/backend/ovs_idl/__init__.py:106}}
Jun 17 18:52:07.226528 np0000003086 devstack@neutron-api.service[90120]: DEBUG ovsdbapp.backend.ovs_idl [None req-bc658c54-a291-40bb-8448-54e839326cbd None None] Created schema index Logical_Router_Port.name {{(pid=90120) autocreate_indices /opt/stack/data/venv/lib/python3.12/site-packages/ovsdbapp/backend/ovs_idl/__init__.py:106}}
Jun 17 18:52:07.226592 np0000003086 devstack@neutron-api.service[90120]: DEBUG ovsdbapp.backend.ovs_idl [None req-bc658c54-a291-40bb-8448-54e839326cbd None None] Created schema index Port_Group.name {{(pid=90120) autocreate_indices /opt/stack/data/venv/lib/python3.12/site-packages/ovsdbapp/backend/ovs_idl/__init__.py:106}}
Jun 17 18:52:07.226669 np0000003086 devstack@neutron-api.service[90120]: DEBUG ovsdbapp.backend.ovs_idl [None req-bc658c54-a291-40bb-8448-54e839326cbd None None] Created schema index Logical_Switch_Port.name {{(pid=90120) autocreate_indices /opt/stack/data/venv/lib/python3.12/site-packages/ovsdbapp/backend/ovs_idl/__init__.py:106}}
Jun 17 18:52:07.228710 np0000003086 devstack@neutron-api.service[90120]: INFO ovsdbapp.backend.ovs_idl.vlog [None req-bc658c54-a291-40bb-8448-54e839326cbd None None] ssl:10.4.3.105:6641: connecting...
Jun 17 18:52:07.230822 np0000003086 devstack@neutron-api.service[90121]: DEBUG ovsdbapp.backend.ovs_idl [None req-24144e31-3efa-41cf-bf07-f09962172510 None None] Created lookup_table index Chassis.name {{(pid=90121) autocreate_indices /opt/stack/data/venv/lib/python3.12/site-packages/ovsdbapp/backend/ovs_idl/__init__.py:87}}
Jun 17 18:52:07.231002 np0000003086 devstack@neutron-api.service[90121]: DEBUG ovsdbapp.backend.ovs_idl [None req-24144e31-3efa-41cf-bf07-f09962172510 None None] Created lookup_table index Port_Binding.logical_port {{(pid=90121) autocreate_indices /opt/stack/data/venv/lib/python3.12/site-packages/ovsdbapp/backend/ovs_idl/__init__.py:87}}
Jun 17 18:52:07.231280 np0000003086 devstack@neutron-api.service[90121]: DEBUG ovsdbapp.backend.ovs_idl [None req-24144e31-3efa-41cf-bf07-f09962172510 None None] Created schema index Chassis_Private.name {{(pid=90121) autocreate_indices /opt/stack/data/venv/lib/python3.12/site-packages/ovsdbapp/backend/ovs_idl/__init__.py:106}}
Jun 17 18:52:07.231400 np0000003086 devstack@neutron-api.service[90121]: DEBUG ovsdbapp.backend.ovs_idl [None req-24144e31-3efa-41cf-bf07-f09962172510 None None] Created schema index Datapath_Binding.tunnel_key {{(pid=90121) autocreate_indices /opt/stack/data/venv/lib/python3.12/site-packages/ovsdbapp/backend/ovs_idl/__init__.py:106}}
Jun 17 18:52:07.233607 np0000003086 devstack@neutron-api.service[90120]: INFO ovsdbapp.backend.ovs_idl.vlog [None req-bc658c54-a291-40bb-8448-54e839326cbd None None] ssl:10.4.3.105:6641: connected
Jun 17 18:52:07.234342 np0000003086 devstack@neutron-api.service[90121]: INFO ovsdbapp.backend.ovs_idl.vlog [None req-24144e31-3efa-41cf-bf07-f09962172510 None None] ssl:10.4.3.105:6642: connecting...
Jun 17 18:52:07.239505 np0000003086 devstack@neutron-api.service[90121]: INFO ovsdbapp.backend.ovs_idl.vlog [None req-24144e31-3efa-41cf-bf07-f09962172510 None None] ssl:10.4.3.105:6642: connected
Jun 17 18:52:07.261295 np0000003086 devstack@neutron-api.service[90120]: DEBUG neutron.common.ovn.hash_ring_manager [None req-bc658c54-a291-40bb-8448-54e839326cbd None None] Allow caching, nodes 3>=3 {{(pid=90120) _wait_startup_before_caching /opt/stack/neutron/neutron/common/ovn/hash_ring_manager.py:71}}
Jun 17 18:52:07.264095 np0000003086 devstack@neutron-api.service[90121]: DEBUG neutron.common.ovn.hash_ring_manager [None req-24144e31-3efa-41cf-bf07-f09962172510 None None] Allow caching, nodes 3>=3 {{(pid=90121) _wait_startup_before_caching /opt/stack/neutron/neutron/common/ovn/hash_ring_manager.py:71}}
Jun 17 18:52:07.266714 np0000003086 devstack@neutron-api.service[90120]: DEBUG neutron.common.ovn.hash_ring_manager [None req-bc658c54-a291-40bb-8448-54e839326cbd None None] Hash Ring loaded. 3 active nodes. 0 offline nodes {{(pid=90120) _load_hash_ring /opt/stack/neutron/neutron/common/ovn/hash_ring_manager.py:110}}
Jun 17 18:52:07.267223 np0000003086 devstack@neutron-api.service[90120]: DEBUG neutron.plugins.ml2.drivers.ovn.mech_driver.ovsdb.ovsdb_monitor [None req-bc658c54-a291-40bb-8448-54e839326cbd None None] Hash Ring: Node 5696e6369f8351d0a52f90619aa57018 (host: np0000003086) handling event "create" for row 7a1e2fbe-8ffe-4516-8133-0815a221bc02 (table: Port_Group) {{(pid=90120) notify /opt/stack/neutron/neutron/plugins/ml2/drivers/ovn/mech_driver/ovsdb/ovsdb_monitor.py:1015}}
Jun 17 18:52:07.267276 np0000003086 devstack@neutron-api.service[90121]: DEBUG neutron.common.ovn.hash_ring_manager [None req-24144e31-3efa-41cf-bf07-f09962172510 None None] Hash Ring loaded. 3 active nodes. 0 offline nodes {{(pid=90121) _load_hash_ring /opt/stack/neutron/neutron/common/ovn/hash_ring_manager.py:110}}
Jun 17 18:52:07.267366 np0000003086 devstack@neutron-api.service[90121]: DEBUG neutron.plugins.ml2.drivers.ovn.mech_driver.ovsdb.ovsdb_monitor [None req-24144e31-3efa-41cf-bf07-f09962172510 None None] Hash Ring: Node a8bba05a6efa5e12b1b3a59c18df45ac (host: np0000003086) handling event "create" for row d50d8a71-e4e5-41a9-ae99-c3c896aa7781 (table: Chassis) {{(pid=90121) notify /opt/stack/neutron/neutron/plugins/ml2/drivers/ovn/mech_driver/ovsdb/ovsdb_monitor.py:1015}}
Jun 17 18:52:07.267452 np0000003086 devstack@neutron-api.service[90120]: DEBUG neutron.plugins.ml2.drivers.ovn.mech_driver.ovsdb.ovsdb_monitor [None req-bc658c54-a291-40bb-8448-54e839326cbd None None] Hash Ring: Node 5696e6369f8351d0a52f90619aa57018 (host: np0000003086) handling event "create" for row ef03a0e0-d659-4e30-8ae4-420e1e52563e (table: SSL) {{(pid=90120) notify /opt/stack/neutron/neutron/plugins/ml2/drivers/ovn/mech_driver/ovsdb/ovsdb_monitor.py:1015}}
Jun 17 18:52:07.271085 np0000003086 devstack@neutron-api.service[90121]: DEBUG ovsdbapp.backend.ovs_idl.event [None req-24144e31-3efa-41cf-bf07-f09962172510 None None] Matched CREATE: ChassisBandwidthConfigEvent(events=('create', 'update'), table='Chassis', conditions=None, old_conditions=None), priority=20 to row=Chassis(uuid=d50d8a71-e4e5-41a9-ae99-c3c896aa7781, encaps=[85cc8a26-dd22-4574-a580-b1a2e769df8e], external_ids={}, hostname='np0000003086', name='be43dcc7-0fec-479f-8f02-4adf50194973', nb_cfg=0, other_config={'ct-commit-nat-v2': 'true', 'ct-commit-to-zone': 'true', 'ct-next-zone': 'true', 'ct-no-masked-label': 'true', 'ct-state-save': 'true', 'datapath-type': 'system', 'fdb-timestamp': 'true', 'iface-types': 'afxdp,afxdp-nonpmd,bareudp,erspan,geneve,gre,gtpu,internal,ip6erspan,ip6gre,lisp,patch,srv6,stt,system,tap,vxlan', 'is-interconn': 'false', 'ls-dpg-column': 'true', 'mac-binding-timestamp': 'true', 'ovn-bridge-mappings': 'public:br-ex', 'ovn-chassis-mac-mappings': '', 'ovn-cms-options': 'enable-chassis-as-gw', 'ovn-ct-lb-related': 'true', 'ovn-enable-lflow-cache': 'true', 'ovn-limit-lflow-cache': '', 'ovn-memlimit-lflow-cache-kb': '', 'ovn-monitor-all': 'false', 'ovn-trim-limit-lflow-cache': '', 'ovn-trim-timeout-ms': '', 'ovn-trim-wmark-perc-lflow-cache': '', 'port-up-notif': 'true'}, transport_zones=[], vtep_logical_switches=[]) old= {{(pid=90121) matches /opt/stack/data/venv/lib/python3.12/site-packages/ovsdbapp/backend/ovs_idl/event.py:55}}
Jun 17 18:52:07.271359 np0000003086 devstack@neutron-api.service[90120]: INFO neutron.plugins.ml2.drivers.ovn.mech_driver.ovsdb.impl_idl_ovn [None req-bc658c54-a291-40bb-8448-54e839326cbd None None] Getting OvsdbSbOvnIdl for WorkerService with retry
Jun 17 18:52:07.271454 np0000003086 devstack@neutron-api.service[90121]: DEBUG neutron.plugins.ml2.drivers.ovn.mech_driver.ovsdb.ovsdb_monitor [None req-24144e31-3efa-41cf-bf07-f09962172510 None None] ChassisAgentWriteEvent : Matched Chassis_Private, create, None None {{(pid=90121) matches /opt/stack/neutron/neutron/plugins/ml2/drivers/ovn/mech_driver/ovsdb/ovsdb_monitor.py:64}}
Jun 17 18:52:07.271454 np0000003086 devstack@neutron-api.service[90121]: DEBUG neutron.plugins.ml2.drivers.ovn.mech_driver.ovsdb.ovsdb_monitor [None req-24144e31-3efa-41cf-bf07-f09962172510 None None] ChassisOVNAgentWriteEvent : Matched Chassis_Private, create, None None {{(pid=90121) matches /opt/stack/neutron/neutron/plugins/ml2/drivers/ovn/mech_driver/ovsdb/ovsdb_monitor.py:64}}
Jun 17 18:52:07.271454 np0000003086 devstack@neutron-api.service[90121]: INFO neutron.plugins.ml2.drivers.ovn.mech_driver.mech_driver [None req-24144e31-3efa-41cf-bf07-f09962172510 None None] WorkerService process has finished the post initialization
