Jul 18 23:39:01.322582 np0000005405 devstack@g-api.service[100230]: DEBUG glance.api.middleware.version_negotiation [None req-ddafa5cd-96a5-4ce8-8e48-a843116bcb90 tempest-VolumesSnapshotTestJSON-516612483 tempest-VolumesSnapshotTestJSON-516612483-project-member] new path /v2/schemas/image {{(pid=100230) process_request /opt/stack/glance/glance/api/middleware/version_negotiation.py:70}}
Jul 18 23:39:01.324919 np0000005405 devstack@g-api.service[100230]: [pid: 100230|app: 0|req: 73/202] 127.0.0.1 () {44 vars in 1051 bytes} [Sat Jul 18 23:39:01 2026] GET /v2/schemas/image => generated 6083 bytes in 4 msecs (HTTP/1.1 200) 4 headers in 158 bytes (1 switches on core 0)
Jul 18 23:39:01.398054 np0000005405 devstack@g-api.service[100231]: DEBUG swiftclient [None req-a0178249-739f-4d8d-b5c1-53f95a0bc79c tempest-VolumesActionsTest-1214575798 tempest-VolumesActionsTest-1214575798-project-member] REQ: curl -i https://10.4.3.14:8080/v1/AUTH_dbd88384bc2a4310b6181568cb575675/glance/50d878e4-769a-4f88-a5e8-f12839ea0a0e-00001 -X PUT -H "X-Auth-Token: gAAAAABqXA6S9_cP..." {{(pid=100231) http_log /opt/stack/data/venv/lib/python3.12/site-packages/swiftclient/client.py:160}}
Jul 18 23:39:01.398452 np0000005405 devstack@g-api.service[100231]: DEBUG swiftclient [None req-a0178249-739f-4d8d-b5c1-53f95a0bc79c tempest-VolumesActionsTest-1214575798 tempest-VolumesActionsTest-1214575798-project-member] RESP STATUS: 201 Created {{(pid=100231) http_log /opt/stack/data/venv/lib/python3.12/site-packages/swiftclient/client.py:161}}
Jul 18 23:39:01.398452 np0000005405 devstack@g-api.service[100231]: DEBUG swiftclient [None req-a0178249-739f-4d8d-b5c1-53f95a0bc79c tempest-VolumesActionsTest-1214575798 tempest-VolumesActionsTest-1214575798-project-member] RESP HEADERS: {'Date': 'Sat, 18 Jul 2026 23:39:01 GMT', 'Server': 'Apache/2.4.58 (Ubuntu)', 'Content-Type': 'text/html; charset=UTF-8', 'Content-Length': '0', 'Etag': 'eda9a9889837ac4bc81d6387d92c1bec', 'Last-Modified': 'Sat, 18 Jul 2026 23:38:59 GMT', 'X-Trans-Id': 'tx6874be7736874fa982f0b-006a5c0e92', 'X-Openstack-Request-Id': 'tx6874be7736874fa982f0b-006a5c0e92', 'Connection': 'close'} {{(pid=100231) http_log /opt/stack/data/venv/lib/python3.12/site-packages/swiftclient/client.py:162}}
Jul 18 23:39:01.398609 np0000005405 devstack@g-api.service[100231]: DEBUG glance_store._drivers.swift.store [None req-a0178249-739f-4d8d-b5c1-53f95a0bc79c tempest-VolumesActionsTest-1214575798 tempest-VolumesActionsTest-1214575798-project-member] Wrote chunk 50d878e4-769a-4f88-a5e8-f12839ea0a0e-00001 (1/?) of length 204800000 to Swift returning MD5 of content: eda9a9889837ac4bc81d6387d92c1bec {{(pid=100231) add /opt/stack/data/venv/lib/python3.12/site-packages/glance_store/_drivers/swift/store.py:1059}}
Jul 18 23:39:02.218552 np0000005405 devstack@g-api.service[100232]: DEBUG glance.api.middleware.version_negotiation [None req-ddafa5cd-96a5-4ce8-8e48-a843116bcb90 tempest-VolumesSnapshotTestJSON-516612483 tempest-VolumesSnapshotTestJSON-516612483-project-member] Determining version of request: GET /v2/images/50d878e4-769a-4f88-a5e8-f12839ea0a0e Accept: application/json {{(pid=100232) process_request /opt/stack/glance/glance/api/middleware/version_negotiation.py:44}}
Jul 18 23:39:02.219041 np0000005405 devstack@g-api.service[100232]: DEBUG glance.api.middleware.version_negotiation [None req-ddafa5cd-96a5-4ce8-8e48-a843116bcb90 tempest-VolumesSnapshotTestJSON-516612483 tempest-VolumesSnapshotTestJSON-516612483-project-member] Using url versioning {{(pid=100232) process_request /opt/stack/glance/glance/api/middleware/version_negotiation.py:57}}
Jul 18 23:39:02.219113 np0000005405 devstack@g-api.service[100232]: DEBUG glance.api.middleware.version_negotiation [None req-ddafa5cd-96a5-4ce8-8e48-a843116bcb90 tempest-VolumesSnapshotTestJSON-516612483 tempest-VolumesSnapshotTestJSON-516612483-project-member] Matched version: v2 {{(pid=100232) process_request /opt/stack/glance/glance/api/middleware/version_negotiation.py:69}}
Jul 18 23:39:02.219288 np0000005405 devstack@g-api.service[100232]: DEBUG glance.api.middleware.version_negotiation [None req-ddafa5cd-96a5-4ce8-8e48-a843116bcb90 tempest-VolumesSnapshotTestJSON-516612483 tempest-VolumesSnapshotTestJSON-516612483-project-member] new path /v2/images/50d878e4-769a-4f88-a5e8-f12839ea0a0e {{(pid=100232) process_request /opt/stack/glance/glance/api/middleware/version_negotiation.py:70}}
Jul 18 23:39:02.244333 np0000005405 devstack@g-api.service[100232]: [pid: 100232|app: 0|req: 75/203] 127.0.0.1 () {40 vars in 834 bytes} [Sat Jul 18 23:39:02 2026] GET /v2/images/50d878e4-769a-4f88-a5e8-f12839ea0a0e => generated 649 bytes in 26 msecs (HTTP/1.1 200) 4 headers in 157 bytes (1 switches on core 0)
Jul 18 23:39:03.252370 np0000005405 devstack@g-api.service[100230]: DEBUG glance.api.middleware.version_negotiation [None req-ddafa5cd-96a5-4ce8-8e48-a843116bcb90 tempest-VolumesSnapshotTestJSON-516612483 tempest-VolumesSnapshotTestJSON-516612483-project-member] Determining version of request: GET /v2/images/50d878e4-769a-4f88-a5e8-f12839ea0a0e Accept: application/json {{(pid=100230) process_request /opt/stack/glance/glance/api/middleware/version_negotiation.py:44}}
Jul 18 23:39:03.252370 np0000005405 devstack@g-api.service[100230]: DEBUG glance.api.middleware.version_negotiation [None req-ddafa5cd-96a5-4ce8-8e48-a843116bcb90 tempest-VolumesSnapshotTestJSON-516612483 tempest-VolumesSnapshotTestJSON-516612483-project-member] Using url versioning {{(pid=100230) process_request /opt/stack/glance/glance/api/middleware/version_negotiation.py:57}}
Jul 18 23:39:03.252863 np0000005405 devstack@g-api.service[100230]: DEBUG glance.api.middleware.version_negotiation [None req-ddafa5cd-96a5-4ce8-8e48-a843116bcb90 tempest-VolumesSnapshotTestJSON-516612483 tempest-VolumesSnapshotTestJSON-516612483-project-member] Matched version: v2 {{(pid=100230) process_request /opt/stack/glance/glance/api/middleware/version_negotiation.py:69}}
Jul 18 23:39:03.252863 np0000005405 devstack@g-api.service[100230]: DEBUG glance.api.middleware.version_negotiation [None req-ddafa5cd-96a5-4ce8-8e48-a843116bcb90 tempest-VolumesSnapshotTestJSON-516612483 tempest-VolumesSnapshotTestJSON-516612483-project-member] new path /v2/images/50d878e4-769a-4f88-a5e8-f12839ea0a0e {{(pid=100230) process_request /opt/stack/glance/glance/api/middleware/version_negotiation.py:70}}
Jul 18 23:39:03.273708 np0000005405 devstack@g-api.service[100230]: [pid: 100230|app: 0|req: 74/204] 127.0.0.1 () {40 vars in 834 bytes} [Sat Jul 18 23:39:03 2026] GET /v2/images/50d878e4-769a-4f88-a5e8-f12839ea0a0e => generated 649 bytes in 22 msecs (HTTP/1.1 200) 4 headers in 157 bytes (1 switches on core 0)
Jul 18 23:39:04.064323 np0000005405 devstack@g-api.service[100232]: DEBUG glance.api.middleware.version_negotiation [None req-f486dfe2-b9ed-4d28-bfba-f4640cd898d3 tempest-VolumesActionsTest-1214575798 tempest-VolumesActionsTest-1214575798-project-member] Determining version of request: GET /v2/images/23789b5f-7a61-4882-abde-48ea5fdaebce Accept: */* {{(pid=100232) process_request /opt/stack/glance/glance/api/middleware/version_negotiation.py:44}}
Jul 18 23:39:04.064323 np0000005405 devstack@g-api.service[100232]: DEBUG glance.api.middleware.version_negotiation [None req-f486dfe2-b9ed-4d28-bfba-f4640cd898d3 tempest-VolumesActionsTest-1214575798 tempest-VolumesActionsTest-1214575798-project-member] Using url versioning {{(pid=100232) process_request /opt/stack/glance/glance/api/middleware/version_negotiation.py:57}}
Jul 18 23:39:04.064323 np0000005405 devstack@g-api.service[100232]: DEBUG glance.api.middleware.version_negotiation [None req-f486dfe2-b9ed-4d28-bfba-f4640cd898d3 tempest-VolumesActionsTest-1214575798 tempest-VolumesActionsTest-1214575798-project-member] Matched version: v2 {{(pid=100232) process_request /opt/stack/glance/glance/api/middleware/version_negotiation.py:69}}
Jul 18 23:39:04.064323 np0000005405 devstack@g-api.service[100232]: DEBUG glance.api.middleware.version_negotiation [None req-f486dfe2-b9ed-4d28-bfba-f4640cd898d3 tempest-VolumesActionsTest-1214575798 tempest-VolumesActionsTest-1214575798-project-member] new path /v2/images/23789b5f-7a61-4882-abde-48ea5fdaebce {{(pid=100232) process_request /opt/stack/glance/glance/api/middleware/version_negotiation.py:70}}
Jul 18 23:39:04.283063 np0000005405 devstack@g-api.service[100232]: [pid: 100232|app: 0|req: 76/205] 127.0.0.1 () {44 vars in 1111 bytes} [Sat Jul 18 23:39:04 2026] GET /v2/images/23789b5f-7a61-4882-abde-48ea5fdaebce => generated 1044 bytes in 219 msecs (HTTP/1.1 200) 4 headers in 158 bytes (1 switches on core 0)
Jul 18 23:39:04.286970 np0000005405 devstack@g-api.service[100230]: DEBUG glance.api.middleware.version_negotiation [None req-d5e901d8-30bc-463f-a31c-9b7b0207cf0d tempest-VolumesActionsTest-1214575798 tempest-VolumesActionsTest-1214575798-project-member] Determining version of request: GET /v2/images/50d878e4-769a-4f88-a5e8-f12839ea0a0e Accept: application/json {{(pid=100230) process_request /opt/stack/glance/glance/api/middleware/version_negotiation.py:44}}
Jul 18 23:39:04.286970 np0000005405 devstack@g-api.service[100230]: DEBUG glance.api.middleware.version_negotiation [None req-d5e901d8-30bc-463f-a31c-9b7b0207cf0d tempest-VolumesActionsTest-1214575798 tempest-VolumesActionsTest-1214575798-project-member] Using url versioning {{(pid=100230) process_request /opt/stack/glance/glance/api/middleware/version_negotiation.py:57}}
Jul 18 23:39:04.289041 np0000005405 devstack@g-api.service[100230]: DEBUG glance.api.middleware.version_negotiation [None req-d5e901d8-30bc-463f-a31c-9b7b0207cf0d tempest-VolumesActionsTest-1214575798 tempest-VolumesActionsTest-1214575798-project-member] Matched version: v2 {{(pid=100230) process_request /opt/stack/glance/glance/api/middleware/version_negotiation.py:69}}
Jul 18 23:39:04.289041 np0000005405 devstack@g-api.service[100230]: DEBUG glance.api.middleware.version_negotiation [None req-d5e901d8-30bc-463f-a31c-9b7b0207cf0d tempest-VolumesActionsTest-1214575798 tempest-VolumesActionsTest-1214575798-project-member] new path /v2/images/50d878e4-769a-4f88-a5e8-f12839ea0a0e {{(pid=100230) process_request /opt/stack/glance/glance/api/middleware/version_negotiation.py:70}}
Jul 18 23:39:04.311902 np0000005405 devstack@g-api.service[100230]: [pid: 100230|app: 0|req: 75/206] 127.0.0.1 () {40 vars in 834 bytes} [Sat Jul 18 23:39:04 2026] GET /v2/images/50d878e4-769a-4f88-a5e8-f12839ea0a0e => generated 649 bytes in 25 msecs (HTTP/1.1 200) 4 headers in 157 bytes (1 switches on core 0)
Jul 18 23:39:04.347799 np0000005405 devstack@g-api.service[100232]: DEBUG glance.api.middleware.version_negotiation [None req-2dae635c-38b0-4b45-a28f-0cf2e0277176 tempest-VolumesSnapshotTestJSON-516612483 tempest-VolumesSnapshotTestJSON-516612483-project-member] Determining version of request: GET /v2/schemas/image Accept: */* {{(pid=100232) process_request /opt/stack/glance/glance/api/middleware/version_negotiation.py:44}}
Jul 18 23:39:04.348021 np0000005405 devstack@g-api.service[100232]: DEBUG glance.api.middleware.version_negotiation [None req-2dae635c-38b0-4b45-a28f-0cf2e0277176 tempest-VolumesSnapshotTestJSON-516612483 tempest-VolumesSnapshotTestJSON-516612483-project-member] Using url versioning {{(pid=100232) process_request /opt/stack/glance/glance/api/middleware/version_negotiation.py:57}}
Jul 18 23:39:04.348399 np0000005405 devstack@g-api.service[100232]: DEBUG glance.api.middleware.version_negotiation [None req-2dae635c-38b0-4b45-a28f-0cf2e0277176 tempest-VolumesSnapshotTestJSON-516612483 tempest-VolumesSnapshotTestJSON-516612483-project-member] Matched version: v2 {{(pid=100232) process_request /opt/stack/glance/glance/api/middleware/version_negotiation.py:69}}
Jul 18 23:39:04.348703 np0000005405 devstack@g-api.service[100232]: DEBUG glance.api.middleware.version_negotiation [None req-2dae635c-38b0-4b45-a28f-0cf2e0277176 tempest-VolumesSnapshotTestJSON-516612483 tempest-VolumesSnapshotTestJSON-516612483-project-member] new path /v2/schemas/image {{(pid=100232) process_request /opt/stack/glance/glance/api/middleware/version_negotiation.py:70}}
Jul 18 23:39:04.351910 np0000005405 devstack@g-api.service[100232]: [pid: 100232|app: 0|req: 77/207] 127.0.0.1 () {44 vars in 1051 bytes} [Sat Jul 18 23:39:04 2026] GET /v2/schemas/image => generated 6083 bytes in 4 msecs (HTTP/1.1 200) 4 headers in 158 bytes (1 switches on core 0)
Jul 18 23:39:04.553313 np0000005405 devstack@g-api.service[100231]: DEBUG swiftclient [None req-a0178249-739f-4d8d-b5c1-53f95a0bc79c tempest-VolumesActionsTest-1214575798 tempest-VolumesActionsTest-1214575798-project-member] REQ: curl -i https://10.4.3.14:8080/v1/AUTH_dbd88384bc2a4310b6181568cb575675/glance/50d878e4-769a-4f88-a5e8-f12839ea0a0e-00002 -X PUT -H "X-Auth-Token: gAAAAABqXA6S9_cP..." {{(pid=100231) http_log /opt/stack/data/venv/lib/python3.12/site-packages/swiftclient/client.py:160}}
Jul 18 23:39:04.554528 np0000005405 devstack@g-api.service[100231]: DEBUG swiftclient [None req-a0178249-739f-4d8d-b5c1-53f95a0bc79c tempest-VolumesActionsTest-1214575798 tempest-VolumesActionsTest-1214575798-project-member] RESP STATUS: 201 Created {{(pid=100231) http_log /opt/stack/data/venv/lib/python3.12/site-packages/swiftclient/client.py:161}}
Jul 18 23:39:04.554528 np0000005405 devstack@g-api.service[100231]: DEBUG swiftclient [None req-a0178249-739f-4d8d-b5c1-53f95a0bc79c tempest-VolumesActionsTest-1214575798 tempest-VolumesActionsTest-1214575798-project-member] RESP HEADERS: {'Date': 'Sat, 18 Jul 2026 23:39:04 GMT', 'Server': 'Apache/2.4.58 (Ubuntu)', 'Content-Type': 'text/html; charset=UTF-8', 'Content-Length': '0', 'Etag': 'eda9a9889837ac4bc81d6387d92c1bec', 'Last-Modified': 'Sat, 18 Jul 2026 23:39:02 GMT', 'X-Trans-Id': 'tx042b9273141e4e34afa7a-006a5c0e95', 'X-Openstack-Request-Id': 'tx042b9273141e4e34afa7a-006a5c0e95', 'Connection': 'close'} {{(pid=100231) http_log /opt/stack/data/venv/lib/python3.12/site-packages/swiftclient/client.py:162}}
Jul 18 23:39:04.554528 np0000005405 devstack@g-api.service[100231]: DEBUG glance_store._drivers.swift.store [None req-a0178249-739f-4d8d-b5c1-53f95a0bc79c tempest-VolumesActionsTest-1214575798 tempest-VolumesActionsTest-1214575798-project-member] Wrote chunk 50d878e4-769a-4f88-a5e8-f12839ea0a0e-00002 (2/?) of length 204800000 to Swift returning MD5 of content: eda9a9889837ac4bc81d6387d92c1bec {{(pid=100231) add /opt/stack/data/venv/lib/python3.12/site-packages/glance_store/_drivers/swift/store.py:1059}}
Jul 18 23:39:05.326862 np0000005405 devstack@g-api.service[100230]: DEBUG glance.api.middleware.version_negotiation [None req-af64f943-6599-4e91-9b4c-b9bd412e8f5b tempest-VolumesActionsTest-1214575798 tempest-VolumesActionsTest-1214575798-project-member] Determining version of request: GET /v2/images/50d878e4-769a-4f88-a5e8-f12839ea0a0e Accept: application/json {{(pid=100230) process_request /opt/stack/glance/glance/api/middleware/version_negotiation.py:44}}
Jul 18 23:39:05.326862 np0000005405 devstack@g-api.service[100230]: DEBUG glance.api.middleware.version_negotiation [None req-af64f943-6599-4e91-9b4c-b9bd412e8f5b tempest-VolumesActionsTest-1214575798 tempest-VolumesActionsTest-1214575798-project-member] Using url versioning {{(pid=100230) process_request /opt/stack/glance/glance/api/middleware/version_negotiation.py:57}}
Jul 18 23:39:05.327581 np0000005405 devstack@g-api.service[100230]: DEBUG glance.api.middleware.version_negotiation [None req-af64f943-6599-4e91-9b4c-b9bd412e8f5b tempest-VolumesActionsTest-1214575798 tempest-VolumesActionsTest-1214575798-project-member] Matched version: v2 {{(pid=100230) process_request /opt/stack/glance/glance/api/middleware/version_negotiation.py:69}}
Jul 18 23:39:05.327864 np0000005405 devstack@g-api.service[100230]: DEBUG glance.api.middleware.version_negotiation [None req-af64f943-6599-4e91-9b4c-b9bd412e8f5b tempest-VolumesActionsTest-1214575798 tempest-VolumesActionsTest-1214575798-project-member] new path /v2/images/50d878e4-769a-4f88-a5e8-f12839ea0a0e {{(pid=100230) process_request /opt/stack/glance/glance/api/middleware/version_negotiation.py:70}}
Jul 18 23:39:05.350330 np0000005405 devstack@g-api.service[100230]: [pid: 100230|app: 0|req: 76/208] 127.0.0.1 () {40 vars in 834 bytes} [Sat Jul 18 23:39:05 2026] GET /v2/images/50d878e4-769a-4f88-a5e8-f12839ea0a0e => generated 649 bytes in 25 msecs (HTTP/1.1 200) 4 headers in 157 bytes (1 switches on core 0)
Jul 18 23:39:06.366211 np0000005405 devstack@g-api.service[100232]: DEBUG glance.api.middleware.version_negotiation [None req-2dae635c-38b0-4b45-a28f-0cf2e0277176 tempest-VolumesSnapshotTestJSON-516612483 tempest-VolumesSnapshotTestJSON-516612483-project-member] Determining version of request: GET /v2/images/50d878e4-769a-4f88-a5e8-f12839ea0a0e Accept: application/json {{(pid=100232) process_request /opt/stack/glance/glance/api/middleware/version_negotiation.py:44}}
Jul 18 23:39:06.366211 np0000005405 devstack@g-api.service[100232]: DEBUG glance.api.middleware.version_negotiation [None req-2dae635c-38b0-4b45-a28f-0cf2e0277176 tempest-VolumesSnapshotTestJSON-516612483 tempest-VolumesSnapshotTestJSON-516612483-project-member] Using url versioning {{(pid=100232) process_request /opt/stack/glance/glance/api/middleware/version_negotiation.py:57}}
Jul 18 23:39:06.366211 np0000005405 devstack@g-api.service[100232]: DEBUG glance.api.middleware.version_negotiation [None req-2dae635c-38b0-4b45-a28f-0cf2e0277176 tempest-VolumesSnapshotTestJSON-516612483 tempest-VolumesSnapshotTestJSON-516612483-project-member] Matched version: v2 {{(pid=100232) process_request /opt/stack/glance/glance/api/middleware/version_negotiation.py:69}}
Jul 18 23:39:06.366211 np0000005405 devstack@g-api.service[100232]: DEBUG glance.api.middleware.version_negotiation [None req-2dae635c-38b0-4b45-a28f-0cf2e0277176 tempest-VolumesSnapshotTestJSON-516612483 tempest-VolumesSnapshotTestJSON-516612483-project-member] new path /v2/images/50d878e4-769a-4f88-a5e8-f12839ea0a0e {{(pid=100232) process_request /opt/stack/glance/glance/api/middleware/version_negotiation.py:70}}
Jul 18 23:39:06.379711 np0000005405 devstack@g-api.service[100232]: [pid: 100232|app: 0|req: 78/209] 127.0.0.1 () {40 vars in 834 bytes} [Sat Jul 18 23:39:06 2026] GET /v2/images/50d878e4-769a-4f88-a5e8-f12839ea0a0e => generated 649 bytes in 16 msecs (HTTP/1.1 200) 4 headers in 157 bytes (1 switches on core 0)
Jul 18 23:39:07.215490 np0000005405 devstack@g-api.service[100231]: DEBUG swiftclient [None req-a0178249-739f-4d8d-b5c1-53f95a0bc79c tempest-VolumesActionsTest-1214575798 tempest-VolumesActionsTest-1214575798-project-member] REQ: curl -i https://10.4.3.14:8080/v1/AUTH_dbd88384bc2a4310b6181568cb575675/glance/50d878e4-769a-4f88-a5e8-f12839ea0a0e-00003 -X PUT -H "X-Auth-Token: gAAAAABqXA6S9_cP..." {{(pid=100231) http_log /opt/stack/data/venv/lib/python3.12/site-packages/swiftclient/client.py:160}}
Jul 18 23:39:07.215887 np0000005405 devstack@g-api.service[100231]: DEBUG swiftclient [None req-a0178249-739f-4d8d-b5c1-53f95a0bc79c tempest-VolumesActionsTest-1214575798 tempest-VolumesActionsTest-1214575798-project-member] RESP STATUS: 201 Created {{(pid=100231) http_log /opt/stack/data/venv/lib/python3.12/site-packages/swiftclient/client.py:161}}
Jul 18 23:39:07.215887 np0000005405 devstack@g-api.service[100231]: DEBUG swiftclient [None req-a0178249-739f-4d8d-b5c1-53f95a0bc79c tempest-VolumesActionsTest-1214575798 tempest-VolumesActionsTest-1214575798-project-member] RESP HEADERS: {'Date': 'Sat, 18 Jul 2026 23:39:07 GMT', 'Server': 'Apache/2.4.58 (Ubuntu)', 'Content-Type': 'text/html; charset=UTF-8', 'Content-Length': '0', 'Etag': 'eda9a9889837ac4bc81d6387d92c1bec', 'Last-Modified': 'Sat, 18 Jul 2026 23:39:05 GMT', 'X-Trans-Id': 'tx214cadcc764644ebbd8d5-006a5c0e98', 'X-Openstack-Request-Id': 'tx214cadcc764644ebbd8d5-006a5c0e98', 'Connection': 'close'} {{(pid=100231) http_log /opt/stack/data/venv/lib/python3.12/site-packages/swiftclient/client.py:162}}
Jul 18 23:39:07.216140 np0000005405 devstack@g-api.service[100231]: DEBUG glance_store._drivers.swift.store [None req-a0178249-739f-4d8d-b5c1-53f95a0bc79c tempest-VolumesActionsTest-1214575798 tempest-VolumesActionsTest-1214575798-project-member] Wrote chunk 50d878e4-769a-4f88-a5e8-f12839ea0a0e-00003 (3/?) of length 204800000 to Swift returning MD5 of content: eda9a9889837ac4bc81d6387d92c1bec {{(pid=100231) add /opt/stack/data/venv/lib/python3.12/site-packages/glance_store/_drivers/swift/store.py:1059}}
Jul 18 23:39:07.396414 np0000005405 devstack@g-api.service[100230]: DEBUG glance.api.middleware.version_negotiation [None req-995a5730-e1c4-48e8-a744-00ea110c9c3c tempest-VolumesActionsTest-1214575798 tempest-VolumesActionsTest-1214575798-project-member] Determining version of request: GET /v2/images/50d878e4-769a-4f88-a5e8-f12839ea0a0e Accept: application/json {{(pid=100230) process_request /opt/stack/glance/glance/api/middleware/version_negotiation.py:44}}
Jul 18 23:39:07.396414 np0000005405 devstack@g-api.service[100230]: DEBUG glance.api.middleware.version_negotiation [None req-995a5730-e1c4-48e8-a744-00ea110c9c3c tempest-VolumesActionsTest-1214575798 tempest-VolumesActionsTest-1214575798-project-member] Using url versioning {{(pid=100230) process_request /opt/stack/glance/glance/api/middleware/version_negotiation.py:57}}
Jul 18 23:39:07.396414 np0000005405 devstack@g-api.service[100230]: DEBUG glance.api.middleware.version_negotiation [None req-995a5730-e1c4-48e8-a744-00ea110c9c3c tempest-VolumesActionsTest-1214575798 tempest-VolumesActionsTest-1214575798-project-member] Matched version: v2 {{(pid=100230) process_request /opt/stack/glance/glance/api/middleware/version_negotiation.py:69}}
Jul 18 23:39:07.396909 np0000005405 devstack@g-api.service[100230]: DEBUG glance.api.middleware.version_negotiation [None req-995a5730-e1c4-48e8-a744-00ea110c9c3c tempest-VolumesActionsTest-1214575798 tempest-VolumesActionsTest-1214575798-project-member] new path /v2/images/50d878e4-769a-4f88-a5e8-f12839ea0a0e {{(pid=100230) process_request /opt/stack/glance/glance/api/middleware/version_negotiation.py:70}}
Jul 18 23:39:07.418755 np0000005405 devstack@g-api.service[100230]: [pid: 100230|app: 0|req: 77/210] 127.0.0.1 () {40 vars in 834 bytes} [Sat Jul 18 23:39:07 2026] GET /v2/images/50d878e4-769a-4f88-a5e8-f12839ea0a0e => generated 649 bytes in 23 msecs (HTTP/1.1 200) 4 headers in 157 bytes (1 switches on core 0)
Jul 18 23:39:08.439430 np0000005405 devstack@g-api.service[100232]: DEBUG glance.api.middleware.version_negotiation [None req-2994a218-bbd3-490b-b597-1137655d52bb tempest-VolumesActionsTest-1214575798 tempest-VolumesActionsTest-1214575798-project-member] Determining version of request: GET /v2/images/50d878e4-769a-4f88-a5e8-f12839ea0a0e Accept: application/json {{(pid=100232) process_request /opt/stack/glance/glance/api/middleware/version_negotiation.py:44}}
Jul 18 23:39:08.439943 np0000005405 devstack@g-api.service[100232]: DEBUG glance.api.middleware.version_negotiation [None req-2994a218-bbd3-490b-b597-1137655d52bb tempest-VolumesActionsTest-1214575798 tempest-VolumesActionsTest-1214575798-project-member] Using url versioning {{(pid=100232) process_request /opt/stack/glance/glance/api/middleware/version_negotiation.py:57}}
Jul 18 23:39:08.439943 np0000005405 devstack@g-api.service[100232]: DEBUG glance.api.middleware.version_negotiation [None req-2994a218-bbd3-490b-b597-1137655d52bb tempest-VolumesActionsTest-1214575798 tempest-VolumesActionsTest-1214575798-project-member] Matched version: v2 {{(pid=100232) process_request /opt/stack/glance/glance/api/middleware/version_negotiation.py:69}}
Jul 18 23:39:08.440020 np0000005405 devstack@g-api.service[100232]: DEBUG glance.api.middleware.version_negotiation [None req-2994a218-bbd3-490b-b597-1137655d52bb tempest-VolumesActionsTest-1214575798 tempest-VolumesActionsTest-1214575798-project-member] new path /v2/images/50d878e4-769a-4f88-a5e8-f12839ea0a0e {{(pid=100232) process_request /opt/stack/glance/glance/api/middleware/version_negotiation.py:70}}
Jul 18 23:39:08.478820 np0000005405 devstack@g-api.service[100232]: [pid: 100232|app: 0|req: 79/211] 127.0.0.1 () {40 vars in 834 bytes} [Sat Jul 18 23:39:08 2026] GET /v2/images/50d878e4-769a-4f88-a5e8-f12839ea0a0e => generated 649 bytes in 39 msecs (HTTP/1.1 200) 4 headers in 157 bytes (1 switches on core 0)
Jul 18 23:39:08.501026 np0000005405 devstack@g-api.service[100231]: DEBUG dbcounter [-] [100231] Writing DB stats glance:SELECT=18,glance:INSERT=1,glance:UPDATE=1 {{(pid=100231) stat_writer /opt/stack/data/venv/lib/python3.12/site-packages/dbcounter.py:115}}
Jul 18 23:39:09.491586 np0000005405 devstack@g-api.service[100230]: DEBUG glance.api.middleware.version_negotiation [None req-0bead734-26cf-4446-93d9-1ca3a6b1c571 tempest-VolumesActionsTest-1214575798 tempest-VolumesActionsTest-1214575798-project-member] Determining version of request: GET /v2/images/50d878e4-769a-4f88-a5e8-f12839ea0a0e Accept: application/json {{(pid=100230) process_request /opt/stack/glance/glance/api/middleware/version_negotiation.py:44}}
Jul 18 23:39:09.492836 np0000005405 devstack@g-api.service[100230]: DEBUG glance.api.middleware.version_negotiation [None req-0bead734-26cf-4446-93d9-1ca3a6b1c571 tempest-VolumesActionsTest-1214575798 tempest-VolumesActionsTest-1214575798-project-member] Using url versioning {{(pid=100230) process_request /opt/stack/glance/glance/api/middleware/version_negotiation.py:57}}
Jul 18 23:39:09.494174 np0000005405 devstack@g-api.service[100230]: DEBUG glance.api.middleware.version_negotiation [None req-0bead734-26cf-4446-93d9-1ca3a6b1c571 tempest-VolumesActionsTest-1214575798 tempest-VolumesActionsTest-1214575798-project-member] Matched version: v2 {{(pid=100230) process_request /opt/stack/glance/glance/api/middleware/version_negotiation.py:69}}
Jul 18 23:39:09.494174 np0000005405 devstack@g-api.service[100230]: DEBUG glance.api.middleware.version_negotiation [None req-0bead734-26cf-4446-93d9-1ca3a6b1c571 tempest-VolumesActionsTest-1214575798 tempest-VolumesActionsTest-1214575798-project-member] new path /v2/images/50d878e4-769a-4f88-a5e8-f12839ea0a0e {{(pid=100230) process_request /opt/stack/glance/glance/api/middleware/version_negotiation.py:70}}
Jul 18 23:39:09.508715 np0000005405 devstack@g-api.service[100230]: [pid: 100230|app: 0|req: 78/212] 127.0.0.1 () {40 vars in 834 bytes} [Sat Jul 18 23:39:09 2026] GET /v2/images/50d878e4-769a-4f88-a5e8-f12839ea0a0e => generated 649 bytes in 18 msecs (HTTP/1.1 200) 4 headers in 157 bytes (1 switches on core 0)
Jul 18 23:39:10.347853 np0000005405 devstack@g-api.service[100231]: DEBUG swiftclient [None req-a0178249-739f-4d8d-b5c1-53f95a0bc79c tempest-VolumesActionsTest-1214575798 tempest-VolumesActionsTest-1214575798-project-member] REQ: curl -i https://10.4.3.14:8080/v1/AUTH_dbd88384bc2a4310b6181568cb575675/glance/50d878e4-769a-4f88-a5e8-f12839ea0a0e-00004 -X PUT -H "X-Auth-Token: gAAAAABqXA6S9_cP..." {{(pid=100231) http_log /opt/stack/data/venv/lib/python3.12/site-packages/swiftclient/client.py:160}}
Jul 18 23:39:10.348277 np0000005405 devstack@g-api.service[100231]: DEBUG swiftclient [None req-a0178249-739f-4d8d-b5c1-53f95a0bc79c tempest-VolumesActionsTest-1214575798 tempest-VolumesActionsTest-1214575798-project-member] RESP STATUS: 201 Created {{(pid=100231) http_log /opt/stack/data/venv/lib/python3.12/site-packages/swiftclient/client.py:161}}
Jul 18 23:39:10.348277 np0000005405 devstack@g-api.service[100231]: DEBUG swiftclient [None req-a0178249-739f-4d8d-b5c1-53f95a0bc79c tempest-VolumesActionsTest-1214575798 tempest-VolumesActionsTest-1214575798-project-member] RESP HEADERS: {'Date': 'Sat, 18 Jul 2026 23:39:10 GMT', 'Server': 'Apache/2.4.58 (Ubuntu)', 'Content-Type': 'text/html; charset=UTF-8', 'Content-Length': '0', 'Etag': 'eda9a9889837ac4bc81d6387d92c1bec', 'Last-Modified': 'Sat, 18 Jul 2026 23:39:08 GMT', 'X-Trans-Id': 'txf33c9667388643de9fe37-006a5c0e9b', 'X-Openstack-Request-Id': 'txf33c9667388643de9fe37-006a5c0e9b', 'Connection': 'close'} {{(pid=100231) http_log /opt/stack/data/venv/lib/python3.12/site-packages/swiftclient/client.py:162}}
Jul 18 23:39:10.348504 np0000005405 devstack@g-api.service[100231]: DEBUG glance_store._drivers.swift.store [None req-a0178249-739f-4d8d-b5c1-53f95a0bc79c tempest-VolumesActionsTest-1214575798 tempest-VolumesActionsTest-1214575798-project-member] Wrote chunk 50d878e4-769a-4f88-a5e8-f12839ea0a0e-00004 (4/?) of length 204800000 to Swift returning MD5 of content: eda9a9889837ac4bc81d6387d92c1bec {{(pid=100231) add /opt/stack/data/venv/lib/python3.12/site-packages/glance_store/_drivers/swift/store.py:1059}}
Jul 18 23:39:10.520472 np0000005405 devstack@g-api.service[100232]: DEBUG glance.api.middleware.version_negotiation [None req-bb2630f9-73e0-4fc2-bcef-87e2694b3153 tempest-VolumesActionsTest-1214575798 tempest-VolumesActionsTest-1214575798-project-member] Determining version of request: GET /v2/images/50d878e4-769a-4f88-a5e8-f12839ea0a0e Accept: application/json {{(pid=100232) process_request /opt/stack/glance/glance/api/middleware/version_negotiation.py:44}}
Jul 18 23:39:10.521039 np0000005405 devstack@g-api.service[100232]: DEBUG glance.api.middleware.version_negotiation [None req-bb2630f9-73e0-4fc2-bcef-87e2694b3153 tempest-VolumesActionsTest-1214575798 tempest-VolumesActionsTest-1214575798-project-member] Using url versioning {{(pid=100232) process_request /opt/stack/glance/glance/api/middleware/version_negotiation.py:57}}
Jul 18 23:39:10.521039 np0000005405 devstack@g-api.service[100232]: DEBUG glance.api.middleware.version_negotiation [None req-bb2630f9-73e0-4fc2-bcef-87e2694b3153 tempest-VolumesActionsTest-1214575798 tempest-VolumesActionsTest-1214575798-project-member] Matched version: v2 {{(pid=100232) process_request /opt/stack/glance/glance/api/middleware/version_negotiation.py:69}}
Jul 18 23:39:10.521039 np0000005405 devstack@g-api.service[100232]: DEBUG glance.api.middleware.version_negotiation [None req-bb2630f9-73e0-4fc2-bcef-87e2694b3153 tempest-VolumesActionsTest-1214575798 tempest-VolumesActionsTest-1214575798-project-member] new path /v2/images/50d878e4-769a-4f88-a5e8-f12839ea0a0e {{(pid=100232) process_request /opt/stack/glance/glance/api/middleware/version_negotiation.py:70}}
Jul 18 23:39:10.539380 np0000005405 devstack@g-api.service[100232]: [pid: 100232|app: 0|req: 80/213] 127.0.0.1 () {40 vars in 834 bytes} [Sat Jul 18 23:39:10 2026] GET /v2/images/50d878e4-769a-4f88-a5e8-f12839ea0a0e => generated 649 bytes in 19 msecs (HTTP/1.1 200) 4 headers in 157 bytes (1 switches on core 0)
Jul 18 23:39:11.553601 np0000005405 devstack@g-api.service[100230]: DEBUG glance.api.middleware.version_negotiation [None req-1b1eadca-e5fc-4f0f-8a81-63db55b84e93 tempest-VolumesActionsTest-1214575798 tempest-VolumesActionsTest-1214575798-project-member] Determining version of request: GET /v2/images/50d878e4-769a-4f88-a5e8-f12839ea0a0e Accept: application/json {{(pid=100230) process_request /opt/stack/glance/glance/api/middleware/version_negotiation.py:44}}
Jul 18 23:39:11.554144 np0000005405 devstack@g-api.service[100230]: DEBUG glance.api.middleware.version_negotiation [None req-1b1eadca-e5fc-4f0f-8a81-63db55b84e93 tempest-VolumesActionsTest-1214575798 tempest-VolumesActionsTest-1214575798-project-member] Using url versioning {{(pid=100230) process_request /opt/stack/glance/glance/api/middleware/version_negotiation.py:57}}
Jul 18 23:39:11.554144 np0000005405 devstack@g-api.service[100230]: DEBUG glance.api.middleware.version_negotiation [None req-1b1eadca-e5fc-4f0f-8a81-63db55b84e93 tempest-VolumesActionsTest-1214575798 tempest-VolumesActionsTest-1214575798-project-member] Matched version: v2 {{(pid=100230) process_request /opt/stack/glance/glance/api/middleware/version_negotiation.py:69}}
Jul 18 23:39:11.554402 np0000005405 devstack@g-api.service[100230]: DEBUG glance.api.middleware.version_negotiation [None req-1b1eadca-e5fc-4f0f-8a81-63db55b84e93 tempest-VolumesActionsTest-1214575798 tempest-VolumesActionsTest-1214575798-project-member] new path /v2/images/50d878e4-769a-4f88-a5e8-f12839ea0a0e {{(pid=100230) process_request /opt/stack/glance/glance/api/middleware/version_negotiation.py:70}}
Jul 18 23:39:11.578438 np0000005405 devstack@g-api.service[100230]: [pid: 100230|app: 0|req: 79/214] 127.0.0.1 () {40 vars in 834 bytes} [Sat Jul 18 23:39:11 2026] GET /v2/images/50d878e4-769a-4f88-a5e8-f12839ea0a0e => generated 649 bytes in 25 msecs (HTTP/1.1 200) 4 headers in 157 bytes (1 switches on core 0)
Jul 18 23:39:12.592863 np0000005405 devstack@g-api.service[100232]: DEBUG glance.api.middleware.version_negotiation [None req-e2f03803-d09c-4719-9279-457345bc2d63 tempest-VolumesActionsTest-1214575798 tempest-VolumesActionsTest-1214575798-project-member] Determining version of request: GET /v2/images/50d878e4-769a-4f88-a5e8-f12839ea0a0e Accept: application/json {{(pid=100232) process_request /opt/stack/glance/glance/api/middleware/version_negotiation.py:44}}
Jul 18 23:39:12.592863 np0000005405 devstack@g-api.service[100232]: DEBUG glance.api.middleware.version_negotiation [None req-e2f03803-d09c-4719-9279-457345bc2d63 tempest-VolumesActionsTest-1214575798 tempest-VolumesActionsTest-1214575798-project-member] Using url versioning {{(pid=100232) process_request /opt/stack/glance/glance/api/middleware/version_negotiation.py:57}}
Jul 18 23:39:12.592863 np0000005405 devstack@g-api.service[100232]: DEBUG glance.api.middleware.version_negotiation [None req-e2f03803-d09c-4719-9279-457345bc2d63 tempest-VolumesActionsTest-1214575798 tempest-VolumesActionsTest-1214575798-project-member] Matched version: v2 {{(pid=100232) process_request /opt/stack/glance/glance/api/middleware/version_negotiation.py:69}}
Jul 18 23:39:12.592863 np0000005405 devstack@g-api.service[100232]: DEBUG glance.api.middleware.version_negotiation [None req-e2f03803-d09c-4719-9279-457345bc2d63 tempest-VolumesActionsTest-1214575798 tempest-VolumesActionsTest-1214575798-project-member] new path /v2/images/50d878e4-769a-4f88-a5e8-f12839ea0a0e {{(pid=100232) process_request /opt/stack/glance/glance/api/middleware/version_negotiation.py:70}}
Jul 18 23:39:12.608755 np0000005405 devstack@g-api.service[100232]: [pid: 100232|app: 0|req: 81/215] 127.0.0.1 () {40 vars in 834 bytes} [Sat Jul 18 23:39:12 2026] GET /v2/images/50d878e4-769a-4f88-a5e8-f12839ea0a0e => generated 649 bytes in 17 msecs (HTTP/1.1 200) 4 headers in 157 bytes (1 switches on core 0)
Jul 18 23:39:13.003049 np0000005405 devstack@g-api.service[100231]: DEBUG swiftclient [None req-a0178249-739f-4d8d-b5c1-53f95a0bc79c tempest-VolumesActionsTest-1214575798 tempest-VolumesActionsTest-1214575798-project-member] REQ: curl -i https://10.4.3.14:8080/v1/AUTH_dbd88384bc2a4310b6181568cb575675/glance/50d878e4-769a-4f88-a5e8-f12839ea0a0e-00005 -X PUT -H "X-Auth-Token: gAAAAABqXA6S9_cP..." {{(pid=100231) http_log /opt/stack/data/venv/lib/python3.12/site-packages/swiftclient/client.py:160}}
Jul 18 23:39:13.003457 np0000005405 devstack@g-api.service[100231]: DEBUG swiftclient [None req-a0178249-739f-4d8d-b5c1-53f95a0bc79c tempest-VolumesActionsTest-1214575798 tempest-VolumesActionsTest-1214575798-project-member] RESP STATUS: 201 Created {{(pid=100231) http_log /opt/stack/data/venv/lib/python3.12/site-packages/swiftclient/client.py:161}}
Jul 18 23:39:13.003457 np0000005405 devstack@g-api.service[100231]: DEBUG swiftclient [None req-a0178249-739f-4d8d-b5c1-53f95a0bc79c tempest-VolumesActionsTest-1214575798 tempest-VolumesActionsTest-1214575798-project-member] RESP HEADERS: {'Date': 'Sat, 18 Jul 2026 23:39:13 GMT', 'Server': 'Apache/2.4.58 (Ubuntu)', 'Content-Type': 'text/html; charset=UTF-8', 'Content-Length': '0', 'Etag': 'eda9a9889837ac4bc81d6387d92c1bec', 'Last-Modified': 'Sat, 18 Jul 2026 23:39:11 GMT', 'X-Trans-Id': 'txe007203ccbb841e987c00-006a5c0e9e', 'X-Openstack-Request-Id': 'txe007203ccbb841e987c00-006a5c0e9e', 'Connection': 'close'} {{(pid=100231) http_log /opt/stack/data/venv/lib/python3.12/site-packages/swiftclient/client.py:162}}
Jul 18 23:39:13.003457 np0000005405 devstack@g-api.service[100231]: DEBUG glance_store._drivers.swift.store [None req-a0178249-739f-4d8d-b5c1-53f95a0bc79c tempest-VolumesActionsTest-1214575798 tempest-VolumesActionsTest-1214575798-project-member] Wrote chunk 50d878e4-769a-4f88-a5e8-f12839ea0a0e-00005 (5/?) of length 204800000 to Swift returning MD5 of content: eda9a9889837ac4bc81d6387d92c1bec {{(pid=100231) add /opt/stack/data/venv/lib/python3.12/site-packages/glance_store/_drivers/swift/store.py:1059}}
Jul 18 23:39:13.606611 np0000005405 devstack@g-api.service[100231]: DEBUG swiftclient [None req-a0178249-739f-4d8d-b5c1-53f95a0bc79c tempest-VolumesActionsTest-1214575798 tempest-VolumesActionsTest-1214575798-project-member] REQ: curl -i https://10.4.3.14:8080/v1/AUTH_dbd88384bc2a4310b6181568cb575675/glance/50d878e4-769a-4f88-a5e8-f12839ea0a0e-00006 -X PUT -H "X-Auth-Token: gAAAAABqXA6S9_cP..." {{(pid=100231) http_log /opt/stack/data/venv/lib/python3.12/site-packages/swiftclient/client.py:160}}
Jul 18 23:39:13.606884 np0000005405 devstack@g-api.service[100231]: DEBUG swiftclient [None req-a0178249-739f-4d8d-b5c1-53f95a0bc79c tempest-VolumesActionsTest-1214575798 tempest-VolumesActionsTest-1214575798-project-member] RESP STATUS: 201 Created {{(pid=100231) http_log /opt/stack/data/venv/lib/python3.12/site-packages/swiftclient/client.py:161}}
Jul 18 23:39:13.606945 np0000005405 devstack@g-api.service[100231]: DEBUG swiftclient [None req-a0178249-739f-4d8d-b5c1-53f95a0bc79c tempest-VolumesActionsTest-1214575798 tempest-VolumesActionsTest-1214575798-project-member] RESP HEADERS: {'Date': 'Sat, 18 Jul 2026 23:39:13 GMT', 'Server': 'Apache/2.4.58 (Ubuntu)', 'Content-Type': 'text/html; charset=UTF-8', 'Content-Length': '0', 'Etag': '708761f3b8777ec77058e63da08eeeb6', 'Last-Modified': 'Sat, 18 Jul 2026 23:39:14 GMT', 'X-Trans-Id': 'tx8b6e9e6a57594120ab579-006a5c0ea1', 'X-Openstack-Request-Id': 'tx8b6e9e6a57594120ab579-006a5c0ea1', 'Connection': 'close'} {{(pid=100231) http_log /opt/stack/data/venv/lib/python3.12/site-packages/swiftclient/client.py:162}}
Jul 18 23:39:13.607075 np0000005405 devstack@g-api.service[100231]: DEBUG glance_store._drivers.swift.store [None req-a0178249-739f-4d8d-b5c1-53f95a0bc79c tempest-VolumesActionsTest-1214575798 tempest-VolumesActionsTest-1214575798-project-member] Wrote chunk 50d878e4-769a-4f88-a5e8-f12839ea0a0e-00006 (6/?) of length 49741824 to Swift returning MD5 of content: 708761f3b8777ec77058e63da08eeeb6 {{(pid=100231) add /opt/stack/data/venv/lib/python3.12/site-packages/glance_store/_drivers/swift/store.py:1059}}
Jul 18 23:39:13.607666 np0000005405 devstack@g-api.service[100231]: DEBUG glance_store._drivers.swift.store [None req-a0178249-739f-4d8d-b5c1-53f95a0bc79c tempest-VolumesActionsTest-1214575798 tempest-VolumesActionsTest-1214575798-project-member] Not writing zero-length chunk. {{(pid=100231) add /opt/stack/data/venv/lib/python3.12/site-packages/glance_store/_drivers/swift/store.py:1028}}
Jul 18 23:39:13.617616 np0000005405 devstack@g-api.service[100230]: DEBUG glance.api.middleware.version_negotiation [None req-fdb45c4e-c39c-498e-ae63-33907608e669 tempest-VolumesActionsTest-1214575798 tempest-VolumesActionsTest-1214575798-project-member] Determining version of request: GET /v2/images/50d878e4-769a-4f88-a5e8-f12839ea0a0e Accept: application/json {{(pid=100230) process_request /opt/stack/glance/glance/api/middleware/version_negotiation.py:44}}
Jul 18 23:39:13.618320 np0000005405 devstack@g-api.service[100230]: DEBUG glance.api.middleware.version_negotiation [None req-fdb45c4e-c39c-498e-ae63-33907608e669 tempest-VolumesActionsTest-1214575798 tempest-VolumesActionsTest-1214575798-project-member] Using url versioning {{(pid=100230) process_request /opt/stack/glance/glance/api/middleware/version_negotiation.py:57}}
Jul 18 23:39:13.618320 np0000005405 devstack@g-api.service[100230]: DEBUG glance.api.middleware.version_negotiation [None req-fdb45c4e-c39c-498e-ae63-33907608e669 tempest-VolumesActionsTest-1214575798 tempest-VolumesActionsTest-1214575798-project-member] Matched version: v2 {{(pid=100230) process_request /opt/stack/glance/glance/api/middleware/version_negotiation.py:69}}
Jul 18 23:39:13.618320 np0000005405 devstack@g-api.service[100230]: DEBUG glance.api.middleware.version_negotiation [None req-fdb45c4e-c39c-498e-ae63-33907608e669 tempest-VolumesActionsTest-1214575798 tempest-VolumesActionsTest-1214575798-project-member] new path /v2/images/50d878e4-769a-4f88-a5e8-f12839ea0a0e {{(pid=100230) process_request /opt/stack/glance/glance/api/middleware/version_negotiation.py:70}}
Jul 18 23:39:13.628890 np0000005405 devstack@g-api.service[100230]: [pid: 100230|app: 0|req: 80/216] 127.0.0.1 () {40 vars in 834 bytes} [Sat Jul 18 23:39:13 2026] GET /v2/images/50d878e4-769a-4f88-a5e8-f12839ea0a0e => generated 649 bytes in 11 msecs (HTTP/1.1 200) 4 headers in 157 bytes (1 switches on core 0)
Jul 18 23:39:13.634093 np0000005405 devstack@g-api.service[100231]: DEBUG swiftclient [None req-a0178249-739f-4d8d-b5c1-53f95a0bc79c tempest-VolumesActionsTest-1214575798 tempest-VolumesActionsTest-1214575798-project-member] REQ: curl -i https://10.4.3.14:8080/v1/AUTH_dbd88384bc2a4310b6181568cb575675/glance/50d878e4-769a-4f88-a5e8-f12839ea0a0e -X PUT -H "X-Object-Manifest: glance/50d878e4-769a-4f88-a5e8-f12839ea0a0e-" -H "X-Auth-Token: gAAAAABqXA6S9_cP..." -H "Content-Length: 0" {{(pid=100231) http_log /opt/stack/data/venv/lib/python3.12/site-packages/swiftclient/client.py:160}}
Jul 18 23:39:13.634284 np0000005405 devstack@g-api.service[100231]: DEBUG swiftclient [None req-a0178249-739f-4d8d-b5c1-53f95a0bc79c tempest-VolumesActionsTest-1214575798 tempest-VolumesActionsTest-1214575798-project-member] RESP STATUS: 201 Created {{(pid=100231) http_log /opt/stack/data/venv/lib/python3.12/site-packages/swiftclient/client.py:161}}
Jul 18 23:39:13.635037 np0000005405 devstack@g-api.service[100231]: DEBUG swiftclient [None req-a0178249-739f-4d8d-b5c1-53f95a0bc79c tempest-VolumesActionsTest-1214575798 tempest-VolumesActionsTest-1214575798-project-member] RESP HEADERS: {'Date': 'Sat, 18 Jul 2026 23:39:13 GMT', 'Server': 'Apache/2.4.58 (Ubuntu)', 'Content-Type': 'text/html; charset=UTF-8', 'Content-Length': '0', 'Etag': 'd41d8cd98f00b204e9800998ecf8427e', 'Last-Modified': 'Sat, 18 Jul 2026 23:39:14 GMT', 'X-Trans-Id': 'tx08ba3676611f48a8b937c-006a5c0ea1', 'X-Openstack-Request-Id': 'tx08ba3676611f48a8b937c-006a5c0ea1', 'Connection': 'close'} {{(pid=100231) http_log /opt/stack/data/venv/lib/python3.12/site-packages/swiftclient/client.py:162}}
Jul 18 23:39:13.635201 np0000005405 devstack@g-api.service[100231]: INFO glance.location [None req-a0178249-739f-4d8d-b5c1-53f95a0bc79c tempest-VolumesActionsTest-1214575798 tempest-VolumesActionsTest-1214575798-project-member] Image format matched and virtual size computed: 1073741824
Jul 18 23:39:13.670325 np0000005405 devstack@g-api.service[100231]: DEBUG glance_store.backend [None req-a0178249-739f-4d8d-b5c1-53f95a0bc79c tempest-VolumesActionsTest-1214575798 tempest-VolumesActionsTest-1214575798-project-member] Attempting to import store swift {{(pid=100231) _load_store /opt/stack/data/venv/lib/python3.12/site-packages/glance_store/backend.py:215}}
Jul 18 23:39:13.671513 np0000005405 devstack@g-api.service[100231]: DEBUG glance_store.capabilities [None req-a0178249-739f-4d8d-b5c1-53f95a0bc79c tempest-VolumesActionsTest-1214575798 tempest-VolumesActionsTest-1214575798-project-member] Store glance_store._drivers.swift.store.SingleTenantStore doesn't support updating dynamic storage capabilities. Please overwrite 'update_capabilities' method of the store to implement updating logics if needed. {{(pid=100231) update_capabilities /opt/stack/data/venv/lib/python3.12/site-packages/glance_store/capabilities.py:91}}
Jul 18 23:39:13.671625 np0000005405 devstack@g-api.service[100231]: DEBUG glance_store.driver [None req-a0178249-739f-4d8d-b5c1-53f95a0bc79c tempest-VolumesActionsTest-1214575798 tempest-VolumesActionsTest-1214575798-project-member] Late loading location class glance_store._drivers.swift.store.StoreLocation {{(pid=100231) get_store_location_class /opt/stack/data/venv/lib/python3.12/site-packages/glance_store/driver.py:134}}
Jul 18 23:39:13.671742 np0000005405 devstack@g-api.service[100231]: DEBUG glance_store.location [None req-a0178249-739f-4d8d-b5c1-53f95a0bc79c tempest-VolumesActionsTest-1214575798 tempest-VolumesActionsTest-1214575798-project-member] Registering scheme swift+https with {'store': , 'location_class': , 'store_entry': 'swift'} {{(pid=100231) register_scheme_map /opt/stack/data/venv/lib/python3.12/site-packages/glance_store/location.py:146}}
Jul 18 23:39:13.671874 np0000005405 devstack@g-api.service[100231]: DEBUG glance_store.location [None req-a0178249-739f-4d8d-b5c1-53f95a0bc79c tempest-VolumesActionsTest-1214575798 tempest-VolumesActionsTest-1214575798-project-member] Registering scheme swift+https with {'store': , 'location_class': , 'store_entry': 'swift'} {{(pid=100231) register_scheme_map /opt/stack/data/venv/lib/python3.12/site-packages/glance_store/location.py:146}}
Jul 18 23:39:13.671992 np0000005405 devstack@g-api.service[100231]: DEBUG glance_store.location [None req-a0178249-739f-4d8d-b5c1-53f95a0bc79c tempest-VolumesActionsTest-1214575798 tempest-VolumesActionsTest-1214575798-project-member] Registering scheme swift with {'store': , 'location_class': , 'store_entry': 'swift'} {{(pid=100231) register_scheme_map /opt/stack/data/venv/lib/python3.12/site-packages/glance_store/location.py:146}}
Jul 18 23:39:13.672088 np0000005405 devstack@g-api.service[100231]: DEBUG glance_store.location [None req-a0178249-739f-4d8d-b5c1-53f95a0bc79c tempest-VolumesActionsTest-1214575798 tempest-VolumesActionsTest-1214575798-project-member] Registering scheme swift+https with {'store': , 'location_class': , 'store_entry': 'swift'} {{(pid=100231) register_scheme_map /opt/stack/data/venv/lib/python3.12/site-packages/glance_store/location.py:146}}
Jul 18 23:39:13.672199 np0000005405 devstack@g-api.service[100231]: DEBUG glance_store.location [None req-a0178249-739f-4d8d-b5c1-53f95a0bc79c tempest-VolumesActionsTest-1214575798 tempest-VolumesActionsTest-1214575798-project-member] Registering scheme swift with {'store': , 'location_class': , 'store_entry': 'swift'} {{(pid=100231) register_scheme_map /opt/stack/data/venv/lib/python3.12/site-packages/glance_store/location.py:146}}
Jul 18 23:39:13.672310 np0000005405 devstack@g-api.service[100231]: DEBUG glance_store.location [None req-a0178249-739f-4d8d-b5c1-53f95a0bc79c tempest-VolumesActionsTest-1214575798 tempest-VolumesActionsTest-1214575798-project-member] Registering scheme swift+http with {'store': , 'location_class': , 'store_entry': 'swift'} {{(pid=100231) register_scheme_map /opt/stack/data/venv/lib/python3.12/site-packages/glance_store/location.py:146}}
Jul 18 23:39:13.672414 np0000005405 devstack@g-api.service[100231]: DEBUG glance_store.location [None req-a0178249-739f-4d8d-b5c1-53f95a0bc79c tempest-VolumesActionsTest-1214575798 tempest-VolumesActionsTest-1214575798-project-member] Registering scheme swift+https with {'store': , 'location_class': , 'store_entry': 'swift'} {{(pid=100231) register_scheme_map /opt/stack/data/venv/lib/python3.12/site-packages/glance_store/location.py:146}}
Jul 18 23:39:13.672513 np0000005405 devstack@g-api.service[100231]: DEBUG glance_store.location [None req-a0178249-739f-4d8d-b5c1-53f95a0bc79c tempest-VolumesActionsTest-1214575798 tempest-VolumesActionsTest-1214575798-project-member] Registering scheme swift with {'store': , 'location_class': , 'store_entry': 'swift'} {{(pid=100231) register_scheme_map /opt/stack/data/venv/lib/python3.12/site-packages/glance_store/location.py:146}}
Jul 18 23:39:13.672610 np0000005405 devstack@g-api.service[100231]: DEBUG glance_store.location [None req-a0178249-739f-4d8d-b5c1-53f95a0bc79c tempest-VolumesActionsTest-1214575798 tempest-VolumesActionsTest-1214575798-project-member] Registering scheme swift+http with {'store': , 'location_class': , 'store_entry': 'swift'} {{(pid=100231) register_scheme_map /opt/stack/data/venv/lib/python3.12/site-packages/glance_store/location.py:146}}
Jul 18 23:39:13.672718 np0000005405 devstack@g-api.service[100231]: DEBUG glance_store.location [None req-a0178249-739f-4d8d-b5c1-53f95a0bc79c tempest-VolumesActionsTest-1214575798 tempest-VolumesActionsTest-1214575798-project-member] Registering scheme swift+config with {'store': , 'location_class': , 'store_entry': 'swift'} {{(pid=100231) register_scheme_map /opt/stack/data/venv/lib/python3.12/site-packages/glance_store/location.py:146}}
Jul 18 23:39:13.672849 np0000005405 devstack@g-api.service[100231]: DEBUG glance_store.backend [None req-a0178249-739f-4d8d-b5c1-53f95a0bc79c tempest-VolumesActionsTest-1214575798 tempest-VolumesActionsTest-1214575798-project-member] Skipping store.set_acls... not implemented. {{(pid=100231) set_acls /opt/stack/data/venv/lib/python3.12/site-packages/glance_store/backend.py:507}}
Jul 18 23:39:13.674592 np0000005405 devstack@g-api.service[100231]: [pid: 100231|app: 0|req: 56/217] 127.0.0.1 () {46 vars in 1154 bytes} [Sat Jul 18 23:38:57 2026] PUT /v2/images/50d878e4-769a-4f88-a5e8-f12839ea0a0e/file => generated 0 bytes in 16279 msecs (HTTP/1.1 204) 4 headers in 171 bytes (1 switches on core 0)
Jul 18 23:39:13.683710 np0000005405 devstack@g-api.service[100232]: DEBUG glance.api.middleware.version_negotiation [None req-6eefb572-7937-4d22-8e6b-b24756bb45af tempest-VolumesActionsTest-1214575798 tempest-VolumesActionsTest-1214575798-project-member] Determining version of request: GET /v2/images/50d878e4-769a-4f88-a5e8-f12839ea0a0e Accept: */* {{(pid=100232) process_request /opt/stack/glance/glance/api/middleware/version_negotiation.py:44}}
