Jul 18 23:33:20.063311 np0000005405 devstack@neutron-api.service[88051]: DEBUG neutron.api.extensions [None req-920e7a03-5603-4950-93a4-56689d2d018b None None] Ext name="Uplink status propagation extension" alias="uplink-status-propagation" description="Provides ability to propagate port uplink status." updated="2018-05-31T18:00:00-00:00" {{(pid=88051) _check_extension /opt/stack/neutron/neutron/api/extensions.py:415}}
Jul 18 23:33:20.063482 np0000005405 devstack@neutron-api.service[88051]: INFO neutron.api.extensions [None req-920e7a03-5603-4950-93a4-56689d2d018b None None] Extension uplink-status-propagation not supported by any of loaded plugins
Jul 18 23:33:20.063581 np0000005405 devstack@neutron-api.service[88051]: DEBUG neutron.api.extensions [None req-920e7a03-5603-4950-93a4-56689d2d018b None None] Loading extension file: uplink_status_propagation_updatable.py {{(pid=88051) _load_all_extensions_from_path /opt/stack/neutron/neutron/api/extensions.py:449}}
Jul 18 23:33:20.063853 np0000005405 devstack@neutron-api.service[88051]: DEBUG neutron.api.extensions [None req-920e7a03-5603-4950-93a4-56689d2d018b None None] Ext name="Uplink status propagation updatable extension" alias="uplink-status-propagation-updatable" description="Provides ability to update the port uplink status." updated="2024-09-03T18:00:00-00:00" {{(pid=88051) _check_extension /opt/stack/neutron/neutron/api/extensions.py:415}}
Jul 18 23:33:20.063939 np0000005405 devstack@neutron-api.service[88051]: INFO neutron.api.extensions [None req-920e7a03-5603-4950-93a4-56689d2d018b None None] Extension uplink-status-propagation-updatable not supported by any of loaded plugins
Jul 18 23:33:20.064024 np0000005405 devstack@neutron-api.service[88051]: DEBUG neutron.api.extensions [None req-920e7a03-5603-4950-93a4-56689d2d018b None None] Loading extension file: vlantransparent.py {{(pid=88051) _load_all_extensions_from_path /opt/stack/neutron/neutron/api/extensions.py:449}}
Jul 18 23:33:20.064920 np0000005405 devstack@neutron-api.service[88051]: DEBUG neutron.api.extensions [None req-920e7a03-5603-4950-93a4-56689d2d018b None None] Ext name="Vlantransparent" alias="vlan-transparent" description="Provides Vlan Transparent Networks" updated="2015-03-23T09:00:00-00:00" {{(pid=88051) _check_extension /opt/stack/neutron/neutron/api/extensions.py:415}}
Jul 18 23:33:20.065059 np0000005405 devstack@neutron-api.service[88051]: INFO neutron.api.extensions [None req-920e7a03-5603-4950-93a4-56689d2d018b None None] Loaded extension: vlan-transparent
Jul 18 23:33:20.066879 np0000005405 devstack@neutron-api.service[88051]: INFO neutron.quota.resource_registry [None req-920e7a03-5603-4950-93a4-56689d2d018b None None] Creating instance of TrackedResource for resource:network
Jul 18 23:33:20.067182 np0000005405 devstack@neutron-api.service[88051]: INFO neutron.quota.resource_registry [None req-920e7a03-5603-4950-93a4-56689d2d018b None None] Creating instance of TrackedResource for resource:subnet
Jul 18 23:33:20.067279 np0000005405 devstack@neutron-api.service[88051]: INFO neutron.quota.resource_registry [None req-920e7a03-5603-4950-93a4-56689d2d018b None None] Creating instance of TrackedResource for resource:subnetpool
Jul 18 23:33:20.067399 np0000005405 devstack@neutron-api.service[88051]: INFO neutron.quota.resource_registry [None req-920e7a03-5603-4950-93a4-56689d2d018b None None] Creating instance of TrackedResource for resource:port
Jul 18 23:33:20.069092 np0000005405 devstack@neutron-api.service[88051]: INFO neutron.quota.resource_registry [None req-920e7a03-5603-4950-93a4-56689d2d018b None None] Creating instance of CountableResource for resource:router_route
Jul 18 23:33:20.069201 np0000005405 devstack@neutron-api.service[88051]: DEBUG neutron.api.v2.resource_helper [None req-920e7a03-5603-4950-93a4-56689d2d018b None None] Service L3_ROUTER_NAT assigned prefix: {{(pid=88051) build_resource_info /opt/stack/neutron/neutron/api/v2/resource_helper.py:77}}
Jul 18 23:33:20.069616 np0000005405 devstack@neutron-api.service[88051]: DEBUG neutron.api.v2.resource_helper [None req-920e7a03-5603-4950-93a4-56689d2d018b None None] Service FLAVORS assigned prefix: {{(pid=88051) build_resource_info /opt/stack/neutron/neutron/api/v2/resource_helper.py:77}}
Jul 18 23:33:20.070494 np0000005405 devstack@neutron-api.service[88051]: DEBUG neutron.api.v2.resource_helper [None req-920e7a03-5603-4950-93a4-56689d2d018b None None] Service L3_ROUTER_NAT assigned prefix: {{(pid=88051) build_resource_info /opt/stack/neutron/neutron/api/v2/resource_helper.py:77}}
Jul 18 23:33:20.070803 np0000005405 devstack@neutron-api.service[88051]: DEBUG neutron.api.v2.resource_helper [None req-920e7a03-5603-4950-93a4-56689d2d018b None None] Service L3_ROUTER_NAT assigned prefix: {{(pid=88051) build_resource_info /opt/stack/neutron/neutron/api/v2/resource_helper.py:77}}
Jul 18 23:33:20.070946 np0000005405 devstack@neutron-api.service[88051]: INFO neutron.quota.resource_registry [None req-920e7a03-5603-4950-93a4-56689d2d018b None None] Creating instance of TrackedResource for resource:router
Jul 18 23:33:20.071153 np0000005405 devstack@neutron-api.service[88052]: DEBUG oslo_concurrency.processutils [None req-8a18d89f-71e8-48df-bb80-cf331f32ff98 None None] CMD "ovsdb-client transact ssl:10.4.3.14:6641 --timeout 180 -p /opt/stack/data/CA/int-ca/private/devstack-cert.key -c /opt/stack/data/CA/int-ca/devstack-cert.crt -C /opt/stack/data/CA/int-ca/ca-chain.pem ["OVN_Northbound", {"op": "wait", "timeout": 0, "table": "Port_Group", "where": [["name", "==", "neutron_pg_drop"]], "until": "==", "rows": []}, {"op": "insert", "table": "ACL", "row": {"action": "drop", "direction": "to-lport", "match": "outport == @neutron_pg_drop && ip", "priority": 1001}, "uuid-name": "droptoport"}, {"op": "insert", "table": "ACL", "row": {"action": "drop", "direction": "from-lport", "match": "inport == @neutron_pg_drop && ip", "priority": 1001}, "uuid-name": "dropfromport"}, {"op": "insert", "table": "Port_Group", "row": {"name": "neutron_pg_drop", "acls": ["set", [["named-uuid", "droptoport"], ["named-uuid", "dropfromport"]]]}}]" returned: 0 in 0.044s {{(pid=88052) execute /opt/stack/data/venv/lib/python3.12/site-packages/oslo_concurrency/processutils.py:468}}
Jul 18 23:33:20.074483 np0000005405 devstack@neutron-api.service[88051]: INFO neutron.quota.resource_registry [None req-920e7a03-5603-4950-93a4-56689d2d018b None None] Creating instance of TrackedResource for resource:floatingip
Jul 18 23:33:20.075579 np0000005405 devstack@neutron-api.service[88052]: DEBUG neutron_lib.callbacks.manager [None req-8a18d89f-71e8-48df-bb80-cf331f32ff98 None None] Publish callbacks ['neutron.plugins.ml2.drivers.ovn.mech_driver.mech_driver.OVNMechanismDriver.post_fork_initialize-463141', 'neutron.services.pvlan.drivers.ovn.driver._initialize_pvlan_pg_drop-8342176677972', 'neutron.services.ovn_l3.plugin.OVNL3RouterPlugin._post_fork_initialize-13271'] for process (None), after_init {{(pid=88052) _notify_loop /opt/stack/data/venv/lib/python3.12/site-packages/neutron_lib/callbacks/manager.py:184}}
Jul 18 23:33:20.075579 np0000005405 devstack@neutron-api.service[88052]: DEBUG oslo_concurrency.lockutils [None req-8a18d89f-71e8-48df-bb80-cf331f32ff98 None None] Acquiring lock "singleton_lock" {{(pid=88052) lock /opt/stack/data/venv/lib/python3.12/site-packages/oslo_concurrency/lockutils.py:396}}
Jul 18 23:33:20.075579 np0000005405 devstack@neutron-api.service[88052]: DEBUG oslo_concurrency.lockutils [None req-8a18d89f-71e8-48df-bb80-cf331f32ff98 None None] Acquired lock "singleton_lock" {{(pid=88052) lock /opt/stack/data/venv/lib/python3.12/site-packages/oslo_concurrency/lockutils.py:399}}
Jul 18 23:33:20.075579 np0000005405 devstack@neutron-api.service[88052]: DEBUG oslo_concurrency.lockutils [None req-8a18d89f-71e8-48df-bb80-cf331f32ff98 None None] Releasing lock "singleton_lock" {{(pid=88052) lock /opt/stack/data/venv/lib/python3.12/site-packages/oslo_concurrency/lockutils.py:419}}
Jul 18 23:33:20.076406 np0000005405 devstack@neutron-api.service[88051]: INFO neutron.quota.resource_registry [None req-920e7a03-5603-4950-93a4-56689d2d018b None None] Creating instance of CountableResource for resource:rbac_policy
Jul 18 23:33:20.076878 np0000005405 devstack@neutron-api.service[88052]: DEBUG neutron.plugins.ml2.drivers.ovn.mech_driver.mech_driver [None req-8a18d89f-71e8-48df-bb80-cf331f32ff98 None None] Hash Ring setup using WSGI start time 2026-07-18 23:33:14+00:00 {{(pid=88052) _init_hash_ring /opt/stack/neutron/neutron/plugins/ml2/drivers/ovn/mech_driver/mech_driver.py:404}}
Jul 18 23:33:20.077345 np0000005405 devstack@neutron-api.service[88051]: INFO neutron.quota.resource_registry [None req-920e7a03-5603-4950-93a4-56689d2d018b None None] Creating instance of TrackedResource for resource:security_group
Jul 18 23:33:20.077345 np0000005405 devstack@neutron-api.service[88051]: INFO neutron.quota.resource_registry [None req-920e7a03-5603-4950-93a4-56689d2d018b None None] Creating instance of TrackedResource for resource:security_group_rule
Jul 18 23:33:20.077345 np0000005405 devstack@neutron-api.service[88051]: DEBUG neutron.api.v2.resource_helper [None req-920e7a03-5603-4950-93a4-56689d2d018b None None] Service CORE assigned prefix: {{(pid=88051) build_resource_info /opt/stack/neutron/neutron/api/v2/resource_helper.py:77}}
Jul 18 23:33:20.077345 np0000005405 devstack@neutron-api.service[88051]: INFO neutron.quota.resource_registry [None req-920e7a03-5603-4950-93a4-56689d2d018b None None] Creating instance of TrackedResource for resource:subnetpool
Jul 18 23:33:20.077345 np0000005405 devstack@neutron-api.service[88051]: WARNING neutron.quota.resource_registry [None req-920e7a03-5603-4950-93a4-56689d2d018b None None] subnetpool is already registered
Jul 18 23:33:20.078386 np0000005405 devstack@neutron-api.service[88051]: DEBUG neutron.api.v2.resource_helper [None req-920e7a03-5603-4950-93a4-56689d2d018b None None] Service CORE assigned prefix: {{(pid=88051) build_resource_info /opt/stack/neutron/neutron/api/v2/resource_helper.py:77}}
Jul 18 23:33:20.078386 np0000005405 devstack@neutron-api.service[88051]: INFO neutron.quota.resource_registry [None req-920e7a03-5603-4950-93a4-56689d2d018b None None] Creating instance of TrackedResource for resource:subnetpool
Jul 18 23:33:20.078386 np0000005405 devstack@neutron-api.service[88051]: WARNING neutron.quota.resource_registry [None req-920e7a03-5603-4950-93a4-56689d2d018b None None] subnetpool is already registered
Jul 18 23:33:20.083154 np0000005405 devstack@neutron-api.service[88052]: INFO neutron.db.ovn_hash_ring_db [None req-8a18d89f-71e8-48df-bb80-cf331f32ff98 None None] Nodes from host "np0000005405" and group "mechanism_driver" removed from the Hash Ring created at 2026-07-18 23:33:14+00:00
Jul 18 23:33:20.083663 np0000005405 devstack@neutron-api.service[88051]: INFO neutron.quota.resource_registry [None req-920e7a03-5603-4950-93a4-56689d2d018b None None] Creating instance of CountableResource for resource:router_route
Jul 18 23:33:20.083663 np0000005405 devstack@neutron-api.service[88051]: WARNING neutron.quota.resource_registry [None req-920e7a03-5603-4950-93a4-56689d2d018b None None] router_route is already registered
Jul 18 23:33:20.083663 np0000005405 devstack@neutron-api.service[88051]: DEBUG neutron.api.v2.resource_helper [None req-920e7a03-5603-4950-93a4-56689d2d018b None None] Service L3_ROUTER_NAT assigned prefix: {{(pid=88051) build_resource_info /opt/stack/neutron/neutron/api/v2/resource_helper.py:77}}
Jul 18 23:33:20.083663 np0000005405 devstack@neutron-api.service[88051]: DEBUG neutron.api.v2.resource_helper [None req-920e7a03-5603-4950-93a4-56689d2d018b None None] Service FLAVORS assigned prefix: {{(pid=88051) build_resource_info /opt/stack/neutron/neutron/api/v2/resource_helper.py:77}}
Jul 18 23:33:20.084515 np0000005405 devstack@neutron-api.service[88051]: DEBUG neutron.api.v2.resource_helper [None req-920e7a03-5603-4950-93a4-56689d2d018b None None] Service L3_ROUTER_NAT assigned prefix: {{(pid=88051) build_resource_info /opt/stack/neutron/neutron/api/v2/resource_helper.py:77}}
Jul 18 23:33:20.085023 np0000005405 devstack@neutron-api.service[88052]: INFO neutron.db.ovn_hash_ring_db [None req-8a18d89f-71e8-48df-bb80-cf331f32ff98 None None] Node f6fbe14919485eacbd54292226c550e9 from host "np0000005405" and group "mechanism_driver" added to the Hash Ring
Jul 18 23:33:20.085470 np0000005405 devstack@neutron-api.service[88051]: DEBUG neutron.api.v2.resource_helper [None req-920e7a03-5603-4950-93a4-56689d2d018b None None] Service L3_ROUTER_NAT assigned prefix: {{(pid=88051) build_resource_info /opt/stack/neutron/neutron/api/v2/resource_helper.py:77}}
Jul 18 23:33:20.085470 np0000005405 devstack@neutron-api.service[88051]: INFO neutron.quota.resource_registry [None req-920e7a03-5603-4950-93a4-56689d2d018b None None] Creating instance of TrackedResource for resource:router
Jul 18 23:33:20.085470 np0000005405 devstack@neutron-api.service[88051]: WARNING neutron.quota.resource_registry [None req-920e7a03-5603-4950-93a4-56689d2d018b None None] router is already registered
Jul 18 23:33:20.086211 np0000005405 devstack@neutron-api.service[88051]: INFO neutron.quota.resource_registry [None req-920e7a03-5603-4950-93a4-56689d2d018b None None] Creating instance of TrackedResource for resource:floatingip
Jul 18 23:33:20.086211 np0000005405 devstack@neutron-api.service[88051]: WARNING neutron.quota.resource_registry [None req-920e7a03-5603-4950-93a4-56689d2d018b None None] floatingip is already registered
Jul 18 23:33:20.087475 np0000005405 devstack@neutron-api.service[88051]: INFO neutron.quota.resource_registry [None req-920e7a03-5603-4950-93a4-56689d2d018b None None] Creating instance of CountableResource for resource:rbac_policy
Jul 18 23:33:20.088207 np0000005405 devstack@neutron-api.service[88051]: WARNING neutron.quota.resource_registry [None req-920e7a03-5603-4950-93a4-56689d2d018b None None] rbac_policy is already registered
Jul 18 23:33:20.088576 np0000005405 devstack@neutron-api.service[88052]: DEBUG neutron.plugins.ml2.drivers.ovn.mech_driver.mech_driver [None req-8a18d89f-71e8-48df-bb80-cf331f32ff98 None None] Hash Ring setup, this worker has detected 2 OVN hash ring registers in the database {{(pid=88052) _init_hash_ring /opt/stack/neutron/neutron/plugins/ml2/drivers/ovn/mech_driver/mech_driver.py:414}}
Jul 18 23:33:20.090719 np0000005405 devstack@neutron-api.service[88051]: INFO neutron.quota.resource_registry [None req-920e7a03-5603-4950-93a4-56689d2d018b None None] Creating instance of TrackedResource for resource:security_group
Jul 18 23:33:20.090719 np0000005405 devstack@neutron-api.service[88051]: WARNING neutron.quota.resource_registry [None req-920e7a03-5603-4950-93a4-56689d2d018b None None] security_group is already registered
Jul 18 23:33:20.090719 np0000005405 devstack@neutron-api.service[88051]: INFO neutron.quota.resource_registry [None req-920e7a03-5603-4950-93a4-56689d2d018b None None] Creating instance of TrackedResource for resource:security_group_rule
Jul 18 23:33:20.090719 np0000005405 devstack@neutron-api.service[88051]: WARNING neutron.quota.resource_registry [None req-920e7a03-5603-4950-93a4-56689d2d018b None None] security_group_rule is already registered
Jul 18 23:33:20.091055 np0000005405 devstack@neutron-api.service[88051]: DEBUG neutron.api.v2.resource_helper [None req-920e7a03-5603-4950-93a4-56689d2d018b None None] Service CORE assigned prefix: {{(pid=88051) build_resource_info /opt/stack/neutron/neutron/api/v2/resource_helper.py:77}}
Jul 18 23:33:20.091055 np0000005405 devstack@neutron-api.service[88051]: INFO neutron.quota.resource_registry [None req-920e7a03-5603-4950-93a4-56689d2d018b None None] Creating instance of TrackedResource for resource:subnetpool
Jul 18 23:33:20.091184 np0000005405 devstack@neutron-api.service[88051]: WARNING neutron.quota.resource_registry [None req-920e7a03-5603-4950-93a4-56689d2d018b None None] subnetpool is already registered
Jul 18 23:33:20.091733 np0000005405 devstack@neutron-api.service[88051]: DEBUG neutron.api.v2.resource_helper [None req-920e7a03-5603-4950-93a4-56689d2d018b None None] Service CORE assigned prefix: {{(pid=88051) build_resource_info /opt/stack/neutron/neutron/api/v2/resource_helper.py:77}}
Jul 18 23:33:20.091733 np0000005405 devstack@neutron-api.service[88051]: INFO neutron.quota.resource_registry [None req-920e7a03-5603-4950-93a4-56689d2d018b None None] Creating instance of TrackedResource for resource:subnetpool
Jul 18 23:33:20.091977 np0000005405 devstack@neutron-api.service[88051]: WARNING neutron.quota.resource_registry [None req-920e7a03-5603-4950-93a4-56689d2d018b None None] subnetpool is already registered
Jul 18 23:33:20.093931 np0000005405 devstack@neutron-api.service[88051]: DEBUG neutron.api.extensions [None req-920e7a03-5603-4950-93a4-56689d2d018b None None] Extended resource: extensions {{(pid=88051) __init__ /opt/stack/neutron/neutron/api/extensions.py:156}}
Jul 18 23:33:20.093931 np0000005405 devstack@neutron-api.service[88051]: DEBUG neutron.api.extensions [None req-920e7a03-5603-4950-93a4-56689d2d018b None None] Extended resource: address-groups {{(pid=88051) __init__ /opt/stack/neutron/neutron/api/extensions.py:156}}
Jul 18 23:33:20.094247 np0000005405 devstack@neutron-api.service[88052]: DEBUG neutron.plugins.ml2.drivers.ovn.mech_driver.ovsdb.maintenance [None req-8a18d89f-71e8-48df-bb80-cf331f32ff98 None None] Periodic task found: HashRingHealthCheckPeriodics.touch_hash_ring_node {{(pid=88052) add_periodics /opt/stack/neutron/neutron/plugins/ml2/drivers/ovn/mech_driver/ovsdb/maintenance.py:146}}
Jul 18 23:33:20.095975 np0000005405 devstack@neutron-api.service[88051]: DEBUG neutron.api.extensions [None req-920e7a03-5603-4950-93a4-56689d2d018b None None] Extended resource: address-scopes {{(pid=88051) __init__ /opt/stack/neutron/neutron/api/extensions.py:156}}
Jul 18 23:33:20.096813 np0000005405 devstack@neutron-api.service[88051]: DEBUG neutron.api.extensions [None req-920e7a03-5603-4950-93a4-56689d2d018b None None] Extended resource: agents {{(pid=88051) __init__ /opt/stack/neutron/neutron/api/extensions.py:156}}
Jul 18 23:33:20.097451 np0000005405 devstack@neutron-api.service[88051]: DEBUG neutron.api.extensions [None req-920e7a03-5603-4950-93a4-56689d2d018b None None] Extended resource: auto-allocated-topology {{(pid=88051) __init__ /opt/stack/neutron/neutron/api/extensions.py:156}}
Jul 18 23:33:20.098243 np0000005405 devstack@neutron-api.service[88052]: INFO neutron.plugins.ml2.drivers.ovn.mech_driver.mech_driver [None req-8a18d89f-71e8-48df-bb80-cf331f32ff98 None None] Hash Ring probing thread for node f6fbe14919485eacbd54292226c550e9 has started
Jul 18 23:33:20.098654 np0000005405 devstack@neutron-api.service[88052]: INFO neutron.plugins.ml2.drivers.ovn.mech_driver.ovsdb.impl_idl_ovn [None req-8a18d89f-71e8-48df-bb80-cf331f32ff98 None None] Getting OvsdbNbOvnIdl for WorkerService with retry
Jul 18 23:33:20.098907 np0000005405 devstack@neutron-api.service[88051]: DEBUG neutron.api.extensions [None req-920e7a03-5603-4950-93a4-56689d2d018b None None] Extended resource: availability_zones {{(pid=88051) __init__ /opt/stack/neutron/neutron/api/extensions.py:156}}
Jul 18 23:33:20.099752 np0000005405 devstack@neutron-api.service[88051]: DEBUG neutron.api.extensions [None req-920e7a03-5603-4950-93a4-56689d2d018b None None] Extended resource: dhcp-networks {{(pid=88051) __init__ /opt/stack/neutron/neutron/api/extensions.py:156}}
Jul 18 23:33:20.100799 np0000005405 devstack@neutron-api.service[88051]: DEBUG neutron.api.extensions [None req-920e7a03-5603-4950-93a4-56689d2d018b None None] Extended resource: dhcp-agents {{(pid=88051) __init__ /opt/stack/neutron/neutron/api/extensions.py:156}}
Jul 18 23:33:20.101542 np0000005405 devstack@neutron-api.service[88051]: DEBUG neutron.api.extensions [None req-920e7a03-5603-4950-93a4-56689d2d018b None None] Extended resource: routers {{(pid=88051) __init__ /opt/stack/neutron/neutron/api/extensions.py:156}}
Jul 18 23:33:20.102926 np0000005405 devstack@neutron-api.service[88051]: DEBUG neutron.api.extensions [None req-920e7a03-5603-4950-93a4-56689d2d018b None None] Extended resource: flavors {{(pid=88051) __init__ /opt/stack/neutron/neutron/api/extensions.py:156}}
Jul 18 23:33:20.103794 np0000005405 devstack@neutron-api.service[88051]: DEBUG neutron.api.extensions [None req-920e7a03-5603-4950-93a4-56689d2d018b None None] Extended resource: service_profiles {{(pid=88051) __init__ /opt/stack/neutron/neutron/api/extensions.py:156}}
Jul 18 23:33:20.104612 np0000005405 devstack@neutron-api.service[88051]: DEBUG neutron.api.extensions [None req-920e7a03-5603-4950-93a4-56689d2d018b None None] Extended resource: next_providers {{(pid=88051) __init__ /opt/stack/neutron/neutron/api/extensions.py:156}}
Jul 18 23:33:20.105739 np0000005405 devstack@neutron-api.service[88051]: DEBUG neutron.api.extensions [None req-920e7a03-5603-4950-93a4-56689d2d018b None None] Extended resource: service_profiles {{(pid=88051) __init__ /opt/stack/neutron/neutron/api/extensions.py:156}}
Jul 18 23:33:20.106755 np0000005405 devstack@neutron-api.service[88051]: DEBUG neutron.api.extensions [None req-920e7a03-5603-4950-93a4-56689d2d018b None None] Extended resource: floatingip-pools {{(pid=88051) __init__ /opt/stack/neutron/neutron/api/extensions.py:156}}
Jul 18 23:33:20.107451 np0000005405 devstack@neutron-api.service[88051]: DEBUG neutron.api.extensions [None req-920e7a03-5603-4950-93a4-56689d2d018b None None] Extended resource: routers {{(pid=88051) __init__ /opt/stack/neutron/neutron/api/extensions.py:156}}
Jul 18 23:33:20.108759 np0000005405 devstack@neutron-api.service[88051]: DEBUG neutron.api.extensions [None req-920e7a03-5603-4950-93a4-56689d2d018b None None] Extended resource: floatingips {{(pid=88051) __init__ /opt/stack/neutron/neutron/api/extensions.py:156}}
Jul 18 23:33:20.110978 np0000005405 devstack@neutron-api.service[88051]: DEBUG neutron.api.extensions [None req-920e7a03-5603-4950-93a4-56689d2d018b None None] Extended resource: l3-routers {{(pid=88051) __init__ /opt/stack/neutron/neutron/api/extensions.py:156}}
Jul 18 23:33:20.111446 np0000005405 devstack@neutron-api.service[88051]: DEBUG neutron.api.extensions [None req-920e7a03-5603-4950-93a4-56689d2d018b None None] Extended resource: l3-agents {{(pid=88051) __init__ /opt/stack/neutron/neutron/api/extensions.py:156}}
Jul 18 23:33:20.112098 np0000005405 devstack@neutron-api.service[88051]: DEBUG neutron.api.extensions [None req-920e7a03-5603-4950-93a4-56689d2d018b None None] Extended resource: network-ip-availabilities {{(pid=88051) __init__ /opt/stack/neutron/neutron/api/extensions.py:156}}
Jul 18 23:33:20.112548 np0000005405 devstack@neutron-api.service[88051]: DEBUG neutron.api.extensions [None req-920e7a03-5603-4950-93a4-56689d2d018b None None] Extended resource: network-ip-availabilities {{(pid=88051) __init__ /opt/stack/neutron/neutron/api/extensions.py:156}}
Jul 18 23:33:20.112992 np0000005405 devstack@neutron-api.service[88051]: DEBUG neutron.api.extensions [None req-920e7a03-5603-4950-93a4-56689d2d018b None None] Extended resource: bindings {{(pid=88051) __init__ /opt/stack/neutron/neutron/api/extensions.py:156}}
Jul 18 23:33:20.114152 np0000005405 devstack@neutron-api.service[88051]: DEBUG neutron.api.extensions [None req-920e7a03-5603-4950-93a4-56689d2d018b None None] Extended resource: quotas {{(pid=88051) __init__ /opt/stack/neutron/neutron/api/extensions.py:156}}
Jul 18 23:33:20.114819 np0000005405 devstack@neutron-api.service[88051]: DEBUG neutron.api.extensions [None req-920e7a03-5603-4950-93a4-56689d2d018b None None] Extended resource: quotas {{(pid=88051) __init__ /opt/stack/neutron/neutron/api/extensions.py:156}}
Jul 18 23:33:20.115362 np0000005405 devstack@neutron-api.service[88051]: DEBUG neutron.api.extensions [None req-920e7a03-5603-4950-93a4-56689d2d018b None None] Extended resource: rbac-policies {{(pid=88051) __init__ /opt/stack/neutron/neutron/api/extensions.py:156}}
Jul 18 23:33:20.115747 np0000005405 devstack@neutron-api.service[88051]: DEBUG neutron.api.extensions [None req-920e7a03-5603-4950-93a4-56689d2d018b None None] Extended resource: default-security-group-rules {{(pid=88051) __init__ /opt/stack/neutron/neutron/api/extensions.py:156}}
Jul 18 23:33:20.116228 np0000005405 devstack@neutron-api.service[88051]: DEBUG neutron.api.extensions [None req-920e7a03-5603-4950-93a4-56689d2d018b None None] Extended resource: security-groups-default-statefulness {{(pid=88051) __init__ /opt/stack/neutron/neutron/api/extensions.py:156}}
Jul 18 23:33:20.117455 np0000005405 devstack@neutron-api.service[88051]: DEBUG neutron.api.extensions [None req-920e7a03-5603-4950-93a4-56689d2d018b None None] Extended resource: security-groups {{(pid=88051) __init__ /opt/stack/neutron/neutron/api/extensions.py:156}}
Jul 18 23:33:20.117790 np0000005405 devstack@neutron-api.service[88051]: DEBUG neutron.api.extensions [None req-920e7a03-5603-4950-93a4-56689d2d018b None None] Extended resource: security-group-rules {{(pid=88051) __init__ /opt/stack/neutron/neutron/api/extensions.py:156}}
Jul 18 23:33:20.118213 np0000005405 devstack@neutron-api.service[88051]: DEBUG neutron.api.extensions [None req-920e7a03-5603-4950-93a4-56689d2d018b None None] Extended resource: service-providers {{(pid=88051) __init__ /opt/stack/neutron/neutron/api/extensions.py:156}}
Jul 18 23:33:20.118652 np0000005405 devstack@neutron-api.service[88051]: DEBUG neutron.api.extensions [None req-920e7a03-5603-4950-93a4-56689d2d018b None None] Extended resource: subnetpools {{(pid=88051) __init__ /opt/stack/neutron/neutron/api/extensions.py:156}}
Jul 18 23:33:20.119146 np0000005405 devstack@neutron-api.service[88051]: DEBUG neutron.api.extensions [None req-920e7a03-5603-4950-93a4-56689d2d018b None None] Extended resource: subnetpools {{(pid=88051) __init__ /opt/stack/neutron/neutron/api/extensions.py:156}}
Jul 18 23:33:20.119521 np0000005405 devstack@neutron-api.service[88051]: DEBUG neutron.api.extensions [None req-920e7a03-5603-4950-93a4-56689d2d018b None None] Extended resource: tags {{(pid=88051) __init__ /opt/stack/neutron/neutron/api/extensions.py:156}}
Jul 18 23:33:20.120352 np0000005405 devstack@neutron-api.service[88051]: DEBUG neutron.api.extensions [None req-920e7a03-5603-4950-93a4-56689d2d018b None None] Extended resource: tags {{(pid=88051) __init__ /opt/stack/neutron/neutron/api/extensions.py:156}}
Jul 18 23:33:20.121568 np0000005405 devstack@neutron-api.service[88051]: DEBUG neutron.api.extensions [None req-920e7a03-5603-4950-93a4-56689d2d018b None None] Extended resource: tags {{(pid=88051) __init__ /opt/stack/neutron/neutron/api/extensions.py:156}}
Jul 18 23:33:20.122297 np0000005405 devstack@neutron-api.service[88051]: DEBUG neutron.api.extensions [None req-920e7a03-5603-4950-93a4-56689d2d018b None None] Extended resource: tags {{(pid=88051) __init__ /opt/stack/neutron/neutron/api/extensions.py:156}}
Jul 18 23:33:20.122899 np0000005405 devstack@neutron-api.service[88051]: DEBUG neutron.api.extensions [None req-920e7a03-5603-4950-93a4-56689d2d018b None None] Extended resource: tags {{(pid=88051) __init__ /opt/stack/neutron/neutron/api/extensions.py:156}}
Jul 18 23:33:20.123554 np0000005405 devstack@neutron-api.service[88051]: DEBUG neutron.api.extensions [None req-920e7a03-5603-4950-93a4-56689d2d018b None None] Extended resource: tags {{(pid=88051) __init__ /opt/stack/neutron/neutron/api/extensions.py:156}}
Jul 18 23:33:20.124371 np0000005405 devstack@neutron-api.service[88051]: DEBUG neutron.api.extensions [None req-920e7a03-5603-4950-93a4-56689d2d018b None None] Extended resource: tags {{(pid=88051) __init__ /opt/stack/neutron/neutron/api/extensions.py:156}}
Jul 18 23:33:20.125004 np0000005405 devstack@neutron-api.service[88051]: DEBUG neutron.api.extensions [None req-920e7a03-5603-4950-93a4-56689d2d018b None None] Extended resource: tags {{(pid=88051) __init__ /opt/stack/neutron/neutron/api/extensions.py:156}}
Jul 18 23:33:20.125641 np0000005405 devstack@neutron-api.service[88051]: DEBUG neutron.api.extensions [None req-920e7a03-5603-4950-93a4-56689d2d018b None None] Extended resource: tags {{(pid=88051) __init__ /opt/stack/neutron/neutron/api/extensions.py:156}}
Jul 18 23:33:20.126253 np0000005405 devstack@neutron-api.service[88051]: DEBUG neutron.api.extensions [None req-920e7a03-5603-4950-93a4-56689d2d018b None None] Extended resource: tags {{(pid=88051) __init__ /opt/stack/neutron/neutron/api/extensions.py:156}}
Jul 18 23:33:20.135580 np0000005405 devstack@neutron-api.service[88051]: DEBUG neutron_lib.callbacks.manager [None req-920e7a03-5603-4950-93a4-56689d2d018b None None] Publish callbacks ['neutron.plugins.ml2.drivers.ovn.mech_driver.mech_driver.OVNMechanismDriver.pre_fork_initialize-466642'] for process (None), before_spawn {{(pid=88051) _notify_loop /opt/stack/data/venv/lib/python3.12/site-packages/neutron_lib/callbacks/manager.py:184}}
Jul 18 23:33:20.137220 np0000005405 devstack@neutron-api.service[88051]: DEBUG oslo_concurrency.processutils [None req-920e7a03-5603-4950-93a4-56689d2d018b None None] Running cmd (subprocess): ovsdb-client transact ssl:10.4.3.14:6641 --timeout 180 -p /opt/stack/data/CA/int-ca/private/devstack-cert.key -c /opt/stack/data/CA/int-ca/devstack-cert.crt -C /opt/stack/data/CA/int-ca/ca-chain.pem ["OVN_Northbound", {"op": "wait", "timeout": 0, "table": "Port_Group", "where": [["name", "==", "neutron_pg_drop"]], "until": "==", "rows": []}, {"op": "insert", "table": "ACL", "row": {"action": "drop", "direction": "to-lport", "match": "outport == @neutron_pg_drop && ip", "priority": 1001}, "uuid-name": "droptoport"}, {"op": "insert", "table": "ACL", "row": {"action": "drop", "direction": "from-lport", "match": "inport == @neutron_pg_drop && ip", "priority": 1001}, "uuid-name": "dropfromport"}, {"op": "insert", "table": "Port_Group", "row": {"name": "neutron_pg_drop", "acls": ["set", [["named-uuid", "droptoport"], ["named-uuid", "dropfromport"]]]}}] {{(pid=88051) execute /opt/stack/data/venv/lib/python3.12/site-packages/oslo_concurrency/processutils.py:440}}
Jul 18 23:33:20.138911 np0000005405 devstack@neutron-api.service[88052]: DEBUG ovsdbapp.backend.ovs_idl [None req-8a18d89f-71e8-48df-bb80-cf331f32ff98 None None] Created lookup_table index Logical_Switch.name {{(pid=88052) autocreate_indices /opt/stack/data/venv/lib/python3.12/site-packages/ovsdbapp/backend/ovs_idl/__init__.py:87}}
Jul 18 23:33:20.139076 np0000005405 devstack@neutron-api.service[88052]: DEBUG ovsdbapp.backend.ovs_idl [None req-8a18d89f-71e8-48df-bb80-cf331f32ff98 None None] Created lookup_table index Logical_Router.name {{(pid=88052) autocreate_indices /opt/stack/data/venv/lib/python3.12/site-packages/ovsdbapp/backend/ovs_idl/__init__.py:87}}
Jul 18 23:33:20.139194 np0000005405 devstack@neutron-api.service[88052]: DEBUG ovsdbapp.backend.ovs_idl [None req-8a18d89f-71e8-48df-bb80-cf331f32ff98 None None] Created lookup_table index Load_Balancer.name {{(pid=88052) autocreate_indices /opt/stack/data/venv/lib/python3.12/site-packages/ovsdbapp/backend/ovs_idl/__init__.py:87}}
Jul 18 23:33:20.139369 np0000005405 devstack@neutron-api.service[88052]: DEBUG ovsdbapp.backend.ovs_idl [None req-8a18d89f-71e8-48df-bb80-cf331f32ff98 None None] Created schema index Copp.name {{(pid=88052) autocreate_indices /opt/stack/data/venv/lib/python3.12/site-packages/ovsdbapp/backend/ovs_idl/__init__.py:106}}
Jul 18 23:33:20.139519 np0000005405 devstack@neutron-api.service[88052]: DEBUG ovsdbapp.backend.ovs_idl [None req-8a18d89f-71e8-48df-bb80-cf331f32ff98 None None] Created schema index Meter.name {{(pid=88052) autocreate_indices /opt/stack/data/venv/lib/python3.12/site-packages/ovsdbapp/backend/ovs_idl/__init__.py:106}}
Jul 18 23:33:20.139664 np0000005405 devstack@neutron-api.service[88052]: DEBUG ovsdbapp.backend.ovs_idl [None req-8a18d89f-71e8-48df-bb80-cf331f32ff98 None None] Created schema index Load_Balancer_Group.name {{(pid=88052) autocreate_indices /opt/stack/data/venv/lib/python3.12/site-packages/ovsdbapp/backend/ovs_idl/__init__.py:106}}
Jul 18 23:33:20.139816 np0000005405 devstack@neutron-api.service[88052]: DEBUG ovsdbapp.backend.ovs_idl [None req-8a18d89f-71e8-48df-bb80-cf331f32ff98 None None] Created schema index HA_Chassis_Group.name {{(pid=88052) autocreate_indices /opt/stack/data/venv/lib/python3.12/site-packages/ovsdbapp/backend/ovs_idl/__init__.py:106}}
Jul 18 23:33:20.139955 np0000005405 devstack@neutron-api.service[88052]: DEBUG ovsdbapp.backend.ovs_idl [None req-8a18d89f-71e8-48df-bb80-cf331f32ff98 None None] Created schema index Address_Set.name {{(pid=88052) autocreate_indices /opt/stack/data/venv/lib/python3.12/site-packages/ovsdbapp/backend/ovs_idl/__init__.py:106}}
Jul 18 23:33:20.140122 np0000005405 devstack@neutron-api.service[88052]: DEBUG ovsdbapp.backend.ovs_idl [None req-8a18d89f-71e8-48df-bb80-cf331f32ff98 None None] Created schema index Connection.target {{(pid=88052) autocreate_indices /opt/stack/data/venv/lib/python3.12/site-packages/ovsdbapp/backend/ovs_idl/__init__.py:106}}
Jul 18 23:33:20.140314 np0000005405 devstack@neutron-api.service[88052]: DEBUG ovsdbapp.backend.ovs_idl [None req-8a18d89f-71e8-48df-bb80-cf331f32ff98 None None] Created schema index Gateway_Chassis.name {{(pid=88052) autocreate_indices /opt/stack/data/venv/lib/python3.12/site-packages/ovsdbapp/backend/ovs_idl/__init__.py:106}}
Jul 18 23:33:20.140437 np0000005405 devstack@neutron-api.service[88052]: DEBUG ovsdbapp.backend.ovs_idl [None req-8a18d89f-71e8-48df-bb80-cf331f32ff98 None None] Created schema index Mirror.name {{(pid=88052) autocreate_indices /opt/stack/data/venv/lib/python3.12/site-packages/ovsdbapp/backend/ovs_idl/__init__.py:106}}
Jul 18 23:33:20.140586 np0000005405 devstack@neutron-api.service[88052]: DEBUG ovsdbapp.backend.ovs_idl [None req-8a18d89f-71e8-48df-bb80-cf331f32ff98 None None] Created schema index Chassis_Template_Var.chassis {{(pid=88052) autocreate_indices /opt/stack/data/venv/lib/python3.12/site-packages/ovsdbapp/backend/ovs_idl/__init__.py:106}}
Jul 18 23:33:20.140807 np0000005405 devstack@neutron-api.service[88052]: DEBUG ovsdbapp.backend.ovs_idl [None req-8a18d89f-71e8-48df-bb80-cf331f32ff98 None None] Created schema index Logical_Router_Port.name {{(pid=88052) autocreate_indices /opt/stack/data/venv/lib/python3.12/site-packages/ovsdbapp/backend/ovs_idl/__init__.py:106}}
Jul 18 23:33:20.141441 np0000005405 devstack@neutron-api.service[88052]: DEBUG ovsdbapp.backend.ovs_idl [None req-8a18d89f-71e8-48df-bb80-cf331f32ff98 None None] Created schema index Port_Group.name {{(pid=88052) autocreate_indices /opt/stack/data/venv/lib/python3.12/site-packages/ovsdbapp/backend/ovs_idl/__init__.py:106}}
Jul 18 23:33:20.141568 np0000005405 devstack@neutron-api.service[88052]: DEBUG ovsdbapp.backend.ovs_idl [None req-8a18d89f-71e8-48df-bb80-cf331f32ff98 None None] Created schema index Logical_Switch_Port.name {{(pid=88052) autocreate_indices /opt/stack/data/venv/lib/python3.12/site-packages/ovsdbapp/backend/ovs_idl/__init__.py:106}}
Jul 18 23:33:20.144290 np0000005405 devstack@neutron-api.service[88052]: INFO ovsdbapp.backend.ovs_idl.vlog [None req-8a18d89f-71e8-48df-bb80-cf331f32ff98 None None] ssl:10.4.3.14:6641: connecting...
Jul 18 23:33:20.151320 np0000005405 devstack@neutron-api.service[88052]: INFO ovsdbapp.backend.ovs_idl.vlog [None req-8a18d89f-71e8-48df-bb80-cf331f32ff98 None None] ssl:10.4.3.14:6641: connected
Jul 18 23:33:20.167400 np0000005405 devstack@neutron-api.service[88051]: DEBUG oslo_concurrency.processutils [None req-920e7a03-5603-4950-93a4-56689d2d018b None None] CMD "ovsdb-client transact ssl:10.4.3.14:6641 --timeout 180 -p /opt/stack/data/CA/int-ca/private/devstack-cert.key -c /opt/stack/data/CA/int-ca/devstack-cert.crt -C /opt/stack/data/CA/int-ca/ca-chain.pem ["OVN_Northbound", {"op": "wait", "timeout": 0, "table": "Port_Group", "where": [["name", "==", "neutron_pg_drop"]], "until": "==", "rows": []}, {"op": "insert", "table": "ACL", "row": {"action": "drop", "direction": "to-lport", "match": "outport == @neutron_pg_drop && ip", "priority": 1001}, "uuid-name": "droptoport"}, {"op": "insert", "table": "ACL", "row": {"action": "drop", "direction": "from-lport", "match": "inport == @neutron_pg_drop && ip", "priority": 1001}, "uuid-name": "dropfromport"}, {"op": "insert", "table": "Port_Group", "row": {"name": "neutron_pg_drop", "acls": ["set", [["named-uuid", "droptoport"], ["named-uuid", "dropfromport"]]]}}]" returned: 0 in 0.031s {{(pid=88051) execute /opt/stack/data/venv/lib/python3.12/site-packages/oslo_concurrency/processutils.py:468}}
Jul 18 23:33:20.168423 np0000005405 devstack@neutron-api.service[88051]: DEBUG neutron_lib.callbacks.manager [None req-920e7a03-5603-4950-93a4-56689d2d018b None None] Publish callbacks ['neutron.plugins.ml2.drivers.ovn.mech_driver.mech_driver.OVNMechanismDriver.post_fork_initialize-466682', 'neutron.services.pvlan.drivers.ovn.driver._initialize_pvlan_pg_drop-8342176678996', 'neutron.services.ovn_l3.plugin.OVNL3RouterPlugin._post_fork_initialize-13244'] for process (None), after_init {{(pid=88051) _notify_loop /opt/stack/data/venv/lib/python3.12/site-packages/neutron_lib/callbacks/manager.py:184}}
Jul 18 23:33:20.168566 np0000005405 devstack@neutron-api.service[88051]: DEBUG oslo_concurrency.lockutils [None req-920e7a03-5603-4950-93a4-56689d2d018b None None] Acquiring lock "singleton_lock" {{(pid=88051) lock /opt/stack/data/venv/lib/python3.12/site-packages/oslo_concurrency/lockutils.py:396}}
Jul 18 23:33:20.168729 np0000005405 devstack@neutron-api.service[88051]: DEBUG oslo_concurrency.lockutils [None req-920e7a03-5603-4950-93a4-56689d2d018b None None] Acquired lock "singleton_lock" {{(pid=88051) lock /opt/stack/data/venv/lib/python3.12/site-packages/oslo_concurrency/lockutils.py:399}}
Jul 18 23:33:20.169068 np0000005405 devstack@neutron-api.service[88051]: DEBUG oslo_concurrency.lockutils [None req-920e7a03-5603-4950-93a4-56689d2d018b None None] Releasing lock "singleton_lock" {{(pid=88051) lock /opt/stack/data/venv/lib/python3.12/site-packages/oslo_concurrency/lockutils.py:419}}
Jul 18 23:33:20.172660 np0000005405 devstack@neutron-api.service[88051]: DEBUG neutron.plugins.ml2.drivers.ovn.mech_driver.mech_driver [None req-920e7a03-5603-4950-93a4-56689d2d018b None None] Hash Ring setup using WSGI start time 2026-07-18 23:33:14+00:00 {{(pid=88051) _init_hash_ring /opt/stack/neutron/neutron/plugins/ml2/drivers/ovn/mech_driver/mech_driver.py:404}}
Jul 18 23:33:20.182382 np0000005405 devstack@neutron-api.service[88051]: INFO neutron.db.ovn_hash_ring_db [None req-920e7a03-5603-4950-93a4-56689d2d018b None None] Nodes from host "np0000005405" and group "mechanism_driver" removed from the Hash Ring created at 2026-07-18 23:33:14+00:00
Jul 18 23:33:20.184568 np0000005405 devstack@neutron-api.service[88052]: DEBUG neutron.common.ovn.hash_ring_manager [None req-8a18d89f-71e8-48df-bb80-cf331f32ff98 None None] Disallow caching, nodes 2<3 {{(pid=88052) _wait_startup_before_caching /opt/stack/neutron/neutron/common/ovn/hash_ring_manager.py:79}}
Jul 18 23:33:20.186506 np0000005405 devstack@neutron-api.service[88051]: INFO neutron.db.ovn_hash_ring_db [None req-920e7a03-5603-4950-93a4-56689d2d018b None None] Node 1463193b14ae523b9379943a8fa8456e from host "np0000005405" and group "mechanism_driver" added to the Hash Ring
Jul 18 23:33:20.189942 np0000005405 devstack@neutron-api.service[88051]: DEBUG neutron.plugins.ml2.drivers.ovn.mech_driver.mech_driver [None req-920e7a03-5603-4950-93a4-56689d2d018b None None] Hash Ring setup, this worker has detected 3 OVN hash ring registers in the database {{(pid=88051) _init_hash_ring /opt/stack/neutron/neutron/plugins/ml2/drivers/ovn/mech_driver/mech_driver.py:414}}
Jul 18 23:33:20.190411 np0000005405 devstack@neutron-api.service[88052]: DEBUG neutron.common.ovn.hash_ring_manager [None req-8a18d89f-71e8-48df-bb80-cf331f32ff98 None None] Hash Ring loaded. 2 active nodes. 0 offline nodes {{(pid=88052) _load_hash_ring /opt/stack/neutron/neutron/common/ovn/hash_ring_manager.py:110}}
Jul 18 23:33:20.190411 np0000005405 devstack@neutron-api.service[88052]: DEBUG neutron.plugins.ml2.drivers.ovn.mech_driver.ovsdb.ovsdb_monitor [None req-8a18d89f-71e8-48df-bb80-cf331f32ff98 None None] Hash Ring: Node f6fbe14919485eacbd54292226c550e9 (host: np0000005405) handling event "create" for row 1fffedd3-f5f6-4ebd-800b-742d8862ce94 (table: ACL) {{(pid=88052) notify /opt/stack/neutron/neutron/plugins/ml2/drivers/ovn/mech_driver/ovsdb/ovsdb_monitor.py:1009}}
Jul 18 23:33:20.196421 np0000005405 devstack@neutron-api.service[88052]: DEBUG neutron.common.ovn.hash_ring_manager [None req-8a18d89f-71e8-48df-bb80-cf331f32ff98 None None] Hash Ring loaded. 2 active nodes. 0 offline nodes {{(pid=88052) _load_hash_ring /opt/stack/neutron/neutron/common/ovn/hash_ring_manager.py:110}}
Jul 18 23:33:20.196491 np0000005405 devstack@neutron-api.service[88051]: DEBUG neutron.plugins.ml2.drivers.ovn.mech_driver.ovsdb.maintenance [None req-920e7a03-5603-4950-93a4-56689d2d018b None None] Periodic task found: HashRingHealthCheckPeriodics.touch_hash_ring_node {{(pid=88051) add_periodics /opt/stack/neutron/neutron/plugins/ml2/drivers/ovn/mech_driver/ovsdb/maintenance.py:146}}
Jul 18 23:33:20.196633 np0000005405 devstack@neutron-api.service[88052]: DEBUG neutron.plugins.ml2.drivers.ovn.mech_driver.ovsdb.ovsdb_monitor [None req-8a18d89f-71e8-48df-bb80-cf331f32ff98 None None] Hash Ring: Node f6fbe14919485eacbd54292226c550e9 (host: np0000005405) handling event "create" for row 71da4624-2ad9-40a7-8019-a643b7e9d925 (table: ACL) {{(pid=88052) notify /opt/stack/neutron/neutron/plugins/ml2/drivers/ovn/mech_driver/ovsdb/ovsdb_monitor.py:1009}}
Jul 18 23:33:20.197288 np0000005405 devstack@neutron-api.service[88051]: INFO neutron.plugins.ml2.drivers.ovn.mech_driver.mech_driver [None req-920e7a03-5603-4950-93a4-56689d2d018b None None] Hash Ring probing thread for node 1463193b14ae523b9379943a8fa8456e has started
Jul 18 23:33:20.198183 np0000005405 devstack@neutron-api.service[88051]: INFO neutron.plugins.ml2.drivers.ovn.mech_driver.ovsdb.impl_idl_ovn [None req-920e7a03-5603-4950-93a4-56689d2d018b None None] Getting OvsdbNbOvnIdl for WorkerService with retry
Jul 18 23:33:20.199219 np0000005405 devstack@neutron-api.service[88052]: DEBUG neutron.common.ovn.hash_ring_manager [None req-8a18d89f-71e8-48df-bb80-cf331f32ff98 None None] Allow caching, nodes 3>=3 {{(pid=88052) _wait_startup_before_caching /opt/stack/neutron/neutron/common/ovn/hash_ring_manager.py:71}}
Jul 18 23:33:20.199431 np0000005405 devstack@neutron-api.service[88052]: DEBUG neutron.plugins.ml2.drivers.ovn.mech_driver.ovsdb.ovsdb_monitor [None req-8a18d89f-71e8-48df-bb80-cf331f32ff98 None None] Hash Ring: Node f6fbe14919485eacbd54292226c550e9 (host: np0000005405) handling event "create" for row 907c1567-9c58-4562-9aeb-326fb2f89ac6 (table: ACL) {{(pid=88052) notify /opt/stack/neutron/neutron/plugins/ml2/drivers/ovn/mech_driver/ovsdb/ovsdb_monitor.py:1009}}
Jul 18 23:33:20.199659 np0000005405 devstack@neutron-api.service[88052]: DEBUG neutron.plugins.ml2.drivers.ovn.mech_driver.ovsdb.ovsdb_monitor [None req-8a18d89f-71e8-48df-bb80-cf331f32ff98 None None] Hash Ring: Node f6fbe14919485eacbd54292226c550e9 (host: np0000005405) handling event "create" for row a95180f2-9681-40cf-ab5d-e4578510ed62 (table: ACL) {{(pid=88052) notify /opt/stack/neutron/neutron/plugins/ml2/drivers/ovn/mech_driver/ovsdb/ovsdb_monitor.py:1009}}
Jul 18 23:33:20.199978 np0000005405 devstack@neutron-api.service[88052]: DEBUG neutron.plugins.ml2.drivers.ovn.mech_driver.ovsdb.ovsdb_monitor [None req-8a18d89f-71e8-48df-bb80-cf331f32ff98 None None] Hash Ring: Node f6fbe14919485eacbd54292226c550e9 (host: np0000005405) handling event "create" for row 50af2617-cbce-42da-861d-2b781266b8d4 (table: Port_Group) {{(pid=88052) notify /opt/stack/neutron/neutron/plugins/ml2/drivers/ovn/mech_driver/ovsdb/ovsdb_monitor.py:1009}}
Jul 18 23:33:20.200296 np0000005405 devstack@neutron-api.service[88052]: DEBUG neutron.plugins.ml2.drivers.ovn.mech_driver.ovsdb.ovsdb_monitor [None req-8a18d89f-71e8-48df-bb80-cf331f32ff98 None None] Hash Ring: Node f6fbe14919485eacbd54292226c550e9 (host: np0000005405) handling event "create" for row dd01a284-952e-4096-81bc-7fe25a5d574d (table: Port_Group) {{(pid=88052) notify /opt/stack/neutron/neutron/plugins/ml2/drivers/ovn/mech_driver/ovsdb/ovsdb_monitor.py:1009}}
Jul 18 23:33:20.200454 np0000005405 devstack@neutron-api.service[88052]: DEBUG neutron.plugins.ml2.drivers.ovn.mech_driver.ovsdb.ovsdb_monitor [None req-8a18d89f-71e8-48df-bb80-cf331f32ff98 None None] Hash Ring: Node f6fbe14919485eacbd54292226c550e9 (host: np0000005405) handling event "create" for row b0b9c3d0-5df7-4b59-b892-5eb034c2fb6d (table: SSL) {{(pid=88052) notify /opt/stack/neutron/neutron/plugins/ml2/drivers/ovn/mech_driver/ovsdb/ovsdb_monitor.py:1009}}
Jul 18 23:33:20.201332 np0000005405 devstack@neutron-api.service[88052]: INFO neutron.plugins.ml2.drivers.ovn.mech_driver.ovsdb.impl_idl_ovn [None req-8a18d89f-71e8-48df-bb80-cf331f32ff98 None None] Getting OvsdbSbOvnIdl for WorkerService with retry
Jul 18 23:33:20.226532 np0000005405 devstack@neutron-api.service[88052]: DEBUG ovsdbapp.backend.ovs_idl [None req-8a18d89f-71e8-48df-bb80-cf331f32ff98 None None] Created lookup_table index Chassis.name {{(pid=88052) autocreate_indices /opt/stack/data/venv/lib/python3.12/site-packages/ovsdbapp/backend/ovs_idl/__init__.py:87}}
Jul 18 23:33:20.226641 np0000005405 devstack@neutron-api.service[88052]: DEBUG ovsdbapp.backend.ovs_idl [None req-8a18d89f-71e8-48df-bb80-cf331f32ff98 None None] Created lookup_table index Port_Binding.logical_port {{(pid=88052) autocreate_indices /opt/stack/data/venv/lib/python3.12/site-packages/ovsdbapp/backend/ovs_idl/__init__.py:87}}
Jul 18 23:33:20.226735 np0000005405 devstack@neutron-api.service[88052]: DEBUG ovsdbapp.backend.ovs_idl [None req-8a18d89f-71e8-48df-bb80-cf331f32ff98 None None] Created schema index Chassis_Private.name {{(pid=88052) autocreate_indices /opt/stack/data/venv/lib/python3.12/site-packages/ovsdbapp/backend/ovs_idl/__init__.py:106}}
Jul 18 23:33:20.226843 np0000005405 devstack@neutron-api.service[88052]: DEBUG ovsdbapp.backend.ovs_idl [None req-8a18d89f-71e8-48df-bb80-cf331f32ff98 None None] Created schema index Datapath_Binding.tunnel_key {{(pid=88052) autocreate_indices /opt/stack/data/venv/lib/python3.12/site-packages/ovsdbapp/backend/ovs_idl/__init__.py:106}}
Jul 18 23:33:20.228813 np0000005405 devstack@neutron-api.service[88052]: INFO ovsdbapp.backend.ovs_idl.vlog [None req-8a18d89f-71e8-48df-bb80-cf331f32ff98 None None] ssl:10.4.3.14:6642: connecting...
Jul 18 23:33:20.233232 np0000005405 devstack@neutron-api.service[88052]: INFO ovsdbapp.backend.ovs_idl.vlog [None req-8a18d89f-71e8-48df-bb80-cf331f32ff98 None None] ssl:10.4.3.14:6642: connected
Jul 18 23:33:20.240154 np0000005405 devstack@neutron-api.service[88051]: DEBUG ovsdbapp.backend.ovs_idl [None req-920e7a03-5603-4950-93a4-56689d2d018b None None] Created lookup_table index Logical_Switch.name {{(pid=88051) autocreate_indices /opt/stack/data/venv/lib/python3.12/site-packages/ovsdbapp/backend/ovs_idl/__init__.py:87}}
Jul 18 23:33:20.240338 np0000005405 devstack@neutron-api.service[88051]: DEBUG ovsdbapp.backend.ovs_idl [None req-920e7a03-5603-4950-93a4-56689d2d018b None None] Created lookup_table index Logical_Router.name {{(pid=88051) autocreate_indices /opt/stack/data/venv/lib/python3.12/site-packages/ovsdbapp/backend/ovs_idl/__init__.py:87}}
Jul 18 23:33:20.240497 np0000005405 devstack@neutron-api.service[88051]: DEBUG ovsdbapp.backend.ovs_idl [None req-920e7a03-5603-4950-93a4-56689d2d018b None None] Created lookup_table index Load_Balancer.name {{(pid=88051) autocreate_indices /opt/stack/data/venv/lib/python3.12/site-packages/ovsdbapp/backend/ovs_idl/__init__.py:87}}
Jul 18 23:33:20.240654 np0000005405 devstack@neutron-api.service[88051]: DEBUG ovsdbapp.backend.ovs_idl [None req-920e7a03-5603-4950-93a4-56689d2d018b None None] Created schema index Copp.name {{(pid=88051) autocreate_indices /opt/stack/data/venv/lib/python3.12/site-packages/ovsdbapp/backend/ovs_idl/__init__.py:106}}
Jul 18 23:33:20.240797 np0000005405 devstack@neutron-api.service[88051]: DEBUG ovsdbapp.backend.ovs_idl [None req-920e7a03-5603-4950-93a4-56689d2d018b None None] Created schema index Meter.name {{(pid=88051) autocreate_indices /opt/stack/data/venv/lib/python3.12/site-packages/ovsdbapp/backend/ovs_idl/__init__.py:106}}
Jul 18 23:33:20.240897 np0000005405 devstack@neutron-api.service[88051]: DEBUG ovsdbapp.backend.ovs_idl [None req-920e7a03-5603-4950-93a4-56689d2d018b None None] Created schema index Load_Balancer_Group.name {{(pid=88051) autocreate_indices /opt/stack/data/venv/lib/python3.12/site-packages/ovsdbapp/backend/ovs_idl/__init__.py:106}}
Jul 18 23:33:20.240984 np0000005405 devstack@neutron-api.service[88051]: DEBUG ovsdbapp.backend.ovs_idl [None req-920e7a03-5603-4950-93a4-56689d2d018b None None] Created schema index HA_Chassis_Group.name {{(pid=88051) autocreate_indices /opt/stack/data/venv/lib/python3.12/site-packages/ovsdbapp/backend/ovs_idl/__init__.py:106}}
Jul 18 23:33:20.241063 np0000005405 devstack@neutron-api.service[88051]: DEBUG ovsdbapp.backend.ovs_idl [None req-920e7a03-5603-4950-93a4-56689d2d018b None None] Created schema index Address_Set.name {{(pid=88051) autocreate_indices /opt/stack/data/venv/lib/python3.12/site-packages/ovsdbapp/backend/ovs_idl/__init__.py:106}}
Jul 18 23:33:20.241147 np0000005405 devstack@neutron-api.service[88051]: DEBUG ovsdbapp.backend.ovs_idl [None req-920e7a03-5603-4950-93a4-56689d2d018b None None] Created schema index Connection.target {{(pid=88051) autocreate_indices /opt/stack/data/venv/lib/python3.12/site-packages/ovsdbapp/backend/ovs_idl/__init__.py:106}}
