Aug 20 15:43:00.295948 np0000007874 nova-scheduler[96726]: DEBUG cotyledon.oslo_config_glue [-] workarounds.qemu_monitor_announce_self_count = 3 {{(pid=96726) log_opt_values /opt/stack/data/venv/lib/python3.12/site-packages/oslo_config/cfg.py:3560}}
Aug 20 15:43:00.295948 np0000007874 nova-scheduler[96726]: DEBUG cotyledon.oslo_config_glue [-] workarounds.qemu_monitor_announce_self_interval = 1 {{(pid=96726) log_opt_values /opt/stack/data/venv/lib/python3.12/site-packages/oslo_config/cfg.py:3560}}
Aug 20 15:43:00.295948 np0000007874 nova-scheduler[96726]: DEBUG cotyledon.oslo_config_glue [-] workarounds.reserve_disk_resource_for_image_cache = False {{(pid=96726) log_opt_values /opt/stack/data/venv/lib/python3.12/site-packages/oslo_config/cfg.py:3560}}
Aug 20 15:43:00.296126 np0000007874 nova-scheduler[96726]: DEBUG cotyledon.oslo_config_glue [-] workarounds.skip_cpu_compare_at_startup = False {{(pid=96726) log_opt_values /opt/stack/data/venv/lib/python3.12/site-packages/oslo_config/cfg.py:3560}}
Aug 20 15:43:00.296152 np0000007874 nova-scheduler[96724]: INFO nova.service [-] Starting scheduler node (version 33.1.0)
Aug 20 15:43:00.296176 np0000007874 nova-scheduler[96726]: DEBUG cotyledon.oslo_config_glue [-] workarounds.skip_cpu_compare_on_dest = False {{(pid=96726) log_opt_values /opt/stack/data/venv/lib/python3.12/site-packages/oslo_config/cfg.py:3560}}
Aug 20 15:43:00.296176 np0000007874 nova-scheduler[96726]: DEBUG cotyledon.oslo_config_glue [-] workarounds.skip_hypervisor_version_check_on_lm = False {{(pid=96726) log_opt_values /opt/stack/data/venv/lib/python3.12/site-packages/oslo_config/cfg.py:3560}}
Aug 20 15:43:00.296176 np0000007874 nova-scheduler[96726]: DEBUG cotyledon.oslo_config_glue [-] workarounds.skip_reserve_in_use_ironic_nodes = False {{(pid=96726) log_opt_values /opt/stack/data/venv/lib/python3.12/site-packages/oslo_config/cfg.py:3560}}
Aug 20 15:43:00.296176 np0000007874 nova-scheduler[96726]: DEBUG cotyledon.oslo_config_glue [-] workarounds.unified_limits_count_pcpu_as_vcpu = False {{(pid=96726) log_opt_values /opt/stack/data/venv/lib/python3.12/site-packages/oslo_config/cfg.py:3560}}
Aug 20 15:43:00.296176 np0000007874 nova-scheduler[96726]: DEBUG cotyledon.oslo_config_glue [-] workarounds.wait_for_vif_plugged_event_during_hard_reboot = [] {{(pid=96726) log_opt_values /opt/stack/data/venv/lib/python3.12/site-packages/oslo_config/cfg.py:3560}}
Aug 20 15:43:00.296176 np0000007874 nova-scheduler[96726]: DEBUG cotyledon.oslo_config_glue [-] wsgi.api_paste_config = /etc/nova/api-paste.ini {{(pid=96726) log_opt_values /opt/stack/data/venv/lib/python3.12/site-packages/oslo_config/cfg.py:3560}}
Aug 20 15:43:00.296176 np0000007874 nova-scheduler[96726]: DEBUG cotyledon.oslo_config_glue [-] wsgi.secure_proxy_ssl_header = None {{(pid=96726) log_opt_values /opt/stack/data/venv/lib/python3.12/site-packages/oslo_config/cfg.py:3560}}
Aug 20 15:43:00.296176 np0000007874 nova-scheduler[96726]: DEBUG cotyledon.oslo_config_glue [-] zvm.ca_file = None {{(pid=96726) log_opt_values /opt/stack/data/venv/lib/python3.12/site-packages/oslo_config/cfg.py:3560}}
Aug 20 15:43:00.296176 np0000007874 nova-scheduler[96726]: DEBUG cotyledon.oslo_config_glue [-] zvm.cloud_connector_url = None {{(pid=96726) log_opt_values /opt/stack/data/venv/lib/python3.12/site-packages/oslo_config/cfg.py:3560}}
Aug 20 15:43:00.296468 np0000007874 nova-scheduler[96726]: DEBUG cotyledon.oslo_config_glue [-] zvm.image_tmp_path = /opt/stack/data/nova/images {{(pid=96726) log_opt_values /opt/stack/data/venv/lib/python3.12/site-packages/oslo_config/cfg.py:3560}}
Aug 20 15:43:00.296468 np0000007874 nova-scheduler[96726]: DEBUG cotyledon.oslo_config_glue [-] zvm.reachable_timeout = 300 {{(pid=96726) log_opt_values /opt/stack/data/venv/lib/python3.12/site-packages/oslo_config/cfg.py:3560}}
Aug 20 15:43:00.296468 np0000007874 nova-scheduler[96726]: DEBUG cotyledon.oslo_config_glue [-] oslo_versionedobjects.fatal_exception_format_errors = False {{(pid=96726) log_opt_values /opt/stack/data/venv/lib/python3.12/site-packages/oslo_config/cfg.py:3560}}
Aug 20 15:43:00.296468 np0000007874 nova-scheduler[96726]: DEBUG cotyledon.oslo_config_glue [-] oslo_middleware.http_basic_auth_user_file = /etc/htpasswd {{(pid=96726) log_opt_values /opt/stack/data/venv/lib/python3.12/site-packages/oslo_config/cfg.py:3560}}
Aug 20 15:43:00.296468 np0000007874 nova-scheduler[96726]: DEBUG cotyledon.oslo_config_glue [-] oslo_messaging_metrics.metrics_buffer_size = 1000 {{(pid=96726) log_opt_values /opt/stack/data/venv/lib/python3.12/site-packages/oslo_config/cfg.py:3560}}
Aug 20 15:43:00.296468 np0000007874 nova-scheduler[96726]: DEBUG cotyledon.oslo_config_glue [-] oslo_messaging_metrics.metrics_enabled = False {{(pid=96726) log_opt_values /opt/stack/data/venv/lib/python3.12/site-packages/oslo_config/cfg.py:3560}}
Aug 20 15:43:00.296468 np0000007874 nova-scheduler[96726]: DEBUG cotyledon.oslo_config_glue [-] oslo_messaging_metrics.metrics_process_name = {{(pid=96726) log_opt_values /opt/stack/data/venv/lib/python3.12/site-packages/oslo_config/cfg.py:3560}}
Aug 20 15:43:00.296468 np0000007874 nova-scheduler[96726]: DEBUG cotyledon.oslo_config_glue [-] oslo_messaging_metrics.metrics_socket_file = /var/tmp/metrics_collector.sock {{(pid=96726) log_opt_values /opt/stack/data/venv/lib/python3.12/site-packages/oslo_config/cfg.py:3560}}
Aug 20 15:43:00.296972 np0000007874 nova-scheduler[96726]: DEBUG cotyledon.oslo_config_glue [-] oslo_messaging_metrics.metrics_thread_stop_timeout = 10 {{(pid=96726) log_opt_values /opt/stack/data/venv/lib/python3.12/site-packages/oslo_config/cfg.py:3560}}
Aug 20 15:43:00.296972 np0000007874 nova-scheduler[96726]: DEBUG cotyledon.oslo_config_glue [-] profiler.connection_string = messaging:// {{(pid=96726) log_opt_values /opt/stack/data/venv/lib/python3.12/site-packages/oslo_config/cfg.py:3560}}
Aug 20 15:43:00.296972 np0000007874 nova-scheduler[96726]: DEBUG cotyledon.oslo_config_glue [-] profiler.enabled = False {{(pid=96726) log_opt_values /opt/stack/data/venv/lib/python3.12/site-packages/oslo_config/cfg.py:3560}}
Aug 20 15:43:00.296972 np0000007874 nova-scheduler[96726]: DEBUG cotyledon.oslo_config_glue [-] profiler.es_doc_type = notification {{(pid=96726) log_opt_values /opt/stack/data/venv/lib/python3.12/site-packages/oslo_config/cfg.py:3560}}
Aug 20 15:43:00.296972 np0000007874 nova-scheduler[96726]: DEBUG cotyledon.oslo_config_glue [-] profiler.es_scroll_size = 10000 {{(pid=96726) log_opt_values /opt/stack/data/venv/lib/python3.12/site-packages/oslo_config/cfg.py:3560}}
Aug 20 15:43:00.296972 np0000007874 nova-scheduler[96726]: DEBUG cotyledon.oslo_config_glue [-] profiler.es_scroll_time = 2m {{(pid=96726) log_opt_values /opt/stack/data/venv/lib/python3.12/site-packages/oslo_config/cfg.py:3560}}
Aug 20 15:43:00.296972 np0000007874 nova-scheduler[96726]: DEBUG cotyledon.oslo_config_glue [-] profiler.filter_error_trace = False {{(pid=96726) log_opt_values /opt/stack/data/venv/lib/python3.12/site-packages/oslo_config/cfg.py:3560}}
Aug 20 15:43:00.296972 np0000007874 nova-scheduler[96726]: DEBUG cotyledon.oslo_config_glue [-] profiler.hmac_keys = **** {{(pid=96726) log_opt_values /opt/stack/data/venv/lib/python3.12/site-packages/oslo_config/cfg.py:3560}}
Aug 20 15:43:00.296972 np0000007874 nova-scheduler[96726]: DEBUG cotyledon.oslo_config_glue [-] profiler.sentinel_service_name = mymaster {{(pid=96726) log_opt_values /opt/stack/data/venv/lib/python3.12/site-packages/oslo_config/cfg.py:3560}}
Aug 20 15:43:00.297146 np0000007874 nova-scheduler[96726]: DEBUG cotyledon.oslo_config_glue [-] profiler.socket_timeout = 0.1 {{(pid=96726) log_opt_values /opt/stack/data/venv/lib/python3.12/site-packages/oslo_config/cfg.py:3560}}
Aug 20 15:43:00.297146 np0000007874 nova-scheduler[96726]: DEBUG cotyledon.oslo_config_glue [-] profiler.trace_requests = False {{(pid=96726) log_opt_values /opt/stack/data/venv/lib/python3.12/site-packages/oslo_config/cfg.py:3560}}
Aug 20 15:43:00.297146 np0000007874 nova-scheduler[96726]: DEBUG cotyledon.oslo_config_glue [-] profiler.trace_sqlalchemy = False {{(pid=96726) log_opt_values /opt/stack/data/venv/lib/python3.12/site-packages/oslo_config/cfg.py:3560}}
Aug 20 15:43:00.297146 np0000007874 nova-scheduler[96726]: DEBUG cotyledon.oslo_config_glue [-] profiler_jaeger.process_tags = {} {{(pid=96726) log_opt_values /opt/stack/data/venv/lib/python3.12/site-packages/oslo_config/cfg.py:3560}}
Aug 20 15:43:00.297146 np0000007874 nova-scheduler[96726]: DEBUG cotyledon.oslo_config_glue [-] profiler_jaeger.service_name_prefix = None {{(pid=96726) log_opt_values /opt/stack/data/venv/lib/python3.12/site-packages/oslo_config/cfg.py:3560}}
Aug 20 15:43:00.297146 np0000007874 nova-scheduler[96726]: DEBUG cotyledon.oslo_config_glue [-] profiler_otlp.service_name_prefix = None {{(pid=96726) log_opt_values /opt/stack/data/venv/lib/python3.12/site-packages/oslo_config/cfg.py:3560}}
Aug 20 15:43:00.297146 np0000007874 nova-scheduler[96726]: DEBUG cotyledon.oslo_config_glue [-] oslo_messaging_rabbit.amqp_auto_delete = False {{(pid=96726) log_opt_values /opt/stack/data/venv/lib/python3.12/site-packages/oslo_config/cfg.py:3560}}
Aug 20 15:43:00.297146 np0000007874 nova-scheduler[96726]: DEBUG cotyledon.oslo_config_glue [-] oslo_messaging_rabbit.amqp_durable_queues = False {{(pid=96726) log_opt_values /opt/stack/data/venv/lib/python3.12/site-packages/oslo_config/cfg.py:3560}}
Aug 20 15:43:00.297146 np0000007874 nova-scheduler[96726]: DEBUG cotyledon.oslo_config_glue [-] oslo_messaging_rabbit.conn_pool_min_size = 2 {{(pid=96726) log_opt_values /opt/stack/data/venv/lib/python3.12/site-packages/oslo_config/cfg.py:3560}}
Aug 20 15:43:00.297317 np0000007874 nova-scheduler[96726]: DEBUG cotyledon.oslo_config_glue [-] oslo_messaging_rabbit.conn_pool_ttl = 1200 {{(pid=96726) log_opt_values /opt/stack/data/venv/lib/python3.12/site-packages/oslo_config/cfg.py:3560}}
Aug 20 15:43:00.297317 np0000007874 nova-scheduler[96726]: DEBUG cotyledon.oslo_config_glue [-] oslo_messaging_rabbit.direct_mandatory_flag = True {{(pid=96726) log_opt_values /opt/stack/data/venv/lib/python3.12/site-packages/oslo_config/cfg.py:3560}}
Aug 20 15:43:00.297317 np0000007874 nova-scheduler[96726]: DEBUG cotyledon.oslo_config_glue [-] oslo_messaging_rabbit.enable_cancel_on_failover = False {{(pid=96726) log_opt_values /opt/stack/data/venv/lib/python3.12/site-packages/oslo_config/cfg.py:3560}}
Aug 20 15:43:00.297317 np0000007874 nova-scheduler[96726]: DEBUG cotyledon.oslo_config_glue [-] oslo_messaging_rabbit.heartbeat_rate = 3 {{(pid=96726) log_opt_values /opt/stack/data/venv/lib/python3.12/site-packages/oslo_config/cfg.py:3560}}
Aug 20 15:43:00.297317 np0000007874 nova-scheduler[96726]: DEBUG cotyledon.oslo_config_glue [-] oslo_messaging_rabbit.heartbeat_timeout_threshold = 60 {{(pid=96726) log_opt_values /opt/stack/data/venv/lib/python3.12/site-packages/oslo_config/cfg.py:3560}}
Aug 20 15:43:00.297317 np0000007874 nova-scheduler[96726]: DEBUG cotyledon.oslo_config_glue [-] oslo_messaging_rabbit.hostname = np0000007874 {{(pid=96726) log_opt_values /opt/stack/data/venv/lib/python3.12/site-packages/oslo_config/cfg.py:3560}}
Aug 20 15:43:00.297317 np0000007874 nova-scheduler[96726]: DEBUG cotyledon.oslo_config_glue [-] oslo_messaging_rabbit.kombu_compression = None {{(pid=96726) log_opt_values /opt/stack/data/venv/lib/python3.12/site-packages/oslo_config/cfg.py:3560}}
Aug 20 15:43:00.297317 np0000007874 nova-scheduler[96726]: DEBUG cotyledon.oslo_config_glue [-] oslo_messaging_rabbit.kombu_failover_strategy = round-robin {{(pid=96726) log_opt_values /opt/stack/data/venv/lib/python3.12/site-packages/oslo_config/cfg.py:3560}}
Aug 20 15:43:00.297317 np0000007874 nova-scheduler[96726]: DEBUG cotyledon.oslo_config_glue [-] oslo_messaging_rabbit.kombu_missing_consumer_retry_timeout = 60 {{(pid=96726) log_opt_values /opt/stack/data/venv/lib/python3.12/site-packages/oslo_config/cfg.py:3560}}
Aug 20 15:43:00.297540 np0000007874 nova-scheduler[96726]: DEBUG cotyledon.oslo_config_glue [-] oslo_messaging_rabbit.kombu_reconnect_delay = 1.0 {{(pid=96726) log_opt_values /opt/stack/data/venv/lib/python3.12/site-packages/oslo_config/cfg.py:3560}}
Aug 20 15:43:00.297540 np0000007874 nova-scheduler[96726]: DEBUG cotyledon.oslo_config_glue [-] oslo_messaging_rabbit.kombu_reconnect_splay = 0.0 {{(pid=96726) log_opt_values /opt/stack/data/venv/lib/python3.12/site-packages/oslo_config/cfg.py:3560}}
Aug 20 15:43:00.297540 np0000007874 nova-scheduler[96726]: DEBUG cotyledon.oslo_config_glue [-] oslo_messaging_rabbit.processname = nova-scheduler {{(pid=96726) log_opt_values /opt/stack/data/venv/lib/python3.12/site-packages/oslo_config/cfg.py:3560}}
Aug 20 15:43:00.297540 np0000007874 nova-scheduler[96726]: DEBUG cotyledon.oslo_config_glue [-] oslo_messaging_rabbit.rabbit_ha_queues = False {{(pid=96726) log_opt_values /opt/stack/data/venv/lib/python3.12/site-packages/oslo_config/cfg.py:3560}}
Aug 20 15:43:00.297540 np0000007874 nova-scheduler[96726]: DEBUG cotyledon.oslo_config_glue [-] oslo_messaging_rabbit.rabbit_interval_max = 30 {{(pid=96726) log_opt_values /opt/stack/data/venv/lib/python3.12/site-packages/oslo_config/cfg.py:3560}}
Aug 20 15:43:00.297540 np0000007874 nova-scheduler[96726]: DEBUG cotyledon.oslo_config_glue [-] oslo_messaging_rabbit.rabbit_login_method = AMQPLAIN {{(pid=96726) log_opt_values /opt/stack/data/venv/lib/python3.12/site-packages/oslo_config/cfg.py:3560}}
Aug 20 15:43:00.297540 np0000007874 nova-scheduler[96726]: DEBUG cotyledon.oslo_config_glue [-] oslo_messaging_rabbit.rabbit_qos_prefetch_count = 0 {{(pid=96726) log_opt_values /opt/stack/data/venv/lib/python3.12/site-packages/oslo_config/cfg.py:3560}}
Aug 20 15:43:00.297540 np0000007874 nova-scheduler[96726]: DEBUG cotyledon.oslo_config_glue [-] oslo_messaging_rabbit.rabbit_quorum_delivery_limit = 0 {{(pid=96726) log_opt_values /opt/stack/data/venv/lib/python3.12/site-packages/oslo_config/cfg.py:3560}}
Aug 20 15:43:00.297540 np0000007874 nova-scheduler[96726]: DEBUG cotyledon.oslo_config_glue [-] oslo_messaging_rabbit.rabbit_quorum_max_memory_bytes = 0 {{(pid=96726) log_opt_values /opt/stack/data/venv/lib/python3.12/site-packages/oslo_config/cfg.py:3560}}
Aug 20 15:43:00.297706 np0000007874 nova-scheduler[96726]: DEBUG cotyledon.oslo_config_glue [-] oslo_messaging_rabbit.rabbit_quorum_max_memory_length = 0 {{(pid=96726) log_opt_values /opt/stack/data/venv/lib/python3.12/site-packages/oslo_config/cfg.py:3560}}
Aug 20 15:43:00.297706 np0000007874 nova-scheduler[96726]: DEBUG cotyledon.oslo_config_glue [-] oslo_messaging_rabbit.rabbit_quorum_queue = False {{(pid=96726) log_opt_values /opt/stack/data/venv/lib/python3.12/site-packages/oslo_config/cfg.py:3560}}
Aug 20 15:43:00.297706 np0000007874 nova-scheduler[96726]: DEBUG cotyledon.oslo_config_glue [-] oslo_messaging_rabbit.rabbit_retry_backoff = 2 {{(pid=96726) log_opt_values /opt/stack/data/venv/lib/python3.12/site-packages/oslo_config/cfg.py:3560}}
Aug 20 15:43:00.297706 np0000007874 nova-scheduler[96726]: DEBUG cotyledon.oslo_config_glue [-] oslo_messaging_rabbit.rabbit_retry_interval = 1 {{(pid=96726) log_opt_values /opt/stack/data/venv/lib/python3.12/site-packages/oslo_config/cfg.py:3560}}
Aug 20 15:43:00.297706 np0000007874 nova-scheduler[96726]: DEBUG cotyledon.oslo_config_glue [-] oslo_messaging_rabbit.rabbit_stream_fanout = False {{(pid=96726) log_opt_values /opt/stack/data/venv/lib/python3.12/site-packages/oslo_config/cfg.py:3560}}
Aug 20 15:43:00.297706 np0000007874 nova-scheduler[96726]: DEBUG cotyledon.oslo_config_glue [-] oslo_messaging_rabbit.rabbit_transient_queues_ttl = 1800 {{(pid=96726) log_opt_values /opt/stack/data/venv/lib/python3.12/site-packages/oslo_config/cfg.py:3560}}
Aug 20 15:43:00.297706 np0000007874 nova-scheduler[96726]: DEBUG cotyledon.oslo_config_glue [-] oslo_messaging_rabbit.rabbit_transient_quorum_queue = False {{(pid=96726) log_opt_values /opt/stack/data/venv/lib/python3.12/site-packages/oslo_config/cfg.py:3560}}
Aug 20 15:43:00.297706 np0000007874 nova-scheduler[96726]: DEBUG cotyledon.oslo_config_glue [-] oslo_messaging_rabbit.rpc_conn_pool_size = 30 {{(pid=96726) log_opt_values /opt/stack/data/venv/lib/python3.12/site-packages/oslo_config/cfg.py:3560}}
Aug 20 15:43:00.297706 np0000007874 nova-scheduler[96726]: DEBUG cotyledon.oslo_config_glue [-] oslo_messaging_rabbit.ssl = False {{(pid=96726) log_opt_values /opt/stack/data/venv/lib/python3.12/site-packages/oslo_config/cfg.py:3560}}
Aug 20 15:43:00.297880 np0000007874 nova-scheduler[96726]: DEBUG cotyledon.oslo_config_glue [-] oslo_messaging_rabbit.ssl_ca_file = {{(pid=96726) log_opt_values /opt/stack/data/venv/lib/python3.12/site-packages/oslo_config/cfg.py:3560}}
Aug 20 15:43:00.297880 np0000007874 nova-scheduler[96726]: DEBUG cotyledon.oslo_config_glue [-] oslo_messaging_rabbit.ssl_cert_file = {{(pid=96726) log_opt_values /opt/stack/data/venv/lib/python3.12/site-packages/oslo_config/cfg.py:3560}}
Aug 20 15:43:00.297880 np0000007874 nova-scheduler[96726]: DEBUG cotyledon.oslo_config_glue [-] oslo_messaging_rabbit.ssl_enforce_fips_mode = False {{(pid=96726) log_opt_values /opt/stack/data/venv/lib/python3.12/site-packages/oslo_config/cfg.py:3560}}
Aug 20 15:43:00.297880 np0000007874 nova-scheduler[96726]: DEBUG cotyledon.oslo_config_glue [-] oslo_messaging_rabbit.ssl_enforce_hostname_verification = True {{(pid=96726) log_opt_values /opt/stack/data/venv/lib/python3.12/site-packages/oslo_config/cfg.py:3560}}
Aug 20 15:43:00.297880 np0000007874 nova-scheduler[96726]: DEBUG cotyledon.oslo_config_glue [-] oslo_messaging_rabbit.ssl_key_file = {{(pid=96726) log_opt_values /opt/stack/data/venv/lib/python3.12/site-packages/oslo_config/cfg.py:3560}}
Aug 20 15:43:00.297880 np0000007874 nova-scheduler[96726]: DEBUG cotyledon.oslo_config_glue [-] oslo_messaging_rabbit.ssl_version = {{(pid=96726) log_opt_values /opt/stack/data/venv/lib/python3.12/site-packages/oslo_config/cfg.py:3560}}
Aug 20 15:43:00.297880 np0000007874 nova-scheduler[96726]: DEBUG cotyledon.oslo_config_glue [-] oslo_messaging_rabbit.use_queue_manager = False {{(pid=96726) log_opt_values /opt/stack/data/venv/lib/python3.12/site-packages/oslo_config/cfg.py:3560}}
Aug 20 15:43:00.297880 np0000007874 nova-scheduler[96726]: DEBUG cotyledon.oslo_config_glue [-] oslo_messaging_notifications.driver = ['messagingv2'] {{(pid=96726) log_opt_values /opt/stack/data/venv/lib/python3.12/site-packages/oslo_config/cfg.py:3560}}
Aug 20 15:43:00.297880 np0000007874 nova-scheduler[96726]: DEBUG cotyledon.oslo_config_glue [-] oslo_messaging_notifications.retry = -1 {{(pid=96726) log_opt_values /opt/stack/data/venv/lib/python3.12/site-packages/oslo_config/cfg.py:3560}}
Aug 20 15:43:00.298074 np0000007874 nova-scheduler[96726]: DEBUG cotyledon.oslo_config_glue [-] oslo_messaging_notifications.topics = ['notifications'] {{(pid=96726) log_opt_values /opt/stack/data/venv/lib/python3.12/site-packages/oslo_config/cfg.py:3560}}
Aug 20 15:43:00.298074 np0000007874 nova-scheduler[96726]: DEBUG cotyledon.oslo_config_glue [-] oslo_messaging_notifications.transport_url = **** {{(pid=96726) log_opt_values /opt/stack/data/venv/lib/python3.12/site-packages/oslo_config/cfg.py:3560}}
Aug 20 15:43:00.298128 np0000007874 nova-scheduler[96724]: INFO dbcounter [None req-bb5399b7-0b04-4b83-a26b-2639e976a9c8 None None] Registered counter for database nova_cell0
Aug 20 15:43:00.298156 np0000007874 nova-scheduler[96726]: DEBUG cotyledon.oslo_config_glue [-] oslo_limit.auth_section = None {{(pid=96726) log_opt_values /opt/stack/data/venv/lib/python3.12/site-packages/oslo_config/cfg.py:3560}}
Aug 20 15:43:00.298156 np0000007874 nova-scheduler[96726]: DEBUG cotyledon.oslo_config_glue [-] oslo_limit.auth_type = None {{(pid=96726) log_opt_values /opt/stack/data/venv/lib/python3.12/site-packages/oslo_config/cfg.py:3560}}
Aug 20 15:43:00.298156 np0000007874 nova-scheduler[96726]: DEBUG cotyledon.oslo_config_glue [-] oslo_limit.cafile = None {{(pid=96726) log_opt_values /opt/stack/data/venv/lib/python3.12/site-packages/oslo_config/cfg.py:3560}}
Aug 20 15:43:00.298156 np0000007874 nova-scheduler[96726]: DEBUG cotyledon.oslo_config_glue [-] oslo_limit.certfile = None {{(pid=96726) log_opt_values /opt/stack/data/venv/lib/python3.12/site-packages/oslo_config/cfg.py:3560}}
Aug 20 15:43:00.298156 np0000007874 nova-scheduler[96726]: DEBUG cotyledon.oslo_config_glue [-] oslo_limit.collect_timing = False {{(pid=96726) log_opt_values /opt/stack/data/venv/lib/python3.12/site-packages/oslo_config/cfg.py:3560}}
Aug 20 15:43:00.298156 np0000007874 nova-scheduler[96726]: DEBUG cotyledon.oslo_config_glue [-] oslo_limit.connect_retries = None {{(pid=96726) log_opt_values /opt/stack/data/venv/lib/python3.12/site-packages/oslo_config/cfg.py:3560}}
Aug 20 15:43:00.298156 np0000007874 nova-scheduler[96726]: DEBUG cotyledon.oslo_config_glue [-] oslo_limit.connect_retry_delay = None {{(pid=96726) log_opt_values /opt/stack/data/venv/lib/python3.12/site-packages/oslo_config/cfg.py:3560}}
Aug 20 15:43:00.298156 np0000007874 nova-scheduler[96726]: DEBUG cotyledon.oslo_config_glue [-] oslo_limit.endpoint_id = None {{(pid=96726) log_opt_values /opt/stack/data/venv/lib/python3.12/site-packages/oslo_config/cfg.py:3560}}
Aug 20 15:43:00.298156 np0000007874 nova-scheduler[96726]: DEBUG cotyledon.oslo_config_glue [-] oslo_limit.endpoint_interface = public {{(pid=96726) log_opt_values /opt/stack/data/venv/lib/python3.12/site-packages/oslo_config/cfg.py:3560}}
Aug 20 15:43:00.298326 np0000007874 nova-scheduler[96726]: DEBUG cotyledon.oslo_config_glue [-] oslo_limit.endpoint_override = None {{(pid=96726) log_opt_values /opt/stack/data/venv/lib/python3.12/site-packages/oslo_config/cfg.py:3560}}
Aug 20 15:43:00.298326 np0000007874 nova-scheduler[96726]: DEBUG cotyledon.oslo_config_glue [-] oslo_limit.endpoint_region_name = None {{(pid=96726) log_opt_values /opt/stack/data/venv/lib/python3.12/site-packages/oslo_config/cfg.py:3560}}
Aug 20 15:43:00.298326 np0000007874 nova-scheduler[96726]: DEBUG cotyledon.oslo_config_glue [-] oslo_limit.endpoint_service_name = None {{(pid=96726) log_opt_values /opt/stack/data/venv/lib/python3.12/site-packages/oslo_config/cfg.py:3560}}
Aug 20 15:43:00.298326 np0000007874 nova-scheduler[96726]: DEBUG cotyledon.oslo_config_glue [-] oslo_limit.endpoint_service_type = None {{(pid=96726) log_opt_values /opt/stack/data/venv/lib/python3.12/site-packages/oslo_config/cfg.py:3560}}
Aug 20 15:43:00.298326 np0000007874 nova-scheduler[96726]: DEBUG cotyledon.oslo_config_glue [-] oslo_limit.insecure = False {{(pid=96726) log_opt_values /opt/stack/data/venv/lib/python3.12/site-packages/oslo_config/cfg.py:3560}}
Aug 20 15:43:00.298326 np0000007874 nova-scheduler[96726]: DEBUG cotyledon.oslo_config_glue [-] oslo_limit.keyfile = None {{(pid=96726) log_opt_values /opt/stack/data/venv/lib/python3.12/site-packages/oslo_config/cfg.py:3560}}
Aug 20 15:43:00.298326 np0000007874 nova-scheduler[96726]: DEBUG cotyledon.oslo_config_glue [-] oslo_limit.max_version = None {{(pid=96726) log_opt_values /opt/stack/data/venv/lib/python3.12/site-packages/oslo_config/cfg.py:3560}}
Aug 20 15:43:00.298326 np0000007874 nova-scheduler[96726]: DEBUG cotyledon.oslo_config_glue [-] oslo_limit.min_version = None {{(pid=96726) log_opt_values /opt/stack/data/venv/lib/python3.12/site-packages/oslo_config/cfg.py:3560}}
Aug 20 15:43:00.298326 np0000007874 nova-scheduler[96726]: DEBUG cotyledon.oslo_config_glue [-] oslo_limit.region_name = None {{(pid=96726) log_opt_values /opt/stack/data/venv/lib/python3.12/site-packages/oslo_config/cfg.py:3560}}
Aug 20 15:43:00.298620 np0000007874 nova-scheduler[96726]: DEBUG cotyledon.oslo_config_glue [-] oslo_limit.retriable_status_codes = None {{(pid=96726) log_opt_values /opt/stack/data/venv/lib/python3.12/site-packages/oslo_config/cfg.py:3560}}
Aug 20 15:43:00.298620 np0000007874 nova-scheduler[96726]: DEBUG cotyledon.oslo_config_glue [-] oslo_limit.service_name = None {{(pid=96726) log_opt_values /opt/stack/data/venv/lib/python3.12/site-packages/oslo_config/cfg.py:3560}}
Aug 20 15:43:00.298620 np0000007874 nova-scheduler[96726]: DEBUG cotyledon.oslo_config_glue [-] oslo_limit.service_type = None {{(pid=96726) log_opt_values /opt/stack/data/venv/lib/python3.12/site-packages/oslo_config/cfg.py:3560}}
Aug 20 15:43:00.298620 np0000007874 nova-scheduler[96726]: DEBUG cotyledon.oslo_config_glue [-] oslo_limit.split_loggers = False {{(pid=96726) log_opt_values /opt/stack/data/venv/lib/python3.12/site-packages/oslo_config/cfg.py:3560}}
Aug 20 15:43:00.298620 np0000007874 nova-scheduler[96726]: DEBUG cotyledon.oslo_config_glue [-] oslo_limit.status_code_retries = None {{(pid=96726) log_opt_values /opt/stack/data/venv/lib/python3.12/site-packages/oslo_config/cfg.py:3560}}
Aug 20 15:43:00.298620 np0000007874 nova-scheduler[96726]: DEBUG cotyledon.oslo_config_glue [-] oslo_limit.status_code_retry_delay = None {{(pid=96726) log_opt_values /opt/stack/data/venv/lib/python3.12/site-packages/oslo_config/cfg.py:3560}}
Aug 20 15:43:00.298620 np0000007874 nova-scheduler[96726]: DEBUG cotyledon.oslo_config_glue [-] oslo_limit.timeout = None {{(pid=96726) log_opt_values /opt/stack/data/venv/lib/python3.12/site-packages/oslo_config/cfg.py:3560}}
Aug 20 15:43:00.298620 np0000007874 nova-scheduler[96726]: DEBUG cotyledon.oslo_config_glue [-] oslo_limit.valid_interfaces = None {{(pid=96726) log_opt_values /opt/stack/data/venv/lib/python3.12/site-packages/oslo_config/cfg.py:3560}}
Aug 20 15:43:00.298620 np0000007874 nova-scheduler[96726]: DEBUG cotyledon.oslo_config_glue [-] oslo_limit.version = None {{(pid=96726) log_opt_values /opt/stack/data/venv/lib/python3.12/site-packages/oslo_config/cfg.py:3560}}
Aug 20 15:43:00.298800 np0000007874 nova-scheduler[96726]: DEBUG cotyledon.oslo_config_glue [-] oslo_reports.file_event_handler = None {{(pid=96726) log_opt_values /opt/stack/data/venv/lib/python3.12/site-packages/oslo_config/cfg.py:3560}}
Aug 20 15:43:00.298800 np0000007874 nova-scheduler[96726]: DEBUG cotyledon.oslo_config_glue [-] oslo_reports.file_event_handler_interval = 1 {{(pid=96726) log_opt_values /opt/stack/data/venv/lib/python3.12/site-packages/oslo_config/cfg.py:3560}}
Aug 20 15:43:00.298800 np0000007874 nova-scheduler[96726]: DEBUG cotyledon.oslo_config_glue [-] oslo_reports.log_dir = None {{(pid=96726) log_opt_values /opt/stack/data/venv/lib/python3.12/site-packages/oslo_config/cfg.py:3560}}
Aug 20 15:43:00.298800 np0000007874 nova-scheduler[96726]: DEBUG cotyledon.oslo_config_glue [-] ******************************************************************************** {{(pid=96726) log_opt_values /opt/stack/data/venv/lib/python3.12/site-packages/oslo_config/cfg.py:3567}}
Aug 20 15:43:00.298800 np0000007874 nova-scheduler[96726]: DEBUG cotyledon._service_worker [-] Run service ServiceWrapper(3) [96726] {{(pid=96726) wait_forever /opt/stack/data/venv/lib/python3.12/site-packages/cotyledon/_service_worker.py:218}}
Aug 20 15:43:00.298800 np0000007874 nova-scheduler[96726]: INFO nova.service [-] Starting scheduler node (version 33.1.0)
Aug 20 15:43:00.298800 np0000007874 nova-scheduler[96726]: INFO dbcounter [None req-355cbb8d-cff2-4df3-ad4a-d23a845261db None None] Registered counter for database nova_cell0
Aug 20 15:43:00.299041 np0000007874 nova-scheduler[96720]: DEBUG oslo_db.sqlalchemy.engines [None req-b03128bc-c623-47b8-9f31-37786027ad15 None None] MySQL server mode set to STRICT_TRANS_TABLES,STRICT_ALL_TABLES,NO_ZERO_IN_DATE,NO_ZERO_DATE,ERROR_FOR_DIVISION_BY_ZERO,TRADITIONAL,NO_ENGINE_SUBSTITUTION {{(pid=96720) _check_effective_sql_mode /opt/stack/data/venv/lib/python3.12/site-packages/oslo_db/sqlalchemy/engines.py:325}}
Aug 20 15:43:00.299041 np0000007874 nova-scheduler[96720]: DEBUG dbcounter [-] [96720] Writer thread running {{(pid=96720) stat_writer /opt/stack/data/venv/lib/python3.12/site-packages/dbcounter.py:102}}
Aug 20 15:43:00.299120 np0000007874 nova-scheduler[96722]: DEBUG oslo_db.sqlalchemy.engines [None req-5038db85-ba04-4103-b8e7-c4a8de7313d4 None None] MySQL server mode set to STRICT_TRANS_TABLES,STRICT_ALL_TABLES,NO_ZERO_IN_DATE,NO_ZERO_DATE,ERROR_FOR_DIVISION_BY_ZERO,TRADITIONAL,NO_ENGINE_SUBSTITUTION {{(pid=96722) _check_effective_sql_mode /opt/stack/data/venv/lib/python3.12/site-packages/oslo_db/sqlalchemy/engines.py:325}}
Aug 20 15:43:00.299167 np0000007874 nova-scheduler[96724]: DEBUG oslo_db.sqlalchemy.engines [None req-bb5399b7-0b04-4b83-a26b-2639e976a9c8 None None] MySQL server mode set to STRICT_TRANS_TABLES,STRICT_ALL_TABLES,NO_ZERO_IN_DATE,NO_ZERO_DATE,ERROR_FOR_DIVISION_BY_ZERO,TRADITIONAL,NO_ENGINE_SUBSTITUTION {{(pid=96724) _check_effective_sql_mode /opt/stack/data/venv/lib/python3.12/site-packages/oslo_db/sqlalchemy/engines.py:325}}
Aug 20 15:43:00.299211 np0000007874 nova-scheduler[96726]: DEBUG oslo_db.sqlalchemy.engines [None req-355cbb8d-cff2-4df3-ad4a-d23a845261db None None] MySQL server mode set to STRICT_TRANS_TABLES,STRICT_ALL_TABLES,NO_ZERO_IN_DATE,NO_ZERO_DATE,ERROR_FOR_DIVISION_BY_ZERO,TRADITIONAL,NO_ENGINE_SUBSTITUTION {{(pid=96726) _check_effective_sql_mode /opt/stack/data/venv/lib/python3.12/site-packages/oslo_db/sqlalchemy/engines.py:325}}
Aug 20 15:43:00.299254 np0000007874 nova-scheduler[96722]: DEBUG dbcounter [-] [96722] Writer thread running {{(pid=96722) stat_writer /opt/stack/data/venv/lib/python3.12/site-packages/dbcounter.py:102}}
Aug 20 15:43:00.300844 np0000007874 nova-scheduler[96720]: DEBUG nova.service [None req-b03128bc-c623-47b8-9f31-37786027ad15 None None] Creating RPC server for service: nova-scheduler on topic: scheduler {{(pid=96720) start /opt/stack/nova/nova/service.py:262}}
Aug 20 15:43:00.306667 np0000007874 nova-scheduler[96726]: DEBUG dbcounter [-] [96726] Writer thread running {{(pid=96726) stat_writer /opt/stack/data/venv/lib/python3.12/site-packages/dbcounter.py:102}}
Aug 20 15:43:00.307136 np0000007874 nova-scheduler[96724]: DEBUG dbcounter [-] [96724] Writer thread running {{(pid=96724) stat_writer /opt/stack/data/venv/lib/python3.12/site-packages/dbcounter.py:102}}
Aug 20 15:43:00.310380 np0000007874 nova-scheduler[96726]: DEBUG nova.service [None req-355cbb8d-cff2-4df3-ad4a-d23a845261db None None] Creating RPC server for service: nova-scheduler on topic: scheduler {{(pid=96726) start /opt/stack/nova/nova/service.py:262}}
Aug 20 15:43:00.311433 np0000007874 nova-scheduler[96724]: DEBUG nova.service [None req-bb5399b7-0b04-4b83-a26b-2639e976a9c8 None None] Creating RPC server for service: nova-scheduler on topic: scheduler {{(pid=96724) start /opt/stack/nova/nova/service.py:262}}
Aug 20 15:43:00.319865 np0000007874 nova-scheduler[96722]: DEBUG nova.service [None req-5038db85-ba04-4103-b8e7-c4a8de7313d4 None None] Creating RPC server for service: nova-scheduler on topic: scheduler {{(pid=96722) start /opt/stack/nova/nova/service.py:262}}
Aug 20 15:43:00.341688 np0000007874 nova-scheduler[96726]: DEBUG nova.service [None req-355cbb8d-cff2-4df3-ad4a-d23a845261db None None] Join ServiceGroup membership for this service scheduler {{(pid=96726) start /opt/stack/nova/nova/service.py:288}}
Aug 20 15:43:00.342504 np0000007874 nova-scheduler[96726]: DEBUG nova.servicegroup.drivers.db [None req-355cbb8d-cff2-4df3-ad4a-d23a845261db None None] DB_Driver: join new ServiceGroup member np0000007874 to the scheduler group, service = {{(pid=96726) join /opt/stack/nova/nova/servicegroup/drivers/db.py:44}}
Aug 20 15:43:00.342656 np0000007874 nova-scheduler[96720]: DEBUG nova.service [None req-b03128bc-c623-47b8-9f31-37786027ad15 None None] Join ServiceGroup membership for this service scheduler {{(pid=96720) start /opt/stack/nova/nova/service.py:288}}
Aug 20 15:43:00.342656 np0000007874 nova-scheduler[96720]: DEBUG nova.servicegroup.drivers.db [None req-b03128bc-c623-47b8-9f31-37786027ad15 None None] DB_Driver: join new ServiceGroup member np0000007874 to the scheduler group, service = {{(pid=96720) join /opt/stack/nova/nova/servicegroup/drivers/db.py:44}}
Aug 20 15:43:00.348489 np0000007874 nova-scheduler[96724]: DEBUG nova.service [None req-bb5399b7-0b04-4b83-a26b-2639e976a9c8 None None] Join ServiceGroup membership for this service scheduler {{(pid=96724) start /opt/stack/nova/nova/service.py:288}}
Aug 20 15:43:00.348645 np0000007874 nova-scheduler[96722]: DEBUG nova.service [None req-5038db85-ba04-4103-b8e7-c4a8de7313d4 None None] Join ServiceGroup membership for this service scheduler {{(pid=96722) start /opt/stack/nova/nova/service.py:288}}
Aug 20 15:43:00.348687 np0000007874 nova-scheduler[96722]: DEBUG nova.servicegroup.drivers.db [None req-5038db85-ba04-4103-b8e7-c4a8de7313d4 None None] DB_Driver: join new ServiceGroup member np0000007874 to the scheduler group, service = {{(pid=96722) join /opt/stack/nova/nova/servicegroup/drivers/db.py:44}}
Aug 20 15:43:00.348737 np0000007874 nova-scheduler[96724]: DEBUG nova.servicegroup.drivers.db [None req-bb5399b7-0b04-4b83-a26b-2639e976a9c8 None None] DB_Driver: join new ServiceGroup member np0000007874 to the scheduler group, service = {{(pid=96724) join /opt/stack/nova/nova/servicegroup/drivers/db.py:44}}
Aug 20 15:43:05.361403 np0000007874 nova-scheduler[96720]: DEBUG oslo.service.backend._threading.loopingcall [-] Fixed interval looping call 'nova.servicegroup.drivers.db.DbDriver._report_state' sleeping for 119.98 seconds {{(pid=96720) _run_loop /opt/stack/data/venv/lib/python3.12/site-packages/oslo_service/backend/_threading/loopingcall.py:125}}
Aug 20 15:43:05.363641 np0000007874 nova-scheduler[96726]: DEBUG oslo.service.backend._threading.loopingcall [-] Fixed interval looping call 'nova.servicegroup.drivers.db.DbDriver._report_state' sleeping for 119.98 seconds {{(pid=96726) _run_loop /opt/stack/data/venv/lib/python3.12/site-packages/oslo_service/backend/_threading/loopingcall.py:125}}
Aug 20 15:43:05.364401 np0000007874 nova-scheduler[96722]: DEBUG oslo.service.backend._threading.loopingcall [-] Fixed interval looping call 'nova.servicegroup.drivers.db.DbDriver._report_state' sleeping for 119.99 seconds {{(pid=96722) _run_loop /opt/stack/data/venv/lib/python3.12/site-packages/oslo_service/backend/_threading/loopingcall.py:125}}
Aug 20 15:43:05.365344 np0000007874 nova-scheduler[96724]: DEBUG oslo.service.backend._threading.loopingcall [-] Fixed interval looping call 'nova.servicegroup.drivers.db.DbDriver._report_state' sleeping for 119.99 seconds {{(pid=96724) _run_loop /opt/stack/data/venv/lib/python3.12/site-packages/oslo_service/backend/_threading/loopingcall.py:125}}
Aug 20 15:43:08.817296 np0000007874 nova-scheduler[95527]: DEBUG dbcounter [-] [95527] Writing DB stats nova_api:SELECT=3 {{(pid=95527) stat_writer /opt/stack/data/venv/lib/python3.12/site-packages/dbcounter.py:115}}
Aug 20 15:43:08.979797 np0000007874 nova-scheduler[95527]: DEBUG dbcounter [-] [95527] Writing DB stats nova_cell0:SELECT=1 {{(pid=95527) stat_writer /opt/stack/data/venv/lib/python3.12/site-packages/dbcounter.py:115}}
Aug 20 15:43:08.984679 np0000007874 nova-scheduler[95527]: DEBUG dbcounter [-] [95527] Writing DB stats nova_cell1:SELECT=1 {{(pid=95527) stat_writer /opt/stack/data/venv/lib/python3.12/site-packages/dbcounter.py:115}}
Aug 20 15:43:09.344867 np0000007874 nova-scheduler[96726]: DEBUG oslo.service.backend._threading.loopingcall [None req-7d2f7b36-7722-4ac1-a6de-d432d887db7d None None] Dynamic interval looping call 'nova.service.Service.periodic_tasks' sleeping for 60.00 seconds {{(pid=96726) _run_loop /opt/stack/data/venv/lib/python3.12/site-packages/oslo_service/backend/_threading/loopingcall.py:125}}
Aug 20 15:43:15.355281 np0000007874 nova-scheduler[96720]: DEBUG dbcounter [-] [96720] Writing DB stats nova_cell0:SELECT=4,nova_cell0:INSERT=1,nova_cell0:UPDATE=1 {{(pid=96720) stat_writer /opt/stack/data/venv/lib/python3.12/site-packages/dbcounter.py:115}}
Aug 20 15:43:15.356516 np0000007874 nova-scheduler[96726]: DEBUG dbcounter [-] [96726] Writing DB stats nova_cell0:SELECT=3,nova_cell0:UPDATE=1 {{(pid=96726) stat_writer /opt/stack/data/venv/lib/python3.12/site-packages/dbcounter.py:115}}
Aug 20 15:43:15.357187 np0000007874 nova-scheduler[96722]: DEBUG dbcounter [-] [96722] Writing DB stats nova_cell0:SELECT=4,nova_cell0:INSERT=1,nova_cell0:UPDATE=1 {{(pid=96722) stat_writer /opt/stack/data/venv/lib/python3.12/site-packages/dbcounter.py:115}}
Aug 20 15:43:15.363784 np0000007874 nova-scheduler[96724]: DEBUG dbcounter [-] [96724] Writing DB stats nova_cell0:SELECT=3,nova_cell0:UPDATE=1 {{(pid=96724) stat_writer /opt/stack/data/venv/lib/python3.12/site-packages/dbcounter.py:115}}
Aug 20 15:43:27.350907 np0000007874 nova-scheduler[96722]: DEBUG oslo.service.backend._threading.loopingcall [None req-db8eab5c-7e7e-4d05-8da1-95f1210de0c8 None None] Dynamic interval looping call 'nova.service.Service.periodic_tasks' sleeping for 60.00 seconds {{(pid=96722) _run_loop /opt/stack/data/venv/lib/python3.12/site-packages/oslo_service/backend/_threading/loopingcall.py:125}}
Aug 20 15:43:31.346281 np0000007874 nova-scheduler[96720]: DEBUG oslo.service.backend._threading.loopingcall [None req-19b704da-ba11-40c4-a37f-558f419edd5a None None] Dynamic interval looping call 'nova.service.Service.periodic_tasks' sleeping for 60.00 seconds {{(pid=96720) _run_loop /opt/stack/data/venv/lib/python3.12/site-packages/oslo_service/backend/_threading/loopingcall.py:125}}
Aug 20 15:43:41.351494 np0000007874 nova-scheduler[96724]: DEBUG oslo.service.backend._threading.loopingcall [None req-da79f8bc-9283-4695-9639-6fd50153ff07 None None] Dynamic interval looping call 'nova.service.Service.periodic_tasks' sleeping for 60.00 seconds {{(pid=96724) _run_loop /opt/stack/data/venv/lib/python3.12/site-packages/oslo_service/backend/_threading/loopingcall.py:125}}
Aug 20 15:44:09.345518 np0000007874 nova-scheduler[96726]: DEBUG oslo.service.backend._threading.loopingcall [None req-7d2f7b36-7722-4ac1-a6de-d432d887db7d None None] Dynamic interval looping call 'nova.service.Service.periodic_tasks' sleeping for 60.00 seconds {{(pid=96726) _run_loop /opt/stack/data/venv/lib/python3.12/site-packages/oslo_service/backend/_threading/loopingcall.py:125}}
Aug 20 15:44:27.351628 np0000007874 nova-scheduler[96722]: DEBUG oslo.service.backend._threading.loopingcall [None req-db8eab5c-7e7e-4d05-8da1-95f1210de0c8 None None] Dynamic interval looping call 'nova.service.Service.periodic_tasks' sleeping for 60.00 seconds {{(pid=96722) _run_loop /opt/stack/data/venv/lib/python3.12/site-packages/oslo_service/backend/_threading/loopingcall.py:125}}
Aug 20 15:44:31.346763 np0000007874 nova-scheduler[96720]: DEBUG oslo.service.backend._threading.loopingcall [None req-19b704da-ba11-40c4-a37f-558f419edd5a None None] Dynamic interval looping call 'nova.service.Service.periodic_tasks' sleeping for 60.00 seconds {{(pid=96720) _run_loop /opt/stack/data/venv/lib/python3.12/site-packages/oslo_service/backend/_threading/loopingcall.py:125}}
Aug 20 15:44:41.351917 np0000007874 nova-scheduler[96724]: DEBUG oslo.service.backend._threading.loopingcall [None req-da79f8bc-9283-4695-9639-6fd50153ff07 None None] Dynamic interval looping call 'nova.service.Service.periodic_tasks' sleeping for 60.00 seconds {{(pid=96724) _run_loop /opt/stack/data/venv/lib/python3.12/site-packages/oslo_service/backend/_threading/loopingcall.py:125}}
Aug 20 15:45:05.349916 np0000007874 nova-scheduler[96720]: DEBUG oslo.service.backend._threading.loopingcall [-] Fixed interval looping call 'nova.servicegroup.drivers.db.DbDriver._report_state' sleeping for 119.99 seconds {{(pid=96720) _run_loop /opt/stack/data/venv/lib/python3.12/site-packages/oslo_service/backend/_threading/loopingcall.py:125}}
Aug 20 15:45:05.351051 np0000007874 nova-scheduler[96726]: DEBUG oslo.service.backend._threading.loopingcall [-] Fixed interval looping call 'nova.servicegroup.drivers.db.DbDriver._report_state' sleeping for 119.99 seconds {{(pid=96726) _run_loop /opt/stack/data/venv/lib/python3.12/site-packages/oslo_service/backend/_threading/loopingcall.py:125}}
Aug 20 15:45:05.358274 np0000007874 nova-scheduler[96722]: DEBUG oslo.service.backend._threading.loopingcall [-] Fixed interval looping call 'nova.servicegroup.drivers.db.DbDriver._report_state' sleeping for 120.00 seconds {{(pid=96722) _run_loop /opt/stack/data/venv/lib/python3.12/site-packages/oslo_service/backend/_threading/loopingcall.py:125}}
Aug 20 15:45:05.360523 np0000007874 nova-scheduler[96724]: DEBUG oslo.service.backend._threading.loopingcall [-] Fixed interval looping call 'nova.servicegroup.drivers.db.DbDriver._report_state' sleeping for 120.00 seconds {{(pid=96724) _run_loop /opt/stack/data/venv/lib/python3.12/site-packages/oslo_service/backend/_threading/loopingcall.py:125}}
Aug 20 15:45:09.346433 np0000007874 nova-scheduler[96726]: DEBUG oslo.service.backend._threading.loopingcall [None req-7d2f7b36-7722-4ac1-a6de-d432d887db7d None None] Dynamic interval looping call 'nova.service.Service.periodic_tasks' sleeping for 60.00 seconds {{(pid=96726) _run_loop /opt/stack/data/venv/lib/python3.12/site-packages/oslo_service/backend/_threading/loopingcall.py:125}}
Aug 20 15:45:15.346248 np0000007874 nova-scheduler[96720]: DEBUG dbcounter [-] [96720] Writing DB stats nova_cell0:SELECT=1,nova_cell0:UPDATE=1 {{(pid=96720) stat_writer /opt/stack/data/venv/lib/python3.12/site-packages/dbcounter.py:115}}
Aug 20 15:45:15.347341 np0000007874 nova-scheduler[96726]: DEBUG dbcounter [-] [96726] Writing DB stats nova_cell0:SELECT=1,nova_cell0:UPDATE=1 {{(pid=96726) stat_writer /opt/stack/data/venv/lib/python3.12/site-packages/dbcounter.py:115}}
Aug 20 15:45:15.356940 np0000007874 nova-scheduler[96722]: DEBUG dbcounter [-] [96722] Writing DB stats nova_cell0:SELECT=1 {{(pid=96722) stat_writer /opt/stack/data/venv/lib/python3.12/site-packages/dbcounter.py:115}}
Aug 20 15:45:15.358272 np0000007874 nova-scheduler[96724]: DEBUG dbcounter [-] [96724] Writing DB stats nova_cell0:SELECT=1 {{(pid=96724) stat_writer /opt/stack/data/venv/lib/python3.12/site-packages/dbcounter.py:115}}
Aug 20 15:45:27.352170 np0000007874 nova-scheduler[96722]: DEBUG oslo.service.backend._threading.loopingcall [None req-db8eab5c-7e7e-4d05-8da1-95f1210de0c8 None None] Dynamic interval looping call 'nova.service.Service.periodic_tasks' sleeping for 60.00 seconds {{(pid=96722) _run_loop /opt/stack/data/venv/lib/python3.12/site-packages/oslo_service/backend/_threading/loopingcall.py:125}}
Aug 20 15:45:27.740966 np0000007874 nova-scheduler[96726]: DEBUG nova.scheduler.manager [None req-7130a66a-edcd-4bd8-a64d-2369920eee1a tempest-DeleteServersTestJSON-13447377 tempest-DeleteServersTestJSON-13447377-project-member] Starting to schedule for instances: ['8bc33cc0-d461-4079-962b-40809b7c3557'] {{(pid=96726) select_destinations /opt/stack/nova/nova/scheduler/manager.py:197}}
Aug 20 15:45:27.741787 np0000007874 nova-scheduler[96726]: DEBUG nova.scheduler.request_filter [None req-7130a66a-edcd-4bd8-a64d-2369920eee1a tempest-DeleteServersTestJSON-13447377 tempest-DeleteServersTestJSON-13447377-project-member] compute_status_filter request filter added forbidden trait COMPUTE_STATUS_DISABLED {{(pid=96726) compute_status_filter /opt/stack/nova/nova/scheduler/request_filter.py:253}}
Aug 20 15:45:27.741787 np0000007874 nova-scheduler[96726]: DEBUG nova.scheduler.request_filter [None req-7130a66a-edcd-4bd8-a64d-2369920eee1a tempest-DeleteServersTestJSON-13447377 tempest-DeleteServersTestJSON-13447377-project-member] Request filter 'compute_status_filter' took 0.0 seconds {{(pid=96726) wrapper /opt/stack/nova/nova/scheduler/request_filter.py:46}}
Aug 20 15:45:27.742119 np0000007874 nova-scheduler[96726]: DEBUG nova.scheduler.request_filter [None req-7130a66a-edcd-4bd8-a64d-2369920eee1a tempest-DeleteServersTestJSON-13447377 tempest-DeleteServersTestJSON-13447377-project-member] Request filter 'accelerators_filter' took 0.0 seconds {{(pid=96726) wrapper /opt/stack/nova/nova/scheduler/request_filter.py:46}}
Aug 20 15:45:27.742399 np0000007874 nova-scheduler[96726]: DEBUG nova.scheduler.request_filter [None req-7130a66a-edcd-4bd8-a64d-2369920eee1a tempest-DeleteServersTestJSON-13447377 tempest-DeleteServersTestJSON-13447377-project-member] Request filter 'packed_virtqueue_filter' took 0.0 seconds {{(pid=96726) wrapper /opt/stack/nova/nova/scheduler/request_filter.py:46}}
Aug 20 15:45:27.742782 np0000007874 nova-scheduler[96726]: DEBUG nova.scheduler.request_filter [None req-7130a66a-edcd-4bd8-a64d-2369920eee1a tempest-DeleteServersTestJSON-13447377 tempest-DeleteServersTestJSON-13447377-project-member] Request filter 'remote_managed_ports_filter' took 0.0 seconds {{(pid=96726) wrapper /opt/stack/nova/nova/scheduler/request_filter.py:46}}
Aug 20 15:45:27.742996 np0000007874 nova-scheduler[96726]: DEBUG nova.scheduler.request_filter [None req-7130a66a-edcd-4bd8-a64d-2369920eee1a tempest-DeleteServersTestJSON-13447377 tempest-DeleteServersTestJSON-13447377-project-member] ephemeral_encryption_filter skipped {{(pid=96726) ephemeral_encryption_filter /opt/stack/nova/nova/scheduler/request_filter.py:426}}
Aug 20 15:45:27.743204 np0000007874 nova-scheduler[96726]: DEBUG nova.scheduler.request_filter [None req-7130a66a-edcd-4bd8-a64d-2369920eee1a tempest-DeleteServersTestJSON-13447377 tempest-DeleteServersTestJSON-13447377-project-member] virtio_sound_filter skipped {{(pid=96726) virtio_sound_filter /opt/stack/nova/nova/scheduler/request_filter.py:460}}
Aug 20 15:45:27.743570 np0000007874 nova-scheduler[96726]: DEBUG nova.scheduler.request_filter [None req-7130a66a-edcd-4bd8-a64d-2369920eee1a tempest-DeleteServersTestJSON-13447377 tempest-DeleteServersTestJSON-13447377-project-member] tpm_secret_security_filter skipped {{(pid=96726) tpm_secret_security_filter /opt/stack/nova/nova/scheduler/request_filter.py:477}}
Aug 20 15:45:28.438131 np0000007874 nova-scheduler[96726]: INFO nova.utils [None req-7130a66a-edcd-4bd8-a64d-2369920eee1a tempest-DeleteServersTestJSON-13447377 tempest-DeleteServersTestJSON-13447377-project-member] The cell worker thread pool ForkProcess-4.cell_worker is initialized
Aug 20 15:45:28.438131 np0000007874 nova-scheduler[96726]: DEBUG oslo_concurrency.lockutils [None req-7130a66a-edcd-4bd8-a64d-2369920eee1a tempest-DeleteServersTestJSON-13447377 tempest-DeleteServersTestJSON-13447377-project-member] Acquiring lock "bca760f4-ff3e-4a08-a52f-f0170b782a6d" by "nova.context.set_target_cell..get_or_set_cached_cell_and_set_connections" {{(pid=96726) inner /opt/stack/data/venv/lib/python3.12/site-packages/oslo_concurrency/lockutils.py:512}}
Aug 20 15:45:28.438324 np0000007874 nova-scheduler[96726]: DEBUG oslo_concurrency.lockutils [None req-7130a66a-edcd-4bd8-a64d-2369920eee1a tempest-DeleteServersTestJSON-13447377 tempest-DeleteServersTestJSON-13447377-project-member] Lock "bca760f4-ff3e-4a08-a52f-f0170b782a6d" acquired by "nova.context.set_target_cell..get_or_set_cached_cell_and_set_connections" :: waited 0.000s {{(pid=96726) inner /opt/stack/data/venv/lib/python3.12/site-packages/oslo_concurrency/lockutils.py:525}}
Aug 20 15:45:28.439638 np0000007874 nova-scheduler[96726]: DEBUG oslo_concurrency.lockutils [None req-7130a66a-edcd-4bd8-a64d-2369920eee1a tempest-DeleteServersTestJSON-13447377 tempest-DeleteServersTestJSON-13447377-project-member] Lock "bca760f4-ff3e-4a08-a52f-f0170b782a6d" "released" by "nova.context.set_target_cell..get_or_set_cached_cell_and_set_connections" :: held 0.001s {{(pid=96726) inner /opt/stack/data/venv/lib/python3.12/site-packages/oslo_concurrency/lockutils.py:544}}
Aug 20 15:45:28.441828 np0000007874 nova-scheduler[96726]: INFO dbcounter [None req-7130a66a-edcd-4bd8-a64d-2369920eee1a tempest-DeleteServersTestJSON-13447377 tempest-DeleteServersTestJSON-13447377-project-member] Registered counter for database nova_cell1
Aug 20 15:45:28.487524 np0000007874 nova-scheduler[96726]: DEBUG oslo_db.sqlalchemy.engines [None req-7130a66a-edcd-4bd8-a64d-2369920eee1a tempest-DeleteServersTestJSON-13447377 tempest-DeleteServersTestJSON-13447377-project-member] MySQL server mode set to STRICT_TRANS_TABLES,STRICT_ALL_TABLES,NO_ZERO_IN_DATE,NO_ZERO_DATE,ERROR_FOR_DIVISION_BY_ZERO,TRADITIONAL,NO_ENGINE_SUBSTITUTION {{(pid=96726) _check_effective_sql_mode /opt/stack/data/venv/lib/python3.12/site-packages/oslo_db/sqlalchemy/engines.py:325}}
Aug 20 15:45:28.494434 np0000007874 nova-scheduler[96726]: DEBUG dbcounter [-] [96726] Writer thread running {{(pid=96726) stat_writer /opt/stack/data/venv/lib/python3.12/site-packages/dbcounter.py:102}}
Aug 20 15:45:28.508128 np0000007874 nova-scheduler[96726]: DEBUG oslo_db.sqlalchemy.engines [None req-7130a66a-edcd-4bd8-a64d-2369920eee1a tempest-DeleteServersTestJSON-13447377 tempest-DeleteServersTestJSON-13447377-project-member] Parent process 95527 forked (96726) with an open database connection, which is being discarded and recreated. {{(pid=96726) checkout /opt/stack/data/venv/lib/python3.12/site-packages/oslo_db/sqlalchemy/engines.py:402}}
Aug 20 15:45:28.552586 np0000007874 nova-scheduler[96726]: DEBUG dbcounter [-] [96726] Writer thread running {{(pid=96726) stat_writer /opt/stack/data/venv/lib/python3.12/site-packages/dbcounter.py:102}}
Aug 20 15:45:28.556724 np0000007874 nova-scheduler[96726]: DEBUG oslo_concurrency.lockutils [None req-7130a66a-edcd-4bd8-a64d-2369920eee1a tempest-DeleteServersTestJSON-13447377 tempest-DeleteServersTestJSON-13447377-project-member] Acquiring lock "bca760f4-ff3e-4a08-a52f-f0170b782a6d" by "nova.context.set_target_cell..get_or_set_cached_cell_and_set_connections" {{(pid=96726) inner /opt/stack/data/venv/lib/python3.12/site-packages/oslo_concurrency/lockutils.py:512}}
Aug 20 15:45:28.557014 np0000007874 nova-scheduler[96726]: DEBUG oslo_concurrency.lockutils [None req-7130a66a-edcd-4bd8-a64d-2369920eee1a tempest-DeleteServersTestJSON-13447377 tempest-DeleteServersTestJSON-13447377-project-member] Lock "bca760f4-ff3e-4a08-a52f-f0170b782a6d" acquired by "nova.context.set_target_cell..get_or_set_cached_cell_and_set_connections" :: waited 0.000s {{(pid=96726) inner /opt/stack/data/venv/lib/python3.12/site-packages/oslo_concurrency/lockutils.py:525}}
