Aug 20 15:42:31.975610 np0000007874 devstack@neutron-api.service[90944]: DEBUG neutron.api.extensions [None req-6f37e3f4-5e1d-4f1f-b9be-4cfd7761c072 None None] Ext name="Standard Attribute Segment Extension" alias="standard-attr-segment" description="Add standard attributes to Segment resource" updated="2018-04-09T10:00:00-00:00" {{(pid=90944) _check_extension /opt/stack/neutron/neutron/api/extensions.py:415}}
Aug 20 15:42:31.975610 np0000007874 devstack@neutron-api.service[90944]: INFO neutron.api.extensions [None req-6f37e3f4-5e1d-4f1f-b9be-4cfd7761c072 None None] Extension standard-attr-segment not supported by any of loaded plugins
Aug 20 15:42:31.975610 np0000007874 devstack@neutron-api.service[90944]: DEBUG neutron.api.extensions [None req-6f37e3f4-5e1d-4f1f-b9be-4cfd7761c072 None None] Loading extension file: standardattrdescription.py {{(pid=90944) _load_all_extensions_from_path /opt/stack/neutron/neutron/api/extensions.py:449}}
Aug 20 15:42:31.975610 np0000007874 devstack@neutron-api.service[90944]: DEBUG neutron.api.extensions [None req-6f37e3f4-5e1d-4f1f-b9be-4cfd7761c072 None None] Ext name="standard-attr-description" alias="standard-attr-description" description="Extension to add descriptions to standard attributes" updated="2016-02-10T10:00:00-00:00" {{(pid=90944) _check_extension /opt/stack/neutron/neutron/api/extensions.py:415}}
Aug 20 15:42:31.975610 np0000007874 devstack@neutron-api.service[90944]: INFO neutron.api.extensions [None req-6f37e3f4-5e1d-4f1f-b9be-4cfd7761c072 None None] Loaded extension: standard-attr-description
Aug 20 15:42:31.975610 np0000007874 devstack@neutron-api.service[90944]: DEBUG neutron.api.extensions [None req-6f37e3f4-5e1d-4f1f-b9be-4cfd7761c072 None None] Loading extension file: stateful_security_group.py {{(pid=90944) _load_all_extensions_from_path /opt/stack/neutron/neutron/api/extensions.py:449}}
Aug 20 15:42:31.975610 np0000007874 devstack@neutron-api.service[90944]: DEBUG neutron.api.extensions [None req-6f37e3f4-5e1d-4f1f-b9be-4cfd7761c072 None None] Ext name="Stateful security group" alias="stateful-security-group" description="Indicates if the security group is stateful or not" updated="2019-11-26T09:00:00-00:00" {{(pid=90944) _check_extension /opt/stack/neutron/neutron/api/extensions.py:415}}
Aug 20 15:42:31.976316 np0000007874 devstack@neutron-api.service[90944]: INFO neutron.api.extensions [None req-6f37e3f4-5e1d-4f1f-b9be-4cfd7761c072 None None] Loaded extension: stateful-security-group
Aug 20 15:42:31.976316 np0000007874 devstack@neutron-api.service[90944]: DEBUG neutron.api.extensions [None req-6f37e3f4-5e1d-4f1f-b9be-4cfd7761c072 None None] Loading extension file: stdattrs_common.py {{(pid=90944) _load_all_extensions_from_path /opt/stack/neutron/neutron/api/extensions.py:449}}
Aug 20 15:42:31.976316 np0000007874 devstack@neutron-api.service[90944]: WARNING neutron.api.extensions [None req-6f37e3f4-5e1d-4f1f-b9be-4cfd7761c072 None None] Did not find expected name "Stdattrs_common" in /opt/stack/neutron/neutron/extensions/stdattrs_common.py
Aug 20 15:42:31.976316 np0000007874 devstack@neutron-api.service[90944]: DEBUG neutron.api.extensions [None req-6f37e3f4-5e1d-4f1f-b9be-4cfd7761c072 None None] Loading extension file: subnet_dns_publish_fixed_ip.py {{(pid=90944) _load_all_extensions_from_path /opt/stack/neutron/neutron/api/extensions.py:449}}
Aug 20 15:42:31.976316 np0000007874 devstack@neutron-api.service[90944]: DEBUG neutron.api.extensions [None req-6f37e3f4-5e1d-4f1f-b9be-4cfd7761c072 None None] Ext name="Subnet DNS publish fixed IP" alias="subnet-dns-publish-fixed-ip" description="Support choosing to publish DNS records for IPs from a subnet" updated="2019-05-24T10:00:00-00:00" {{(pid=90944) _check_extension /opt/stack/neutron/neutron/api/extensions.py:415}}
Aug 20 15:42:31.976922 np0000007874 devstack@neutron-api.service[90944]: INFO neutron.api.extensions [None req-6f37e3f4-5e1d-4f1f-b9be-4cfd7761c072 None None] Loaded extension: subnet-dns-publish-fixed-ip
Aug 20 15:42:31.976922 np0000007874 devstack@neutron-api.service[90944]: DEBUG neutron.api.extensions [None req-6f37e3f4-5e1d-4f1f-b9be-4cfd7761c072 None None] Loading extension file: subnet_external_network.py {{(pid=90944) _load_all_extensions_from_path /opt/stack/neutron/neutron/api/extensions.py:449}}
Aug 20 15:42:31.976922 np0000007874 devstack@neutron-api.service[90944]: DEBUG neutron.api.extensions [None req-6f37e3f4-5e1d-4f1f-b9be-4cfd7761c072 None None] Ext name="Subnet belongs to an external network" alias="subnet-external-network" description="Informs if the subnet belongs to an external network" updated="2024-02-05T18:00:00-00:00" {{(pid=90944) _check_extension /opt/stack/neutron/neutron/api/extensions.py:415}}
Aug 20 15:42:31.977473 np0000007874 devstack@neutron-api.service[90944]: INFO neutron.api.extensions [None req-6f37e3f4-5e1d-4f1f-b9be-4cfd7761c072 None None] Loaded extension: subnet-external-network
Aug 20 15:42:31.977473 np0000007874 devstack@neutron-api.service[90944]: DEBUG neutron.api.extensions [None req-6f37e3f4-5e1d-4f1f-b9be-4cfd7761c072 None None] Loading extension file: subnet_onboard.py {{(pid=90944) _load_all_extensions_from_path /opt/stack/neutron/neutron/api/extensions.py:449}}
Aug 20 15:42:31.978147 np0000007874 devstack@neutron-api.service[90944]: DEBUG neutron.api.extensions [None req-6f37e3f4-5e1d-4f1f-b9be-4cfd7761c072 None None] Ext name="Subnet Onboard" alias="subnet_onboard" description="Provides support for onboarding subnets into subnet pools" updated="2018-12-18T09:00:00-00:00" {{(pid=90944) _check_extension /opt/stack/neutron/neutron/api/extensions.py:415}}
Aug 20 15:42:31.978147 np0000007874 devstack@neutron-api.service[90944]: INFO neutron.api.extensions [None req-6f37e3f4-5e1d-4f1f-b9be-4cfd7761c072 None None] Loaded extension: subnet_onboard
Aug 20 15:42:31.978147 np0000007874 devstack@neutron-api.service[90944]: DEBUG neutron.api.extensions [None req-6f37e3f4-5e1d-4f1f-b9be-4cfd7761c072 None None] Loading extension file: subnet_segmentid_writable.py {{(pid=90944) _load_all_extensions_from_path /opt/stack/neutron/neutron/api/extensions.py:449}}
Aug 20 15:42:31.978859 np0000007874 devstack@neutron-api.service[90944]: DEBUG neutron.api.extensions [None req-6f37e3f4-5e1d-4f1f-b9be-4cfd7761c072 None None] Ext name="Subnet SegmentID (writable)" alias="subnet-segmentid-writable" description="Provides a writable segment_id attribute for a subnet resource." updated="2018-03-12T00:00:00-00:00" {{(pid=90944) _check_extension /opt/stack/neutron/neutron/api/extensions.py:415}}
Aug 20 15:42:31.978859 np0000007874 devstack@neutron-api.service[90944]: INFO neutron.api.extensions [None req-6f37e3f4-5e1d-4f1f-b9be-4cfd7761c072 None None] Extension subnet-segmentid-writable not supported by any of loaded plugins
Aug 20 15:42:31.978859 np0000007874 devstack@neutron-api.service[90944]: DEBUG neutron.api.extensions [None req-6f37e3f4-5e1d-4f1f-b9be-4cfd7761c072 None None] Loading extension file: subnet_service_types.py {{(pid=90944) _load_all_extensions_from_path /opt/stack/neutron/neutron/api/extensions.py:449}}
Aug 20 15:42:31.979581 np0000007874 devstack@neutron-api.service[90944]: DEBUG neutron.api.extensions [None req-6f37e3f4-5e1d-4f1f-b9be-4cfd7761c072 None None] Ext name="Subnet service types" alias="subnet-service-types" description="Provides ability to set the subnet service_types field" updated="2016-03-15T18:00:00-00:00" {{(pid=90944) _check_extension /opt/stack/neutron/neutron/api/extensions.py:415}}
Aug 20 15:42:31.979581 np0000007874 devstack@neutron-api.service[90944]: INFO neutron.api.extensions [None req-6f37e3f4-5e1d-4f1f-b9be-4cfd7761c072 None None] Loaded extension: subnet-service-types
Aug 20 15:42:31.979581 np0000007874 devstack@neutron-api.service[90944]: DEBUG neutron.api.extensions [None req-6f37e3f4-5e1d-4f1f-b9be-4cfd7761c072 None None] Loading extension file: subnetallocation.py {{(pid=90944) _load_all_extensions_from_path /opt/stack/neutron/neutron/api/extensions.py:449}}
Aug 20 15:42:31.980321 np0000007874 devstack@neutron-api.service[90944]: DEBUG neutron.api.extensions [None req-6f37e3f4-5e1d-4f1f-b9be-4cfd7761c072 None None] Ext name="Subnet Allocation" alias="subnet_allocation" description="Enables allocation of subnets from a subnet pool" updated="2015-03-30T10:00:00-00:00" {{(pid=90944) _check_extension /opt/stack/neutron/neutron/api/extensions.py:415}}
Aug 20 15:42:31.980321 np0000007874 devstack@neutron-api.service[90944]: INFO neutron.api.extensions [None req-6f37e3f4-5e1d-4f1f-b9be-4cfd7761c072 None None] Loaded extension: subnet_allocation
Aug 20 15:42:31.980321 np0000007874 devstack@neutron-api.service[90944]: DEBUG neutron.api.extensions [None req-6f37e3f4-5e1d-4f1f-b9be-4cfd7761c072 None None] Loading extension file: subnetpool_prefix_ops.py {{(pid=90944) _load_all_extensions_from_path /opt/stack/neutron/neutron/api/extensions.py:449}}
Aug 20 15:42:31.980649 np0000007874 devstack@neutron-api.service[90944]: DEBUG neutron.api.extensions [None req-6f37e3f4-5e1d-4f1f-b9be-4cfd7761c072 None None] Ext name="Subnet Pool Prefix Operations" alias="subnetpool-prefix-ops" description="Provides support for adjusting the prefix list of subnet pools" updated="2019-02-08T10:00:00-00:00" {{(pid=90944) _check_extension /opt/stack/neutron/neutron/api/extensions.py:415}}
Aug 20 15:42:31.980877 np0000007874 devstack@neutron-api.service[90944]: INFO neutron.api.extensions [None req-6f37e3f4-5e1d-4f1f-b9be-4cfd7761c072 None None] Loaded extension: subnetpool-prefix-ops
Aug 20 15:42:31.980877 np0000007874 devstack@neutron-api.service[90944]: DEBUG neutron.api.extensions [None req-6f37e3f4-5e1d-4f1f-b9be-4cfd7761c072 None None] Loading extension file: tag_creation.py {{(pid=90944) _load_all_extensions_from_path /opt/stack/neutron/neutron/api/extensions.py:449}}
Aug 20 15:42:31.981296 np0000007874 devstack@neutron-api.service[90944]: DEBUG neutron.api.extensions [None req-6f37e3f4-5e1d-4f1f-b9be-4cfd7761c072 None None] Ext name="Tag creation extension" alias="tag-creation" description="Allow to create multiple tags for a resource" updated="2024-23-07T10:00:00-00:00" {{(pid=90944) _check_extension /opt/stack/neutron/neutron/api/extensions.py:415}}
Aug 20 15:42:31.981544 np0000007874 devstack@neutron-api.service[90944]: INFO neutron.api.extensions [None req-6f37e3f4-5e1d-4f1f-b9be-4cfd7761c072 None None] Loaded extension: tag-creation
Aug 20 15:42:31.981758 np0000007874 devstack@neutron-api.service[90944]: DEBUG neutron.api.extensions [None req-6f37e3f4-5e1d-4f1f-b9be-4cfd7761c072 None None] Loading extension file: tag_ports_during_bulk_creation.py {{(pid=90944) _load_all_extensions_from_path /opt/stack/neutron/neutron/api/extensions.py:449}}
Aug 20 15:42:31.981977 np0000007874 devstack@neutron-api.service[90944]: DEBUG neutron.api.extensions [None req-6f37e3f4-5e1d-4f1f-b9be-4cfd7761c072 None None] Ext name="Tag Ports During Bulk Creation" alias="tag-ports-during-bulk-creation" description="Allow to tag ports during bulk creation" updated="2019-12-29T19:00:00-00:00" {{(pid=90944) _check_extension /opt/stack/neutron/neutron/api/extensions.py:415}}
Aug 20 15:42:31.982197 np0000007874 devstack@neutron-api.service[90944]: INFO neutron.api.extensions [None req-6f37e3f4-5e1d-4f1f-b9be-4cfd7761c072 None None] Extension tag-ports-during-bulk-creation not supported by any of loaded plugins
Aug 20 15:42:31.982432 np0000007874 devstack@neutron-api.service[90944]: DEBUG neutron.api.extensions [None req-6f37e3f4-5e1d-4f1f-b9be-4cfd7761c072 None None] Loading extension file: tagging.py {{(pid=90944) _load_all_extensions_from_path /opt/stack/neutron/neutron/api/extensions.py:449}}
Aug 20 15:42:31.983625 np0000007874 devstack@neutron-api.service[90944]: DEBUG neutron.api.extensions [None req-6f37e3f4-5e1d-4f1f-b9be-4cfd7761c072 None None] Ext name="Tag support for resources with standard attribute: port, subnet, subnetpool, network, security_group, router, floatingip, policy, trunk, network_segment_range" alias="standard-attr-tag" description="Enables to set tag on resources with standard attribute." updated="2017-01-01T00:00:00-00:00" {{(pid=90944) _check_extension /opt/stack/neutron/neutron/api/extensions.py:415}}
Aug 20 15:42:31.983825 np0000007874 devstack@neutron-api.service[90944]: INFO neutron.api.extensions [None req-6f37e3f4-5e1d-4f1f-b9be-4cfd7761c072 None None] Loaded extension: standard-attr-tag
Aug 20 15:42:31.984020 np0000007874 devstack@neutron-api.service[90944]: DEBUG neutron.api.extensions [None req-6f37e3f4-5e1d-4f1f-b9be-4cfd7761c072 None None] Loading extension file: timestamp.py {{(pid=90944) _load_all_extensions_from_path /opt/stack/neutron/neutron/api/extensions.py:449}}
Aug 20 15:42:31.984348 np0000007874 devstack@neutron-api.service[90944]: DEBUG neutron.api.extensions [None req-6f37e3f4-5e1d-4f1f-b9be-4cfd7761c072 None None] Ext name="Resource timestamps" alias="standard-attr-timestamp" description="Adds created_at and updated_at fields to all Neutron resources that have Neutron standard attributes." updated="2016-09-12T10:00:00-00:00" {{(pid=90944) _check_extension /opt/stack/neutron/neutron/api/extensions.py:415}}
Aug 20 15:42:31.984646 np0000007874 devstack@neutron-api.service[90944]: INFO neutron.api.extensions [None req-6f37e3f4-5e1d-4f1f-b9be-4cfd7761c072 None None] Loaded extension: standard-attr-timestamp
Aug 20 15:42:31.985025 np0000007874 devstack@neutron-api.service[90944]: DEBUG neutron.api.extensions [None req-6f37e3f4-5e1d-4f1f-b9be-4cfd7761c072 None None] Loading extension file: trunk.py {{(pid=90944) _load_all_extensions_from_path /opt/stack/neutron/neutron/api/extensions.py:449}}
Aug 20 15:42:31.985025 np0000007874 devstack@neutron-api.service[90944]: DEBUG neutron.api.extensions [None req-6f37e3f4-5e1d-4f1f-b9be-4cfd7761c072 None None] Ext name="Trunk Extension" alias="trunk" description="Provides support for trunk ports" updated="2016-01-01T10:00:00-00:00" {{(pid=90944) _check_extension /opt/stack/neutron/neutron/api/extensions.py:415}}
Aug 20 15:42:31.985326 np0000007874 devstack@neutron-api.service[90944]: INFO neutron.api.extensions [None req-6f37e3f4-5e1d-4f1f-b9be-4cfd7761c072 None None] Extension trunk not supported by any of loaded plugins
Aug 20 15:42:31.985538 np0000007874 devstack@neutron-api.service[90944]: DEBUG neutron.api.extensions [None req-6f37e3f4-5e1d-4f1f-b9be-4cfd7761c072 None None] Loading extension file: trunk_details.py {{(pid=90944) _load_all_extensions_from_path /opt/stack/neutron/neutron/api/extensions.py:449}}
Aug 20 15:42:31.986004 np0000007874 devstack@neutron-api.service[90944]: DEBUG neutron.api.extensions [None req-6f37e3f4-5e1d-4f1f-b9be-4cfd7761c072 None None] Ext name="Trunk port details" alias="trunk-details" description="Expose trunk port details" updated="2016-01-01T10:00:00-00:00" {{(pid=90944) _check_extension /opt/stack/neutron/neutron/api/extensions.py:415}}
Aug 20 15:42:31.986004 np0000007874 devstack@neutron-api.service[90944]: INFO neutron.api.extensions [None req-6f37e3f4-5e1d-4f1f-b9be-4cfd7761c072 None None] Extension trunk-details not supported by any of loaded plugins
Aug 20 15:42:31.986509 np0000007874 devstack@neutron-api.service[90944]: DEBUG neutron.api.extensions [None req-6f37e3f4-5e1d-4f1f-b9be-4cfd7761c072 None None] Loading extension file: uplink_status_propagation.py {{(pid=90944) _load_all_extensions_from_path /opt/stack/neutron/neutron/api/extensions.py:449}}
Aug 20 15:42:31.986509 np0000007874 devstack@neutron-api.service[90944]: DEBUG neutron.api.extensions [None req-6f37e3f4-5e1d-4f1f-b9be-4cfd7761c072 None None] Ext name="Uplink status propagation extension" alias="uplink-status-propagation" description="Provides ability to propagate port uplink status." updated="2018-05-31T18:00:00-00:00" {{(pid=90944) _check_extension /opt/stack/neutron/neutron/api/extensions.py:415}}
Aug 20 15:42:31.987546 np0000007874 devstack@neutron-api.service[90944]: INFO neutron.api.extensions [None req-6f37e3f4-5e1d-4f1f-b9be-4cfd7761c072 None None] Extension uplink-status-propagation not supported by any of loaded plugins
Aug 20 15:42:31.987546 np0000007874 devstack@neutron-api.service[90944]: DEBUG neutron.api.extensions [None req-6f37e3f4-5e1d-4f1f-b9be-4cfd7761c072 None None] Loading extension file: uplink_status_propagation_updatable.py {{(pid=90944) _load_all_extensions_from_path /opt/stack/neutron/neutron/api/extensions.py:449}}
Aug 20 15:42:31.987546 np0000007874 devstack@neutron-api.service[90944]: DEBUG neutron.api.extensions [None req-6f37e3f4-5e1d-4f1f-b9be-4cfd7761c072 None None] Ext name="Uplink status propagation updatable extension" alias="uplink-status-propagation-updatable" description="Provides ability to update the port uplink status." updated="2024-09-03T18:00:00-00:00" {{(pid=90944) _check_extension /opt/stack/neutron/neutron/api/extensions.py:415}}
Aug 20 15:42:31.987978 np0000007874 devstack@neutron-api.service[90944]: INFO neutron.api.extensions [None req-6f37e3f4-5e1d-4f1f-b9be-4cfd7761c072 None None] Extension uplink-status-propagation-updatable not supported by any of loaded plugins
Aug 20 15:42:31.987978 np0000007874 devstack@neutron-api.service[90944]: DEBUG neutron.api.extensions [None req-6f37e3f4-5e1d-4f1f-b9be-4cfd7761c072 None None] Loading extension file: vlantransparent.py {{(pid=90944) _load_all_extensions_from_path /opt/stack/neutron/neutron/api/extensions.py:449}}
Aug 20 15:42:31.988553 np0000007874 devstack@neutron-api.service[90944]: DEBUG neutron.api.extensions [None req-6f37e3f4-5e1d-4f1f-b9be-4cfd7761c072 None None] Ext name="Vlantransparent" alias="vlan-transparent" description="Provides Vlan Transparent Networks" updated="2015-03-23T09:00:00-00:00" {{(pid=90944) _check_extension /opt/stack/neutron/neutron/api/extensions.py:415}}
Aug 20 15:42:31.988553 np0000007874 devstack@neutron-api.service[90944]: INFO neutron.api.extensions [None req-6f37e3f4-5e1d-4f1f-b9be-4cfd7761c072 None None] Loaded extension: vlan-transparent
Aug 20 15:42:31.991086 np0000007874 devstack@neutron-api.service[90944]: INFO neutron.quota.resource_registry [None req-6f37e3f4-5e1d-4f1f-b9be-4cfd7761c072 None None] Creating instance of TrackedResource for resource:network
Aug 20 15:42:31.991419 np0000007874 devstack@neutron-api.service[90944]: INFO neutron.quota.resource_registry [None req-6f37e3f4-5e1d-4f1f-b9be-4cfd7761c072 None None] Creating instance of TrackedResource for resource:subnet
Aug 20 15:42:31.991651 np0000007874 devstack@neutron-api.service[90944]: INFO neutron.quota.resource_registry [None req-6f37e3f4-5e1d-4f1f-b9be-4cfd7761c072 None None] Creating instance of TrackedResource for resource:subnetpool
Aug 20 15:42:31.991803 np0000007874 devstack@neutron-api.service[90944]: INFO neutron.quota.resource_registry [None req-6f37e3f4-5e1d-4f1f-b9be-4cfd7761c072 None None] Creating instance of TrackedResource for resource:port
Aug 20 15:42:31.993741 np0000007874 devstack@neutron-api.service[90944]: INFO neutron.quota.resource_registry [None req-6f37e3f4-5e1d-4f1f-b9be-4cfd7761c072 None None] Creating instance of CountableResource for resource:router_route
Aug 20 15:42:31.993994 np0000007874 devstack@neutron-api.service[90944]: DEBUG neutron.api.v2.resource_helper [None req-6f37e3f4-5e1d-4f1f-b9be-4cfd7761c072 None None] Service L3_ROUTER_NAT assigned prefix: {{(pid=90944) build_resource_info /opt/stack/neutron/neutron/api/v2/resource_helper.py:77}}
Aug 20 15:42:31.994622 np0000007874 devstack@neutron-api.service[90944]: DEBUG neutron.api.v2.resource_helper [None req-6f37e3f4-5e1d-4f1f-b9be-4cfd7761c072 None None] Service FLAVORS assigned prefix: {{(pid=90944) build_resource_info /opt/stack/neutron/neutron/api/v2/resource_helper.py:77}}
Aug 20 15:42:31.996128 np0000007874 devstack@neutron-api.service[90944]: DEBUG neutron.api.v2.resource_helper [None req-6f37e3f4-5e1d-4f1f-b9be-4cfd7761c072 None None] Service L3_ROUTER_NAT assigned prefix: {{(pid=90944) build_resource_info /opt/stack/neutron/neutron/api/v2/resource_helper.py:77}}
Aug 20 15:42:31.996722 np0000007874 devstack@neutron-api.service[90944]: DEBUG neutron.api.v2.resource_helper [None req-6f37e3f4-5e1d-4f1f-b9be-4cfd7761c072 None None] Service L3_ROUTER_NAT assigned prefix: {{(pid=90944) build_resource_info /opt/stack/neutron/neutron/api/v2/resource_helper.py:77}}
Aug 20 15:42:31.996872 np0000007874 devstack@neutron-api.service[90944]: INFO neutron.quota.resource_registry [None req-6f37e3f4-5e1d-4f1f-b9be-4cfd7761c072 None None] Creating instance of TrackedResource for resource:router
Aug 20 15:42:31.997487 np0000007874 devstack@neutron-api.service[90944]: INFO neutron.quota.resource_registry [None req-6f37e3f4-5e1d-4f1f-b9be-4cfd7761c072 None None] Creating instance of TrackedResource for resource:floatingip
Aug 20 15:42:31.999056 np0000007874 devstack@neutron-api.service[90944]: INFO neutron.quota.resource_registry [None req-6f37e3f4-5e1d-4f1f-b9be-4cfd7761c072 None None] Creating instance of CountableResource for resource:rbac_policy
Aug 20 15:42:32.000044 np0000007874 devstack@neutron-api.service[90944]: INFO neutron.quota.resource_registry [None req-6f37e3f4-5e1d-4f1f-b9be-4cfd7761c072 None None] Creating instance of TrackedResource for resource:security_group
Aug 20 15:42:32.000685 np0000007874 devstack@neutron-api.service[90944]: INFO neutron.quota.resource_registry [None req-6f37e3f4-5e1d-4f1f-b9be-4cfd7761c072 None None] Creating instance of TrackedResource for resource:security_group_rule
Aug 20 15:42:32.001730 np0000007874 devstack@neutron-api.service[90944]: DEBUG neutron.api.v2.resource_helper [None req-6f37e3f4-5e1d-4f1f-b9be-4cfd7761c072 None None] Service CORE assigned prefix: {{(pid=90944) build_resource_info /opt/stack/neutron/neutron/api/v2/resource_helper.py:77}}
Aug 20 15:42:32.001862 np0000007874 devstack@neutron-api.service[90944]: INFO neutron.quota.resource_registry [None req-6f37e3f4-5e1d-4f1f-b9be-4cfd7761c072 None None] Creating instance of TrackedResource for resource:subnetpool
Aug 20 15:42:32.002130 np0000007874 devstack@neutron-api.service[90944]: WARNING neutron.quota.resource_registry [None req-6f37e3f4-5e1d-4f1f-b9be-4cfd7761c072 None None] subnetpool is already registered
Aug 20 15:42:32.002614 np0000007874 devstack@neutron-api.service[90944]: DEBUG neutron.api.v2.resource_helper [None req-6f37e3f4-5e1d-4f1f-b9be-4cfd7761c072 None None] Service CORE assigned prefix: {{(pid=90944) build_resource_info /opt/stack/neutron/neutron/api/v2/resource_helper.py:77}}
Aug 20 15:42:32.002841 np0000007874 devstack@neutron-api.service[90944]: INFO neutron.quota.resource_registry [None req-6f37e3f4-5e1d-4f1f-b9be-4cfd7761c072 None None] Creating instance of TrackedResource for resource:subnetpool
Aug 20 15:42:32.003004 np0000007874 devstack@neutron-api.service[90944]: WARNING neutron.quota.resource_registry [None req-6f37e3f4-5e1d-4f1f-b9be-4cfd7761c072 None None] subnetpool is already registered
Aug 20 15:42:32.006301 np0000007874 devstack@neutron-api.service[90944]: INFO neutron.quota.resource_registry [None req-6f37e3f4-5e1d-4f1f-b9be-4cfd7761c072 None None] Creating instance of CountableResource for resource:router_route
Aug 20 15:42:32.006499 np0000007874 devstack@neutron-api.service[90944]: WARNING neutron.quota.resource_registry [None req-6f37e3f4-5e1d-4f1f-b9be-4cfd7761c072 None None] router_route is already registered
Aug 20 15:42:32.006740 np0000007874 devstack@neutron-api.service[90944]: DEBUG neutron.api.v2.resource_helper [None req-6f37e3f4-5e1d-4f1f-b9be-4cfd7761c072 None None] Service L3_ROUTER_NAT assigned prefix: {{(pid=90944) build_resource_info /opt/stack/neutron/neutron/api/v2/resource_helper.py:77}}
Aug 20 15:42:32.007258 np0000007874 devstack@neutron-api.service[90944]: DEBUG neutron.api.v2.resource_helper [None req-6f37e3f4-5e1d-4f1f-b9be-4cfd7761c072 None None] Service FLAVORS assigned prefix: {{(pid=90944) build_resource_info /opt/stack/neutron/neutron/api/v2/resource_helper.py:77}}
Aug 20 15:42:32.008603 np0000007874 devstack@neutron-api.service[90944]: DEBUG neutron.api.v2.resource_helper [None req-6f37e3f4-5e1d-4f1f-b9be-4cfd7761c072 None None] Service L3_ROUTER_NAT assigned prefix: {{(pid=90944) build_resource_info /opt/stack/neutron/neutron/api/v2/resource_helper.py:77}}
Aug 20 15:42:32.009113 np0000007874 devstack@neutron-api.service[90944]: DEBUG neutron.api.v2.resource_helper [None req-6f37e3f4-5e1d-4f1f-b9be-4cfd7761c072 None None] Service L3_ROUTER_NAT assigned prefix: {{(pid=90944) build_resource_info /opt/stack/neutron/neutron/api/v2/resource_helper.py:77}}
Aug 20 15:42:32.009342 np0000007874 devstack@neutron-api.service[90944]: INFO neutron.quota.resource_registry [None req-6f37e3f4-5e1d-4f1f-b9be-4cfd7761c072 None None] Creating instance of TrackedResource for resource:router
Aug 20 15:42:32.009550 np0000007874 devstack@neutron-api.service[90944]: WARNING neutron.quota.resource_registry [None req-6f37e3f4-5e1d-4f1f-b9be-4cfd7761c072 None None] router is already registered
Aug 20 15:42:32.010089 np0000007874 devstack@neutron-api.service[90944]: INFO neutron.quota.resource_registry [None req-6f37e3f4-5e1d-4f1f-b9be-4cfd7761c072 None None] Creating instance of TrackedResource for resource:floatingip
Aug 20 15:42:32.010258 np0000007874 devstack@neutron-api.service[90944]: WARNING neutron.quota.resource_registry [None req-6f37e3f4-5e1d-4f1f-b9be-4cfd7761c072 None None] floatingip is already registered
Aug 20 15:42:32.011943 np0000007874 devstack@neutron-api.service[90944]: INFO neutron.quota.resource_registry [None req-6f37e3f4-5e1d-4f1f-b9be-4cfd7761c072 None None] Creating instance of CountableResource for resource:rbac_policy
Aug 20 15:42:32.012098 np0000007874 devstack@neutron-api.service[90944]: WARNING neutron.quota.resource_registry [None req-6f37e3f4-5e1d-4f1f-b9be-4cfd7761c072 None None] rbac_policy is already registered
Aug 20 15:42:32.013207 np0000007874 devstack@neutron-api.service[90944]: INFO neutron.quota.resource_registry [None req-6f37e3f4-5e1d-4f1f-b9be-4cfd7761c072 None None] Creating instance of TrackedResource for resource:security_group
Aug 20 15:42:32.013403 np0000007874 devstack@neutron-api.service[90944]: WARNING neutron.quota.resource_registry [None req-6f37e3f4-5e1d-4f1f-b9be-4cfd7761c072 None None] security_group is already registered
Aug 20 15:42:32.013896 np0000007874 devstack@neutron-api.service[90944]: INFO neutron.quota.resource_registry [None req-6f37e3f4-5e1d-4f1f-b9be-4cfd7761c072 None None] Creating instance of TrackedResource for resource:security_group_rule
Aug 20 15:42:32.014150 np0000007874 devstack@neutron-api.service[90944]: WARNING neutron.quota.resource_registry [None req-6f37e3f4-5e1d-4f1f-b9be-4cfd7761c072 None None] security_group_rule is already registered
Aug 20 15:42:32.014867 np0000007874 devstack@neutron-api.service[90944]: DEBUG neutron.api.v2.resource_helper [None req-6f37e3f4-5e1d-4f1f-b9be-4cfd7761c072 None None] Service CORE assigned prefix: {{(pid=90944) build_resource_info /opt/stack/neutron/neutron/api/v2/resource_helper.py:77}}
Aug 20 15:42:32.015258 np0000007874 devstack@neutron-api.service[90944]: INFO neutron.quota.resource_registry [None req-6f37e3f4-5e1d-4f1f-b9be-4cfd7761c072 None None] Creating instance of TrackedResource for resource:subnetpool
Aug 20 15:42:32.015258 np0000007874 devstack@neutron-api.service[90944]: WARNING neutron.quota.resource_registry [None req-6f37e3f4-5e1d-4f1f-b9be-4cfd7761c072 None None] subnetpool is already registered
Aug 20 15:42:32.015780 np0000007874 devstack@neutron-api.service[90944]: DEBUG neutron.api.v2.resource_helper [None req-6f37e3f4-5e1d-4f1f-b9be-4cfd7761c072 None None] Service CORE assigned prefix: {{(pid=90944) build_resource_info /opt/stack/neutron/neutron/api/v2/resource_helper.py:77}}
Aug 20 15:42:32.015988 np0000007874 devstack@neutron-api.service[90944]: INFO neutron.quota.resource_registry [None req-6f37e3f4-5e1d-4f1f-b9be-4cfd7761c072 None None] Creating instance of TrackedResource for resource:subnetpool
Aug 20 15:42:32.016157 np0000007874 devstack@neutron-api.service[90944]: WARNING neutron.quota.resource_registry [None req-6f37e3f4-5e1d-4f1f-b9be-4cfd7761c072 None None] subnetpool is already registered
Aug 20 15:42:32.016730 np0000007874 devstack@neutron-api.service[90944]: DEBUG neutron.api.extensions [None req-6f37e3f4-5e1d-4f1f-b9be-4cfd7761c072 None None] Extended resource: extensions {{(pid=90944) __init__ /opt/stack/neutron/neutron/api/extensions.py:156}}
Aug 20 15:42:32.017947 np0000007874 devstack@neutron-api.service[90944]: DEBUG neutron.api.extensions [None req-6f37e3f4-5e1d-4f1f-b9be-4cfd7761c072 None None] Extended resource: address-groups {{(pid=90944) __init__ /opt/stack/neutron/neutron/api/extensions.py:156}}
Aug 20 15:42:32.018844 np0000007874 devstack@neutron-api.service[90944]: DEBUG neutron.api.extensions [None req-6f37e3f4-5e1d-4f1f-b9be-4cfd7761c072 None None] Extended resource: address-scopes {{(pid=90944) __init__ /opt/stack/neutron/neutron/api/extensions.py:156}}
Aug 20 15:42:32.019606 np0000007874 devstack@neutron-api.service[90944]: DEBUG neutron.api.extensions [None req-6f37e3f4-5e1d-4f1f-b9be-4cfd7761c072 None None] Extended resource: agents {{(pid=90944) __init__ /opt/stack/neutron/neutron/api/extensions.py:156}}
Aug 20 15:42:32.020331 np0000007874 devstack@neutron-api.service[90944]: DEBUG neutron.api.extensions [None req-6f37e3f4-5e1d-4f1f-b9be-4cfd7761c072 None None] Extended resource: auto-allocated-topology {{(pid=90944) __init__ /opt/stack/neutron/neutron/api/extensions.py:156}}
Aug 20 15:42:32.021189 np0000007874 devstack@neutron-api.service[90944]: DEBUG neutron.api.extensions [None req-6f37e3f4-5e1d-4f1f-b9be-4cfd7761c072 None None] Extended resource: availability_zones {{(pid=90944) __init__ /opt/stack/neutron/neutron/api/extensions.py:156}}
Aug 20 15:42:32.021908 np0000007874 devstack@neutron-api.service[90944]: DEBUG neutron.api.extensions [None req-6f37e3f4-5e1d-4f1f-b9be-4cfd7761c072 None None] Extended resource: dhcp-networks {{(pid=90944) __init__ /opt/stack/neutron/neutron/api/extensions.py:156}}
Aug 20 15:42:32.022792 np0000007874 devstack@neutron-api.service[90944]: DEBUG neutron.api.extensions [None req-6f37e3f4-5e1d-4f1f-b9be-4cfd7761c072 None None] Extended resource: dhcp-agents {{(pid=90944) __init__ /opt/stack/neutron/neutron/api/extensions.py:156}}
Aug 20 15:42:32.023761 np0000007874 devstack@neutron-api.service[90944]: DEBUG neutron.api.extensions [None req-6f37e3f4-5e1d-4f1f-b9be-4cfd7761c072 None None] Extended resource: routers {{(pid=90944) __init__ /opt/stack/neutron/neutron/api/extensions.py:156}}
Aug 20 15:42:32.025136 np0000007874 devstack@neutron-api.service[90944]: DEBUG neutron.api.extensions [None req-6f37e3f4-5e1d-4f1f-b9be-4cfd7761c072 None None] Extended resource: flavors {{(pid=90944) __init__ /opt/stack/neutron/neutron/api/extensions.py:156}}
Aug 20 15:42:32.025920 np0000007874 devstack@neutron-api.service[90944]: DEBUG neutron.api.extensions [None req-6f37e3f4-5e1d-4f1f-b9be-4cfd7761c072 None None] Extended resource: service_profiles {{(pid=90944) __init__ /opt/stack/neutron/neutron/api/extensions.py:156}}
Aug 20 15:42:32.026629 np0000007874 devstack@neutron-api.service[90942]: DEBUG oslo_concurrency.processutils [None req-da96b412-2880-43a5-a47f-6894ce3b9439 None None] CMD "ovsdb-client transact ssl:10.4.3.25:6641 --timeout 180 -p /opt/stack/data/CA/int-ca/private/devstack-cert.key -c /opt/stack/data/CA/int-ca/devstack-cert.crt -C /opt/stack/data/CA/int-ca/ca-chain.pem ["OVN_Northbound", {"op": "wait", "timeout": 0, "table": "Port_Group", "where": [["name", "==", "neutron_pg_drop"]], "until": "==", "rows": []}, {"op": "insert", "table": "ACL", "row": {"action": "drop", "direction": "to-lport", "match": "outport == @neutron_pg_drop && ip", "priority": 1000}, "uuid-name": "droptoport"}, {"op": "insert", "table": "ACL", "row": {"action": "drop", "direction": "from-lport", "match": "inport == @neutron_pg_drop && ip", "priority": 1000}, "uuid-name": "dropfromport"}, {"op": "insert", "table": "Port_Group", "row": {"name": "neutron_pg_drop", "acls": ["set", [["named-uuid", "droptoport"], ["named-uuid", "dropfromport"]]]}}]" returned: 0 in 0.059s {{(pid=90942) execute /opt/stack/data/venv/lib/python3.12/site-packages/oslo_concurrency/processutils.py:468}}
Aug 20 15:42:32.026843 np0000007874 devstack@neutron-api.service[90944]: DEBUG neutron.api.extensions [None req-6f37e3f4-5e1d-4f1f-b9be-4cfd7761c072 None None] Extended resource: next_providers {{(pid=90944) __init__ /opt/stack/neutron/neutron/api/extensions.py:156}}
Aug 20 15:42:32.027209 np0000007874 devstack@neutron-api.service[90942]: DEBUG neutron_lib.callbacks.manager [None req-da96b412-2880-43a5-a47f-6894ce3b9439 None None] Publish callbacks ['neutron.plugins.ml2.drivers.ovn.mech_driver.mech_driver.OVNMechanismDriver.post_fork_initialize-195296', 'neutron.services.pvlan.drivers.ovn.driver._initialize_pvlan_pg_drop-8063461187274', 'neutron.services.ovn_l3.plugin.OVNL3RouterPlugin._post_fork_initialize-3240870'] for process (None), after_init {{(pid=90942) _notify_loop /opt/stack/data/venv/lib/python3.12/site-packages/neutron_lib/callbacks/manager.py:184}}
Aug 20 15:42:32.027515 np0000007874 devstack@neutron-api.service[90943]: DEBUG oslo_concurrency.processutils [None req-0b9167b8-ea35-4480-8d57-479660305c3a None None] CMD "ovsdb-client transact ssl:10.4.3.25:6641 --timeout 180 -p /opt/stack/data/CA/int-ca/private/devstack-cert.key -c /opt/stack/data/CA/int-ca/devstack-cert.crt -C /opt/stack/data/CA/int-ca/ca-chain.pem ["OVN_Northbound", {"op": "wait", "timeout": 0, "table": "Port_Group", "where": [["name", "==", "neutron_pg_drop"]], "until": "==", "rows": []}, {"op": "insert", "table": "ACL", "row": {"action": "drop", "direction": "to-lport", "match": "outport == @neutron_pg_drop && ip", "priority": 1000}, "uuid-name": "droptoport"}, {"op": "insert", "table": "ACL", "row": {"action": "drop", "direction": "from-lport", "match": "inport == @neutron_pg_drop && ip", "priority": 1000}, "uuid-name": "dropfromport"}, {"op": "insert", "table": "Port_Group", "row": {"name": "neutron_pg_drop", "acls": ["set", [["named-uuid", "droptoport"], ["named-uuid", "dropfromport"]]]}}]" returned: 0 in 0.056s {{(pid=90943) execute /opt/stack/data/venv/lib/python3.12/site-packages/oslo_concurrency/processutils.py:468}}
Aug 20 15:42:32.027655 np0000007874 devstack@neutron-api.service[90944]: DEBUG neutron.api.extensions [None req-6f37e3f4-5e1d-4f1f-b9be-4cfd7761c072 None None] Extended resource: service_profiles {{(pid=90944) __init__ /opt/stack/neutron/neutron/api/extensions.py:156}}
Aug 20 15:42:32.027809 np0000007874 devstack@neutron-api.service[90942]: DEBUG oslo_concurrency.lockutils [None req-da96b412-2880-43a5-a47f-6894ce3b9439 None None] Acquiring lock "singleton_lock" {{(pid=90942) lock /opt/stack/data/venv/lib/python3.12/site-packages/oslo_concurrency/lockutils.py:396}}
Aug 20 15:42:32.027960 np0000007874 devstack@neutron-api.service[90942]: DEBUG oslo_concurrency.lockutils [None req-da96b412-2880-43a5-a47f-6894ce3b9439 None None] Acquired lock "singleton_lock" {{(pid=90942) lock /opt/stack/data/venv/lib/python3.12/site-packages/oslo_concurrency/lockutils.py:399}}
Aug 20 15:42:32.028130 np0000007874 devstack@neutron-api.service[90943]: DEBUG neutron_lib.callbacks.manager [None req-0b9167b8-ea35-4480-8d57-479660305c3a None None] Publish callbacks ['neutron.plugins.ml2.drivers.ovn.mech_driver.mech_driver.OVNMechanismDriver.post_fork_initialize-8242334', 'neutron.services.pvlan.drivers.ovn.driver._initialize_pvlan_pg_drop-8063461153532', 'neutron.services.ovn_l3.plugin.OVNL3RouterPlugin._post_fork_initialize-7061373'] for process (None), after_init {{(pid=90943) _notify_loop /opt/stack/data/venv/lib/python3.12/site-packages/neutron_lib/callbacks/manager.py:184}}
Aug 20 15:42:32.028298 np0000007874 devstack@neutron-api.service[90942]: DEBUG oslo_concurrency.lockutils [None req-da96b412-2880-43a5-a47f-6894ce3b9439 None None] Releasing lock "singleton_lock" {{(pid=90942) lock /opt/stack/data/venv/lib/python3.12/site-packages/oslo_concurrency/lockutils.py:419}}
Aug 20 15:42:32.028421 np0000007874 devstack@neutron-api.service[90944]: DEBUG neutron.api.extensions [None req-6f37e3f4-5e1d-4f1f-b9be-4cfd7761c072 None None] Extended resource: floatingip-pools {{(pid=90944) __init__ /opt/stack/neutron/neutron/api/extensions.py:156}}
Aug 20 15:42:32.028869 np0000007874 devstack@neutron-api.service[90943]: DEBUG oslo_concurrency.lockutils [None req-0b9167b8-ea35-4480-8d57-479660305c3a None None] Acquiring lock "singleton_lock" {{(pid=90943) lock /opt/stack/data/venv/lib/python3.12/site-packages/oslo_concurrency/lockutils.py:396}}
Aug 20 15:42:32.029023 np0000007874 devstack@neutron-api.service[90943]: DEBUG oslo_concurrency.lockutils [None req-0b9167b8-ea35-4480-8d57-479660305c3a None None] Acquired lock "singleton_lock" {{(pid=90943) lock /opt/stack/data/venv/lib/python3.12/site-packages/oslo_concurrency/lockutils.py:399}}
Aug 20 15:42:32.029267 np0000007874 devstack@neutron-api.service[90944]: DEBUG neutron.api.extensions [None req-6f37e3f4-5e1d-4f1f-b9be-4cfd7761c072 None None] Extended resource: routers {{(pid=90944) __init__ /opt/stack/neutron/neutron/api/extensions.py:156}}
Aug 20 15:42:32.029458 np0000007874 devstack@neutron-api.service[90943]: DEBUG oslo_concurrency.lockutils [None req-0b9167b8-ea35-4480-8d57-479660305c3a None None] Releasing lock "singleton_lock" {{(pid=90943) lock /opt/stack/data/venv/lib/python3.12/site-packages/oslo_concurrency/lockutils.py:419}}
Aug 20 15:42:32.030666 np0000007874 devstack@neutron-api.service[90944]: DEBUG neutron.api.extensions [None req-6f37e3f4-5e1d-4f1f-b9be-4cfd7761c072 None None] Extended resource: floatingips {{(pid=90944) __init__ /opt/stack/neutron/neutron/api/extensions.py:156}}
Aug 20 15:42:32.031266 np0000007874 devstack@neutron-api.service[90944]: DEBUG neutron.api.extensions [None req-6f37e3f4-5e1d-4f1f-b9be-4cfd7761c072 None None] Extended resource: l3-routers {{(pid=90944) __init__ /opt/stack/neutron/neutron/api/extensions.py:156}}
Aug 20 15:42:32.032104 np0000007874 devstack@neutron-api.service[90942]: DEBUG neutron.plugins.ml2.drivers.ovn.mech_driver.mech_driver [None req-da96b412-2880-43a5-a47f-6894ce3b9439 None None] Hash Ring setup using WSGI start time 2026-08-20 15:42:31+00:00 {{(pid=90942) _init_hash_ring /opt/stack/neutron/neutron/plugins/ml2/drivers/ovn/mech_driver/mech_driver.py:382}}
Aug 20 15:42:32.032534 np0000007874 devstack@neutron-api.service[90943]: DEBUG neutron.plugins.ml2.drivers.ovn.mech_driver.mech_driver [None req-0b9167b8-ea35-4480-8d57-479660305c3a None None] Hash Ring setup using WSGI start time 2026-08-20 15:42:31+00:00 {{(pid=90943) _init_hash_ring /opt/stack/neutron/neutron/plugins/ml2/drivers/ovn/mech_driver/mech_driver.py:382}}
Aug 20 15:42:32.033730 np0000007874 devstack@neutron-api.service[90944]: DEBUG neutron.api.extensions [None req-6f37e3f4-5e1d-4f1f-b9be-4cfd7761c072 None None] Extended resource: l3-agents {{(pid=90944) __init__ /opt/stack/neutron/neutron/api/extensions.py:156}}
Aug 20 15:42:32.034773 np0000007874 devstack@neutron-api.service[90944]: DEBUG neutron.api.extensions [None req-6f37e3f4-5e1d-4f1f-b9be-4cfd7761c072 None None] Extended resource: network-ip-availabilities {{(pid=90944) __init__ /opt/stack/neutron/neutron/api/extensions.py:156}}
Aug 20 15:42:32.035534 np0000007874 devstack@neutron-api.service[90944]: DEBUG neutron.api.extensions [None req-6f37e3f4-5e1d-4f1f-b9be-4cfd7761c072 None None] Extended resource: network-ip-availabilities {{(pid=90944) __init__ /opt/stack/neutron/neutron/api/extensions.py:156}}
Aug 20 15:42:32.036292 np0000007874 devstack@neutron-api.service[90944]: DEBUG neutron.api.extensions [None req-6f37e3f4-5e1d-4f1f-b9be-4cfd7761c072 None None] Extended resource: bindings {{(pid=90944) __init__ /opt/stack/neutron/neutron/api/extensions.py:156}}
Aug 20 15:42:32.037305 np0000007874 devstack@neutron-api.service[90944]: DEBUG neutron.api.extensions [None req-6f37e3f4-5e1d-4f1f-b9be-4cfd7761c072 None None] Extended resource: quotas {{(pid=90944) __init__ /opt/stack/neutron/neutron/api/extensions.py:156}}
Aug 20 15:42:32.038259 np0000007874 devstack@neutron-api.service[90944]: DEBUG neutron.api.extensions [None req-6f37e3f4-5e1d-4f1f-b9be-4cfd7761c072 None None] Extended resource: quotas {{(pid=90944) __init__ /opt/stack/neutron/neutron/api/extensions.py:156}}
Aug 20 15:42:32.039309 np0000007874 devstack@neutron-api.service[90944]: DEBUG neutron.api.extensions [None req-6f37e3f4-5e1d-4f1f-b9be-4cfd7761c072 None None] Extended resource: rbac-policies {{(pid=90944) __init__ /opt/stack/neutron/neutron/api/extensions.py:156}}
Aug 20 15:42:32.039747 np0000007874 devstack@neutron-api.service[90943]: INFO neutron.db.ovn_hash_ring_db [None req-0b9167b8-ea35-4480-8d57-479660305c3a None None] Nodes from host "np0000007874" and group "mechanism_driver" removed from the Hash Ring created at 2026-08-20 15:42:31+00:00
Aug 20 15:42:32.041203 np0000007874 devstack@neutron-api.service[90944]: DEBUG neutron.api.extensions [None req-6f37e3f4-5e1d-4f1f-b9be-4cfd7761c072 None None] Extended resource: default-security-group-rules {{(pid=90944) __init__ /opt/stack/neutron/neutron/api/extensions.py:156}}
Aug 20 15:42:32.042021 np0000007874 devstack@neutron-api.service[90944]: DEBUG neutron.api.extensions [None req-6f37e3f4-5e1d-4f1f-b9be-4cfd7761c072 None None] Extended resource: security-groups-default-statefulness {{(pid=90944) __init__ /opt/stack/neutron/neutron/api/extensions.py:156}}
Aug 20 15:42:32.043018 np0000007874 devstack@neutron-api.service[90944]: DEBUG neutron.api.extensions [None req-6f37e3f4-5e1d-4f1f-b9be-4cfd7761c072 None None] Extended resource: security-groups {{(pid=90944) __init__ /opt/stack/neutron/neutron/api/extensions.py:156}}
Aug 20 15:42:32.044274 np0000007874 devstack@neutron-api.service[90944]: DEBUG neutron.api.extensions [None req-6f37e3f4-5e1d-4f1f-b9be-4cfd7761c072 None None] Extended resource: security-group-rules {{(pid=90944) __init__ /opt/stack/neutron/neutron/api/extensions.py:156}}
Aug 20 15:42:32.045053 np0000007874 devstack@neutron-api.service[90943]: INFO neutron.db.ovn_hash_ring_db [None req-0b9167b8-ea35-4480-8d57-479660305c3a None None] Node eef5269abc905d649a4adf5fae2087b7 from host "np0000007874" and group "mechanism_driver" added to the Hash Ring
Aug 20 15:42:32.045703 np0000007874 devstack@neutron-api.service[90944]: DEBUG neutron.api.extensions [None req-6f37e3f4-5e1d-4f1f-b9be-4cfd7761c072 None None] Extended resource: service-providers {{(pid=90944) __init__ /opt/stack/neutron/neutron/api/extensions.py:156}}
Aug 20 15:42:32.046487 np0000007874 devstack@neutron-api.service[90944]: DEBUG neutron.api.extensions [None req-6f37e3f4-5e1d-4f1f-b9be-4cfd7761c072 None None] Extended resource: subnetpools {{(pid=90944) __init__ /opt/stack/neutron/neutron/api/extensions.py:156}}
Aug 20 15:42:32.047285 np0000007874 devstack@neutron-api.service[90944]: DEBUG neutron.api.extensions [None req-6f37e3f4-5e1d-4f1f-b9be-4cfd7761c072 None None] Extended resource: subnetpools {{(pid=90944) __init__ /opt/stack/neutron/neutron/api/extensions.py:156}}
Aug 20 15:42:32.048923 np0000007874 devstack@neutron-api.service[90944]: DEBUG neutron.api.extensions [None req-6f37e3f4-5e1d-4f1f-b9be-4cfd7761c072 None None] Extended resource: tags {{(pid=90944) __init__ /opt/stack/neutron/neutron/api/extensions.py:156}}
Aug 20 15:42:32.050056 np0000007874 devstack@neutron-api.service[90944]: DEBUG neutron.api.extensions [None req-6f37e3f4-5e1d-4f1f-b9be-4cfd7761c072 None None] Extended resource: tags {{(pid=90944) __init__ /opt/stack/neutron/neutron/api/extensions.py:156}}
Aug 20 15:42:32.051262 np0000007874 devstack@neutron-api.service[90943]: DEBUG neutron.plugins.ml2.drivers.ovn.mech_driver.mech_driver [None req-0b9167b8-ea35-4480-8d57-479660305c3a None None] Hash Ring setup, this worker has detected 2 OVN hash ring registers in the database {{(pid=90943) _init_hash_ring /opt/stack/neutron/neutron/plugins/ml2/drivers/ovn/mech_driver/mech_driver.py:392}}
Aug 20 15:42:32.052018 np0000007874 devstack@neutron-api.service[90944]: DEBUG neutron.api.extensions [None req-6f37e3f4-5e1d-4f1f-b9be-4cfd7761c072 None None] Extended resource: tags {{(pid=90944) __init__ /opt/stack/neutron/neutron/api/extensions.py:156}}
Aug 20 15:42:32.053201 np0000007874 devstack@neutron-api.service[90944]: DEBUG neutron.api.extensions [None req-6f37e3f4-5e1d-4f1f-b9be-4cfd7761c072 None None] Extended resource: tags {{(pid=90944) __init__ /opt/stack/neutron/neutron/api/extensions.py:156}}
Aug 20 15:42:32.054375 np0000007874 devstack@neutron-api.service[90944]: DEBUG neutron.api.extensions [None req-6f37e3f4-5e1d-4f1f-b9be-4cfd7761c072 None None] Extended resource: tags {{(pid=90944) __init__ /opt/stack/neutron/neutron/api/extensions.py:156}}
Aug 20 15:42:32.055998 np0000007874 devstack@neutron-api.service[90944]: DEBUG neutron.api.extensions [None req-6f37e3f4-5e1d-4f1f-b9be-4cfd7761c072 None None] Extended resource: tags {{(pid=90944) __init__ /opt/stack/neutron/neutron/api/extensions.py:156}}
Aug 20 15:42:32.057814 np0000007874 devstack@neutron-api.service[90944]: DEBUG neutron.api.extensions [None req-6f37e3f4-5e1d-4f1f-b9be-4cfd7761c072 None None] Extended resource: tags {{(pid=90944) __init__ /opt/stack/neutron/neutron/api/extensions.py:156}}
Aug 20 15:42:32.059139 np0000007874 devstack@neutron-api.service[90944]: DEBUG neutron.api.extensions [None req-6f37e3f4-5e1d-4f1f-b9be-4cfd7761c072 None None] Extended resource: tags {{(pid=90944) __init__ /opt/stack/neutron/neutron/api/extensions.py:156}}
Aug 20 15:42:32.060478 np0000007874 devstack@neutron-api.service[90944]: DEBUG neutron.api.extensions [None req-6f37e3f4-5e1d-4f1f-b9be-4cfd7761c072 None None] Extended resource: tags {{(pid=90944) __init__ /opt/stack/neutron/neutron/api/extensions.py:156}}
Aug 20 15:42:32.062735 np0000007874 devstack@neutron-api.service[90944]: DEBUG neutron.api.extensions [None req-6f37e3f4-5e1d-4f1f-b9be-4cfd7761c072 None None] Extended resource: tags {{(pid=90944) __init__ /opt/stack/neutron/neutron/api/extensions.py:156}}
Aug 20 15:42:32.063289 np0000007874 devstack@neutron-api.service[90942]: INFO neutron.db.ovn_hash_ring_db [None req-da96b412-2880-43a5-a47f-6894ce3b9439 None None] Nodes from host "np0000007874" and group "mechanism_driver" removed from the Hash Ring created at 2026-08-20 15:42:31+00:00
Aug 20 15:42:32.067025 np0000007874 devstack@neutron-api.service[90943]: DEBUG neutron.plugins.ml2.drivers.ovn.mech_driver.ovsdb.maintenance [None req-0b9167b8-ea35-4480-8d57-479660305c3a None None] Periodic task found: HashRingHealthCheckPeriodics.touch_hash_ring_node {{(pid=90943) add_periodics /opt/stack/neutron/neutron/plugins/ml2/drivers/ovn/mech_driver/ovsdb/maintenance.py:148}}
Aug 20 15:42:32.068063 np0000007874 devstack@neutron-api.service[90942]: INFO neutron.db.ovn_hash_ring_db [None req-da96b412-2880-43a5-a47f-6894ce3b9439 None None] Node 155f9dded7d15e4dbf238db135084912 from host "np0000007874" and group "mechanism_driver" added to the Hash Ring
Aug 20 15:42:32.071253 np0000007874 devstack@neutron-api.service[90943]: INFO neutron.plugins.ml2.drivers.ovn.mech_driver.mech_driver [None req-0b9167b8-ea35-4480-8d57-479660305c3a None None] Hash Ring probing thread for node eef5269abc905d649a4adf5fae2087b7 has started
Aug 20 15:42:32.072658 np0000007874 devstack@neutron-api.service[90943]: INFO neutron.plugins.ml2.drivers.ovn.mech_driver.ovsdb.impl_idl_ovn [None req-0b9167b8-ea35-4480-8d57-479660305c3a None None] Getting OvsdbNbOvnIdl for WorkerService with retry
Aug 20 15:42:32.074571 np0000007874 devstack@neutron-api.service[90942]: DEBUG neutron.plugins.ml2.drivers.ovn.mech_driver.mech_driver [None req-da96b412-2880-43a5-a47f-6894ce3b9439 None None] Hash Ring setup, this worker has detected 3 OVN hash ring registers in the database {{(pid=90942) _init_hash_ring /opt/stack/neutron/neutron/plugins/ml2/drivers/ovn/mech_driver/mech_driver.py:392}}
Aug 20 15:42:32.083648 np0000007874 devstack@neutron-api.service[90944]: DEBUG neutron_lib.callbacks.manager [None req-6f37e3f4-5e1d-4f1f-b9be-4cfd7761c072 None None] Publish callbacks ['neutron.plugins.ml2.drivers.ovn.mech_driver.mech_driver.OVNMechanismDriver.pre_fork_initialize-211431'] for process (None), before_spawn {{(pid=90944) _notify_loop /opt/stack/data/venv/lib/python3.12/site-packages/neutron_lib/callbacks/manager.py:184}}
Aug 20 15:42:32.087672 np0000007874 devstack@neutron-api.service[90944]: DEBUG oslo_concurrency.processutils [None req-6f37e3f4-5e1d-4f1f-b9be-4cfd7761c072 None None] Running cmd (subprocess): ovsdb-client transact ssl:10.4.3.25:6641 --timeout 180 -p /opt/stack/data/CA/int-ca/private/devstack-cert.key -c /opt/stack/data/CA/int-ca/devstack-cert.crt -C /opt/stack/data/CA/int-ca/ca-chain.pem ["OVN_Northbound", {"op": "wait", "timeout": 0, "table": "Port_Group", "where": [["name", "==", "neutron_pg_drop"]], "until": "==", "rows": []}, {"op": "insert", "table": "ACL", "row": {"action": "drop", "direction": "to-lport", "match": "outport == @neutron_pg_drop && ip", "priority": 1000}, "uuid-name": "droptoport"}, {"op": "insert", "table": "ACL", "row": {"action": "drop", "direction": "from-lport", "match": "inport == @neutron_pg_drop && ip", "priority": 1000}, "uuid-name": "dropfromport"}, {"op": "insert", "table": "Port_Group", "row": {"name": "neutron_pg_drop", "acls": ["set", [["named-uuid", "droptoport"], ["named-uuid", "dropfromport"]]]}}] {{(pid=90944) execute /opt/stack/data/venv/lib/python3.12/site-packages/oslo_concurrency/processutils.py:440}}
Aug 20 15:42:32.088470 np0000007874 devstack@neutron-api.service[90942]: DEBUG neutron.plugins.ml2.drivers.ovn.mech_driver.ovsdb.maintenance [None req-da96b412-2880-43a5-a47f-6894ce3b9439 None None] Periodic task found: HashRingHealthCheckPeriodics.touch_hash_ring_node {{(pid=90942) add_periodics /opt/stack/neutron/neutron/plugins/ml2/drivers/ovn/mech_driver/ovsdb/maintenance.py:148}}
