Jul 08 10:38:56.327606 np0000004811 devstack@c-api.service[96835]: INFO cinder.api.openstack.wsgi [None req-fd5e4151-8fb3-4aaf-a8f0-7634ed0c8259 tempest-VolumesAdminNegativeTest-1845700116 tempest-VolumesAdminNegativeTest-1845700116-project-member] GET https://10.4.3.8/volume/v3/volumes/3508ca27-1bdf-41ec-afe5-651fedfdc42e
Jul 08 10:38:56.328266 np0000004811 devstack@c-api.service[96835]: DEBUG cinder.api.openstack.wsgi [None req-fd5e4151-8fb3-4aaf-a8f0-7634ed0c8259 tempest-VolumesAdminNegativeTest-1845700116 tempest-VolumesAdminNegativeTest-1845700116-project-member] Empty body provided in request {{(pid=96835) get_body /opt/stack/cinder/cinder/api/openstack/wsgi.py:725}}
Jul 08 10:38:56.328642 np0000004811 devstack@c-api.service[96835]: DEBUG cinder.api.openstack.wsgi [None req-fd5e4151-8fb3-4aaf-a8f0-7634ed0c8259 tempest-VolumesAdminNegativeTest-1845700116 tempest-VolumesAdminNegativeTest-1845700116-project-member] Calling method 'show' {{(pid=96835) _process_stack /opt/stack/cinder/cinder/api/openstack/wsgi.py:878}}
Jul 08 10:38:56.337559 np0000004811 devstack@c-api.service[96835]: /opt/stack/data/venv/lib/python3.12/site-packages/oslo_context/context.py:102: DeprecationWarning: Policy enforcement is depending on the value of is_admin. This key is deprecated. Please update your policy file to use the standard policy values.
Jul 08 10:38:56.337559 np0000004811 devstack@c-api.service[96835]: warnings.warn(
Jul 08 10:38:56.341398 np0000004811 devstack@c-api.service[96835]: INFO cinder.volume.api [None req-fd5e4151-8fb3-4aaf-a8f0-7634ed0c8259 tempest-VolumesAdminNegativeTest-1845700116 tempest-VolumesAdminNegativeTest-1845700116-project-member] Volume info retrieved successfully.
Jul 08 10:38:56.345723 np0000004811 devstack@c-api.service[96835]: INFO cinder.api.openstack.wsgi [None req-fd5e4151-8fb3-4aaf-a8f0-7634ed0c8259 tempest-VolumesAdminNegativeTest-1845700116 tempest-VolumesAdminNegativeTest-1845700116-project-member] https://10.4.3.8/volume/v3/volumes/3508ca27-1bdf-41ec-afe5-651fedfdc42e returned with HTTP 200
Jul 08 10:38:56.346201 np0000004811 devstack@c-api.service[96835]: [pid: 96835|app: 0|req: 155/472] 10.4.3.8 () {66 vars in 1334 bytes} [Wed Jul 8 10:38:56 2026] GET /volume/v3/volumes/3508ca27-1bdf-41ec-afe5-651fedfdc42e => generated 819 bytes in 25 msecs (HTTP/1.1 200) 7 headers in 285 bytes (1 switches on core 0)
Jul 08 10:38:56.811960 np0000004811 devstack@c-api.service[96834]: DEBUG cinder.api.middleware.request_id [None req-75872ffa-ce70-49ad-a9d0-142080d4ec56 None None] RequestId filter calling following filter/app {{(pid=96834) _context_setter /opt/stack/cinder/cinder/api/middleware/request_id.py:62}}
Jul 08 10:38:56.918594 np0000004811 devstack@c-api.service[96834]: INFO cinder.api.openstack.wsgi [None req-75872ffa-ce70-49ad-a9d0-142080d4ec56 tempest-GroupTypeSpecsTest-968189281 tempest-GroupTypeSpecsTest-968189281-project-admin] POST https://10.4.3.8/volume/v3/group_types
Jul 08 10:38:56.919043 np0000004811 devstack@c-api.service[96834]: DEBUG cinder.api.openstack.wsgi [None req-75872ffa-ce70-49ad-a9d0-142080d4ec56 tempest-GroupTypeSpecsTest-968189281 tempest-GroupTypeSpecsTest-968189281-project-admin] Action: 'create', calling method: version_select, body: {"group_type": {"name": "tempest-GroupTypeSpecsTest-group-type-1686931647"}} {{(pid=96834) _process_stack /opt/stack/cinder/cinder/api/openstack/wsgi.py:876}}
Jul 08 10:38:56.951747 np0000004811 devstack@c-api.service[96834]: INFO cinder.api.openstack.wsgi [None req-75872ffa-ce70-49ad-a9d0-142080d4ec56 tempest-GroupTypeSpecsTest-968189281 tempest-GroupTypeSpecsTest-968189281-project-admin] https://10.4.3.8/volume/v3/group_types returned with HTTP 202
Jul 08 10:38:56.951747 np0000004811 devstack@c-api.service[96834]: [pid: 96834|app: 0|req: 161/473] 10.4.3.8 () {70 vars in 1297 bytes} [Wed Jul 8 10:38:56 2026] POST /volume/v3/group_types => generated 181 bytes in 141 msecs (HTTP/1.1 202) 7 headers in 292 bytes (1 switches on core 0)
Jul 08 10:38:56.960581 np0000004811 devstack@c-api.service[96836]: DEBUG cinder.api.middleware.request_id [None req-9b91e361-7f1c-48d1-930a-fed2200040ee None None] RequestId filter calling following filter/app {{(pid=96836) _context_setter /opt/stack/cinder/cinder/api/middleware/request_id.py:62}}
Jul 08 10:38:56.962662 np0000004811 devstack@c-api.service[96836]: INFO cinder.api.openstack.wsgi [None req-9b91e361-7f1c-48d1-930a-fed2200040ee tempest-GroupTypeSpecsTest-968189281 tempest-GroupTypeSpecsTest-968189281-project-admin] POST https://10.4.3.8/volume/v3/group_types/55061e8a-468a-4b60-92bb-9a70e8622ee2/group_specs
Jul 08 10:38:56.963656 np0000004811 devstack@c-api.service[96836]: DEBUG cinder.api.openstack.wsgi [None req-9b91e361-7f1c-48d1-930a-fed2200040ee tempest-GroupTypeSpecsTest-968189281 tempest-GroupTypeSpecsTest-968189281-project-admin] Action: 'create', calling method: version_select, body: {"group_specs": {"key1": "value1", "key2": "value2"}} {{(pid=96836) _process_stack /opt/stack/cinder/cinder/api/openstack/wsgi.py:876}}
Jul 08 10:38:56.964952 np0000004811 devstack@c-api.service[96836]: /opt/stack/data/venv/lib/python3.12/site-packages/oslo_context/context.py:102: DeprecationWarning: Policy enforcement is depending on the value of is_admin. This key is deprecated. Please update your policy file to use the standard policy values.
Jul 08 10:38:56.964952 np0000004811 devstack@c-api.service[96836]: warnings.warn(
Jul 08 10:38:56.986670 np0000004811 devstack@c-api.service[96836]: INFO cinder.api.openstack.wsgi [None req-9b91e361-7f1c-48d1-930a-fed2200040ee tempest-GroupTypeSpecsTest-968189281 tempest-GroupTypeSpecsTest-968189281-project-admin] https://10.4.3.8/volume/v3/group_types/55061e8a-468a-4b60-92bb-9a70e8622ee2/group_specs returned with HTTP 202
Jul 08 10:38:56.987114 np0000004811 devstack@c-api.service[96836]: [pid: 96836|app: 0|req: 158/474] 10.4.3.8 () {70 vars in 1444 bytes} [Wed Jul 8 10:38:56 2026] POST /volume/v3/group_types/55061e8a-468a-4b60-92bb-9a70e8622ee2/group_specs => generated 53 bytes in 27 msecs (HTTP/1.1 202) 7 headers in 291 bytes (1 switches on core 0)
Jul 08 10:38:56.996940 np0000004811 devstack@c-api.service[96835]: DEBUG cinder.api.middleware.request_id [None req-c7da023e-9d7a-40e6-b622-da43e267a593 None None] RequestId filter calling following filter/app {{(pid=96835) _context_setter /opt/stack/cinder/cinder/api/middleware/request_id.py:62}}
Jul 08 10:38:56.999523 np0000004811 devstack@c-api.service[96835]: INFO cinder.api.openstack.wsgi [None req-c7da023e-9d7a-40e6-b622-da43e267a593 tempest-GroupTypeSpecsTest-968189281 tempest-GroupTypeSpecsTest-968189281-project-admin] POST https://10.4.3.8/volume/v3/group_types/55061e8a-468a-4b60-92bb-9a70e8622ee2/group_specs
Jul 08 10:38:56.999523 np0000004811 devstack@c-api.service[96835]: DEBUG cinder.api.openstack.wsgi [None req-c7da023e-9d7a-40e6-b622-da43e267a593 tempest-GroupTypeSpecsTest-968189281 tempest-GroupTypeSpecsTest-968189281-project-admin] Action: 'create', calling method: version_select, body: {"group_specs": {"key2": "value2-updated", "key3": "value3"}} {{(pid=96835) _process_stack /opt/stack/cinder/cinder/api/openstack/wsgi.py:876}}
Jul 08 10:38:57.027268 np0000004811 devstack@c-api.service[96835]: INFO cinder.api.openstack.wsgi [None req-c7da023e-9d7a-40e6-b622-da43e267a593 tempest-GroupTypeSpecsTest-968189281 tempest-GroupTypeSpecsTest-968189281-project-admin] https://10.4.3.8/volume/v3/group_types/55061e8a-468a-4b60-92bb-9a70e8622ee2/group_specs returned with HTTP 202
Jul 08 10:38:57.028199 np0000004811 devstack@c-api.service[96835]: [pid: 96835|app: 0|req: 156/475] 10.4.3.8 () {70 vars in 1444 bytes} [Wed Jul 8 10:38:56 2026] POST /volume/v3/group_types/55061e8a-468a-4b60-92bb-9a70e8622ee2/group_specs => generated 61 bytes in 31 msecs (HTTP/1.1 202) 7 headers in 291 bytes (1 switches on core 0)
Jul 08 10:38:57.036108 np0000004811 devstack@c-api.service[96834]: DEBUG cinder.api.middleware.request_id [None req-e8e3e14c-b530-46b0-8c4e-7f56bfe50d1f None None] RequestId filter calling following filter/app {{(pid=96834) _context_setter /opt/stack/cinder/cinder/api/middleware/request_id.py:62}}
Jul 08 10:38:57.038541 np0000004811 devstack@c-api.service[96834]: INFO cinder.api.openstack.wsgi [None req-e8e3e14c-b530-46b0-8c4e-7f56bfe50d1f tempest-GroupTypeSpecsTest-968189281 tempest-GroupTypeSpecsTest-968189281-project-admin] GET https://10.4.3.8/volume/v3/group_types/55061e8a-468a-4b60-92bb-9a70e8622ee2/group_specs/key2
Jul 08 10:38:57.038792 np0000004811 devstack@c-api.service[96834]: DEBUG cinder.api.openstack.wsgi [None req-e8e3e14c-b530-46b0-8c4e-7f56bfe50d1f tempest-GroupTypeSpecsTest-968189281 tempest-GroupTypeSpecsTest-968189281-project-admin] Empty body provided in request {{(pid=96834) get_body /opt/stack/cinder/cinder/api/openstack/wsgi.py:725}}
Jul 08 10:38:57.039148 np0000004811 devstack@c-api.service[96834]: DEBUG cinder.api.openstack.wsgi [None req-e8e3e14c-b530-46b0-8c4e-7f56bfe50d1f tempest-GroupTypeSpecsTest-968189281 tempest-GroupTypeSpecsTest-968189281-project-admin] Calling method 'version_select' {{(pid=96834) _process_stack /opt/stack/cinder/cinder/api/openstack/wsgi.py:878}}
Jul 08 10:38:57.047604 np0000004811 devstack@c-api.service[96834]: INFO cinder.api.openstack.wsgi [None req-e8e3e14c-b530-46b0-8c4e-7f56bfe50d1f tempest-GroupTypeSpecsTest-968189281 tempest-GroupTypeSpecsTest-968189281-project-admin] https://10.4.3.8/volume/v3/group_types/55061e8a-468a-4b60-92bb-9a70e8622ee2/group_specs/key2 returned with HTTP 200
Jul 08 10:38:57.048016 np0000004811 devstack@c-api.service[96834]: [pid: 96834|app: 0|req: 162/476] 10.4.3.8 () {68 vars in 1438 bytes} [Wed Jul 8 10:38:57 2026] GET /volume/v3/group_types/55061e8a-468a-4b60-92bb-9a70e8622ee2/group_specs/key2 => generated 26 bytes in 13 msecs (HTTP/1.1 200) 7 headers in 285 bytes (1 switches on core 0)
Jul 08 10:38:57.057465 np0000004811 devstack@c-api.service[96836]: DEBUG cinder.api.middleware.request_id [None req-28b7c3d8-36e9-430f-b317-93e354156b73 None None] RequestId filter calling following filter/app {{(pid=96836) _context_setter /opt/stack/cinder/cinder/api/middleware/request_id.py:62}}
Jul 08 10:38:57.059837 np0000004811 devstack@c-api.service[96836]: INFO cinder.api.openstack.wsgi [None req-28b7c3d8-36e9-430f-b317-93e354156b73 tempest-GroupTypeSpecsTest-968189281 tempest-GroupTypeSpecsTest-968189281-project-admin] GET https://10.4.3.8/volume/v3/group_types/55061e8a-468a-4b60-92bb-9a70e8622ee2/group_specs/key3
Jul 08 10:38:57.060137 np0000004811 devstack@c-api.service[96836]: DEBUG cinder.api.openstack.wsgi [None req-28b7c3d8-36e9-430f-b317-93e354156b73 tempest-GroupTypeSpecsTest-968189281 tempest-GroupTypeSpecsTest-968189281-project-admin] Empty body provided in request {{(pid=96836) get_body /opt/stack/cinder/cinder/api/openstack/wsgi.py:725}}
Jul 08 10:38:57.060410 np0000004811 devstack@c-api.service[96836]: DEBUG cinder.api.openstack.wsgi [None req-28b7c3d8-36e9-430f-b317-93e354156b73 tempest-GroupTypeSpecsTest-968189281 tempest-GroupTypeSpecsTest-968189281-project-admin] Calling method 'version_select' {{(pid=96836) _process_stack /opt/stack/cinder/cinder/api/openstack/wsgi.py:878}}
Jul 08 10:38:57.069266 np0000004811 devstack@c-api.service[96836]: INFO cinder.api.openstack.wsgi [None req-28b7c3d8-36e9-430f-b317-93e354156b73 tempest-GroupTypeSpecsTest-968189281 tempest-GroupTypeSpecsTest-968189281-project-admin] https://10.4.3.8/volume/v3/group_types/55061e8a-468a-4b60-92bb-9a70e8622ee2/group_specs/key3 returned with HTTP 200
Jul 08 10:38:57.069849 np0000004811 devstack@c-api.service[96836]: [pid: 96836|app: 0|req: 159/477] 10.4.3.8 () {68 vars in 1438 bytes} [Wed Jul 8 10:38:57 2026] GET /volume/v3/group_types/55061e8a-468a-4b60-92bb-9a70e8622ee2/group_specs/key3 => generated 18 bytes in 13 msecs (HTTP/1.1 200) 7 headers in 285 bytes (1 switches on core 0)
Jul 08 10:38:57.077836 np0000004811 devstack@c-api.service[96835]: DEBUG cinder.api.middleware.request_id [None req-25ecebdc-b253-4f40-a982-0b431fa72412 None None] RequestId filter calling following filter/app {{(pid=96835) _context_setter /opt/stack/cinder/cinder/api/middleware/request_id.py:62}}
Jul 08 10:38:57.079824 np0000004811 devstack@c-api.service[96835]: INFO cinder.api.openstack.wsgi [None req-25ecebdc-b253-4f40-a982-0b431fa72412 tempest-GroupTypeSpecsTest-968189281 tempest-GroupTypeSpecsTest-968189281-project-admin] PUT https://10.4.3.8/volume/v3/group_types/55061e8a-468a-4b60-92bb-9a70e8622ee2/group_specs/key3
Jul 08 10:38:57.080280 np0000004811 devstack@c-api.service[96835]: DEBUG cinder.api.openstack.wsgi [None req-25ecebdc-b253-4f40-a982-0b431fa72412 tempest-GroupTypeSpecsTest-968189281 tempest-GroupTypeSpecsTest-968189281-project-admin] Action: 'update', calling method: version_select, body: {"key3": "value3-updated"} {{(pid=96835) _process_stack /opt/stack/cinder/cinder/api/openstack/wsgi.py:876}}
Jul 08 10:38:57.094206 np0000004811 devstack@c-api.service[96835]: INFO cinder.api.openstack.wsgi [None req-25ecebdc-b253-4f40-a982-0b431fa72412 tempest-GroupTypeSpecsTest-968189281 tempest-GroupTypeSpecsTest-968189281-project-admin] https://10.4.3.8/volume/v3/group_types/55061e8a-468a-4b60-92bb-9a70e8622ee2/group_specs/key3 returned with HTTP 200
Jul 08 10:38:57.094956 np0000004811 devstack@c-api.service[96835]: [pid: 96835|app: 0|req: 157/478] 10.4.3.8 () {70 vars in 1458 bytes} [Wed Jul 8 10:38:57 2026] PUT /volume/v3/group_types/55061e8a-468a-4b60-92bb-9a70e8622ee2/group_specs/key3 => generated 26 bytes in 18 msecs (HTTP/1.1 200) 7 headers in 285 bytes (1 switches on core 0)
Jul 08 10:38:57.103036 np0000004811 devstack@c-api.service[96834]: DEBUG cinder.api.middleware.request_id [None req-defb7cab-c8ef-4e80-87ed-032216b44f77 None None] RequestId filter calling following filter/app {{(pid=96834) _context_setter /opt/stack/cinder/cinder/api/middleware/request_id.py:62}}
Jul 08 10:38:57.104951 np0000004811 devstack@c-api.service[96834]: INFO cinder.api.openstack.wsgi [None req-defb7cab-c8ef-4e80-87ed-032216b44f77 tempest-GroupTypeSpecsTest-968189281 tempest-GroupTypeSpecsTest-968189281-project-admin] GET https://10.4.3.8/volume/v3/group_types/55061e8a-468a-4b60-92bb-9a70e8622ee2/group_specs
Jul 08 10:38:57.105236 np0000004811 devstack@c-api.service[96834]: DEBUG cinder.api.openstack.wsgi [None req-defb7cab-c8ef-4e80-87ed-032216b44f77 tempest-GroupTypeSpecsTest-968189281 tempest-GroupTypeSpecsTest-968189281-project-admin] Empty body provided in request {{(pid=96834) get_body /opt/stack/cinder/cinder/api/openstack/wsgi.py:725}}
Jul 08 10:38:57.105428 np0000004811 devstack@c-api.service[96834]: DEBUG cinder.api.openstack.wsgi [None req-defb7cab-c8ef-4e80-87ed-032216b44f77 tempest-GroupTypeSpecsTest-968189281 tempest-GroupTypeSpecsTest-968189281-project-admin] Calling method 'version_select' {{(pid=96834) _process_stack /opt/stack/cinder/cinder/api/openstack/wsgi.py:878}}
Jul 08 10:38:57.111879 np0000004811 devstack@c-api.service[96834]: INFO cinder.api.openstack.wsgi [None req-defb7cab-c8ef-4e80-87ed-032216b44f77 tempest-GroupTypeSpecsTest-968189281 tempest-GroupTypeSpecsTest-968189281-project-admin] https://10.4.3.8/volume/v3/group_types/55061e8a-468a-4b60-92bb-9a70e8622ee2/group_specs returned with HTTP 200
Jul 08 10:38:57.112514 np0000004811 devstack@c-api.service[96834]: [pid: 96834|app: 0|req: 163/479] 10.4.3.8 () {68 vars in 1423 bytes} [Wed Jul 8 10:38:57 2026] GET /volume/v3/group_types/55061e8a-468a-4b60-92bb-9a70e8622ee2/group_specs => generated 87 bytes in 10 msecs (HTTP/1.1 200) 7 headers in 285 bytes (1 switches on core 0)
Jul 08 10:38:57.120428 np0000004811 devstack@c-api.service[96836]: DEBUG cinder.api.middleware.request_id [None req-7cae6096-0481-4887-afca-e6d786ca1891 None None] RequestId filter calling following filter/app {{(pid=96836) _context_setter /opt/stack/cinder/cinder/api/middleware/request_id.py:62}}
Jul 08 10:38:57.122772 np0000004811 devstack@c-api.service[96836]: INFO cinder.api.openstack.wsgi [None req-7cae6096-0481-4887-afca-e6d786ca1891 tempest-GroupTypeSpecsTest-968189281 tempest-GroupTypeSpecsTest-968189281-project-admin] DELETE https://10.4.3.8/volume/v3/group_types/55061e8a-468a-4b60-92bb-9a70e8622ee2/group_specs/key1
Jul 08 10:38:57.123121 np0000004811 devstack@c-api.service[96836]: DEBUG cinder.api.openstack.wsgi [None req-7cae6096-0481-4887-afca-e6d786ca1891 tempest-GroupTypeSpecsTest-968189281 tempest-GroupTypeSpecsTest-968189281-project-admin] Empty body provided in request {{(pid=96836) get_body /opt/stack/cinder/cinder/api/openstack/wsgi.py:725}}
Jul 08 10:38:57.123312 np0000004811 devstack@c-api.service[96836]: DEBUG cinder.api.openstack.wsgi [None req-7cae6096-0481-4887-afca-e6d786ca1891 tempest-GroupTypeSpecsTest-968189281 tempest-GroupTypeSpecsTest-968189281-project-admin] Calling method 'version_select' {{(pid=96836) _process_stack /opt/stack/cinder/cinder/api/openstack/wsgi.py:878}}
Jul 08 10:38:57.137476 np0000004811 devstack@c-api.service[96836]: INFO cinder.api.openstack.wsgi [None req-7cae6096-0481-4887-afca-e6d786ca1891 tempest-GroupTypeSpecsTest-968189281 tempest-GroupTypeSpecsTest-968189281-project-admin] https://10.4.3.8/volume/v3/group_types/55061e8a-468a-4b60-92bb-9a70e8622ee2/group_specs/key1 returned with HTTP 202
Jul 08 10:38:57.138107 np0000004811 devstack@c-api.service[96836]: [pid: 96836|app: 0|req: 160/480] 10.4.3.8 () {68 vars in 1441 bytes} [Wed Jul 8 10:38:57 2026] DELETE /volume/v3/group_types/55061e8a-468a-4b60-92bb-9a70e8622ee2/group_specs/key1 => generated 0 bytes in 18 msecs (HTTP/1.1 202) 6 headers in 234 bytes (1 switches on core 0)
Jul 08 10:38:57.147023 np0000004811 devstack@c-api.service[96835]: DEBUG cinder.api.middleware.request_id [None req-8bf2033c-72dd-4bb1-877e-df4b4f5e80be None None] RequestId filter calling following filter/app {{(pid=96835) _context_setter /opt/stack/cinder/cinder/api/middleware/request_id.py:62}}
Jul 08 10:38:57.149632 np0000004811 devstack@c-api.service[96835]: INFO cinder.api.openstack.wsgi [None req-8bf2033c-72dd-4bb1-877e-df4b4f5e80be tempest-GroupTypeSpecsTest-968189281 tempest-GroupTypeSpecsTest-968189281-project-admin] GET https://10.4.3.8/volume/v3/group_types/55061e8a-468a-4b60-92bb-9a70e8622ee2/group_specs/key1
Jul 08 10:38:57.150137 np0000004811 devstack@c-api.service[96835]: DEBUG cinder.api.openstack.wsgi [None req-8bf2033c-72dd-4bb1-877e-df4b4f5e80be tempest-GroupTypeSpecsTest-968189281 tempest-GroupTypeSpecsTest-968189281-project-admin] Empty body provided in request {{(pid=96835) get_body /opt/stack/cinder/cinder/api/openstack/wsgi.py:725}}
Jul 08 10:38:57.150452 np0000004811 devstack@c-api.service[96835]: DEBUG cinder.api.openstack.wsgi [None req-8bf2033c-72dd-4bb1-877e-df4b4f5e80be tempest-GroupTypeSpecsTest-968189281 tempest-GroupTypeSpecsTest-968189281-project-admin] Calling method 'version_select' {{(pid=96835) _process_stack /opt/stack/cinder/cinder/api/openstack/wsgi.py:878}}
Jul 08 10:38:57.161323 np0000004811 devstack@c-api.service[96835]: INFO cinder.api.openstack.wsgi [None req-8bf2033c-72dd-4bb1-877e-df4b4f5e80be tempest-GroupTypeSpecsTest-968189281 tempest-GroupTypeSpecsTest-968189281-project-admin] HTTP exception thrown: Group Type 55061e8a-468a-4b60-92bb-9a70e8622ee2 has no extra spec with key key1.
Jul 08 10:38:57.161753 np0000004811 devstack@c-api.service[96835]: INFO cinder.api.openstack.wsgi [None req-8bf2033c-72dd-4bb1-877e-df4b4f5e80be tempest-GroupTypeSpecsTest-968189281 tempest-GroupTypeSpecsTest-968189281-project-admin] https://10.4.3.8/volume/v3/group_types/55061e8a-468a-4b60-92bb-9a70e8622ee2/group_specs/key1 returned with HTTP 404
Jul 08 10:38:57.162935 np0000004811 devstack@c-api.service[96835]: [pid: 96835|app: 0|req: 158/481] 10.4.3.8 () {68 vars in 1438 bytes} [Wed Jul 8 10:38:57 2026] GET /volume/v3/group_types/55061e8a-468a-4b60-92bb-9a70e8622ee2/group_specs/key1 => generated 126 bytes in 16 msecs (HTTP/1.1 404) 7 headers in 293 bytes (1 switches on core 0)
Jul 08 10:38:57.173189 np0000004811 devstack@c-api.service[96834]: DEBUG cinder.api.middleware.request_id [None req-2509bc0f-9bb7-49ed-8d67-3ec657b16777 None None] RequestId filter calling following filter/app {{(pid=96834) _context_setter /opt/stack/cinder/cinder/api/middleware/request_id.py:62}}
Jul 08 10:38:57.175529 np0000004811 devstack@c-api.service[96834]: INFO cinder.api.openstack.wsgi [None req-2509bc0f-9bb7-49ed-8d67-3ec657b16777 tempest-GroupTypeSpecsTest-968189281 tempest-GroupTypeSpecsTest-968189281-project-admin] DELETE https://10.4.3.8/volume/v3/group_types/55061e8a-468a-4b60-92bb-9a70e8622ee2/group_specs/key2
Jul 08 10:38:57.175807 np0000004811 devstack@c-api.service[96834]: DEBUG cinder.api.openstack.wsgi [None req-2509bc0f-9bb7-49ed-8d67-3ec657b16777 tempest-GroupTypeSpecsTest-968189281 tempest-GroupTypeSpecsTest-968189281-project-admin] Empty body provided in request {{(pid=96834) get_body /opt/stack/cinder/cinder/api/openstack/wsgi.py:725}}
Jul 08 10:38:57.176078 np0000004811 devstack@c-api.service[96834]: DEBUG cinder.api.openstack.wsgi [None req-2509bc0f-9bb7-49ed-8d67-3ec657b16777 tempest-GroupTypeSpecsTest-968189281 tempest-GroupTypeSpecsTest-968189281-project-admin] Calling method 'version_select' {{(pid=96834) _process_stack /opt/stack/cinder/cinder/api/openstack/wsgi.py:878}}
Jul 08 10:38:57.190778 np0000004811 devstack@c-api.service[96834]: INFO cinder.api.openstack.wsgi [None req-2509bc0f-9bb7-49ed-8d67-3ec657b16777 tempest-GroupTypeSpecsTest-968189281 tempest-GroupTypeSpecsTest-968189281-project-admin] https://10.4.3.8/volume/v3/group_types/55061e8a-468a-4b60-92bb-9a70e8622ee2/group_specs/key2 returned with HTTP 202
Jul 08 10:38:57.191544 np0000004811 devstack@c-api.service[96834]: [pid: 96834|app: 0|req: 164/482] 10.4.3.8 () {68 vars in 1441 bytes} [Wed Jul 8 10:38:57 2026] DELETE /volume/v3/group_types/55061e8a-468a-4b60-92bb-9a70e8622ee2/group_specs/key2 => generated 0 bytes in 19 msecs (HTTP/1.1 202) 6 headers in 234 bytes (1 switches on core 0)
Jul 08 10:38:57.196959 np0000004811 devstack@c-api.service[96836]: DEBUG cinder.api.middleware.request_id [None req-fad14245-b9c4-48e0-8ef2-8cdfa26ca3c4 None None] RequestId filter calling following filter/app {{(pid=96836) _context_setter /opt/stack/cinder/cinder/api/middleware/request_id.py:62}}
Jul 08 10:38:57.199875 np0000004811 devstack@c-api.service[96835]: DEBUG cinder.api.middleware.request_id [None req-f4016d21-7479-4a84-b555-18b1fafc1e1f None None] RequestId filter calling following filter/app {{(pid=96835) _context_setter /opt/stack/cinder/cinder/api/middleware/request_id.py:62}}
Jul 08 10:38:57.200354 np0000004811 devstack@c-api.service[96836]: INFO cinder.api.openstack.wsgi [None req-fad14245-b9c4-48e0-8ef2-8cdfa26ca3c4 tempest-VolumesTransfersTest-376624306 tempest-VolumesTransfersTest-376624306-project-member] GET https://10.4.3.8/volume/v3/volumes/e779a78d-5feb-4549-9957-d18dccbd6203
Jul 08 10:38:57.200627 np0000004811 devstack@c-api.service[96836]: DEBUG cinder.api.openstack.wsgi [None req-fad14245-b9c4-48e0-8ef2-8cdfa26ca3c4 tempest-VolumesTransfersTest-376624306 tempest-VolumesTransfersTest-376624306-project-member] Empty body provided in request {{(pid=96836) get_body /opt/stack/cinder/cinder/api/openstack/wsgi.py:725}}
Jul 08 10:38:57.200890 np0000004811 devstack@c-api.service[96836]: DEBUG cinder.api.openstack.wsgi [None req-fad14245-b9c4-48e0-8ef2-8cdfa26ca3c4 tempest-VolumesTransfersTest-376624306 tempest-VolumesTransfersTest-376624306-project-member] Calling method 'show' {{(pid=96836) _process_stack /opt/stack/cinder/cinder/api/openstack/wsgi.py:878}}
Jul 08 10:38:57.202607 np0000004811 devstack@c-api.service[96835]: INFO cinder.api.openstack.wsgi [None req-f4016d21-7479-4a84-b555-18b1fafc1e1f tempest-GroupTypeSpecsTest-968189281 tempest-GroupTypeSpecsTest-968189281-project-admin] GET https://10.4.3.8/volume/v3/group_types/55061e8a-468a-4b60-92bb-9a70e8622ee2/group_specs/key2
Jul 08 10:38:57.202770 np0000004811 devstack@c-api.service[96835]: DEBUG cinder.api.openstack.wsgi [None req-f4016d21-7479-4a84-b555-18b1fafc1e1f tempest-GroupTypeSpecsTest-968189281 tempest-GroupTypeSpecsTest-968189281-project-admin] Empty body provided in request {{(pid=96835) get_body /opt/stack/cinder/cinder/api/openstack/wsgi.py:725}}
Jul 08 10:38:57.203761 np0000004811 devstack@c-api.service[96835]: DEBUG cinder.api.openstack.wsgi [None req-f4016d21-7479-4a84-b555-18b1fafc1e1f tempest-GroupTypeSpecsTest-968189281 tempest-GroupTypeSpecsTest-968189281-project-admin] Calling method 'version_select' {{(pid=96835) _process_stack /opt/stack/cinder/cinder/api/openstack/wsgi.py:878}}
Jul 08 10:38:57.210563 np0000004811 devstack@c-api.service[96835]: INFO cinder.api.openstack.wsgi [None req-f4016d21-7479-4a84-b555-18b1fafc1e1f tempest-GroupTypeSpecsTest-968189281 tempest-GroupTypeSpecsTest-968189281-project-admin] HTTP exception thrown: Group Type 55061e8a-468a-4b60-92bb-9a70e8622ee2 has no extra spec with key key2.
Jul 08 10:38:57.210730 np0000004811 devstack@c-api.service[96835]: INFO cinder.api.openstack.wsgi [None req-f4016d21-7479-4a84-b555-18b1fafc1e1f tempest-GroupTypeSpecsTest-968189281 tempest-GroupTypeSpecsTest-968189281-project-admin] https://10.4.3.8/volume/v3/group_types/55061e8a-468a-4b60-92bb-9a70e8622ee2/group_specs/key2 returned with HTTP 404
Jul 08 10:38:57.211438 np0000004811 devstack@c-api.service[96835]: [pid: 96835|app: 0|req: 159/483] 10.4.3.8 () {68 vars in 1438 bytes} [Wed Jul 8 10:38:57 2026] GET /volume/v3/group_types/55061e8a-468a-4b60-92bb-9a70e8622ee2/group_specs/key2 => generated 126 bytes in 12 msecs (HTTP/1.1 404) 7 headers in 293 bytes (1 switches on core 0)
Jul 08 10:38:57.211495 np0000004811 devstack@c-api.service[96836]: /opt/stack/data/venv/lib/python3.12/site-packages/oslo_context/context.py:102: DeprecationWarning: Policy enforcement is depending on the value of is_admin. This key is deprecated. Please update your policy file to use the standard policy values.
Jul 08 10:38:57.211495 np0000004811 devstack@c-api.service[96836]: warnings.warn(
Jul 08 10:38:57.217297 np0000004811 devstack@c-api.service[96836]: INFO cinder.volume.api [None req-fad14245-b9c4-48e0-8ef2-8cdfa26ca3c4 tempest-VolumesTransfersTest-376624306 tempest-VolumesTransfersTest-376624306-project-member] Volume info retrieved successfully.
Jul 08 10:38:57.220718 np0000004811 devstack@c-api.service[96834]: DEBUG cinder.api.middleware.request_id [None req-42491caa-59ee-4302-8180-8ae1d5b97bef None None] RequestId filter calling following filter/app {{(pid=96834) _context_setter /opt/stack/cinder/cinder/api/middleware/request_id.py:62}}
Jul 08 10:38:57.222975 np0000004811 devstack@c-api.service[96834]: INFO cinder.api.openstack.wsgi [None req-42491caa-59ee-4302-8180-8ae1d5b97bef tempest-GroupTypeSpecsTest-968189281 tempest-GroupTypeSpecsTest-968189281-project-admin] DELETE https://10.4.3.8/volume/v3/group_types/55061e8a-468a-4b60-92bb-9a70e8622ee2/group_specs/key3
Jul 08 10:38:57.223320 np0000004811 devstack@c-api.service[96834]: DEBUG cinder.api.openstack.wsgi [None req-42491caa-59ee-4302-8180-8ae1d5b97bef tempest-GroupTypeSpecsTest-968189281 tempest-GroupTypeSpecsTest-968189281-project-admin] Empty body provided in request {{(pid=96834) get_body /opt/stack/cinder/cinder/api/openstack/wsgi.py:725}}
Jul 08 10:38:57.223582 np0000004811 devstack@c-api.service[96834]: DEBUG cinder.api.openstack.wsgi [None req-42491caa-59ee-4302-8180-8ae1d5b97bef tempest-GroupTypeSpecsTest-968189281 tempest-GroupTypeSpecsTest-968189281-project-admin] Calling method 'version_select' {{(pid=96834) _process_stack /opt/stack/cinder/cinder/api/openstack/wsgi.py:878}}
Jul 08 10:38:57.224033 np0000004811 devstack@c-api.service[96836]: INFO cinder.api.openstack.wsgi [None req-fad14245-b9c4-48e0-8ef2-8cdfa26ca3c4 tempest-VolumesTransfersTest-376624306 tempest-VolumesTransfersTest-376624306-project-member] https://10.4.3.8/volume/v3/volumes/e779a78d-5feb-4549-9957-d18dccbd6203 returned with HTTP 200
Jul 08 10:38:57.224649 np0000004811 devstack@c-api.service[96836]: [pid: 96836|app: 0|req: 161/484] 10.4.3.8 () {66 vars in 1334 bytes} [Wed Jul 8 10:38:57 2026] GET /volume/v3/volumes/e779a78d-5feb-4549-9957-d18dccbd6203 => generated 840 bytes in 28 msecs (HTTP/1.1 200) 7 headers in 285 bytes (1 switches on core 0)
Jul 08 10:38:57.236100 np0000004811 devstack@c-api.service[96834]: INFO cinder.api.openstack.wsgi [None req-42491caa-59ee-4302-8180-8ae1d5b97bef tempest-GroupTypeSpecsTest-968189281 tempest-GroupTypeSpecsTest-968189281-project-admin] https://10.4.3.8/volume/v3/group_types/55061e8a-468a-4b60-92bb-9a70e8622ee2/group_specs/key3 returned with HTTP 202
Jul 08 10:38:57.236709 np0000004811 devstack@c-api.service[96834]: [pid: 96834|app: 0|req: 165/485] 10.4.3.8 () {68 vars in 1441 bytes} [Wed Jul 8 10:38:57 2026] DELETE /volume/v3/group_types/55061e8a-468a-4b60-92bb-9a70e8622ee2/group_specs/key3 => generated 0 bytes in 17 msecs (HTTP/1.1 202) 6 headers in 234 bytes (1 switches on core 0)
Jul 08 10:38:57.243811 np0000004811 devstack@c-api.service[96835]: DEBUG cinder.api.middleware.request_id [None req-467c9865-fe8f-469a-8290-cb1536ed49b5 None None] RequestId filter calling following filter/app {{(pid=96835) _context_setter /opt/stack/cinder/cinder/api/middleware/request_id.py:62}}
Jul 08 10:38:57.244870 np0000004811 devstack@c-api.service[96835]: INFO cinder.api.openstack.wsgi [None req-467c9865-fe8f-469a-8290-cb1536ed49b5 tempest-VolumesTransfersTest-376624306 tempest-VolumesTransfersTest-376624306-project-member] POST https://10.4.3.8/volume/v3/os-volume-transfer
Jul 08 10:38:57.245328 np0000004811 devstack@c-api.service[96835]: DEBUG cinder.api.openstack.wsgi [None req-467c9865-fe8f-469a-8290-cb1536ed49b5 tempest-VolumesTransfersTest-376624306 tempest-VolumesTransfersTest-376624306-project-member] Action: 'create', calling method: create, body: {"transfer": {"volume_id": "e779a78d-5feb-4549-9957-d18dccbd6203"}} {{(pid=96835) _process_stack /opt/stack/cinder/cinder/api/openstack/wsgi.py:876}}
Jul 08 10:38:57.247757 np0000004811 devstack@c-api.service[96835]: DEBUG cinder.api.contrib.volume_transfer [None req-467c9865-fe8f-469a-8290-cb1536ed49b5 tempest-VolumesTransfersTest-376624306 tempest-VolumesTransfersTest-376624306-project-member] Creating new volume transfer {'transfer': {'volume_id': 'e779a78d-5feb-4549-9957-d18dccbd6203'}} {{(pid=96835) create /opt/stack/cinder/cinder/api/contrib/volume_transfer.py:85}}
Jul 08 10:38:57.248022 np0000004811 devstack@c-api.service[96835]: INFO cinder.api.contrib.volume_transfer [None req-467c9865-fe8f-469a-8290-cb1536ed49b5 tempest-VolumesTransfersTest-376624306 tempest-VolumesTransfersTest-376624306-project-member] Creating transfer of volume e779a78d-5feb-4549-9957-d18dccbd6203
Jul 08 10:38:57.248287 np0000004811 devstack@c-api.service[96835]: INFO cinder.transfer.api [None req-467c9865-fe8f-469a-8290-cb1536ed49b5 tempest-VolumesTransfersTest-376624306 tempest-VolumesTransfersTest-376624306-project-member] Generating transfer record for volume e779a78d-5feb-4549-9957-d18dccbd6203
Jul 08 10:38:57.248969 np0000004811 devstack@c-api.service[96836]: DEBUG cinder.api.middleware.request_id [None req-60946ba0-315c-42d3-ab2b-b54952e06e73 None None] RequestId filter calling following filter/app {{(pid=96836) _context_setter /opt/stack/cinder/cinder/api/middleware/request_id.py:62}}
Jul 08 10:38:57.250936 np0000004811 devstack@c-api.service[96836]: INFO cinder.api.openstack.wsgi [None req-60946ba0-315c-42d3-ab2b-b54952e06e73 tempest-GroupTypeSpecsTest-968189281 tempest-GroupTypeSpecsTest-968189281-project-admin] GET https://10.4.3.8/volume/v3/group_types/55061e8a-468a-4b60-92bb-9a70e8622ee2/group_specs/key3
Jul 08 10:38:57.251262 np0000004811 devstack@c-api.service[96836]: DEBUG cinder.api.openstack.wsgi [None req-60946ba0-315c-42d3-ab2b-b54952e06e73 tempest-GroupTypeSpecsTest-968189281 tempest-GroupTypeSpecsTest-968189281-project-admin] Empty body provided in request {{(pid=96836) get_body /opt/stack/cinder/cinder/api/openstack/wsgi.py:725}}
Jul 08 10:38:57.251578 np0000004811 devstack@c-api.service[96836]: DEBUG cinder.api.openstack.wsgi [None req-60946ba0-315c-42d3-ab2b-b54952e06e73 tempest-GroupTypeSpecsTest-968189281 tempest-GroupTypeSpecsTest-968189281-project-admin] Calling method 'version_select' {{(pid=96836) _process_stack /opt/stack/cinder/cinder/api/openstack/wsgi.py:878}}
Jul 08 10:38:57.255531 np0000004811 devstack@c-api.service[96835]: /opt/stack/data/venv/lib/python3.12/site-packages/oslo_context/context.py:102: DeprecationWarning: Policy enforcement is depending on the value of is_admin. This key is deprecated. Please update your policy file to use the standard policy values.
Jul 08 10:38:57.255531 np0000004811 devstack@c-api.service[96835]: warnings.warn(
Jul 08 10:38:57.258297 np0000004811 devstack@c-api.service[96836]: INFO cinder.api.openstack.wsgi [None req-60946ba0-315c-42d3-ab2b-b54952e06e73 tempest-GroupTypeSpecsTest-968189281 tempest-GroupTypeSpecsTest-968189281-project-admin] HTTP exception thrown: Group Type 55061e8a-468a-4b60-92bb-9a70e8622ee2 has no extra spec with key key3.
Jul 08 10:38:57.258451 np0000004811 devstack@c-api.service[96836]: INFO cinder.api.openstack.wsgi [None req-60946ba0-315c-42d3-ab2b-b54952e06e73 tempest-GroupTypeSpecsTest-968189281 tempest-GroupTypeSpecsTest-968189281-project-admin] https://10.4.3.8/volume/v3/group_types/55061e8a-468a-4b60-92bb-9a70e8622ee2/group_specs/key3 returned with HTTP 404
Jul 08 10:38:57.258979 np0000004811 devstack@c-api.service[96836]: [pid: 96836|app: 0|req: 162/486] 10.4.3.8 () {68 vars in 1438 bytes} [Wed Jul 8 10:38:57 2026] GET /volume/v3/group_types/55061e8a-468a-4b60-92bb-9a70e8622ee2/group_specs/key3 => generated 126 bytes in 10 msecs (HTTP/1.1 404) 7 headers in 293 bytes (1 switches on core 0)
Jul 08 10:38:57.267851 np0000004811 devstack@c-api.service[96834]: DEBUG cinder.api.middleware.request_id [None req-405afa64-ac5f-4692-94b3-353efc349891 None None] RequestId filter calling following filter/app {{(pid=96834) _context_setter /opt/stack/cinder/cinder/api/middleware/request_id.py:62}}
Jul 08 10:38:57.269696 np0000004811 devstack@c-api.service[96834]: INFO cinder.api.openstack.wsgi [None req-405afa64-ac5f-4692-94b3-353efc349891 tempest-GroupTypeSpecsTest-968189281 tempest-GroupTypeSpecsTest-968189281-project-admin] DELETE https://10.4.3.8/volume/v3/group_types/55061e8a-468a-4b60-92bb-9a70e8622ee2
Jul 08 10:38:57.269921 np0000004811 devstack@c-api.service[96834]: DEBUG cinder.api.openstack.wsgi [None req-405afa64-ac5f-4692-94b3-353efc349891 tempest-GroupTypeSpecsTest-968189281 tempest-GroupTypeSpecsTest-968189281-project-admin] Empty body provided in request {{(pid=96834) get_body /opt/stack/cinder/cinder/api/openstack/wsgi.py:725}}
Jul 08 10:38:57.270142 np0000004811 devstack@c-api.service[96834]: DEBUG cinder.api.openstack.wsgi [None req-405afa64-ac5f-4692-94b3-353efc349891 tempest-GroupTypeSpecsTest-968189281 tempest-GroupTypeSpecsTest-968189281-project-admin] Calling method 'version_select' {{(pid=96834) _process_stack /opt/stack/cinder/cinder/api/openstack/wsgi.py:878}}
Jul 08 10:38:57.279860 np0000004811 devstack@c-api.service[96835]: INFO cinder.api.openstack.wsgi [None req-467c9865-fe8f-469a-8290-cb1536ed49b5 tempest-VolumesTransfersTest-376624306 tempest-VolumesTransfersTest-376624306-project-member] https://10.4.3.8/volume/v3/os-volume-transfer returned with HTTP 202
Jul 08 10:38:57.280751 np0000004811 devstack@c-api.service[96835]: [pid: 96835|app: 0|req: 160/487] 10.4.3.8 () {68 vars in 1277 bytes} [Wed Jul 8 10:38:57 2026] POST /volume/v3/os-volume-transfer => generated 437 bytes in 39 msecs (HTTP/1.1 202) 7 headers in 291 bytes (1 switches on core 0)
Jul 08 10:38:57.286250 np0000004811 devstack@c-api.service[96834]: INFO cinder.api.openstack.wsgi [None req-405afa64-ac5f-4692-94b3-353efc349891 tempest-GroupTypeSpecsTest-968189281 tempest-GroupTypeSpecsTest-968189281-project-admin] https://10.4.3.8/volume/v3/group_types/55061e8a-468a-4b60-92bb-9a70e8622ee2 returned with HTTP 202
Jul 08 10:38:57.286695 np0000004811 devstack@c-api.service[96834]: [pid: 96834|app: 0|req: 166/488] 10.4.3.8 () {68 vars in 1390 bytes} [Wed Jul 8 10:38:57 2026] DELETE /volume/v3/group_types/55061e8a-468a-4b60-92bb-9a70e8622ee2 => generated 0 bytes in 19 msecs (HTTP/1.1 202) 6 headers in 234 bytes (1 switches on core 0)
Jul 08 10:38:57.291016 np0000004811 devstack@c-api.service[96836]: DEBUG cinder.api.middleware.request_id [None req-1e4de917-2c3f-428b-8609-4aa9e4d4741b None None] RequestId filter calling following filter/app {{(pid=96836) _context_setter /opt/stack/cinder/cinder/api/middleware/request_id.py:62}}
Jul 08 10:38:57.297613 np0000004811 devstack@c-api.service[96836]: INFO cinder.api.openstack.wsgi [None req-1e4de917-2c3f-428b-8609-4aa9e4d4741b tempest-VolumesTransfersTest-376624306 tempest-VolumesTransfersTest-376624306-project-member] GET https://10.4.3.8/volume/v3/volumes/e779a78d-5feb-4549-9957-d18dccbd6203
Jul 08 10:38:57.297929 np0000004811 devstack@c-api.service[96836]: DEBUG cinder.api.openstack.wsgi [None req-1e4de917-2c3f-428b-8609-4aa9e4d4741b tempest-VolumesTransfersTest-376624306 tempest-VolumesTransfersTest-376624306-project-member] Empty body provided in request {{(pid=96836) get_body /opt/stack/cinder/cinder/api/openstack/wsgi.py:725}}
Jul 08 10:38:57.298227 np0000004811 devstack@c-api.service[96836]: DEBUG cinder.api.openstack.wsgi [None req-1e4de917-2c3f-428b-8609-4aa9e4d4741b tempest-VolumesTransfersTest-376624306 tempest-VolumesTransfersTest-376624306-project-member] Calling method 'show' {{(pid=96836) _process_stack /opt/stack/cinder/cinder/api/openstack/wsgi.py:878}}
Jul 08 10:38:57.307579 np0000004811 devstack@c-api.service[96836]: /opt/stack/data/venv/lib/python3.12/site-packages/oslo_context/context.py:102: DeprecationWarning: Policy enforcement is depending on the value of is_admin. This key is deprecated. Please update your policy file to use the standard policy values.
Jul 08 10:38:57.307579 np0000004811 devstack@c-api.service[96836]: warnings.warn(
Jul 08 10:38:57.312513 np0000004811 devstack@c-api.service[96836]: INFO cinder.volume.api [None req-1e4de917-2c3f-428b-8609-4aa9e4d4741b tempest-VolumesTransfersTest-376624306 tempest-VolumesTransfersTest-376624306-project-member] Volume info retrieved successfully.
Jul 08 10:38:57.319100 np0000004811 devstack@c-api.service[96836]: INFO cinder.api.openstack.wsgi [None req-1e4de917-2c3f-428b-8609-4aa9e4d4741b tempest-VolumesTransfersTest-376624306 tempest-VolumesTransfersTest-376624306-project-member] https://10.4.3.8/volume/v3/volumes/e779a78d-5feb-4549-9957-d18dccbd6203 returned with HTTP 200
Jul 08 10:38:57.319100 np0000004811 devstack@c-api.service[96836]: [pid: 96836|app: 0|req: 163/489] 10.4.3.8 () {66 vars in 1334 bytes} [Wed Jul 8 10:38:57 2026] GET /volume/v3/volumes/e779a78d-5feb-4549-9957-d18dccbd6203 => generated 848 bytes in 28 msecs (HTTP/1.1 200) 7 headers in 285 bytes (1 switches on core 0)
Jul 08 10:38:57.331490 np0000004811 devstack@c-api.service[96835]: DEBUG cinder.api.middleware.request_id [None req-59a5d84b-7e68-4e07-8264-8ab1ad114b31 None None] RequestId filter calling following filter/app {{(pid=96835) _context_setter /opt/stack/cinder/cinder/api/middleware/request_id.py:62}}
Jul 08 10:38:57.333583 np0000004811 devstack@c-api.service[96835]: INFO cinder.api.openstack.wsgi [None req-59a5d84b-7e68-4e07-8264-8ab1ad114b31 tempest-VolumesTransfersTest-376624306 tempest-VolumesTransfersTest-376624306-project-member] GET https://10.4.3.8/volume/v3/os-volume-transfer/2ad356d3-d9a9-494b-8f89-71e40a0c6a41
Jul 08 10:38:57.333818 np0000004811 devstack@c-api.service[96835]: DEBUG cinder.api.openstack.wsgi [None req-59a5d84b-7e68-4e07-8264-8ab1ad114b31 tempest-VolumesTransfersTest-376624306 tempest-VolumesTransfersTest-376624306-project-member] Empty body provided in request {{(pid=96835) get_body /opt/stack/cinder/cinder/api/openstack/wsgi.py:725}}
Jul 08 10:38:57.334020 np0000004811 devstack@c-api.service[96835]: DEBUG cinder.api.openstack.wsgi [None req-59a5d84b-7e68-4e07-8264-8ab1ad114b31 tempest-VolumesTransfersTest-376624306 tempest-VolumesTransfersTest-376624306-project-member] Calling method 'show' {{(pid=96835) _process_stack /opt/stack/cinder/cinder/api/openstack/wsgi.py:878}}
Jul 08 10:38:57.345732 np0000004811 devstack@c-api.service[96835]: INFO cinder.api.openstack.wsgi [None req-59a5d84b-7e68-4e07-8264-8ab1ad114b31 tempest-VolumesTransfersTest-376624306 tempest-VolumesTransfersTest-376624306-project-member] https://10.4.3.8/volume/v3/os-volume-transfer/2ad356d3-d9a9-494b-8f89-71e40a0c6a41 returned with HTTP 200
Jul 08 10:38:57.346266 np0000004811 devstack@c-api.service[96835]: [pid: 96835|app: 0|req: 161/490] 10.4.3.8 () {66 vars in 1367 bytes} [Wed Jul 8 10:38:57 2026] GET /volume/v3/os-volume-transfer/2ad356d3-d9a9-494b-8f89-71e40a0c6a41 => generated 405 bytes in 15 msecs (HTTP/1.1 200) 7 headers in 285 bytes (1 switches on core 0)
Jul 08 10:38:57.358257 np0000004811 devstack@c-api.service[96834]: DEBUG cinder.api.middleware.request_id [None req-56c973de-d4b6-4073-abae-5d1097893d48 None None] RequestId filter calling following filter/app {{(pid=96834) _context_setter /opt/stack/cinder/cinder/api/middleware/request_id.py:62}}
Jul 08 10:38:57.360348 np0000004811 devstack@c-api.service[96834]: INFO cinder.api.openstack.wsgi [None req-56c973de-d4b6-4073-abae-5d1097893d48 tempest-VolumesTransfersTest-376624306 tempest-VolumesTransfersTest-376624306-project-member] GET https://10.4.3.8/volume/v3/os-volume-transfer
Jul 08 10:38:57.360526 np0000004811 devstack@c-api.service[96834]: DEBUG cinder.api.openstack.wsgi [None req-56c973de-d4b6-4073-abae-5d1097893d48 tempest-VolumesTransfersTest-376624306 tempest-VolumesTransfersTest-376624306-project-member] Empty body provided in request {{(pid=96834) get_body /opt/stack/cinder/cinder/api/openstack/wsgi.py:725}}
Jul 08 10:38:57.360700 np0000004811 devstack@c-api.service[96834]: DEBUG cinder.api.openstack.wsgi [None req-56c973de-d4b6-4073-abae-5d1097893d48 tempest-VolumesTransfersTest-376624306 tempest-VolumesTransfersTest-376624306-project-member] Calling method 'index' {{(pid=96834) _process_stack /opt/stack/cinder/cinder/api/openstack/wsgi.py:878}}
Jul 08 10:38:57.360735 np0000004811 devstack@c-api.service[96836]: DEBUG cinder.api.middleware.request_id [None req-91c96e91-e7bf-4bbd-94c5-d4d45fe1b9c1 None None] RequestId filter calling following filter/app {{(pid=96836) _context_setter /opt/stack/cinder/cinder/api/middleware/request_id.py:62}}
Jul 08 10:38:57.360841 np0000004811 devstack@c-api.service[96834]: DEBUG cinder.api.contrib.volume_transfer [None req-56c973de-d4b6-4073-abae-5d1097893d48 tempest-VolumesTransfersTest-376624306 tempest-VolumesTransfersTest-376624306-project-member] Listing volume transfers {{(pid=96834) _get_transfers /opt/stack/cinder/cinder/api/contrib/volume_transfer.py:63}}
Jul 08 10:38:57.362822 np0000004811 devstack@c-api.service[96836]: INFO cinder.api.openstack.wsgi [None req-91c96e91-e7bf-4bbd-94c5-d4d45fe1b9c1 tempest-VolumesAdminNegativeTest-1845700116 tempest-VolumesAdminNegativeTest-1845700116-project-member] GET https://10.4.3.8/volume/v3/volumes/3508ca27-1bdf-41ec-afe5-651fedfdc42e
Jul 08 10:38:57.363070 np0000004811 devstack@c-api.service[96836]: DEBUG cinder.api.openstack.wsgi [None req-91c96e91-e7bf-4bbd-94c5-d4d45fe1b9c1 tempest-VolumesAdminNegativeTest-1845700116 tempest-VolumesAdminNegativeTest-1845700116-project-member] Empty body provided in request {{(pid=96836) get_body /opt/stack/cinder/cinder/api/openstack/wsgi.py:725}}
Jul 08 10:38:57.363326 np0000004811 devstack@c-api.service[96836]: DEBUG cinder.api.openstack.wsgi [None req-91c96e91-e7bf-4bbd-94c5-d4d45fe1b9c1 tempest-VolumesAdminNegativeTest-1845700116 tempest-VolumesAdminNegativeTest-1845700116-project-member] Calling method 'show' {{(pid=96836) _process_stack /opt/stack/cinder/cinder/api/openstack/wsgi.py:878}}
Jul 08 10:38:57.367103 np0000004811 devstack@c-api.service[96834]: INFO cinder.api.openstack.wsgi [None req-56c973de-d4b6-4073-abae-5d1097893d48 tempest-VolumesTransfersTest-376624306 tempest-VolumesTransfersTest-376624306-project-member] https://10.4.3.8/volume/v3/os-volume-transfer returned with HTTP 200
Jul 08 10:38:57.367932 np0000004811 devstack@c-api.service[96834]: [pid: 96834|app: 0|req: 167/491] 10.4.3.8 () {66 vars in 1256 bytes} [Wed Jul 8 10:38:57 2026] GET /volume/v3/os-volume-transfer => generated 364 bytes in 10 msecs (HTTP/1.1 200) 7 headers in 285 bytes (1 switches on core 0)
Jul 08 10:38:57.371145 np0000004811 devstack@c-api.service[96836]: /opt/stack/data/venv/lib/python3.12/site-packages/oslo_context/context.py:102: DeprecationWarning: Policy enforcement is depending on the value of is_admin. This key is deprecated. Please update your policy file to use the standard policy values.
Jul 08 10:38:57.371145 np0000004811 devstack@c-api.service[96836]: warnings.warn(
Jul 08 10:38:57.376166 np0000004811 devstack@c-api.service[96835]: DEBUG cinder.api.middleware.request_id [None req-fb68481e-3e6d-4374-a602-daa48c1d3d8d None None] RequestId filter calling following filter/app {{(pid=96835) _context_setter /opt/stack/cinder/cinder/api/middleware/request_id.py:62}}
Jul 08 10:38:57.377752 np0000004811 devstack@c-api.service[96836]: INFO cinder.volume.api [None req-91c96e91-e7bf-4bbd-94c5-d4d45fe1b9c1 tempest-VolumesAdminNegativeTest-1845700116 tempest-VolumesAdminNegativeTest-1845700116-project-member] Volume info retrieved successfully.
Jul 08 10:38:57.382862 np0000004811 devstack@c-api.service[96836]: INFO cinder.api.openstack.wsgi [None req-91c96e91-e7bf-4bbd-94c5-d4d45fe1b9c1 tempest-VolumesAdminNegativeTest-1845700116 tempest-VolumesAdminNegativeTest-1845700116-project-member] https://10.4.3.8/volume/v3/volumes/3508ca27-1bdf-41ec-afe5-651fedfdc42e returned with HTTP 200
Jul 08 10:38:57.382862 np0000004811 devstack@c-api.service[96836]: [pid: 96836|app: 0|req: 164/492] 10.4.3.8 () {66 vars in 1334 bytes} [Wed Jul 8 10:38:57 2026] GET /volume/v3/volumes/3508ca27-1bdf-41ec-afe5-651fedfdc42e => generated 844 bytes in 23 msecs (HTTP/1.1 200) 7 headers in 285 bytes (1 switches on core 0)
Jul 08 10:38:57.440719 np0000004811 devstack@c-api.service[96835]: INFO cinder.api.openstack.wsgi [None req-fb68481e-3e6d-4374-a602-daa48c1d3d8d tempest-VolumesTransfersTest-1031884683 tempest-VolumesTransfersTest-1031884683-project-member] POST https://10.4.3.8/volume/v3/os-volume-transfer/2ad356d3-d9a9-494b-8f89-71e40a0c6a41/accept
Jul 08 10:38:57.440980 np0000004811 devstack@c-api.service[96835]: DEBUG cinder.api.openstack.wsgi [None req-fb68481e-3e6d-4374-a602-daa48c1d3d8d tempest-VolumesTransfersTest-1031884683 tempest-VolumesTransfersTest-1031884683-project-member] Action: 'accept', calling method: accept, body: {"accept": {"auth_key": "e466ed1b09bbc813"}} {{(pid=96835) _process_stack /opt/stack/cinder/cinder/api/openstack/wsgi.py:876}}
Jul 08 10:38:57.442872 np0000004811 devstack@c-api.service[96835]: DEBUG cinder.api.contrib.volume_transfer [None req-fb68481e-3e6d-4374-a602-daa48c1d3d8d tempest-VolumesTransfersTest-1031884683 tempest-VolumesTransfersTest-1031884683-project-member] Accepting volume transfer 2ad356d3-d9a9-494b-8f89-71e40a0c6a41 {{(pid=96835) accept /opt/stack/cinder/cinder/api/contrib/volume_transfer.py:115}}
Jul 08 10:38:57.443489 np0000004811 devstack@c-api.service[96835]: INFO cinder.api.contrib.volume_transfer [None req-fb68481e-3e6d-4374-a602-daa48c1d3d8d tempest-VolumesTransfersTest-1031884683 tempest-VolumesTransfersTest-1031884683-project-member] Accepting transfer 2ad356d3-d9a9-494b-8f89-71e40a0c6a41
Jul 08 10:38:57.515882 np0000004811 devstack@c-api.service[96835]: DEBUG cinder.quota [None req-fb68481e-3e6d-4374-a602-daa48c1d3d8d tempest-VolumesTransfersTest-1031884683 tempest-VolumesTransfersTest-1031884683-project-member] Created reservations ['13229573-f1dc-476e-8f9e-1d42ed610ec7', 'ad5c1dad-c81c-4d24-9bb5-be3ef5a907d9', '760684f8-1f53-42a9-b9a4-87e02185f976', '912fa8ac-9fa8-420b-bb2c-38d3ea28ff50'] {{(pid=96835) reserve /opt/stack/cinder/cinder/quota.py:752}}
Jul 08 10:38:57.537572 np0000004811 devstack@c-api.service[96835]: DEBUG cinder.quota [None req-fb68481e-3e6d-4374-a602-daa48c1d3d8d tempest-VolumesTransfersTest-1031884683 tempest-VolumesTransfersTest-1031884683-project-member] Created reservations ['b150a4eb-b01b-4c3a-94fe-7d8ecd586ed4', '445cd815-1816-4b19-bdd2-843d6e85b2ef', 'b0f6d69f-2142-410b-98f3-fc8a19590102', 'e00503c7-fdff-4473-92fe-4228159a8fa8'] {{(pid=96835) reserve /opt/stack/cinder/cinder/quota.py:752}}
Jul 08 10:38:57.582922 np0000004811 devstack@c-api.service[96835]: DEBUG cinder.quota [None req-fb68481e-3e6d-4374-a602-daa48c1d3d8d tempest-VolumesTransfersTest-1031884683 tempest-VolumesTransfersTest-1031884683-project-member] Created reservations ['6f9e8632-2b20-47f9-97ed-a6223cdafee2', 'd3c509f7-dee0-4b7a-a24c-4e1090ff5078', '8f956490-a7b3-4341-afc4-c37e68cea7d4', '2095d7e6-f4c7-4420-bed2-b2a31dd29b8e'] {{(pid=96835) reserve /opt/stack/cinder/cinder/quota.py:752}}
Jul 08 10:38:57.615814 np0000004811 devstack@c-api.service[96835]: DEBUG cinder.quota [None req-fb68481e-3e6d-4374-a602-daa48c1d3d8d tempest-VolumesTransfersTest-1031884683 tempest-VolumesTransfersTest-1031884683-project-member] Created reservations ['74f4d140-2b1d-4bec-a92f-edfd2d042b46', '007e3650-90e6-4d9e-8dc5-b409d3ec6dd9', 'f69c8998-d149-4c87-92cb-f51fdc90892c', '83ec5676-0b7a-4bff-9de9-df84f5f6379c'] {{(pid=96835) reserve /opt/stack/cinder/cinder/quota.py:752}}
Jul 08 10:38:57.640953 np0000004811 devstack@c-api.service[96834]: DEBUG cinder.api.middleware.request_id [req-25a45375-20df-4558-aac9-8a7b7079b785 req-e3b0d1f5-a2f6-4ca5-a99b-404a174aa03b None None] RequestId filter calling following filter/app {{(pid=96834) _context_setter /opt/stack/cinder/cinder/api/middleware/request_id.py:62}}
