Jul 08 10:34:01.978982 np0000004811 devstack@g-api.service[99585]: DEBUG glance_store.location [-] Registering scheme swift+https with {'store': , 'location_class': , 'store_entry': 'swift'} {{(pid=99585) register_scheme_map /opt/stack/data/venv/lib/python3.12/site-packages/glance_store/location.py:146}}
Jul 08 10:34:01.979014 np0000004811 devstack@g-api.service[99583]: DEBUG glance_store.location [-] Registering scheme swift+http with {'store': , 'location_class': , 'store_entry': 'swift'} {{(pid=99583) register_scheme_map /opt/stack/data/venv/lib/python3.12/site-packages/glance_store/location.py:146}}
Jul 08 10:34:01.979055 np0000004811 devstack@g-api.service[99584]: DEBUG glance_store.location [-] Registering scheme swift with {'store': , 'location_class': , 'store_entry': 'swift'} {{(pid=99584) register_scheme_map /opt/stack/data/venv/lib/python3.12/site-packages/glance_store/location.py:146}}
Jul 08 10:34:01.979085 np0000004811 devstack@g-api.service[99585]: DEBUG glance_store.location [-] Registering scheme swift with {'store': , 'location_class': , 'store_entry': 'swift'} {{(pid=99585) register_scheme_map /opt/stack/data/venv/lib/python3.12/site-packages/glance_store/location.py:146}}
Jul 08 10:34:01.979113 np0000004811 devstack@g-api.service[99583]: DEBUG glance_store.location [-] Registering scheme swift+https with {'store': , 'location_class': , 'store_entry': 'swift'} {{(pid=99583) register_scheme_map /opt/stack/data/venv/lib/python3.12/site-packages/glance_store/location.py:146}}
Jul 08 10:34:01.979140 np0000004811 devstack@g-api.service[99584]: DEBUG glance_store.location [-] Registering scheme swift+https with {'store': , 'location_class': , 'store_entry': 'swift'} {{(pid=99584) register_scheme_map /opt/stack/data/venv/lib/python3.12/site-packages/glance_store/location.py:146}}
Jul 08 10:34:01.979166 np0000004811 devstack@g-api.service[99585]: DEBUG glance_store.location [-] Registering scheme swift+https with {'store': , 'location_class': , 'store_entry': 'swift'} {{(pid=99585) register_scheme_map /opt/stack/data/venv/lib/python3.12/site-packages/glance_store/location.py:146}}
Jul 08 10:34:01.979193 np0000004811 devstack@g-api.service[99583]: DEBUG glance_store.location [-] Registering scheme swift with {'store': , 'location_class': , 'store_entry': 'swift'} {{(pid=99583) register_scheme_map /opt/stack/data/venv/lib/python3.12/site-packages/glance_store/location.py:146}}
Jul 08 10:34:01.979221 np0000004811 devstack@g-api.service[99584]: DEBUG glance_store.location [-] Registering scheme swift with {'store': , 'location_class': , 'store_entry': 'swift'} {{(pid=99584) register_scheme_map /opt/stack/data/venv/lib/python3.12/site-packages/glance_store/location.py:146}}
Jul 08 10:34:01.979248 np0000004811 devstack@g-api.service[99585]: DEBUG glance_store.location [-] Registering scheme swift with {'store': , 'location_class': , 'store_entry': 'swift'} {{(pid=99585) register_scheme_map /opt/stack/data/venv/lib/python3.12/site-packages/glance_store/location.py:146}}
Jul 08 10:34:01.979275 np0000004811 devstack@g-api.service[99583]: DEBUG glance_store.location [-] Registering scheme swift+http with {'store': , 'location_class': , 'store_entry': 'swift'} {{(pid=99583) register_scheme_map /opt/stack/data/venv/lib/python3.12/site-packages/glance_store/location.py:146}}
Jul 08 10:34:01.979303 np0000004811 devstack@g-api.service[99584]: DEBUG glance_store.location [-] Registering scheme swift+http with {'store': , 'location_class': , 'store_entry': 'swift'} {{(pid=99584) register_scheme_map /opt/stack/data/venv/lib/python3.12/site-packages/glance_store/location.py:146}}
Jul 08 10:34:01.979339 np0000004811 devstack@g-api.service[99583]: DEBUG glance_store.location [-] Registering scheme swift+config with {'store': , 'location_class': , 'store_entry': 'swift'} {{(pid=99583) register_scheme_map /opt/stack/data/venv/lib/python3.12/site-packages/glance_store/location.py:146}}
Jul 08 10:34:01.979372 np0000004811 devstack@g-api.service[99584]: DEBUG glance_store.location [-] Registering scheme swift+https with {'store': , 'location_class': , 'store_entry': 'swift'} {{(pid=99584) register_scheme_map /opt/stack/data/venv/lib/python3.12/site-packages/glance_store/location.py:146}}
Jul 08 10:34:01.979401 np0000004811 devstack@g-api.service[99585]: DEBUG glance_store.location [-] Registering scheme swift+http with {'store': , 'location_class': , 'store_entry': 'swift'} {{(pid=99585) register_scheme_map /opt/stack/data/venv/lib/python3.12/site-packages/glance_store/location.py:146}}
Jul 08 10:34:01.979433 np0000004811 devstack@g-api.service[99584]: DEBUG glance_store.location [-] Registering scheme swift with {'store': , 'location_class': , 'store_entry': 'swift'} {{(pid=99584) register_scheme_map /opt/stack/data/venv/lib/python3.12/site-packages/glance_store/location.py:146}}
Jul 08 10:34:01.979433 np0000004811 devstack@g-api.service[99584]: DEBUG glance_store.location [-] Registering scheme swift+http with {'store': , 'location_class': , 'store_entry': 'swift'} {{(pid=99584) register_scheme_map /opt/stack/data/venv/lib/python3.12/site-packages/glance_store/location.py:146}}
Jul 08 10:34:01.979490 np0000004811 devstack@g-api.service[99585]: DEBUG glance_store.location [-] Registering scheme swift+https with {'store': , 'location_class': , 'store_entry': 'swift'} {{(pid=99585) register_scheme_map /opt/stack/data/venv/lib/python3.12/site-packages/glance_store/location.py:146}}
Jul 08 10:34:01.979517 np0000004811 devstack@g-api.service[99584]: DEBUG glance_store.location [-] Registering scheme swift+config with {'store': , 'location_class': , 'store_entry': 'swift'} {{(pid=99584) register_scheme_map /opt/stack/data/venv/lib/python3.12/site-packages/glance_store/location.py:146}}
Jul 08 10:34:01.979549 np0000004811 devstack@g-api.service[99585]: DEBUG glance_store.location [-] Registering scheme swift with {'store': , 'location_class': , 'store_entry': 'swift'} {{(pid=99585) register_scheme_map /opt/stack/data/venv/lib/python3.12/site-packages/glance_store/location.py:146}}
Jul 08 10:34:01.979549 np0000004811 devstack@g-api.service[99585]: DEBUG glance_store.location [-] Registering scheme swift+http with {'store': , 'location_class': , 'store_entry': 'swift'} {{(pid=99585) register_scheme_map /opt/stack/data/venv/lib/python3.12/site-packages/glance_store/location.py:146}}
Jul 08 10:34:01.979598 np0000004811 devstack@g-api.service[99583]: DEBUG glance.sqlite_migration [-] SQLite caching database not located, skipping migration {{(pid=99583) get_db_path /opt/stack/glance/glance/sqlite_migration.py:68}}
Jul 08 10:34:01.979624 np0000004811 devstack@g-api.service[99585]: DEBUG glance_store.location [-] Registering scheme swift+config with {'store': , 'location_class': , 'store_entry': 'swift'} {{(pid=99585) register_scheme_map /opt/stack/data/venv/lib/python3.12/site-packages/glance_store/location.py:146}}
Jul 08 10:34:01.979657 np0000004811 devstack@g-api.service[99584]: DEBUG glance.sqlite_migration [-] SQLite caching database not located, skipping migration {{(pid=99584) get_db_path /opt/stack/glance/glance/sqlite_migration.py:68}}
Jul 08 10:34:01.979684 np0000004811 devstack@g-api.service[99583]: WARNING glance.common.wsgi_app [-] Import methods are enabled but staging directory /tmp/staging/ does not exist; Imports will fail!
Jul 08 10:34:01.979716 np0000004811 devstack@g-api.service[99585]: DEBUG glance.sqlite_migration [-] SQLite caching database not located, skipping migration {{(pid=99585) get_db_path /opt/stack/glance/glance/sqlite_migration.py:68}}
Jul 08 10:34:01.979742 np0000004811 devstack@g-api.service[99584]: WARNING glance.common.wsgi_app [-] Import methods are enabled but staging directory /tmp/staging/ does not exist; Imports will fail!
Jul 08 10:34:01.979770 np0000004811 devstack@g-api.service[99585]: WARNING glance.common.wsgi_app [-] Import methods are enabled but staging directory /tmp/staging/ does not exist; Imports will fail!
Jul 08 10:34:02.103280 np0000004811 devstack@g-api.service[99583]: DEBUG glance.common.config [None req-9cac1eaf-de66-4192-b07c-fee05b002ad2 None None] Loading glance-api-keystone+cachemanagement from /etc/glance/glance-api-paste.ini {{(pid=99583) load_paste_app /opt/stack/glance/glance/common/config.py:765}}
Jul 08 10:34:02.105674 np0000004811 devstack@g-api.service[99584]: DEBUG glance.common.config [None req-56ee8dc5-097d-4329-aaa7-006a8c295c9a None None] Loading glance-api-keystone+cachemanagement from /etc/glance/glance-api-paste.ini {{(pid=99584) load_paste_app /opt/stack/glance/glance/common/config.py:765}}
Jul 08 10:34:02.105939 np0000004811 devstack@g-api.service[99585]: DEBUG glance.common.config [None req-40490f28-09d5-4b62-b47b-f4622fd86724 None None] Loading glance-api-keystone+cachemanagement from /etc/glance/glance-api-paste.ini {{(pid=99585) load_paste_app /opt/stack/glance/glance/common/config.py:765}}
Jul 08 10:34:02.710020 np0000004811 devstack@g-api.service[99584]: INFO glance.image_cache [None req-56ee8dc5-097d-4329-aaa7-006a8c295c9a None None] Image cache loaded driver 'centralized_db'.
Jul 08 10:34:02.711331 np0000004811 devstack@g-api.service[99583]: INFO glance.image_cache [None req-9cac1eaf-de66-4192-b07c-fee05b002ad2 None None] Image cache loaded driver 'centralized_db'.
Jul 08 10:34:02.712560 np0000004811 devstack@g-api.service[99585]: INFO glance.image_cache [None req-40490f28-09d5-4b62-b47b-f4622fd86724 None None] Image cache loaded driver 'centralized_db'.
Jul 08 10:34:02.752676 np0000004811 devstack@g-api.service[99583]: INFO dbcounter [None req-9cac1eaf-de66-4192-b07c-fee05b002ad2 None None] Registered counter for database glance
Jul 08 10:34:02.752838 np0000004811 devstack@g-api.service[99584]: INFO dbcounter [None req-56ee8dc5-097d-4329-aaa7-006a8c295c9a None None] Registered counter for database glance
Jul 08 10:34:02.756567 np0000004811 devstack@g-api.service[99585]: INFO dbcounter [None req-40490f28-09d5-4b62-b47b-f4622fd86724 None None] Registered counter for database glance
Jul 08 10:34:02.789223 np0000004811 devstack@g-api.service[99584]: DEBUG oslo_db.sqlalchemy.engines [None req-56ee8dc5-097d-4329-aaa7-006a8c295c9a None None] MySQL server mode set to STRICT_TRANS_TABLES,STRICT_ALL_TABLES,NO_ZERO_IN_DATE,NO_ZERO_DATE,ERROR_FOR_DIVISION_BY_ZERO,TRADITIONAL,NO_ENGINE_SUBSTITUTION {{(pid=99584) _check_effective_sql_mode /opt/stack/data/venv/lib/python3.12/site-packages/oslo_db/sqlalchemy/engines.py:325}}
Jul 08 10:34:02.794631 np0000004811 devstack@g-api.service[99583]: DEBUG oslo_db.sqlalchemy.engines [None req-9cac1eaf-de66-4192-b07c-fee05b002ad2 None None] MySQL server mode set to STRICT_TRANS_TABLES,STRICT_ALL_TABLES,NO_ZERO_IN_DATE,NO_ZERO_DATE,ERROR_FOR_DIVISION_BY_ZERO,TRADITIONAL,NO_ENGINE_SUBSTITUTION {{(pid=99583) _check_effective_sql_mode /opt/stack/data/venv/lib/python3.12/site-packages/oslo_db/sqlalchemy/engines.py:325}}
Jul 08 10:34:02.799297 np0000004811 devstack@g-api.service[99585]: DEBUG oslo_db.sqlalchemy.engines [None req-40490f28-09d5-4b62-b47b-f4622fd86724 None None] MySQL server mode set to STRICT_TRANS_TABLES,STRICT_ALL_TABLES,NO_ZERO_IN_DATE,NO_ZERO_DATE,ERROR_FOR_DIVISION_BY_ZERO,TRADITIONAL,NO_ENGINE_SUBSTITUTION {{(pid=99585) _check_effective_sql_mode /opt/stack/data/venv/lib/python3.12/site-packages/oslo_db/sqlalchemy/engines.py:325}}
Jul 08 10:34:02.810819 np0000004811 devstack@g-api.service[99584]: DEBUG dbcounter [-] [99584] Writer thread running {{(pid=99584) stat_writer /opt/stack/data/venv/lib/python3.12/site-packages/dbcounter.py:102}}
Jul 08 10:34:02.822432 np0000004811 devstack@g-api.service[99583]: DEBUG dbcounter [-] [99583] Writer thread running {{(pid=99583) stat_writer /opt/stack/data/venv/lib/python3.12/site-packages/dbcounter.py:102}}
Jul 08 10:34:02.822649 np0000004811 devstack@g-api.service[99584]: INFO glance.image_cache [None req-56ee8dc5-097d-4329-aaa7-006a8c295c9a None None] Image cache loaded driver 'centralized_db'.
Jul 08 10:34:02.825189 np0000004811 devstack@g-api.service[99583]: DEBUG glance.image_cache.drivers.centralized_db [None req-9cac1eaf-de66-4192-b07c-fee05b002ad2 None None] Node reference is already recorded, ignoring it {{(pid=99583) configure /opt/stack/glance/glance/image_cache/drivers/centralized_db.py:71}}
Jul 08 10:34:02.826502 np0000004811 devstack@g-api.service[99585]: DEBUG dbcounter [-] [99585] Writer thread running {{(pid=99585) stat_writer /opt/stack/data/venv/lib/python3.12/site-packages/dbcounter.py:102}}
Jul 08 10:34:02.828924 np0000004811 devstack@g-api.service[99585]: DEBUG glance.image_cache.drivers.centralized_db [None req-40490f28-09d5-4b62-b47b-f4622fd86724 None None] Node reference is already recorded, ignoring it {{(pid=99585) configure /opt/stack/glance/glance/image_cache/drivers/centralized_db.py:71}}
Jul 08 10:34:02.833336 np0000004811 devstack@g-api.service[99583]: INFO glance.image_cache [None req-9cac1eaf-de66-4192-b07c-fee05b002ad2 None None] Image cache loaded driver 'centralized_db'.
Jul 08 10:34:02.837586 np0000004811 devstack@g-api.service[99585]: INFO glance.image_cache [None req-40490f28-09d5-4b62-b47b-f4622fd86724 None None] Image cache loaded driver 'centralized_db'.
Jul 08 10:34:02.919827 np0000004811 devstack@g-api.service[99584]: DEBUG glance.image_cache.drivers.centralized_db [None req-56ee8dc5-097d-4329-aaa7-006a8c295c9a None None] Node reference is already recorded, ignoring it {{(pid=99584) configure /opt/stack/glance/glance/image_cache/drivers/centralized_db.py:71}}
Jul 08 10:34:02.924572 np0000004811 devstack@g-api.service[99584]: DEBUG glance.api.v2.cached_images [None req-56ee8dc5-097d-4329-aaa7-006a8c295c9a None None] Started cache worker thread {{(pid=99584) __init__ /opt/stack/glance/glance/api/v2/cached_images.py:71}}
Jul 08 10:34:02.925195 np0000004811 devstack@g-api.service[99584]: INFO glance.image_cache [None req-56ee8dc5-097d-4329-aaa7-006a8c295c9a None None] Image cache loaded driver 'centralized_db'.
Jul 08 10:34:02.932068 np0000004811 devstack@g-api.service[99584]: DEBUG glance.image_cache.drivers.centralized_db [None req-56ee8dc5-097d-4329-aaa7-006a8c295c9a None None] Node reference is already recorded, ignoring it {{(pid=99584) configure /opt/stack/glance/glance/image_cache/drivers/centralized_db.py:71}}
Jul 08 10:34:02.936640 np0000004811 devstack@g-api.service[99584]: INFO glance.api.middleware.cache_manage [None req-56ee8dc5-097d-4329-aaa7-006a8c295c9a None None] Initialized image cache management middleware
Jul 08 10:34:02.936788 np0000004811 devstack@g-api.service[99584]: INFO glance.image_cache [None req-56ee8dc5-097d-4329-aaa7-006a8c295c9a None None] Image cache loaded driver 'centralized_db'.
Jul 08 10:34:02.940043 np0000004811 devstack@g-api.service[99585]: DEBUG glance.image_cache.drivers.centralized_db [None req-40490f28-09d5-4b62-b47b-f4622fd86724 None None] Node reference is already recorded, ignoring it {{(pid=99585) configure /opt/stack/glance/glance/image_cache/drivers/centralized_db.py:71}}
Jul 08 10:34:02.941636 np0000004811 devstack@g-api.service[99583]: DEBUG glance.image_cache.drivers.centralized_db [None req-9cac1eaf-de66-4192-b07c-fee05b002ad2 None None] Node reference is already recorded, ignoring it {{(pid=99583) configure /opt/stack/glance/glance/image_cache/drivers/centralized_db.py:71}}
Jul 08 10:34:02.943687 np0000004811 devstack@g-api.service[99584]: DEBUG glance.image_cache.drivers.centralized_db [None req-56ee8dc5-097d-4329-aaa7-006a8c295c9a None None] Node reference is already recorded, ignoring it {{(pid=99584) configure /opt/stack/glance/glance/image_cache/drivers/centralized_db.py:71}}
Jul 08 10:34:02.944953 np0000004811 devstack@g-api.service[99585]: DEBUG glance.api.v2.cached_images [None req-40490f28-09d5-4b62-b47b-f4622fd86724 None None] Started cache worker thread {{(pid=99585) __init__ /opt/stack/glance/glance/api/v2/cached_images.py:71}}
Jul 08 10:34:02.945608 np0000004811 devstack@g-api.service[99585]: INFO glance.image_cache [None req-40490f28-09d5-4b62-b47b-f4622fd86724 None None] Image cache loaded driver 'centralized_db'.
Jul 08 10:34:02.946570 np0000004811 devstack@g-api.service[99583]: DEBUG glance.api.v2.cached_images [None req-9cac1eaf-de66-4192-b07c-fee05b002ad2 None None] Started cache worker thread {{(pid=99583) __init__ /opt/stack/glance/glance/api/v2/cached_images.py:71}}
Jul 08 10:34:02.947226 np0000004811 devstack@g-api.service[99583]: INFO glance.image_cache [None req-9cac1eaf-de66-4192-b07c-fee05b002ad2 None None] Image cache loaded driver 'centralized_db'.
Jul 08 10:34:02.947283 np0000004811 devstack@g-api.service[99584]: INFO glance.api.middleware.cache [None req-56ee8dc5-097d-4329-aaa7-006a8c295c9a None None] Initialized image cache middleware
Jul 08 10:34:02.954406 np0000004811 devstack@g-api.service[99585]: DEBUG glance.image_cache.drivers.centralized_db [None req-40490f28-09d5-4b62-b47b-f4622fd86724 None None] Node reference is already recorded, ignoring it {{(pid=99585) configure /opt/stack/glance/glance/image_cache/drivers/centralized_db.py:71}}
Jul 08 10:34:02.954943 np0000004811 devstack@g-api.service[99583]: DEBUG glance.image_cache.drivers.centralized_db [None req-9cac1eaf-de66-4192-b07c-fee05b002ad2 None None] Node reference is already recorded, ignoring it {{(pid=99583) configure /opt/stack/glance/glance/image_cache/drivers/centralized_db.py:71}}
Jul 08 10:34:02.960001 np0000004811 devstack@g-api.service[99583]: INFO glance.api.middleware.cache_manage [None req-9cac1eaf-de66-4192-b07c-fee05b002ad2 None None] Initialized image cache management middleware
Jul 08 10:34:02.960151 np0000004811 devstack@g-api.service[99584]: DEBUG glance.common.config [None req-56ee8dc5-097d-4329-aaa7-006a8c295c9a None None] ******************************************************************************** {{(pid=99584) log_opt_values /opt/stack/data/venv/lib/python3.12/site-packages/oslo_config/cfg.py:3226}}
Jul 08 10:34:02.960211 np0000004811 devstack@g-api.service[99585]: INFO glance.api.middleware.cache_manage [None req-40490f28-09d5-4b62-b47b-f4622fd86724 None None] Initialized image cache management middleware
Jul 08 10:34:02.960249 np0000004811 devstack@g-api.service[99584]: DEBUG glance.common.config [None req-56ee8dc5-097d-4329-aaa7-006a8c295c9a None None] Configuration options gathered from: {{(pid=99584) log_opt_values /opt/stack/data/venv/lib/python3.12/site-packages/oslo_config/cfg.py:3227}}
Jul 08 10:34:02.960276 np0000004811 devstack@g-api.service[99583]: INFO glance.image_cache [None req-9cac1eaf-de66-4192-b07c-fee05b002ad2 None None] Image cache loaded driver 'centralized_db'.
Jul 08 10:34:02.960305 np0000004811 devstack@g-api.service[99585]: INFO glance.image_cache [None req-40490f28-09d5-4b62-b47b-f4622fd86724 None None] Image cache loaded driver 'centralized_db'.
Jul 08 10:34:02.960370 np0000004811 devstack@g-api.service[99584]: DEBUG glance.common.config [None req-56ee8dc5-097d-4329-aaa7-006a8c295c9a None None] command line args: [] {{(pid=99584) log_opt_values /opt/stack/data/venv/lib/python3.12/site-packages/oslo_config/cfg.py:3228}}
Jul 08 10:34:02.960520 np0000004811 devstack@g-api.service[99584]: DEBUG glance.common.config [None req-56ee8dc5-097d-4329-aaa7-006a8c295c9a None None] config files: ['/etc/glance/glance-image-import.conf', '/etc/glance/glance-api.conf'] {{(pid=99584) log_opt_values /opt/stack/data/venv/lib/python3.12/site-packages/oslo_config/cfg.py:3229}}
Jul 08 10:34:02.960599 np0000004811 devstack@g-api.service[99584]: DEBUG glance.common.config [None req-56ee8dc5-097d-4329-aaa7-006a8c295c9a None None] ================================================================================ {{(pid=99584) log_opt_values /opt/stack/data/venv/lib/python3.12/site-packages/oslo_config/cfg.py:3234}}
Jul 08 10:34:02.960734 np0000004811 devstack@g-api.service[99584]: DEBUG glance.common.config [None req-56ee8dc5-097d-4329-aaa7-006a8c295c9a None None] allow_anonymous_access = False {{(pid=99584) log_opt_values /opt/stack/data/venv/lib/python3.12/site-packages/oslo_config/cfg.py:3242}}
Jul 08 10:34:02.960835 np0000004811 devstack@g-api.service[99584]: DEBUG glance.common.config [None req-56ee8dc5-097d-4329-aaa7-006a8c295c9a None None] api_limit_max = 1000 {{(pid=99584) log_opt_values /opt/stack/data/venv/lib/python3.12/site-packages/oslo_config/cfg.py:3242}}
Jul 08 10:34:02.960932 np0000004811 devstack@g-api.service[99584]: DEBUG glance.common.config [None req-56ee8dc5-097d-4329-aaa7-006a8c295c9a None None] config_dir = [] {{(pid=99584) log_opt_values /opt/stack/data/venv/lib/python3.12/site-packages/oslo_config/cfg.py:3242}}
Jul 08 10:34:02.961005 np0000004811 devstack@g-api.service[99584]: DEBUG glance.common.config [None req-56ee8dc5-097d-4329-aaa7-006a8c295c9a None None] config_file = ['/etc/glance/glance-image-import.conf', '/etc/glance/glance-api.conf'] {{(pid=99584) log_opt_values /opt/stack/data/venv/lib/python3.12/site-packages/oslo_config/cfg.py:3242}}
Jul 08 10:34:02.961153 np0000004811 devstack@g-api.service[99584]: DEBUG glance.common.config [None req-56ee8dc5-097d-4329-aaa7-006a8c295c9a None None] config_source = [] {{(pid=99584) log_opt_values /opt/stack/data/venv/lib/python3.12/site-packages/oslo_config/cfg.py:3242}}
Jul 08 10:34:02.961254 np0000004811 devstack@g-api.service[99584]: DEBUG glance.common.config [None req-56ee8dc5-097d-4329-aaa7-006a8c295c9a None None] control_exchange = glance {{(pid=99584) log_opt_values /opt/stack/data/venv/lib/python3.12/site-packages/oslo_config/cfg.py:3242}}
Jul 08 10:34:02.961323 np0000004811 devstack@g-api.service[99584]: DEBUG glance.common.config [None req-56ee8dc5-097d-4329-aaa7-006a8c295c9a None None] debug = True {{(pid=99584) log_opt_values /opt/stack/data/venv/lib/python3.12/site-packages/oslo_config/cfg.py:3242}}
Jul 08 10:34:02.961505 np0000004811 devstack@g-api.service[99584]: DEBUG glance.common.config [None req-56ee8dc5-097d-4329-aaa7-006a8c295c9a None None] default_log_levels = ['amqp=WARN', 'boto=WARN', 'sqlalchemy=WARN', 'suds=INFO', 'oslo.messaging=INFO', 'oslo_messaging=INFO', 'iso8601=WARN', 'requests.packages.urllib3.connectionpool=WARN', 'urllib3.connectionpool=WARN', 'websocket=WARN', 'requests.packages.urllib3.util.retry=WARN', 'urllib3.util.retry=WARN', 'keystonemiddleware=WARN', 'routes.middleware=WARN', 'stevedore=WARN', 'taskflow=WARN', 'keystoneauth=WARN', 'oslo.cache=INFO', 'oslo_policy=INFO', 'dogpile.core.dogpile=INFO'] {{(pid=99584) log_opt_values /opt/stack/data/venv/lib/python3.12/site-packages/oslo_config/cfg.py:3242}}
Jul 08 10:34:02.961589 np0000004811 devstack@g-api.service[99584]: DEBUG glance.common.config [None req-56ee8dc5-097d-4329-aaa7-006a8c295c9a None None] default_publisher_id = image.localhost {{(pid=99584) log_opt_values /opt/stack/data/venv/lib/python3.12/site-packages/oslo_config/cfg.py:3242}}
Jul 08 10:34:02.961675 np0000004811 devstack@g-api.service[99584]: DEBUG glance.common.config [None req-56ee8dc5-097d-4329-aaa7-006a8c295c9a None None] delayed_delete = False {{(pid=99584) log_opt_values /opt/stack/data/venv/lib/python3.12/site-packages/oslo_config/cfg.py:3242}}
Jul 08 10:34:02.961786 np0000004811 devstack@g-api.service[99584]: DEBUG glance.common.config [None req-56ee8dc5-097d-4329-aaa7-006a8c295c9a None None] digest_algorithm = sha256 {{(pid=99584) log_opt_values /opt/stack/data/venv/lib/python3.12/site-packages/oslo_config/cfg.py:3242}}
Jul 08 10:34:02.961881 np0000004811 devstack@g-api.service[99584]: DEBUG glance.common.config [None req-56ee8dc5-097d-4329-aaa7-006a8c295c9a None None] disabled_notifications = [] {{(pid=99584) log_opt_values /opt/stack/data/venv/lib/python3.12/site-packages/oslo_config/cfg.py:3242}}
Jul 08 10:34:02.961979 np0000004811 devstack@g-api.service[99584]: DEBUG glance.common.config [None req-56ee8dc5-097d-4329-aaa7-006a8c295c9a None None] do_secure_hash = True {{(pid=99584) log_opt_values /opt/stack/data/venv/lib/python3.12/site-packages/oslo_config/cfg.py:3242}}
Jul 08 10:34:02.962075 np0000004811 devstack@g-api.service[99584]: DEBUG glance.common.config [None req-56ee8dc5-097d-4329-aaa7-006a8c295c9a None None] enabled_backends = None {{(pid=99584) log_opt_values /opt/stack/data/venv/lib/python3.12/site-packages/oslo_config/cfg.py:3242}}
Jul 08 10:34:02.962183 np0000004811 devstack@g-api.service[99584]: DEBUG glance.common.config [None req-56ee8dc5-097d-4329-aaa7-006a8c295c9a None None] enabled_import_methods = ['glance-direct', 'web-download', 'copy-image'] {{(pid=99584) log_opt_values /opt/stack/data/venv/lib/python3.12/site-packages/oslo_config/cfg.py:3242}}
Jul 08 10:34:02.962300 np0000004811 devstack@g-api.service[99584]: DEBUG glance.common.config [None req-56ee8dc5-097d-4329-aaa7-006a8c295c9a None None] fatal_deprecations = False {{(pid=99584) log_opt_values /opt/stack/data/venv/lib/python3.12/site-packages/oslo_config/cfg.py:3242}}
Jul 08 10:34:02.962435 np0000004811 devstack@g-api.service[99584]: DEBUG glance.common.config [None req-56ee8dc5-097d-4329-aaa7-006a8c295c9a None None] hashing_algorithm = sha512 {{(pid=99584) log_opt_values /opt/stack/data/venv/lib/python3.12/site-packages/oslo_config/cfg.py:3242}}
Jul 08 10:34:02.962554 np0000004811 devstack@g-api.service[99584]: DEBUG glance.common.config [None req-56ee8dc5-097d-4329-aaa7-006a8c295c9a None None] http_retries = 3 {{(pid=99584) log_opt_values /opt/stack/data/venv/lib/python3.12/site-packages/oslo_config/cfg.py:3242}}
Jul 08 10:34:02.962652 np0000004811 devstack@g-api.service[99584]: DEBUG glance.common.config [None req-56ee8dc5-097d-4329-aaa7-006a8c295c9a None None] image_cache_dir = /opt/stack/data/glance/cache/ {{(pid=99584) log_opt_values /opt/stack/data/venv/lib/python3.12/site-packages/oslo_config/cfg.py:3242}}
Jul 08 10:34:02.962767 np0000004811 devstack@g-api.service[99584]: DEBUG glance.common.config [None req-56ee8dc5-097d-4329-aaa7-006a8c295c9a None None] image_cache_driver = centralized_db {{(pid=99584) log_opt_values /opt/stack/data/venv/lib/python3.12/site-packages/oslo_config/cfg.py:3242}}
Jul 08 10:34:02.962864 np0000004811 devstack@g-api.service[99584]: DEBUG glance.common.config [None req-56ee8dc5-097d-4329-aaa7-006a8c295c9a None None] image_cache_max_size = 10737418240 {{(pid=99584) log_opt_values /opt/stack/data/venv/lib/python3.12/site-packages/oslo_config/cfg.py:3242}}
Jul 08 10:34:02.962958 np0000004811 devstack@g-api.service[99584]: DEBUG glance.common.config [None req-56ee8dc5-097d-4329-aaa7-006a8c295c9a None None] image_cache_sqlite_db = cache.db {{(pid=99584) log_opt_values /opt/stack/data/venv/lib/python3.12/site-packages/oslo_config/cfg.py:3242}}
Jul 08 10:34:02.963104 np0000004811 devstack@g-api.service[99584]: DEBUG glance.common.config [None req-56ee8dc5-097d-4329-aaa7-006a8c295c9a None None] image_cache_stall_time = 86400 {{(pid=99584) log_opt_values /opt/stack/data/venv/lib/python3.12/site-packages/oslo_config/cfg.py:3242}}
Jul 08 10:34:02.963203 np0000004811 devstack@g-api.service[99584]: DEBUG glance.common.config [None req-56ee8dc5-097d-4329-aaa7-006a8c295c9a None None] image_location_quota = 10 {{(pid=99584) log_opt_values /opt/stack/data/venv/lib/python3.12/site-packages/oslo_config/cfg.py:3242}}
Jul 08 10:34:02.963289 np0000004811 devstack@g-api.service[99584]: DEBUG glance.common.config [None req-56ee8dc5-097d-4329-aaa7-006a8c295c9a None None] image_member_quota = 128 {{(pid=99584) log_opt_values /opt/stack/data/venv/lib/python3.12/site-packages/oslo_config/cfg.py:3242}}
Jul 08 10:34:02.963374 np0000004811 devstack@g-api.service[99584]: DEBUG glance.common.config [None req-56ee8dc5-097d-4329-aaa7-006a8c295c9a None None] image_property_quota = 128 {{(pid=99584) log_opt_values /opt/stack/data/venv/lib/python3.12/site-packages/oslo_config/cfg.py:3242}}
Jul 08 10:34:02.963462 np0000004811 devstack@g-api.service[99584]: DEBUG glance.common.config [None req-56ee8dc5-097d-4329-aaa7-006a8c295c9a None None] image_size_cap = 1099511627776 {{(pid=99584) log_opt_values /opt/stack/data/venv/lib/python3.12/site-packages/oslo_config/cfg.py:3242}}
Jul 08 10:34:02.963560 np0000004811 devstack@g-api.service[99584]: DEBUG glance.common.config [None req-56ee8dc5-097d-4329-aaa7-006a8c295c9a None None] image_tag_quota = 128 {{(pid=99584) log_opt_values /opt/stack/data/venv/lib/python3.12/site-packages/oslo_config/cfg.py:3242}}
Jul 08 10:34:02.963652 np0000004811 devstack@g-api.service[99584]: DEBUG glance.common.config [None req-56ee8dc5-097d-4329-aaa7-006a8c295c9a None None] instance_format = [instance: %(uuid)s] {{(pid=99584) log_opt_values /opt/stack/data/venv/lib/python3.12/site-packages/oslo_config/cfg.py:3242}}
Jul 08 10:34:02.963745 np0000004811 devstack@g-api.service[99584]: DEBUG glance.common.config [None req-56ee8dc5-097d-4329-aaa7-006a8c295c9a None None] instance_uuid_format = [instance: %(uuid)s] {{(pid=99584) log_opt_values /opt/stack/data/venv/lib/python3.12/site-packages/oslo_config/cfg.py:3242}}
Jul 08 10:34:02.963856 np0000004811 devstack@g-api.service[99584]: DEBUG glance.common.config [None req-56ee8dc5-097d-4329-aaa7-006a8c295c9a None None] limit_param_default = 25 {{(pid=99584) log_opt_values /opt/stack/data/venv/lib/python3.12/site-packages/oslo_config/cfg.py:3242}}
Jul 08 10:34:02.963954 np0000004811 devstack@g-api.service[99584]: DEBUG glance.common.config [None req-56ee8dc5-097d-4329-aaa7-006a8c295c9a None None] log_color = False {{(pid=99584) log_opt_values /opt/stack/data/venv/lib/python3.12/site-packages/oslo_config/cfg.py:3242}}
Jul 08 10:34:02.964061 np0000004811 devstack@g-api.service[99584]: DEBUG glance.common.config [None req-56ee8dc5-097d-4329-aaa7-006a8c295c9a None None] log_config_append = None {{(pid=99584) log_opt_values /opt/stack/data/venv/lib/python3.12/site-packages/oslo_config/cfg.py:3242}}
Jul 08 10:34:02.964164 np0000004811 devstack@g-api.service[99584]: DEBUG glance.common.config [None req-56ee8dc5-097d-4329-aaa7-006a8c295c9a None None] log_date_format = %Y-%m-%d %H:%M:%S {{(pid=99584) log_opt_values /opt/stack/data/venv/lib/python3.12/site-packages/oslo_config/cfg.py:3242}}
Jul 08 10:34:02.964252 np0000004811 devstack@g-api.service[99584]: DEBUG glance.common.config [None req-56ee8dc5-097d-4329-aaa7-006a8c295c9a None None] log_dir = None {{(pid=99584) log_opt_values /opt/stack/data/venv/lib/python3.12/site-packages/oslo_config/cfg.py:3242}}
Jul 08 10:34:02.964354 np0000004811 devstack@g-api.service[99584]: DEBUG glance.common.config [None req-56ee8dc5-097d-4329-aaa7-006a8c295c9a None None] log_file = None {{(pid=99584) log_opt_values /opt/stack/data/venv/lib/python3.12/site-packages/oslo_config/cfg.py:3242}}
Jul 08 10:34:02.964479 np0000004811 devstack@g-api.service[99584]: DEBUG glance.common.config [None req-56ee8dc5-097d-4329-aaa7-006a8c295c9a None None] log_rotate_interval = 1 {{(pid=99584) log_opt_values /opt/stack/data/venv/lib/python3.12/site-packages/oslo_config/cfg.py:3242}}
Jul 08 10:34:02.964569 np0000004811 devstack@g-api.service[99584]: DEBUG glance.common.config [None req-56ee8dc5-097d-4329-aaa7-006a8c295c9a None None] log_rotate_interval_type = days {{(pid=99584) log_opt_values /opt/stack/data/venv/lib/python3.12/site-packages/oslo_config/cfg.py:3242}}
Jul 08 10:34:02.964661 np0000004811 devstack@g-api.service[99584]: DEBUG glance.common.config [None req-56ee8dc5-097d-4329-aaa7-006a8c295c9a None None] log_rotation_type = none {{(pid=99584) log_opt_values /opt/stack/data/venv/lib/python3.12/site-packages/oslo_config/cfg.py:3242}}
Jul 08 10:34:02.964752 np0000004811 devstack@g-api.service[99584]: DEBUG glance.common.config [None req-56ee8dc5-097d-4329-aaa7-006a8c295c9a None None] logging_context_format_string = %(color)s%(levelname)s %(name)s [%(global_request_id)s %(request_id)s %(project_name)s %(user_name)s%(color)s] %(instance)s%(color)s%(message)s {{(pid=99584) log_opt_values /opt/stack/data/venv/lib/python3.12/site-packages/oslo_config/cfg.py:3242}}
Jul 08 10:34:02.964847 np0000004811 devstack@g-api.service[99584]: DEBUG glance.common.config [None req-56ee8dc5-097d-4329-aaa7-006a8c295c9a None None] logging_debug_format_suffix = {{(pid=%(process)d) %(funcName)s %(pathname)s:%(lineno)d}} {{(pid=99584) log_opt_values /opt/stack/data/venv/lib/python3.12/site-packages/oslo_config/cfg.py:3242}}
Jul 08 10:34:02.964960 np0000004811 devstack@g-api.service[99584]: DEBUG glance.common.config [None req-56ee8dc5-097d-4329-aaa7-006a8c295c9a None None] logging_default_format_string = %(color)s%(levelname)s %(name)s [-%(color)s] %(instance)s%(color)s%(message)s {{(pid=99584) log_opt_values /opt/stack/data/venv/lib/python3.12/site-packages/oslo_config/cfg.py:3242}}
Jul 08 10:34:02.965088 np0000004811 devstack@g-api.service[99584]: DEBUG glance.common.config [None req-56ee8dc5-097d-4329-aaa7-006a8c295c9a None None] logging_exception_prefix = ERROR %(name)s %(instance)s {{(pid=99584) log_opt_values /opt/stack/data/venv/lib/python3.12/site-packages/oslo_config/cfg.py:3242}}
Jul 08 10:34:02.965162 np0000004811 devstack@g-api.service[99584]: DEBUG glance.common.config [None req-56ee8dc5-097d-4329-aaa7-006a8c295c9a None None] logging_user_identity_format = %(user)s %(project)s %(domain)s %(system_scope)s %(user_domain)s %(project_domain)s {{(pid=99584) log_opt_values /opt/stack/data/venv/lib/python3.12/site-packages/oslo_config/cfg.py:3242}}
Jul 08 10:34:02.965256 np0000004811 devstack@g-api.service[99584]: DEBUG glance.common.config [None req-56ee8dc5-097d-4329-aaa7-006a8c295c9a None None] max_logfile_count = 30 {{(pid=99584) log_opt_values /opt/stack/data/venv/lib/python3.12/site-packages/oslo_config/cfg.py:3242}}
Jul 08 10:34:02.965345 np0000004811 devstack@g-api.service[99584]: DEBUG glance.common.config [None req-56ee8dc5-097d-4329-aaa7-006a8c295c9a None None] max_logfile_size_mb = 200 {{(pid=99584) log_opt_values /opt/stack/data/venv/lib/python3.12/site-packages/oslo_config/cfg.py:3242}}
Jul 08 10:34:02.965429 np0000004811 devstack@g-api.service[99584]: DEBUG glance.common.config [None req-56ee8dc5-097d-4329-aaa7-006a8c295c9a None None] max_request_id_length = 64 {{(pid=99584) log_opt_values /opt/stack/data/venv/lib/python3.12/site-packages/oslo_config/cfg.py:3242}}
Jul 08 10:34:02.965541 np0000004811 devstack@g-api.service[99584]: DEBUG glance.common.config [None req-56ee8dc5-097d-4329-aaa7-006a8c295c9a None None] metadata_encryption_key = **** {{(pid=99584) log_opt_values /opt/stack/data/venv/lib/python3.12/site-packages/oslo_config/cfg.py:3242}}
Jul 08 10:34:02.965636 np0000004811 devstack@g-api.service[99584]: DEBUG glance.common.config [None req-56ee8dc5-097d-4329-aaa7-006a8c295c9a None None] node_staging_uri = file:///tmp/staging/ {{(pid=99584) log_opt_values /opt/stack/data/venv/lib/python3.12/site-packages/oslo_config/cfg.py:3242}}
Jul 08 10:34:02.965743 np0000004811 devstack@g-api.service[99584]: DEBUG glance.common.config [None req-56ee8dc5-097d-4329-aaa7-006a8c295c9a None None] property_protection_file = None {{(pid=99584) log_opt_values /opt/stack/data/venv/lib/python3.12/site-packages/oslo_config/cfg.py:3242}}
Jul 08 10:34:02.965861 np0000004811 devstack@g-api.service[99584]: DEBUG glance.common.config [None req-56ee8dc5-097d-4329-aaa7-006a8c295c9a None None] property_protection_rule_format = roles {{(pid=99584) log_opt_values /opt/stack/data/venv/lib/python3.12/site-packages/oslo_config/cfg.py:3242}}
Jul 08 10:34:02.965964 np0000004811 devstack@g-api.service[99584]: DEBUG glance.common.config [None req-56ee8dc5-097d-4329-aaa7-006a8c295c9a None None] public_endpoint = https://10.4.3.8/image {{(pid=99584) log_opt_values /opt/stack/data/venv/lib/python3.12/site-packages/oslo_config/cfg.py:3242}}
Jul 08 10:34:02.966114 np0000004811 devstack@g-api.service[99584]: DEBUG glance.common.config [None req-56ee8dc5-097d-4329-aaa7-006a8c295c9a None None] publish_errors = False {{(pid=99584) log_opt_values /opt/stack/data/venv/lib/python3.12/site-packages/oslo_config/cfg.py:3242}}
Jul 08 10:34:02.966671 np0000004811 devstack@g-api.service[99584]: DEBUG glance.common.config [None req-56ee8dc5-097d-4329-aaa7-006a8c295c9a None None] pydev_worker_debug_host = None {{(pid=99584) log_opt_values /opt/stack/data/venv/lib/python3.12/site-packages/oslo_config/cfg.py:3242}}
Jul 08 10:34:02.966671 np0000004811 devstack@g-api.service[99584]: DEBUG glance.common.config [None req-56ee8dc5-097d-4329-aaa7-006a8c295c9a None None] pydev_worker_debug_port = 5678 {{(pid=99584) log_opt_values /opt/stack/data/venv/lib/python3.12/site-packages/oslo_config/cfg.py:3242}}
Jul 08 10:34:02.966671 np0000004811 devstack@g-api.service[99584]: DEBUG glance.common.config [None req-56ee8dc5-097d-4329-aaa7-006a8c295c9a None None] rate_limit_burst = 0 {{(pid=99584) log_opt_values /opt/stack/data/venv/lib/python3.12/site-packages/oslo_config/cfg.py:3242}}
Jul 08 10:34:02.966671 np0000004811 devstack@g-api.service[99584]: DEBUG glance.common.config [None req-56ee8dc5-097d-4329-aaa7-006a8c295c9a None None] rate_limit_except_level = CRITICAL {{(pid=99584) log_opt_values /opt/stack/data/venv/lib/python3.12/site-packages/oslo_config/cfg.py:3242}}
Jul 08 10:34:02.966671 np0000004811 devstack@g-api.service[99584]: DEBUG glance.common.config [None req-56ee8dc5-097d-4329-aaa7-006a8c295c9a None None] rate_limit_interval = 0 {{(pid=99584) log_opt_values /opt/stack/data/venv/lib/python3.12/site-packages/oslo_config/cfg.py:3242}}
Jul 08 10:34:02.966894 np0000004811 devstack@g-api.service[99584]: DEBUG glance.common.config [None req-56ee8dc5-097d-4329-aaa7-006a8c295c9a None None] scrub_pool_size = 1 {{(pid=99584) log_opt_values /opt/stack/data/venv/lib/python3.12/site-packages/oslo_config/cfg.py:3242}}
Jul 08 10:34:02.966894 np0000004811 devstack@g-api.service[99584]: DEBUG glance.common.config [None req-56ee8dc5-097d-4329-aaa7-006a8c295c9a None None] scrub_time = 0 {{(pid=99584) log_opt_values /opt/stack/data/venv/lib/python3.12/site-packages/oslo_config/cfg.py:3242}}
Jul 08 10:34:02.967006 np0000004811 devstack@g-api.service[99584]: DEBUG glance.common.config [None req-56ee8dc5-097d-4329-aaa7-006a8c295c9a None None] shell_completion = None {{(pid=99584) log_opt_values /opt/stack/data/venv/lib/python3.12/site-packages/oslo_config/cfg.py:3242}}
Jul 08 10:34:02.967141 np0000004811 devstack@g-api.service[99584]: DEBUG glance.common.config [None req-56ee8dc5-097d-4329-aaa7-006a8c295c9a None None] show_image_direct_url = False {{(pid=99584) log_opt_values /opt/stack/data/venv/lib/python3.12/site-packages/oslo_config/cfg.py:3242}}
Jul 08 10:34:02.967363 np0000004811 devstack@g-api.service[99584]: WARNING oslo_config.cfg [None req-56ee8dc5-097d-4329-aaa7-006a8c295c9a None None] Deprecated: Option "show_multiple_locations" from group "DEFAULT" is deprecated for removal (Use of this option, deprecated since Newton, is a security risk and will be removed once we figure out a way to satisfy those use cases that currently require it. An earlier announcement that the same functionality can be achieved with greater granularity by using policies is incorrect. You cannot work around this option via policy configuration at the present time, though that is the direction we believe the fix will take. Please keep an eye on the Glance release notes to stay up to date on progress in addressing this issue.). Its value may be silently ignored in the future.
Jul 08 10:34:02.967463 np0000004811 devstack@g-api.service[99584]: DEBUG glance.common.config [None req-56ee8dc5-097d-4329-aaa7-006a8c295c9a None None] show_multiple_locations = False {{(pid=99584) log_opt_values /opt/stack/data/venv/lib/python3.12/site-packages/oslo_config/cfg.py:3242}}
Jul 08 10:34:02.967589 np0000004811 devstack@g-api.service[99584]: DEBUG glance.common.config [None req-56ee8dc5-097d-4329-aaa7-006a8c295c9a None None] syslog_log_facility = LOG_USER {{(pid=99584) log_opt_values /opt/stack/data/venv/lib/python3.12/site-packages/oslo_config/cfg.py:3242}}
Jul 08 10:34:02.967665 np0000004811 devstack@g-api.service[99584]: DEBUG glance.common.config [None req-56ee8dc5-097d-4329-aaa7-006a8c295c9a None None] transport_url = **** {{(pid=99584) log_opt_values /opt/stack/data/venv/lib/python3.12/site-packages/oslo_config/cfg.py:3242}}
Jul 08 10:34:02.967752 np0000004811 devstack@g-api.service[99584]: DEBUG glance.common.config [None req-56ee8dc5-097d-4329-aaa7-006a8c295c9a None None] use_journal = False {{(pid=99584) log_opt_values /opt/stack/data/venv/lib/python3.12/site-packages/oslo_config/cfg.py:3242}}
Jul 08 10:34:02.967885 np0000004811 devstack@g-api.service[99584]: DEBUG glance.common.config [None req-56ee8dc5-097d-4329-aaa7-006a8c295c9a None None] use_json = False {{(pid=99584) log_opt_values /opt/stack/data/venv/lib/python3.12/site-packages/oslo_config/cfg.py:3242}}
Jul 08 10:34:02.968028 np0000004811 devstack@g-api.service[99584]: DEBUG glance.common.config [None req-56ee8dc5-097d-4329-aaa7-006a8c295c9a None None] use_keystone_limits = True {{(pid=99584) log_opt_values /opt/stack/data/venv/lib/python3.12/site-packages/oslo_config/cfg.py:3242}}
Jul 08 10:34:02.968151 np0000004811 devstack@g-api.service[99584]: DEBUG glance.common.config [None req-56ee8dc5-097d-4329-aaa7-006a8c295c9a None None] use_stderr = False {{(pid=99584) log_opt_values /opt/stack/data/venv/lib/python3.12/site-packages/oslo_config/cfg.py:3242}}
Jul 08 10:34:02.968249 np0000004811 devstack@g-api.service[99584]: DEBUG glance.common.config [None req-56ee8dc5-097d-4329-aaa7-006a8c295c9a None None] use_syslog = False {{(pid=99584) log_opt_values /opt/stack/data/venv/lib/python3.12/site-packages/oslo_config/cfg.py:3242}}
Jul 08 10:34:02.968398 np0000004811 devstack@g-api.service[99584]: DEBUG glance.common.config [None req-56ee8dc5-097d-4329-aaa7-006a8c295c9a None None] user_storage_quota = 0 {{(pid=99584) log_opt_values /opt/stack/data/venv/lib/python3.12/site-packages/oslo_config/cfg.py:3242}}
Jul 08 10:34:02.968505 np0000004811 devstack@g-api.service[99584]: DEBUG glance.common.config [None req-56ee8dc5-097d-4329-aaa7-006a8c295c9a None None] worker_self_reference_url = http://127.0.0.1:60999 {{(pid=99584) log_opt_values /opt/stack/data/venv/lib/python3.12/site-packages/oslo_config/cfg.py:3242}}
Jul 08 10:34:02.968659 np0000004811 devstack@g-api.service[99584]: DEBUG glance.common.config [None req-56ee8dc5-097d-4329-aaa7-006a8c295c9a None None] oslo_concurrency.disable_process_locking = False {{(pid=99584) log_opt_values /opt/stack/data/venv/lib/python3.12/site-packages/oslo_config/cfg.py:3253}}
Jul 08 10:34:02.968731 np0000004811 devstack@g-api.service[99583]: DEBUG glance.image_cache.drivers.centralized_db [None req-9cac1eaf-de66-4192-b07c-fee05b002ad2 None None] Node reference is already recorded, ignoring it {{(pid=99583) configure /opt/stack/glance/glance/image_cache/drivers/centralized_db.py:71}}
Jul 08 10:34:02.968802 np0000004811 devstack@g-api.service[99584]: DEBUG glance.common.config [None req-56ee8dc5-097d-4329-aaa7-006a8c295c9a None None] oslo_concurrency.lock_path = /opt/stack/data/glance/locks {{(pid=99584) log_opt_values /opt/stack/data/venv/lib/python3.12/site-packages/oslo_config/cfg.py:3253}}
Jul 08 10:34:02.969076 np0000004811 devstack@g-api.service[99584]: DEBUG glance.common.config [None req-56ee8dc5-097d-4329-aaa7-006a8c295c9a None None] oslo_middleware.enable_proxy_headers_parsing = False {{(pid=99584) log_opt_values /opt/stack/data/venv/lib/python3.12/site-packages/oslo_config/cfg.py:3253}}
Jul 08 10:34:02.969182 np0000004811 devstack@g-api.service[99584]: DEBUG glance.common.config [None req-56ee8dc5-097d-4329-aaa7-006a8c295c9a None None] oslo_middleware.http_basic_auth_user_file = /etc/htpasswd {{(pid=99584) log_opt_values /opt/stack/data/venv/lib/python3.12/site-packages/oslo_config/cfg.py:3253}}
Jul 08 10:34:02.969279 np0000004811 devstack@g-api.service[99584]: DEBUG glance.common.config [None req-56ee8dc5-097d-4329-aaa7-006a8c295c9a None None] paste_deploy.config_file = None {{(pid=99584) log_opt_values /opt/stack/data/venv/lib/python3.12/site-packages/oslo_config/cfg.py:3253}}
Jul 08 10:34:02.969401 np0000004811 devstack@g-api.service[99584]: DEBUG glance.common.config [None req-56ee8dc5-097d-4329-aaa7-006a8c295c9a None None] paste_deploy.flavor = keystone+cachemanagement {{(pid=99584) log_opt_values /opt/stack/data/venv/lib/python3.12/site-packages/oslo_config/cfg.py:3253}}
Jul 08 10:34:02.969565 np0000004811 devstack@g-api.service[99584]: DEBUG glance.common.config [None req-56ee8dc5-097d-4329-aaa7-006a8c295c9a None None] image_format.container_formats = ['ami', 'ari', 'aki', 'bare', 'ovf', 'ova', 'docker', 'compressed'] {{(pid=99584) log_opt_values /opt/stack/data/venv/lib/python3.12/site-packages/oslo_config/cfg.py:3253}}
Jul 08 10:34:02.969693 np0000004811 devstack@g-api.service[99584]: DEBUG glance.common.config [None req-56ee8dc5-097d-4329-aaa7-006a8c295c9a None None] image_format.disk_formats = ['ami', 'ari', 'aki', 'vhd', 'vhdx', 'vmdk', 'raw', 'qcow2', 'vdi', 'iso', 'ploop'] {{(pid=99584) log_opt_values /opt/stack/data/venv/lib/python3.12/site-packages/oslo_config/cfg.py:3253}}
Jul 08 10:34:02.969786 np0000004811 devstack@g-api.service[99584]: DEBUG glance.common.config [None req-56ee8dc5-097d-4329-aaa7-006a8c295c9a None None] image_format.gpt_safety_checks_nonfatal = [] {{(pid=99584) log_opt_values /opt/stack/data/venv/lib/python3.12/site-packages/oslo_config/cfg.py:3253}}
Jul 08 10:34:02.969833 np0000004811 devstack@g-api.service[99585]: DEBUG glance.image_cache.drivers.centralized_db [None req-40490f28-09d5-4b62-b47b-f4622fd86724 None None] Node reference is already recorded, ignoring it {{(pid=99585) configure /opt/stack/glance/glance/image_cache/drivers/centralized_db.py:71}}
Jul 08 10:34:02.969978 np0000004811 devstack@g-api.service[99584]: DEBUG glance.common.config [None req-56ee8dc5-097d-4329-aaa7-006a8c295c9a None None] image_format.require_image_format_match = True {{(pid=99584) log_opt_values /opt/stack/data/venv/lib/python3.12/site-packages/oslo_config/cfg.py:3253}}
Jul 08 10:34:02.970118 np0000004811 devstack@g-api.service[99584]: DEBUG glance.common.config [None req-56ee8dc5-097d-4329-aaa7-006a8c295c9a None None] image_format.vmdk_allowed_types = ['streamOptimized', 'monolithicSparse'] {{(pid=99584) log_opt_values /opt/stack/data/venv/lib/python3.12/site-packages/oslo_config/cfg.py:3253}}
Jul 08 10:34:02.970226 np0000004811 devstack@g-api.service[99584]: DEBUG glance.common.config [None req-56ee8dc5-097d-4329-aaa7-006a8c295c9a None None] task.task_executor = taskflow {{(pid=99584) log_opt_values /opt/stack/data/venv/lib/python3.12/site-packages/oslo_config/cfg.py:3253}}
Jul 08 10:34:02.970320 np0000004811 devstack@g-api.service[99584]: DEBUG glance.common.config [None req-56ee8dc5-097d-4329-aaa7-006a8c295c9a None None] task.task_time_to_live = 48 {{(pid=99584) log_opt_values /opt/stack/data/venv/lib/python3.12/site-packages/oslo_config/cfg.py:3253}}
Jul 08 10:34:02.970434 np0000004811 devstack@g-api.service[99584]: DEBUG glance.common.config [None req-56ee8dc5-097d-4329-aaa7-006a8c295c9a None None] task.work_dir = None {{(pid=99584) log_opt_values /opt/stack/data/venv/lib/python3.12/site-packages/oslo_config/cfg.py:3253}}
Jul 08 10:34:02.970550 np0000004811 devstack@g-api.service[99584]: DEBUG glance.common.config [None req-56ee8dc5-097d-4329-aaa7-006a8c295c9a None None] wsgi.python_interpreter = /opt/stack/data/venv/bin/python3 {{(pid=99584) log_opt_values /opt/stack/data/venv/lib/python3.12/site-packages/oslo_config/cfg.py:3253}}
Jul 08 10:34:02.970641 np0000004811 devstack@g-api.service[99584]: DEBUG glance.common.config [None req-56ee8dc5-097d-4329-aaa7-006a8c295c9a None None] wsgi.task_pool_threads = 16 {{(pid=99584) log_opt_values /opt/stack/data/venv/lib/python3.12/site-packages/oslo_config/cfg.py:3253}}
Jul 08 10:34:02.970747 np0000004811 devstack@g-api.service[99584]: DEBUG glance.common.config [None req-56ee8dc5-097d-4329-aaa7-006a8c295c9a None None] import_filtering_opts.allowed_hosts = [] {{(pid=99584) log_opt_values /opt/stack/data/venv/lib/python3.12/site-packages/oslo_config/cfg.py:3253}}
Jul 08 10:34:02.970889 np0000004811 devstack@g-api.service[99584]: DEBUG glance.common.config [None req-56ee8dc5-097d-4329-aaa7-006a8c295c9a None None] import_filtering_opts.allowed_ports = [80, 443] {{(pid=99584) log_opt_values /opt/stack/data/venv/lib/python3.12/site-packages/oslo_config/cfg.py:3253}}
Jul 08 10:34:02.971002 np0000004811 devstack@g-api.service[99584]: DEBUG glance.common.config [None req-56ee8dc5-097d-4329-aaa7-006a8c295c9a None None] import_filtering_opts.allowed_schemes = ['http', 'https'] {{(pid=99584) log_opt_values /opt/stack/data/venv/lib/python3.12/site-packages/oslo_config/cfg.py:3253}}
Jul 08 10:34:02.971145 np0000004811 devstack@g-api.service[99584]: DEBUG glance.common.config [None req-56ee8dc5-097d-4329-aaa7-006a8c295c9a None None] import_filtering_opts.disallowed_hosts = [] {{(pid=99584) log_opt_values /opt/stack/data/venv/lib/python3.12/site-packages/oslo_config/cfg.py:3253}}
Jul 08 10:34:02.971254 np0000004811 devstack@g-api.service[99584]: DEBUG glance.common.config [None req-56ee8dc5-097d-4329-aaa7-006a8c295c9a None None] import_filtering_opts.disallowed_ports = [] {{(pid=99584) log_opt_values /opt/stack/data/venv/lib/python3.12/site-packages/oslo_config/cfg.py:3253}}
Jul 08 10:34:02.971342 np0000004811 devstack@g-api.service[99584]: DEBUG glance.common.config [None req-56ee8dc5-097d-4329-aaa7-006a8c295c9a None None] import_filtering_opts.disallowed_schemes = [] {{(pid=99584) log_opt_values /opt/stack/data/venv/lib/python3.12/site-packages/oslo_config/cfg.py:3253}}
Jul 08 10:34:02.971433 np0000004811 devstack@g-api.service[99584]: DEBUG glance.common.config [None req-56ee8dc5-097d-4329-aaa7-006a8c295c9a None None] oslo_messaging_metrics.metrics_buffer_size = 1000 {{(pid=99584) log_opt_values /opt/stack/data/venv/lib/python3.12/site-packages/oslo_config/cfg.py:3253}}
