Jul 15 17:40:49.967052 np0000005210 devstack@g-api.service[99713]: DEBUG glance.api.middleware.version_negotiation [None req-93e8a7eb-4b09-4b21-b339-bf9d917149b8 tempest-TestVolumeBootPatternV346-562943801 tempest-TestVolumeBootPatternV346-562943801-project-member] Determining version of request: GET /v2/images/1441e9a6-32c5-4c96-bf84-d86bf5dfe6d7 Accept: */* {{(pid=99713) process_request /opt/stack/glance/glance/api/middleware/version_negotiation.py:44}}
Jul 15 17:40:49.967230 np0000005210 devstack@g-api.service[99713]: DEBUG glance.api.middleware.version_negotiation [None req-93e8a7eb-4b09-4b21-b339-bf9d917149b8 tempest-TestVolumeBootPatternV346-562943801 tempest-TestVolumeBootPatternV346-562943801-project-member] Using url versioning {{(pid=99713) process_request /opt/stack/glance/glance/api/middleware/version_negotiation.py:57}}
Jul 15 17:40:49.967395 np0000005210 devstack@g-api.service[99713]: DEBUG glance.api.middleware.version_negotiation [None req-93e8a7eb-4b09-4b21-b339-bf9d917149b8 tempest-TestVolumeBootPatternV346-562943801 tempest-TestVolumeBootPatternV346-562943801-project-member] Matched version: v2 {{(pid=99713) process_request /opt/stack/glance/glance/api/middleware/version_negotiation.py:69}}
Jul 15 17:40:49.967503 np0000005210 devstack@g-api.service[99713]: DEBUG glance.api.middleware.version_negotiation [None req-93e8a7eb-4b09-4b21-b339-bf9d917149b8 tempest-TestVolumeBootPatternV346-562943801 tempest-TestVolumeBootPatternV346-562943801-project-member] new path /v2/images/1441e9a6-32c5-4c96-bf84-d86bf5dfe6d7 {{(pid=99713) process_request /opt/stack/glance/glance/api/middleware/version_negotiation.py:70}}
Jul 15 17:40:49.978172 np0000005210 devstack@g-api.service[99713]: [pid: 99713|app: 0|req: 129/364] 127.0.0.1 () {44 vars in 1111 bytes} [Wed Jul 15 17:40:49 2026] GET /v2/images/1441e9a6-32c5-4c96-bf84-d86bf5dfe6d7 => generated 1919 bytes in 11 msecs (HTTP/1.1 200) 4 headers in 158 bytes (1 switches on core 0)
Jul 15 17:40:49.986913 np0000005210 devstack@g-api.service[99714]: DEBUG glance.api.middleware.version_negotiation [None req-b8c76f42-df47-4e47-a644-981e2d787d63 tempest-TestVolumeBootPatternV346-562943801 tempest-TestVolumeBootPatternV346-562943801-project-member] Determining version of request: GET /v2/schemas/image Accept: */* {{(pid=99714) process_request /opt/stack/glance/glance/api/middleware/version_negotiation.py:44}}
Jul 15 17:40:49.987156 np0000005210 devstack@g-api.service[99714]: DEBUG glance.api.middleware.version_negotiation [None req-b8c76f42-df47-4e47-a644-981e2d787d63 tempest-TestVolumeBootPatternV346-562943801 tempest-TestVolumeBootPatternV346-562943801-project-member] Using url versioning {{(pid=99714) process_request /opt/stack/glance/glance/api/middleware/version_negotiation.py:57}}
Jul 15 17:40:49.987427 np0000005210 devstack@g-api.service[99714]: DEBUG glance.api.middleware.version_negotiation [None req-b8c76f42-df47-4e47-a644-981e2d787d63 tempest-TestVolumeBootPatternV346-562943801 tempest-TestVolumeBootPatternV346-562943801-project-member] Matched version: v2 {{(pid=99714) process_request /opt/stack/glance/glance/api/middleware/version_negotiation.py:69}}
Jul 15 17:40:50.002151 np0000005210 devstack@g-api.service[99714]: DEBUG glance.api.middleware.version_negotiation [None req-b8c76f42-df47-4e47-a644-981e2d787d63 tempest-TestVolumeBootPatternV346-562943801 tempest-TestVolumeBootPatternV346-562943801-project-member] new path /v2/schemas/image {{(pid=99714) process_request /opt/stack/glance/glance/api/middleware/version_negotiation.py:70}}
Jul 15 17:40:50.002151 np0000005210 devstack@g-api.service[99714]: [pid: 99714|app: 0|req: 132/365] 127.0.0.1 () {44 vars in 1051 bytes} [Wed Jul 15 17:40:49 2026] GET /v2/schemas/image => generated 6083 bytes in 6 msecs (HTTP/1.1 200) 4 headers in 158 bytes (1 switches on core 0)
Jul 15 17:40:50.005322 np0000005210 devstack@g-api.service[99713]: DEBUG glance.api.middleware.version_negotiation [None req-056a33f9-2afc-45e5-821d-e1202397d302 tempest-TestVolumeBootPatternV346-562943801 tempest-TestVolumeBootPatternV346-562943801-project-member] Determining version of request: GET /v2/schemas/image Accept: */* {{(pid=99713) process_request /opt/stack/glance/glance/api/middleware/version_negotiation.py:44}}
Jul 15 17:40:50.005322 np0000005210 devstack@g-api.service[99713]: DEBUG glance.api.middleware.version_negotiation [None req-056a33f9-2afc-45e5-821d-e1202397d302 tempest-TestVolumeBootPatternV346-562943801 tempest-TestVolumeBootPatternV346-562943801-project-member] Using url versioning {{(pid=99713) process_request /opt/stack/glance/glance/api/middleware/version_negotiation.py:57}}
Jul 15 17:40:50.005510 np0000005210 devstack@g-api.service[99713]: DEBUG glance.api.middleware.version_negotiation [None req-056a33f9-2afc-45e5-821d-e1202397d302 tempest-TestVolumeBootPatternV346-562943801 tempest-TestVolumeBootPatternV346-562943801-project-member] Matched version: v2 {{(pid=99713) process_request /opt/stack/glance/glance/api/middleware/version_negotiation.py:69}}
Jul 15 17:40:50.005510 np0000005210 devstack@g-api.service[99713]: DEBUG glance.api.middleware.version_negotiation [None req-056a33f9-2afc-45e5-821d-e1202397d302 tempest-TestVolumeBootPatternV346-562943801 tempest-TestVolumeBootPatternV346-562943801-project-member] new path /v2/schemas/image {{(pid=99713) process_request /opt/stack/glance/glance/api/middleware/version_negotiation.py:70}}
Jul 15 17:40:50.008182 np0000005210 devstack@g-api.service[99713]: [pid: 99713|app: 0|req: 130/366] 127.0.0.1 () {44 vars in 1051 bytes} [Wed Jul 15 17:40:50 2026] GET /v2/schemas/image => generated 6083 bytes in 3 msecs (HTTP/1.1 200) 4 headers in 158 bytes (1 switches on core 0)
Jul 15 17:40:50.019966 np0000005210 devstack@g-api.service[99714]: DEBUG glance.api.middleware.version_negotiation [None req-056a33f9-2afc-45e5-821d-e1202397d302 tempest-TestVolumeBootPatternV346-562943801 tempest-TestVolumeBootPatternV346-562943801-project-member] Determining version of request: GET /v2/images/1441e9a6-32c5-4c96-bf84-d86bf5dfe6d7 Accept: */* {{(pid=99714) process_request /opt/stack/glance/glance/api/middleware/version_negotiation.py:44}}
Jul 15 17:40:50.020153 np0000005210 devstack@g-api.service[99714]: DEBUG glance.api.middleware.version_negotiation [None req-056a33f9-2afc-45e5-821d-e1202397d302 tempest-TestVolumeBootPatternV346-562943801 tempest-TestVolumeBootPatternV346-562943801-project-member] Using url versioning {{(pid=99714) process_request /opt/stack/glance/glance/api/middleware/version_negotiation.py:57}}
Jul 15 17:40:50.020287 np0000005210 devstack@g-api.service[99714]: DEBUG glance.api.middleware.version_negotiation [None req-056a33f9-2afc-45e5-821d-e1202397d302 tempest-TestVolumeBootPatternV346-562943801 tempest-TestVolumeBootPatternV346-562943801-project-member] Matched version: v2 {{(pid=99714) process_request /opt/stack/glance/glance/api/middleware/version_negotiation.py:69}}
Jul 15 17:40:50.020430 np0000005210 devstack@g-api.service[99714]: DEBUG glance.api.middleware.version_negotiation [None req-056a33f9-2afc-45e5-821d-e1202397d302 tempest-TestVolumeBootPatternV346-562943801 tempest-TestVolumeBootPatternV346-562943801-project-member] new path /v2/images/1441e9a6-32c5-4c96-bf84-d86bf5dfe6d7 {{(pid=99714) process_request /opt/stack/glance/glance/api/middleware/version_negotiation.py:70}}
Jul 15 17:40:50.035181 np0000005210 devstack@g-api.service[99714]: [pid: 99714|app: 0|req: 133/367] 127.0.0.1 () {44 vars in 1111 bytes} [Wed Jul 15 17:40:50 2026] GET /v2/images/1441e9a6-32c5-4c96-bf84-d86bf5dfe6d7 => generated 1919 bytes in 15 msecs (HTTP/1.1 200) 4 headers in 158 bytes (1 switches on core 0)
Jul 15 17:40:50.048377 np0000005210 devstack@g-api.service[99713]: DEBUG glance.api.middleware.version_negotiation [None req-056a33f9-2afc-45e5-821d-e1202397d302 tempest-TestVolumeBootPatternV346-562943801 tempest-TestVolumeBootPatternV346-562943801-project-member] Determining version of request: GET /v2/schemas/image Accept: */* {{(pid=99713) process_request /opt/stack/glance/glance/api/middleware/version_negotiation.py:44}}
Jul 15 17:40:50.048603 np0000005210 devstack@g-api.service[99713]: DEBUG glance.api.middleware.version_negotiation [None req-056a33f9-2afc-45e5-821d-e1202397d302 tempest-TestVolumeBootPatternV346-562943801 tempest-TestVolumeBootPatternV346-562943801-project-member] Using url versioning {{(pid=99713) process_request /opt/stack/glance/glance/api/middleware/version_negotiation.py:57}}
Jul 15 17:40:50.048795 np0000005210 devstack@g-api.service[99713]: DEBUG glance.api.middleware.version_negotiation [None req-056a33f9-2afc-45e5-821d-e1202397d302 tempest-TestVolumeBootPatternV346-562943801 tempest-TestVolumeBootPatternV346-562943801-project-member] Matched version: v2 {{(pid=99713) process_request /opt/stack/glance/glance/api/middleware/version_negotiation.py:69}}
Jul 15 17:40:50.048913 np0000005210 devstack@g-api.service[99713]: DEBUG glance.api.middleware.version_negotiation [None req-056a33f9-2afc-45e5-821d-e1202397d302 tempest-TestVolumeBootPatternV346-562943801 tempest-TestVolumeBootPatternV346-562943801-project-member] new path /v2/schemas/image {{(pid=99713) process_request /opt/stack/glance/glance/api/middleware/version_negotiation.py:70}}
Jul 15 17:40:50.051474 np0000005210 devstack@g-api.service[99713]: [pid: 99713|app: 0|req: 131/368] 127.0.0.1 () {44 vars in 1051 bytes} [Wed Jul 15 17:40:50 2026] GET /v2/schemas/image => generated 6083 bytes in 3 msecs (HTTP/1.1 200) 4 headers in 158 bytes (1 switches on core 0)
Jul 15 17:40:50.060352 np0000005210 devstack@g-api.service[99712]: DEBUG glance.location [None req-d134d512-2817-4dde-996d-1302fe6b5903 tempest-VolumesActionsTest-347416403 tempest-VolumesActionsTest-347416403-project-member] Enabling in-flight format inspection for raw {{(pid=99712) set_data /opt/stack/glance/glance/location.py:596}}
Jul 15 17:40:50.060802 np0000005210 devstack@g-api.service[99712]: DEBUG glance_store.backend [None req-d134d512-2817-4dde-996d-1302fe6b5903 tempest-VolumesActionsTest-347416403 tempest-VolumesActionsTest-347416403-project-member] Attempting to import store swift {{(pid=99712) _load_store /opt/stack/data/venv/lib/python3.12/site-packages/glance_store/backend.py:215}}
Jul 15 17:40:50.060958 np0000005210 devstack@g-api.service[99714]: DEBUG glance.api.middleware.version_negotiation [None req-056a33f9-2afc-45e5-821d-e1202397d302 tempest-TestVolumeBootPatternV346-562943801 tempest-TestVolumeBootPatternV346-562943801-project-member] Determining version of request: GET /v2/schemas/image Accept: */* {{(pid=99714) process_request /opt/stack/glance/glance/api/middleware/version_negotiation.py:44}}
Jul 15 17:40:50.061443 np0000005210 devstack@g-api.service[99714]: DEBUG glance.api.middleware.version_negotiation [None req-056a33f9-2afc-45e5-821d-e1202397d302 tempest-TestVolumeBootPatternV346-562943801 tempest-TestVolumeBootPatternV346-562943801-project-member] Using url versioning {{(pid=99714) process_request /opt/stack/glance/glance/api/middleware/version_negotiation.py:57}}
Jul 15 17:40:50.061627 np0000005210 devstack@g-api.service[99714]: DEBUG glance.api.middleware.version_negotiation [None req-056a33f9-2afc-45e5-821d-e1202397d302 tempest-TestVolumeBootPatternV346-562943801 tempest-TestVolumeBootPatternV346-562943801-project-member] Matched version: v2 {{(pid=99714) process_request /opt/stack/glance/glance/api/middleware/version_negotiation.py:69}}
Jul 15 17:40:50.061764 np0000005210 devstack@g-api.service[99714]: DEBUG glance.api.middleware.version_negotiation [None req-056a33f9-2afc-45e5-821d-e1202397d302 tempest-TestVolumeBootPatternV346-562943801 tempest-TestVolumeBootPatternV346-562943801-project-member] new path /v2/schemas/image {{(pid=99714) process_request /opt/stack/glance/glance/api/middleware/version_negotiation.py:70}}
Jul 15 17:40:50.062406 np0000005210 devstack@g-api.service[99712]: DEBUG glance_store.capabilities [None req-d134d512-2817-4dde-996d-1302fe6b5903 tempest-VolumesActionsTest-347416403 tempest-VolumesActionsTest-347416403-project-member] Store glance_store._drivers.swift.store.SingleTenantStore doesn't support updating dynamic storage capabilities. Please overwrite 'update_capabilities' method of the store to implement updating logics if needed. {{(pid=99712) update_capabilities /opt/stack/data/venv/lib/python3.12/site-packages/glance_store/capabilities.py:91}}
Jul 15 17:40:50.062545 np0000005210 devstack@g-api.service[99712]: DEBUG glance_store.driver [None req-d134d512-2817-4dde-996d-1302fe6b5903 tempest-VolumesActionsTest-347416403 tempest-VolumesActionsTest-347416403-project-member] Late loading location class glance_store._drivers.swift.store.StoreLocation {{(pid=99712) get_store_location_class /opt/stack/data/venv/lib/python3.12/site-packages/glance_store/driver.py:134}}
Jul 15 17:40:50.062669 np0000005210 devstack@g-api.service[99712]: DEBUG glance_store.location [None req-d134d512-2817-4dde-996d-1302fe6b5903 tempest-VolumesActionsTest-347416403 tempest-VolumesActionsTest-347416403-project-member] Registering scheme swift+https with {'store': , 'location_class': , 'store_entry': 'swift'} {{(pid=99712) register_scheme_map /opt/stack/data/venv/lib/python3.12/site-packages/glance_store/location.py:146}}
Jul 15 17:40:50.062787 np0000005210 devstack@g-api.service[99712]: DEBUG glance_store.location [None req-d134d512-2817-4dde-996d-1302fe6b5903 tempest-VolumesActionsTest-347416403 tempest-VolumesActionsTest-347416403-project-member] Registering scheme swift+https with {'store': , 'location_class': , 'store_entry': 'swift'} {{(pid=99712) register_scheme_map /opt/stack/data/venv/lib/python3.12/site-packages/glance_store/location.py:146}}
Jul 15 17:40:50.062856 np0000005210 devstack@g-api.service[99712]: DEBUG glance_store.location [None req-d134d512-2817-4dde-996d-1302fe6b5903 tempest-VolumesActionsTest-347416403 tempest-VolumesActionsTest-347416403-project-member] Registering scheme swift with {'store': , 'location_class': , 'store_entry': 'swift'} {{(pid=99712) register_scheme_map /opt/stack/data/venv/lib/python3.12/site-packages/glance_store/location.py:146}}
Jul 15 17:40:50.062964 np0000005210 devstack@g-api.service[99712]: DEBUG glance_store.location [None req-d134d512-2817-4dde-996d-1302fe6b5903 tempest-VolumesActionsTest-347416403 tempest-VolumesActionsTest-347416403-project-member] Registering scheme swift+https with {'store': , 'location_class': , 'store_entry': 'swift'} {{(pid=99712) register_scheme_map /opt/stack/data/venv/lib/python3.12/site-packages/glance_store/location.py:146}}
Jul 15 17:40:50.063059 np0000005210 devstack@g-api.service[99712]: DEBUG glance_store.location [None req-d134d512-2817-4dde-996d-1302fe6b5903 tempest-VolumesActionsTest-347416403 tempest-VolumesActionsTest-347416403-project-member] Registering scheme swift with {'store': , 'location_class': , 'store_entry': 'swift'} {{(pid=99712) register_scheme_map /opt/stack/data/venv/lib/python3.12/site-packages/glance_store/location.py:146}}
Jul 15 17:40:50.063156 np0000005210 devstack@g-api.service[99712]: DEBUG glance_store.location [None req-d134d512-2817-4dde-996d-1302fe6b5903 tempest-VolumesActionsTest-347416403 tempest-VolumesActionsTest-347416403-project-member] Registering scheme swift+http with {'store': , 'location_class': , 'store_entry': 'swift'} {{(pid=99712) register_scheme_map /opt/stack/data/venv/lib/python3.12/site-packages/glance_store/location.py:146}}
Jul 15 17:40:50.063258 np0000005210 devstack@g-api.service[99712]: DEBUG glance_store.location [None req-d134d512-2817-4dde-996d-1302fe6b5903 tempest-VolumesActionsTest-347416403 tempest-VolumesActionsTest-347416403-project-member] Registering scheme swift+https with {'store': , 'location_class': , 'store_entry': 'swift'} {{(pid=99712) register_scheme_map /opt/stack/data/venv/lib/python3.12/site-packages/glance_store/location.py:146}}
Jul 15 17:40:50.063345 np0000005210 devstack@g-api.service[99712]: DEBUG glance_store.location [None req-d134d512-2817-4dde-996d-1302fe6b5903 tempest-VolumesActionsTest-347416403 tempest-VolumesActionsTest-347416403-project-member] Registering scheme swift with {'store': , 'location_class': , 'store_entry': 'swift'} {{(pid=99712) register_scheme_map /opt/stack/data/venv/lib/python3.12/site-packages/glance_store/location.py:146}}
Jul 15 17:40:50.063443 np0000005210 devstack@g-api.service[99712]: DEBUG glance_store.location [None req-d134d512-2817-4dde-996d-1302fe6b5903 tempest-VolumesActionsTest-347416403 tempest-VolumesActionsTest-347416403-project-member] Registering scheme swift+http with {'store': , 'location_class': , 'store_entry': 'swift'} {{(pid=99712) register_scheme_map /opt/stack/data/venv/lib/python3.12/site-packages/glance_store/location.py:146}}
Jul 15 17:40:50.063596 np0000005210 devstack@g-api.service[99712]: DEBUG glance_store.location [None req-d134d512-2817-4dde-996d-1302fe6b5903 tempest-VolumesActionsTest-347416403 tempest-VolumesActionsTest-347416403-project-member] Registering scheme swift+config with {'store': , 'location_class': , 'store_entry': 'swift'} {{(pid=99712) register_scheme_map /opt/stack/data/venv/lib/python3.12/site-packages/glance_store/location.py:146}}
Jul 15 17:40:50.064978 np0000005210 devstack@g-api.service[99714]: [pid: 99714|app: 0|req: 134/369] 127.0.0.1 () {44 vars in 1051 bytes} [Wed Jul 15 17:40:50 2026] GET /v2/schemas/image => generated 6083 bytes in 4 msecs (HTTP/1.1 200) 4 headers in 158 bytes (1 switches on core 0)
Jul 15 17:40:50.202090 np0000005210 devstack@g-api.service[99712]: DEBUG swiftclient [None req-d134d512-2817-4dde-996d-1302fe6b5903 tempest-VolumesActionsTest-347416403 tempest-VolumesActionsTest-347416403-project-member] REQ: curl -i https://10.4.3.53:8080/v1/AUTH_6553f0e0d63f438a93be374f48d839af/glance -I -H "X-Auth-Token: gAAAAABqV8YioT-x..." {{(pid=99712) http_log /opt/stack/data/venv/lib/python3.12/site-packages/swiftclient/client.py:160}}
Jul 15 17:40:50.202090 np0000005210 devstack@g-api.service[99712]: DEBUG swiftclient [None req-d134d512-2817-4dde-996d-1302fe6b5903 tempest-VolumesActionsTest-347416403 tempest-VolumesActionsTest-347416403-project-member] RESP STATUS: 204 No Content {{(pid=99712) http_log /opt/stack/data/venv/lib/python3.12/site-packages/swiftclient/client.py:161}}
Jul 15 17:40:50.202090 np0000005210 devstack@g-api.service[99712]: DEBUG swiftclient [None req-d134d512-2817-4dde-996d-1302fe6b5903 tempest-VolumesActionsTest-347416403 tempest-VolumesActionsTest-347416403-project-member] RESP HEADERS: {'Date': 'Wed, 15 Jul 2026 17:40:50 GMT', 'Server': 'Apache/2.4.58 (Ubuntu)', 'Content-Type': 'text/plain; charset=utf-8', 'X-Container-Object-Count': '4', 'X-Container-Bytes-Used': '64356352', 'X-Timestamp': '1784136866.84999', 'Last-Modified': 'Wed, 15 Jul 2026 17:34:27 GMT', 'Accept-Ranges': 'bytes', 'X-Storage-Policy': 'Policy-0', 'X-Container-Sharding': 'False', 'Vary': 'Accept', 'X-Trans-Id': 'tx2cde4214549e46969dda3-006a57c622', 'X-Openstack-Request-Id': 'tx2cde4214549e46969dda3-006a57c622', 'Connection': 'close'} {{(pid=99712) http_log /opt/stack/data/venv/lib/python3.12/site-packages/swiftclient/client.py:162}}
Jul 15 17:40:50.202090 np0000005210 devstack@g-api.service[99712]: DEBUG glance_store._drivers.swift.store [None req-d134d512-2817-4dde-996d-1302fe6b5903 tempest-VolumesActionsTest-347416403 tempest-VolumesActionsTest-347416403-project-member] Adding image object 'a9279a61-8b9a-45fd-beb8-4a13f3179c28' to Swift {{(pid=99712) add /opt/stack/data/venv/lib/python3.12/site-packages/glance_store/_drivers/swift/store.py:970}}
Jul 15 17:40:50.202090 np0000005210 devstack@g-api.service[99712]: DEBUG glance_store._drivers.swift.store [None req-d134d512-2817-4dde-996d-1302fe6b5903 tempest-VolumesActionsTest-347416403 tempest-VolumesActionsTest-347416403-project-member] Cannot determine image size because it is either not provided in the request or chunked-transfer encoding is used. Adding image as a segmented object to Swift. {{(pid=99712) add /opt/stack/data/venv/lib/python3.12/site-packages/glance_store/_drivers/swift/store.py:994}}
Jul 15 17:40:50.208611 np0000005210 devstack@g-api.service[99712]: DEBUG oslo_utils.imageutils.format_inspector [None req-d134d512-2817-4dde-996d-1302fe6b5903 tempest-VolumesActionsTest-347416403 tempest-VolumesActionsTest-347416403-project-member] Format inspector for vmdk does not match, excluding from consideration (Signature KDMV not found: b'\x00\x00\x00\x00') {{(pid=99712) _process_chunk /opt/stack/data/venv/lib/python3.12/site-packages/oslo_utils/imageutils/format_inspector.py:1758}}
Jul 15 17:40:50.211936 np0000005210 devstack@g-api.service[99712]: DEBUG oslo_utils.imageutils.format_inspector [None req-d134d512-2817-4dde-996d-1302fe6b5903 tempest-VolumesActionsTest-347416403 tempest-VolumesActionsTest-347416403-project-member] Format inspector for vhdx does not match, excluding from consideration (Region signature not found at 30000) {{(pid=99712) _process_chunk /opt/stack/data/venv/lib/python3.12/site-packages/oslo_utils/imageutils/format_inspector.py:1758}}
Jul 15 17:40:50.533838 np0000005210 devstack@g-api.service[99713]: DEBUG glance.api.middleware.version_negotiation [None req-056a33f9-2afc-45e5-821d-e1202397d302 tempest-TestVolumeBootPatternV346-562943801 tempest-TestVolumeBootPatternV346-562943801-project-member] Determining version of request: GET /v2/images/a9279a61-8b9a-45fd-beb8-4a13f3179c28 Accept: application/json {{(pid=99713) process_request /opt/stack/glance/glance/api/middleware/version_negotiation.py:44}}
Jul 15 17:40:50.534253 np0000005210 devstack@g-api.service[99713]: DEBUG glance.api.middleware.version_negotiation [None req-056a33f9-2afc-45e5-821d-e1202397d302 tempest-TestVolumeBootPatternV346-562943801 tempest-TestVolumeBootPatternV346-562943801-project-member] Using url versioning {{(pid=99713) process_request /opt/stack/glance/glance/api/middleware/version_negotiation.py:57}}
Jul 15 17:40:50.534253 np0000005210 devstack@g-api.service[99713]: DEBUG glance.api.middleware.version_negotiation [None req-056a33f9-2afc-45e5-821d-e1202397d302 tempest-TestVolumeBootPatternV346-562943801 tempest-TestVolumeBootPatternV346-562943801-project-member] Matched version: v2 {{(pid=99713) process_request /opt/stack/glance/glance/api/middleware/version_negotiation.py:69}}
Jul 15 17:40:50.534386 np0000005210 devstack@g-api.service[99713]: DEBUG glance.api.middleware.version_negotiation [None req-056a33f9-2afc-45e5-821d-e1202397d302 tempest-TestVolumeBootPatternV346-562943801 tempest-TestVolumeBootPatternV346-562943801-project-member] new path /v2/images/a9279a61-8b9a-45fd-beb8-4a13f3179c28 {{(pid=99713) process_request /opt/stack/glance/glance/api/middleware/version_negotiation.py:70}}
Jul 15 17:40:50.544559 np0000005210 devstack@g-api.service[99713]: [pid: 99713|app: 0|req: 132/370] 127.0.0.1 () {40 vars in 834 bytes} [Wed Jul 15 17:40:50 2026] GET /v2/images/a9279a61-8b9a-45fd-beb8-4a13f3179c28 => generated 650 bytes in 11 msecs (HTTP/1.1 200) 4 headers in 157 bytes (1 switches on core 0)
Jul 15 17:40:51.560188 np0000005210 devstack@g-api.service[99714]: DEBUG glance.api.middleware.version_negotiation [None req-056a33f9-2afc-45e5-821d-e1202397d302 tempest-TestVolumeBootPatternV346-562943801 tempest-TestVolumeBootPatternV346-562943801-project-member] Determining version of request: GET /v2/images/a9279a61-8b9a-45fd-beb8-4a13f3179c28 Accept: application/json {{(pid=99714) process_request /opt/stack/glance/glance/api/middleware/version_negotiation.py:44}}
Jul 15 17:40:51.560569 np0000005210 devstack@g-api.service[99714]: DEBUG glance.api.middleware.version_negotiation [None req-056a33f9-2afc-45e5-821d-e1202397d302 tempest-TestVolumeBootPatternV346-562943801 tempest-TestVolumeBootPatternV346-562943801-project-member] Using url versioning {{(pid=99714) process_request /opt/stack/glance/glance/api/middleware/version_negotiation.py:57}}
Jul 15 17:40:51.560569 np0000005210 devstack@g-api.service[99714]: DEBUG glance.api.middleware.version_negotiation [None req-056a33f9-2afc-45e5-821d-e1202397d302 tempest-TestVolumeBootPatternV346-562943801 tempest-TestVolumeBootPatternV346-562943801-project-member] Matched version: v2 {{(pid=99714) process_request /opt/stack/glance/glance/api/middleware/version_negotiation.py:69}}
Jul 15 17:40:51.560682 np0000005210 devstack@g-api.service[99714]: DEBUG glance.api.middleware.version_negotiation [None req-056a33f9-2afc-45e5-821d-e1202397d302 tempest-TestVolumeBootPatternV346-562943801 tempest-TestVolumeBootPatternV346-562943801-project-member] new path /v2/images/a9279a61-8b9a-45fd-beb8-4a13f3179c28 {{(pid=99714) process_request /opt/stack/glance/glance/api/middleware/version_negotiation.py:70}}
Jul 15 17:40:51.595830 np0000005210 devstack@g-api.service[99714]: [pid: 99714|app: 0|req: 135/371] 127.0.0.1 () {40 vars in 834 bytes} [Wed Jul 15 17:40:51 2026] GET /v2/images/a9279a61-8b9a-45fd-beb8-4a13f3179c28 => generated 650 bytes in 36 msecs (HTTP/1.1 200) 4 headers in 157 bytes (1 switches on core 0)
Jul 15 17:40:52.360872 np0000005210 devstack@g-api.service[99712]: DEBUG swiftclient [None req-d134d512-2817-4dde-996d-1302fe6b5903 tempest-VolumesActionsTest-347416403 tempest-VolumesActionsTest-347416403-project-member] REQ: curl -i https://10.4.3.53:8080/v1/AUTH_6553f0e0d63f438a93be374f48d839af/glance/a9279a61-8b9a-45fd-beb8-4a13f3179c28-00001 -X PUT -H "X-Auth-Token: gAAAAABqV8YioT-x..." {{(pid=99712) http_log /opt/stack/data/venv/lib/python3.12/site-packages/swiftclient/client.py:160}}
Jul 15 17:40:52.361284 np0000005210 devstack@g-api.service[99712]: DEBUG swiftclient [None req-d134d512-2817-4dde-996d-1302fe6b5903 tempest-VolumesActionsTest-347416403 tempest-VolumesActionsTest-347416403-project-member] RESP STATUS: 201 Created {{(pid=99712) http_log /opt/stack/data/venv/lib/python3.12/site-packages/swiftclient/client.py:161}}
Jul 15 17:40:52.361284 np0000005210 devstack@g-api.service[99712]: DEBUG swiftclient [None req-d134d512-2817-4dde-996d-1302fe6b5903 tempest-VolumesActionsTest-347416403 tempest-VolumesActionsTest-347416403-project-member] RESP HEADERS: {'Date': 'Wed, 15 Jul 2026 17:40:52 GMT', 'Server': 'Apache/2.4.58 (Ubuntu)', 'Content-Type': 'text/html; charset=UTF-8', 'Content-Length': '0', 'Etag': 'eda9a9889837ac4bc81d6387d92c1bec', 'Last-Modified': 'Wed, 15 Jul 2026 17:40:51 GMT', 'X-Trans-Id': 'tx446a48757bbd45f8ac415-006a57c622', 'X-Openstack-Request-Id': 'tx446a48757bbd45f8ac415-006a57c622', 'Connection': 'close'} {{(pid=99712) http_log /opt/stack/data/venv/lib/python3.12/site-packages/swiftclient/client.py:162}}
Jul 15 17:40:52.361690 np0000005210 devstack@g-api.service[99712]: DEBUG glance_store._drivers.swift.store [None req-d134d512-2817-4dde-996d-1302fe6b5903 tempest-VolumesActionsTest-347416403 tempest-VolumesActionsTest-347416403-project-member] Wrote chunk a9279a61-8b9a-45fd-beb8-4a13f3179c28-00001 (1/?) of length 204800000 to Swift returning MD5 of content: eda9a9889837ac4bc81d6387d92c1bec {{(pid=99712) add /opt/stack/data/venv/lib/python3.12/site-packages/glance_store/_drivers/swift/store.py:1059}}
Jul 15 17:40:52.608981 np0000005210 devstack@g-api.service[99713]: DEBUG glance.api.middleware.version_negotiation [None req-60cdbf51-dce5-447e-8b9f-81522df58df1 tempest-VolumesActionsTest-347416403 tempest-VolumesActionsTest-347416403-project-member] Determining version of request: GET /v2/images/a9279a61-8b9a-45fd-beb8-4a13f3179c28 Accept: application/json {{(pid=99713) process_request /opt/stack/glance/glance/api/middleware/version_negotiation.py:44}}
Jul 15 17:40:52.609379 np0000005210 devstack@g-api.service[99713]: DEBUG glance.api.middleware.version_negotiation [None req-60cdbf51-dce5-447e-8b9f-81522df58df1 tempest-VolumesActionsTest-347416403 tempest-VolumesActionsTest-347416403-project-member] Using url versioning {{(pid=99713) process_request /opt/stack/glance/glance/api/middleware/version_negotiation.py:57}}
Jul 15 17:40:52.609379 np0000005210 devstack@g-api.service[99713]: DEBUG glance.api.middleware.version_negotiation [None req-60cdbf51-dce5-447e-8b9f-81522df58df1 tempest-VolumesActionsTest-347416403 tempest-VolumesActionsTest-347416403-project-member] Matched version: v2 {{(pid=99713) process_request /opt/stack/glance/glance/api/middleware/version_negotiation.py:69}}
Jul 15 17:40:52.609427 np0000005210 devstack@g-api.service[99713]: DEBUG glance.api.middleware.version_negotiation [None req-60cdbf51-dce5-447e-8b9f-81522df58df1 tempest-VolumesActionsTest-347416403 tempest-VolumesActionsTest-347416403-project-member] new path /v2/images/a9279a61-8b9a-45fd-beb8-4a13f3179c28 {{(pid=99713) process_request /opt/stack/glance/glance/api/middleware/version_negotiation.py:70}}
Jul 15 17:40:52.618832 np0000005210 devstack@g-api.service[99713]: [pid: 99713|app: 0|req: 133/372] 127.0.0.1 () {40 vars in 834 bytes} [Wed Jul 15 17:40:52 2026] GET /v2/images/a9279a61-8b9a-45fd-beb8-4a13f3179c28 => generated 650 bytes in 10 msecs (HTTP/1.1 200) 4 headers in 157 bytes (1 switches on core 0)
Jul 15 17:40:52.630902 np0000005210 devstack@g-api.service[99714]: DEBUG glance.api.middleware.version_negotiation [None req-f943268b-46bc-4edb-a692-fca5d29166c4 tempest-VolumesActionsTest-347416403 tempest-VolumesActionsTest-347416403-project-member] Determining version of request: GET /v2/images/eef9e695-22a3-42f1-b750-b783360d42e2 Accept: */* {{(pid=99714) process_request /opt/stack/glance/glance/api/middleware/version_negotiation.py:44}}
Jul 15 17:40:52.631460 np0000005210 devstack@g-api.service[99714]: DEBUG glance.api.middleware.version_negotiation [None req-f943268b-46bc-4edb-a692-fca5d29166c4 tempest-VolumesActionsTest-347416403 tempest-VolumesActionsTest-347416403-project-member] Using url versioning {{(pid=99714) process_request /opt/stack/glance/glance/api/middleware/version_negotiation.py:57}}
Jul 15 17:40:52.631460 np0000005210 devstack@g-api.service[99714]: DEBUG glance.api.middleware.version_negotiation [None req-f943268b-46bc-4edb-a692-fca5d29166c4 tempest-VolumesActionsTest-347416403 tempest-VolumesActionsTest-347416403-project-member] Matched version: v2 {{(pid=99714) process_request /opt/stack/glance/glance/api/middleware/version_negotiation.py:69}}
Jul 15 17:40:52.631460 np0000005210 devstack@g-api.service[99714]: DEBUG glance.api.middleware.version_negotiation [None req-f943268b-46bc-4edb-a692-fca5d29166c4 tempest-VolumesActionsTest-347416403 tempest-VolumesActionsTest-347416403-project-member] new path /v2/images/eef9e695-22a3-42f1-b750-b783360d42e2 {{(pid=99714) process_request /opt/stack/glance/glance/api/middleware/version_negotiation.py:70}}
Jul 15 17:40:52.650111 np0000005210 devstack@g-api.service[99714]: [pid: 99714|app: 0|req: 136/373] 127.0.0.1 () {44 vars in 1111 bytes} [Wed Jul 15 17:40:52 2026] GET /v2/images/eef9e695-22a3-42f1-b750-b783360d42e2 => generated 1044 bytes in 19 msecs (HTTP/1.1 200) 4 headers in 158 bytes (1 switches on core 0)
Jul 15 17:40:52.692200 np0000005210 devstack@g-api.service[99713]: DEBUG glance.api.middleware.version_negotiation [None req-9b225420-3e2f-4fb7-af24-4c79fdc8e1b8 tempest-VolumesActionsTest-347416403 tempest-VolumesActionsTest-347416403-project-member] Determining version of request: GET /v2/schemas/image Accept: */* {{(pid=99713) process_request /opt/stack/glance/glance/api/middleware/version_negotiation.py:44}}
Jul 15 17:40:52.692444 np0000005210 devstack@g-api.service[99713]: DEBUG glance.api.middleware.version_negotiation [None req-9b225420-3e2f-4fb7-af24-4c79fdc8e1b8 tempest-VolumesActionsTest-347416403 tempest-VolumesActionsTest-347416403-project-member] Using url versioning {{(pid=99713) process_request /opt/stack/glance/glance/api/middleware/version_negotiation.py:57}}
Jul 15 17:40:52.692632 np0000005210 devstack@g-api.service[99713]: DEBUG glance.api.middleware.version_negotiation [None req-9b225420-3e2f-4fb7-af24-4c79fdc8e1b8 tempest-VolumesActionsTest-347416403 tempest-VolumesActionsTest-347416403-project-member] Matched version: v2 {{(pid=99713) process_request /opt/stack/glance/glance/api/middleware/version_negotiation.py:69}}
Jul 15 17:40:52.692748 np0000005210 devstack@g-api.service[99713]: DEBUG glance.api.middleware.version_negotiation [None req-9b225420-3e2f-4fb7-af24-4c79fdc8e1b8 tempest-VolumesActionsTest-347416403 tempest-VolumesActionsTest-347416403-project-member] new path /v2/schemas/image {{(pid=99713) process_request /opt/stack/glance/glance/api/middleware/version_negotiation.py:70}}
Jul 15 17:40:52.696121 np0000005210 devstack@g-api.service[99713]: [pid: 99713|app: 0|req: 134/374] 127.0.0.1 () {44 vars in 1051 bytes} [Wed Jul 15 17:40:52 2026] GET /v2/schemas/image => generated 6083 bytes in 4 msecs (HTTP/1.1 200) 4 headers in 158 bytes (1 switches on core 0)
Jul 15 17:40:53.631575 np0000005210 devstack@g-api.service[99714]: DEBUG glance.api.middleware.version_negotiation [None req-25ba808d-4883-4089-9af5-0dba9bfff1da tempest-ServerActionsTestOtherA-687197240 tempest-ServerActionsTestOtherA-687197240-project-member] Determining version of request: GET /v2/images/a9279a61-8b9a-45fd-beb8-4a13f3179c28 Accept: application/json {{(pid=99714) process_request /opt/stack/glance/glance/api/middleware/version_negotiation.py:44}}
Jul 15 17:40:53.633716 np0000005210 devstack@g-api.service[99714]: DEBUG glance.api.middleware.version_negotiation [None req-25ba808d-4883-4089-9af5-0dba9bfff1da tempest-ServerActionsTestOtherA-687197240 tempest-ServerActionsTestOtherA-687197240-project-member] Using url versioning {{(pid=99714) process_request /opt/stack/glance/glance/api/middleware/version_negotiation.py:57}}
Jul 15 17:40:53.633716 np0000005210 devstack@g-api.service[99714]: DEBUG glance.api.middleware.version_negotiation [None req-25ba808d-4883-4089-9af5-0dba9bfff1da tempest-ServerActionsTestOtherA-687197240 tempest-ServerActionsTestOtherA-687197240-project-member] Matched version: v2 {{(pid=99714) process_request /opt/stack/glance/glance/api/middleware/version_negotiation.py:69}}
Jul 15 17:40:53.633716 np0000005210 devstack@g-api.service[99714]: DEBUG glance.api.middleware.version_negotiation [None req-25ba808d-4883-4089-9af5-0dba9bfff1da tempest-ServerActionsTestOtherA-687197240 tempest-ServerActionsTestOtherA-687197240-project-member] new path /v2/images/a9279a61-8b9a-45fd-beb8-4a13f3179c28 {{(pid=99714) process_request /opt/stack/glance/glance/api/middleware/version_negotiation.py:70}}
Jul 15 17:40:53.650077 np0000005210 devstack@g-api.service[99714]: [pid: 99714|app: 0|req: 137/375] 127.0.0.1 () {40 vars in 834 bytes} [Wed Jul 15 17:40:53 2026] GET /v2/images/a9279a61-8b9a-45fd-beb8-4a13f3179c28 => generated 650 bytes in 19 msecs (HTTP/1.1 200) 4 headers in 157 bytes (1 switches on core 0)
Jul 15 17:40:54.638708 np0000005210 devstack@g-api.service[99712]: DEBUG swiftclient [None req-d134d512-2817-4dde-996d-1302fe6b5903 tempest-VolumesActionsTest-347416403 tempest-VolumesActionsTest-347416403-project-member] REQ: curl -i https://10.4.3.53:8080/v1/AUTH_6553f0e0d63f438a93be374f48d839af/glance/a9279a61-8b9a-45fd-beb8-4a13f3179c28-00002 -X PUT -H "X-Auth-Token: gAAAAABqV8YioT-x..." {{(pid=99712) http_log /opt/stack/data/venv/lib/python3.12/site-packages/swiftclient/client.py:160}}
Jul 15 17:40:54.639264 np0000005210 devstack@g-api.service[99712]: DEBUG swiftclient [None req-d134d512-2817-4dde-996d-1302fe6b5903 tempest-VolumesActionsTest-347416403 tempest-VolumesActionsTest-347416403-project-member] RESP STATUS: 201 Created {{(pid=99712) http_log /opt/stack/data/venv/lib/python3.12/site-packages/swiftclient/client.py:161}}
Jul 15 17:40:54.639264 np0000005210 devstack@g-api.service[99712]: DEBUG swiftclient [None req-d134d512-2817-4dde-996d-1302fe6b5903 tempest-VolumesActionsTest-347416403 tempest-VolumesActionsTest-347416403-project-member] RESP HEADERS: {'Date': 'Wed, 15 Jul 2026 17:40:54 GMT', 'Server': 'Apache/2.4.58 (Ubuntu)', 'Content-Type': 'text/html; charset=UTF-8', 'Content-Length': '0', 'Etag': 'eda9a9889837ac4bc81d6387d92c1bec', 'Last-Modified': 'Wed, 15 Jul 2026 17:40:53 GMT', 'X-Trans-Id': 'tx90eb158ef621458f9310f-006a57c624', 'X-Openstack-Request-Id': 'tx90eb158ef621458f9310f-006a57c624', 'Connection': 'close'} {{(pid=99712) http_log /opt/stack/data/venv/lib/python3.12/site-packages/swiftclient/client.py:162}}
Jul 15 17:40:54.639264 np0000005210 devstack@g-api.service[99712]: DEBUG glance_store._drivers.swift.store [None req-d134d512-2817-4dde-996d-1302fe6b5903 tempest-VolumesActionsTest-347416403 tempest-VolumesActionsTest-347416403-project-member] Wrote chunk a9279a61-8b9a-45fd-beb8-4a13f3179c28-00002 (2/?) of length 204800000 to Swift returning MD5 of content: eda9a9889837ac4bc81d6387d92c1bec {{(pid=99712) add /opt/stack/data/venv/lib/python3.12/site-packages/glance_store/_drivers/swift/store.py:1059}}
Jul 15 17:40:54.661446 np0000005210 devstack@g-api.service[99713]: DEBUG glance.api.middleware.version_negotiation [None req-25ba808d-4883-4089-9af5-0dba9bfff1da tempest-ServerActionsTestOtherA-687197240 tempest-ServerActionsTestOtherA-687197240-project-member] Determining version of request: GET /v2/images/a9279a61-8b9a-45fd-beb8-4a13f3179c28 Accept: application/json {{(pid=99713) process_request /opt/stack/glance/glance/api/middleware/version_negotiation.py:44}}
Jul 15 17:40:54.661846 np0000005210 devstack@g-api.service[99713]: DEBUG glance.api.middleware.version_negotiation [None req-25ba808d-4883-4089-9af5-0dba9bfff1da tempest-ServerActionsTestOtherA-687197240 tempest-ServerActionsTestOtherA-687197240-project-member] Using url versioning {{(pid=99713) process_request /opt/stack/glance/glance/api/middleware/version_negotiation.py:57}}
Jul 15 17:40:54.661846 np0000005210 devstack@g-api.service[99713]: DEBUG glance.api.middleware.version_negotiation [None req-25ba808d-4883-4089-9af5-0dba9bfff1da tempest-ServerActionsTestOtherA-687197240 tempest-ServerActionsTestOtherA-687197240-project-member] Matched version: v2 {{(pid=99713) process_request /opt/stack/glance/glance/api/middleware/version_negotiation.py:69}}
Jul 15 17:40:54.661943 np0000005210 devstack@g-api.service[99713]: DEBUG glance.api.middleware.version_negotiation [None req-25ba808d-4883-4089-9af5-0dba9bfff1da tempest-ServerActionsTestOtherA-687197240 tempest-ServerActionsTestOtherA-687197240-project-member] new path /v2/images/a9279a61-8b9a-45fd-beb8-4a13f3179c28 {{(pid=99713) process_request /opt/stack/glance/glance/api/middleware/version_negotiation.py:70}}
Jul 15 17:40:54.687637 np0000005210 devstack@g-api.service[99713]: [pid: 99713|app: 0|req: 135/376] 127.0.0.1 () {40 vars in 834 bytes} [Wed Jul 15 17:40:54 2026] GET /v2/images/a9279a61-8b9a-45fd-beb8-4a13f3179c28 => generated 650 bytes in 26 msecs (HTTP/1.1 200) 4 headers in 157 bytes (1 switches on core 0)
Jul 15 17:40:55.700484 np0000005210 devstack@g-api.service[99714]: DEBUG glance.api.middleware.version_negotiation [None req-ef41557c-3d19-4771-8c11-04bf178672d5 tempest-VolumesActionsTest-347416403 tempest-VolumesActionsTest-347416403-project-member] Determining version of request: GET /v2/images/a9279a61-8b9a-45fd-beb8-4a13f3179c28 Accept: application/json {{(pid=99714) process_request /opt/stack/glance/glance/api/middleware/version_negotiation.py:44}}
Jul 15 17:40:55.700944 np0000005210 devstack@g-api.service[99714]: DEBUG glance.api.middleware.version_negotiation [None req-ef41557c-3d19-4771-8c11-04bf178672d5 tempest-VolumesActionsTest-347416403 tempest-VolumesActionsTest-347416403-project-member] Using url versioning {{(pid=99714) process_request /opt/stack/glance/glance/api/middleware/version_negotiation.py:57}}
Jul 15 17:40:55.700944 np0000005210 devstack@g-api.service[99714]: DEBUG glance.api.middleware.version_negotiation [None req-ef41557c-3d19-4771-8c11-04bf178672d5 tempest-VolumesActionsTest-347416403 tempest-VolumesActionsTest-347416403-project-member] Matched version: v2 {{(pid=99714) process_request /opt/stack/glance/glance/api/middleware/version_negotiation.py:69}}
Jul 15 17:40:55.701111 np0000005210 devstack@g-api.service[99714]: DEBUG glance.api.middleware.version_negotiation [None req-ef41557c-3d19-4771-8c11-04bf178672d5 tempest-VolumesActionsTest-347416403 tempest-VolumesActionsTest-347416403-project-member] new path /v2/images/a9279a61-8b9a-45fd-beb8-4a13f3179c28 {{(pid=99714) process_request /opt/stack/glance/glance/api/middleware/version_negotiation.py:70}}
Jul 15 17:40:55.721239 np0000005210 devstack@g-api.service[99714]: [pid: 99714|app: 0|req: 138/377] 127.0.0.1 () {40 vars in 834 bytes} [Wed Jul 15 17:40:55 2026] GET /v2/images/a9279a61-8b9a-45fd-beb8-4a13f3179c28 => generated 650 bytes in 21 msecs (HTTP/1.1 200) 4 headers in 157 bytes (1 switches on core 0)
Jul 15 17:40:56.733797 np0000005210 devstack@g-api.service[99713]: DEBUG glance.api.middleware.version_negotiation [None req-0fb738c5-341b-4e87-a1d4-0fbc3f6f2356 tempest-VolumesActionsTest-347416403 tempest-VolumesActionsTest-347416403-project-member] Determining version of request: GET /v2/images/a9279a61-8b9a-45fd-beb8-4a13f3179c28 Accept: application/json {{(pid=99713) process_request /opt/stack/glance/glance/api/middleware/version_negotiation.py:44}}
Jul 15 17:40:56.734328 np0000005210 devstack@g-api.service[99713]: DEBUG glance.api.middleware.version_negotiation [None req-0fb738c5-341b-4e87-a1d4-0fbc3f6f2356 tempest-VolumesActionsTest-347416403 tempest-VolumesActionsTest-347416403-project-member] Using url versioning {{(pid=99713) process_request /opt/stack/glance/glance/api/middleware/version_negotiation.py:57}}
Jul 15 17:40:56.734328 np0000005210 devstack@g-api.service[99713]: DEBUG glance.api.middleware.version_negotiation [None req-0fb738c5-341b-4e87-a1d4-0fbc3f6f2356 tempest-VolumesActionsTest-347416403 tempest-VolumesActionsTest-347416403-project-member] Matched version: v2 {{(pid=99713) process_request /opt/stack/glance/glance/api/middleware/version_negotiation.py:69}}
Jul 15 17:40:56.734328 np0000005210 devstack@g-api.service[99713]: DEBUG glance.api.middleware.version_negotiation [None req-0fb738c5-341b-4e87-a1d4-0fbc3f6f2356 tempest-VolumesActionsTest-347416403 tempest-VolumesActionsTest-347416403-project-member] new path /v2/images/a9279a61-8b9a-45fd-beb8-4a13f3179c28 {{(pid=99713) process_request /opt/stack/glance/glance/api/middleware/version_negotiation.py:70}}
Jul 15 17:40:56.751153 np0000005210 devstack@g-api.service[99713]: [pid: 99713|app: 0|req: 136/378] 127.0.0.1 () {40 vars in 834 bytes} [Wed Jul 15 17:40:56 2026] GET /v2/images/a9279a61-8b9a-45fd-beb8-4a13f3179c28 => generated 650 bytes in 17 msecs (HTTP/1.1 200) 4 headers in 157 bytes (1 switches on core 0)
Jul 15 17:40:57.175144 np0000005210 devstack@g-api.service[99712]: DEBUG swiftclient [None req-d134d512-2817-4dde-996d-1302fe6b5903 tempest-VolumesActionsTest-347416403 tempest-VolumesActionsTest-347416403-project-member] REQ: curl -i https://10.4.3.53:8080/v1/AUTH_6553f0e0d63f438a93be374f48d839af/glance/a9279a61-8b9a-45fd-beb8-4a13f3179c28-00003 -X PUT -H "X-Auth-Token: gAAAAABqV8YioT-x..." {{(pid=99712) http_log /opt/stack/data/venv/lib/python3.12/site-packages/swiftclient/client.py:160}}
Jul 15 17:40:57.175697 np0000005210 devstack@g-api.service[99712]: DEBUG swiftclient [None req-d134d512-2817-4dde-996d-1302fe6b5903 tempest-VolumesActionsTest-347416403 tempest-VolumesActionsTest-347416403-project-member] RESP STATUS: 201 Created {{(pid=99712) http_log /opt/stack/data/venv/lib/python3.12/site-packages/swiftclient/client.py:161}}
Jul 15 17:40:57.175697 np0000005210 devstack@g-api.service[99712]: DEBUG swiftclient [None req-d134d512-2817-4dde-996d-1302fe6b5903 tempest-VolumesActionsTest-347416403 tempest-VolumesActionsTest-347416403-project-member] RESP HEADERS: {'Date': 'Wed, 15 Jul 2026 17:40:57 GMT', 'Server': 'Apache/2.4.58 (Ubuntu)', 'Content-Type': 'text/html; charset=UTF-8', 'Content-Length': '0', 'Etag': 'eda9a9889837ac4bc81d6387d92c1bec', 'Last-Modified': 'Wed, 15 Jul 2026 17:40:55 GMT', 'X-Trans-Id': 'tx71ca2d9858eb45eb98862-006a57c626', 'X-Openstack-Request-Id': 'tx71ca2d9858eb45eb98862-006a57c626', 'Connection': 'close'} {{(pid=99712) http_log /opt/stack/data/venv/lib/python3.12/site-packages/swiftclient/client.py:162}}
Jul 15 17:40:57.175697 np0000005210 devstack@g-api.service[99712]: DEBUG glance_store._drivers.swift.store [None req-d134d512-2817-4dde-996d-1302fe6b5903 tempest-VolumesActionsTest-347416403 tempest-VolumesActionsTest-347416403-project-member] Wrote chunk a9279a61-8b9a-45fd-beb8-4a13f3179c28-00003 (3/?) of length 204800000 to Swift returning MD5 of content: eda9a9889837ac4bc81d6387d92c1bec {{(pid=99712) add /opt/stack/data/venv/lib/python3.12/site-packages/glance_store/_drivers/swift/store.py:1059}}
Jul 15 17:40:57.765250 np0000005210 devstack@g-api.service[99714]: DEBUG glance.api.middleware.version_negotiation [None req-d65adf64-5303-4ce2-a2b7-c6213b068467 tempest-VolumesActionsTest-347416403 tempest-VolumesActionsTest-347416403-project-member] Determining version of request: GET /v2/images/a9279a61-8b9a-45fd-beb8-4a13f3179c28 Accept: application/json {{(pid=99714) process_request /opt/stack/glance/glance/api/middleware/version_negotiation.py:44}}
Jul 15 17:40:57.766232 np0000005210 devstack@g-api.service[99714]: DEBUG glance.api.middleware.version_negotiation [None req-d65adf64-5303-4ce2-a2b7-c6213b068467 tempest-VolumesActionsTest-347416403 tempest-VolumesActionsTest-347416403-project-member] Using url versioning {{(pid=99714) process_request /opt/stack/glance/glance/api/middleware/version_negotiation.py:57}}
Jul 15 17:40:57.766232 np0000005210 devstack@g-api.service[99714]: DEBUG glance.api.middleware.version_negotiation [None req-d65adf64-5303-4ce2-a2b7-c6213b068467 tempest-VolumesActionsTest-347416403 tempest-VolumesActionsTest-347416403-project-member] Matched version: v2 {{(pid=99714) process_request /opt/stack/glance/glance/api/middleware/version_negotiation.py:69}}
Jul 15 17:40:57.766232 np0000005210 devstack@g-api.service[99714]: DEBUG glance.api.middleware.version_negotiation [None req-d65adf64-5303-4ce2-a2b7-c6213b068467 tempest-VolumesActionsTest-347416403 tempest-VolumesActionsTest-347416403-project-member] new path /v2/images/a9279a61-8b9a-45fd-beb8-4a13f3179c28 {{(pid=99714) process_request /opt/stack/glance/glance/api/middleware/version_negotiation.py:70}}
Jul 15 17:40:57.783228 np0000005210 devstack@g-api.service[99714]: [pid: 99714|app: 0|req: 139/379] 127.0.0.1 () {40 vars in 834 bytes} [Wed Jul 15 17:40:57 2026] GET /v2/images/a9279a61-8b9a-45fd-beb8-4a13f3179c28 => generated 650 bytes in 18 msecs (HTTP/1.1 200) 4 headers in 157 bytes (1 switches on core 0)
Jul 15 17:40:58.795234 np0000005210 devstack@g-api.service[99713]: DEBUG glance.api.middleware.version_negotiation [None req-0c4a2499-baa1-44ba-88f0-d8daa6429b8c tempest-VolumesActionsTest-347416403 tempest-VolumesActionsTest-347416403-project-member] Determining version of request: GET /v2/images/a9279a61-8b9a-45fd-beb8-4a13f3179c28 Accept: application/json {{(pid=99713) process_request /opt/stack/glance/glance/api/middleware/version_negotiation.py:44}}
Jul 15 17:40:58.795711 np0000005210 devstack@g-api.service[99713]: DEBUG glance.api.middleware.version_negotiation [None req-0c4a2499-baa1-44ba-88f0-d8daa6429b8c tempest-VolumesActionsTest-347416403 tempest-VolumesActionsTest-347416403-project-member] Using url versioning {{(pid=99713) process_request /opt/stack/glance/glance/api/middleware/version_negotiation.py:57}}
Jul 15 17:40:58.795803 np0000005210 devstack@g-api.service[99713]: DEBUG glance.api.middleware.version_negotiation [None req-0c4a2499-baa1-44ba-88f0-d8daa6429b8c tempest-VolumesActionsTest-347416403 tempest-VolumesActionsTest-347416403-project-member] Matched version: v2 {{(pid=99713) process_request /opt/stack/glance/glance/api/middleware/version_negotiation.py:69}}
Jul 15 17:40:58.795977 np0000005210 devstack@g-api.service[99713]: DEBUG glance.api.middleware.version_negotiation [None req-0c4a2499-baa1-44ba-88f0-d8daa6429b8c tempest-VolumesActionsTest-347416403 tempest-VolumesActionsTest-347416403-project-member] new path /v2/images/a9279a61-8b9a-45fd-beb8-4a13f3179c28 {{(pid=99713) process_request /opt/stack/glance/glance/api/middleware/version_negotiation.py:70}}
Jul 15 17:40:58.810751 np0000005210 devstack@g-api.service[99713]: [pid: 99713|app: 0|req: 137/380] 127.0.0.1 () {40 vars in 834 bytes} [Wed Jul 15 17:40:58 2026] GET /v2/images/a9279a61-8b9a-45fd-beb8-4a13f3179c28 => generated 650 bytes in 16 msecs (HTTP/1.1 200) 4 headers in 157 bytes (1 switches on core 0)
Jul 15 17:40:58.917393 np0000005210 devstack@g-api.service[99714]: DEBUG glance.api.middleware.version_negotiation [None req-daa6997f-d5a6-4503-ba78-0d5a1e7fb3bd tempest-VolumesActionsTest-347416403 tempest-VolumesActionsTest-347416403-project-member] Determining version of request: GET /v2/schemas/image Accept: */* {{(pid=99714) process_request /opt/stack/glance/glance/api/middleware/version_negotiation.py:44}}
Jul 15 17:40:58.917393 np0000005210 devstack@g-api.service[99714]: DEBUG glance.api.middleware.version_negotiation [None req-daa6997f-d5a6-4503-ba78-0d5a1e7fb3bd tempest-VolumesActionsTest-347416403 tempest-VolumesActionsTest-347416403-project-member] Using url versioning {{(pid=99714) process_request /opt/stack/glance/glance/api/middleware/version_negotiation.py:57}}
Jul 15 17:40:58.917393 np0000005210 devstack@g-api.service[99714]: DEBUG glance.api.middleware.version_negotiation [None req-daa6997f-d5a6-4503-ba78-0d5a1e7fb3bd tempest-VolumesActionsTest-347416403 tempest-VolumesActionsTest-347416403-project-member] Matched version: v2 {{(pid=99714) process_request /opt/stack/glance/glance/api/middleware/version_negotiation.py:69}}
Jul 15 17:40:58.917848 np0000005210 devstack@g-api.service[99714]: DEBUG glance.api.middleware.version_negotiation [None req-daa6997f-d5a6-4503-ba78-0d5a1e7fb3bd tempest-VolumesActionsTest-347416403 tempest-VolumesActionsTest-347416403-project-member] new path /v2/schemas/image {{(pid=99714) process_request /opt/stack/glance/glance/api/middleware/version_negotiation.py:70}}
