Aug 03 09:29:08.384738 np0000006332 devstack@g-api.service[102990]: DEBUG glance.api.middleware.version_negotiation [None req-dc7b0d40-6802-468b-a84a-acc034cdf493 tempest-TestVolumeBootPattern-1211490600 tempest-TestVolumeBootPattern-1211490600-project-member] Matched version: v2 {{(pid=102990) process_request /opt/stack/glance/glance/api/middleware/version_negotiation.py:69}}
Aug 03 09:29:08.384738 np0000006332 devstack@g-api.service[102990]: DEBUG glance.api.middleware.version_negotiation [None req-dc7b0d40-6802-468b-a84a-acc034cdf493 tempest-TestVolumeBootPattern-1211490600 tempest-TestVolumeBootPattern-1211490600-project-member] new path /v2/images/9f96e032-de2a-4a76-bf0c-b84ac5860b25 {{(pid=102990) process_request /opt/stack/glance/glance/api/middleware/version_negotiation.py:70}}
Aug 03 09:29:08.396696 np0000006332 devstack@g-api.service[102989]: DEBUG glance.api.middleware.version_negotiation [None req-dc7b0d40-6802-468b-a84a-acc034cdf493 tempest-TestVolumeBootPattern-1211490600 tempest-TestVolumeBootPattern-1211490600-project-member] Determining version of request: GET /v2/images/79ab10bc-494d-4f6b-9da5-b826bd89e86d/locations Accept: */* {{(pid=102989) process_request /opt/stack/glance/glance/api/middleware/version_negotiation.py:44}}
Aug 03 09:29:08.398430 np0000006332 devstack@g-api.service[102989]: DEBUG glance.api.middleware.version_negotiation [None req-dc7b0d40-6802-468b-a84a-acc034cdf493 tempest-TestVolumeBootPattern-1211490600 tempest-TestVolumeBootPattern-1211490600-project-member] Using url versioning {{(pid=102989) process_request /opt/stack/glance/glance/api/middleware/version_negotiation.py:57}}
Aug 03 09:29:08.398430 np0000006332 devstack@g-api.service[102989]: DEBUG glance.api.middleware.version_negotiation [None req-dc7b0d40-6802-468b-a84a-acc034cdf493 tempest-TestVolumeBootPattern-1211490600 tempest-TestVolumeBootPattern-1211490600-project-member] Matched version: v2 {{(pid=102989) process_request /opt/stack/glance/glance/api/middleware/version_negotiation.py:69}}
Aug 03 09:29:08.398430 np0000006332 devstack@g-api.service[102989]: DEBUG glance.api.middleware.version_negotiation [None req-dc7b0d40-6802-468b-a84a-acc034cdf493 tempest-TestVolumeBootPattern-1211490600 tempest-TestVolumeBootPattern-1211490600-project-member] new path /v2/images/79ab10bc-494d-4f6b-9da5-b826bd89e86d/locations {{(pid=102989) process_request /opt/stack/glance/glance/api/middleware/version_negotiation.py:70}}
Aug 03 09:29:08.405154 np0000006332 devstack@g-api.service[102990]: WARNING glance.api.v2.images [None req-07489d1d-9f62-4a17-84ce-ab3924dfb62d tempest-AttachVolumeShelveTestJSON-1975006086 tempest-AttachVolumeShelveTestJSON-1975006086-project-member] After upload to backend, deletion of staged image data has failed because it cannot be found at /tmp/staging//9f96e032-de2a-4a76-bf0c-b84ac5860b25
Aug 03 09:29:08.405782 np0000006332 devstack@g-api.service[102990]: DEBUG glance_store.backend [None req-07489d1d-9f62-4a17-84ce-ab3924dfb62d tempest-AttachVolumeShelveTestJSON-1975006086 tempest-AttachVolumeShelveTestJSON-1975006086-project-member] Attempting to import store swift {{(pid=102990) _load_store /opt/stack/data/venv/lib/python3.12/site-packages/glance_store/backend.py:215}}
Aug 03 09:29:08.408494 np0000006332 devstack@g-api.service[102990]: DEBUG glance_store.capabilities [None req-07489d1d-9f62-4a17-84ce-ab3924dfb62d tempest-AttachVolumeShelveTestJSON-1975006086 tempest-AttachVolumeShelveTestJSON-1975006086-project-member] Store glance_store._drivers.swift.store.SingleTenantStore doesn't support updating dynamic storage capabilities. Please overwrite 'update_capabilities' method of the store to implement updating logics if needed. {{(pid=102990) update_capabilities /opt/stack/data/venv/lib/python3.12/site-packages/glance_store/capabilities.py:91}}
Aug 03 09:29:08.408494 np0000006332 devstack@g-api.service[102990]: DEBUG glance_store.driver [None req-07489d1d-9f62-4a17-84ce-ab3924dfb62d tempest-AttachVolumeShelveTestJSON-1975006086 tempest-AttachVolumeShelveTestJSON-1975006086-project-member] Late loading location class glance_store._drivers.swift.store.StoreLocation {{(pid=102990) get_store_location_class /opt/stack/data/venv/lib/python3.12/site-packages/glance_store/driver.py:134}}
Aug 03 09:29:08.408494 np0000006332 devstack@g-api.service[102990]: DEBUG glance_store.location [None req-07489d1d-9f62-4a17-84ce-ab3924dfb62d tempest-AttachVolumeShelveTestJSON-1975006086 tempest-AttachVolumeShelveTestJSON-1975006086-project-member] Registering scheme swift+https with {'store': , 'location_class': , 'store_entry': 'swift'} {{(pid=102990) register_scheme_map /opt/stack/data/venv/lib/python3.12/site-packages/glance_store/location.py:146}}
Aug 03 09:29:08.408494 np0000006332 devstack@g-api.service[102990]: DEBUG glance_store.location [None req-07489d1d-9f62-4a17-84ce-ab3924dfb62d tempest-AttachVolumeShelveTestJSON-1975006086 tempest-AttachVolumeShelveTestJSON-1975006086-project-member] Registering scheme swift+https with {'store': , 'location_class': , 'store_entry': 'swift'} {{(pid=102990) register_scheme_map /opt/stack/data/venv/lib/python3.12/site-packages/glance_store/location.py:146}}
Aug 03 09:29:08.408494 np0000006332 devstack@g-api.service[102990]: DEBUG glance_store.location [None req-07489d1d-9f62-4a17-84ce-ab3924dfb62d tempest-AttachVolumeShelveTestJSON-1975006086 tempest-AttachVolumeShelveTestJSON-1975006086-project-member] Registering scheme swift with {'store': , 'location_class': , 'store_entry': 'swift'} {{(pid=102990) register_scheme_map /opt/stack/data/venv/lib/python3.12/site-packages/glance_store/location.py:146}}
Aug 03 09:29:08.408494 np0000006332 devstack@g-api.service[102990]: DEBUG glance_store.location [None req-07489d1d-9f62-4a17-84ce-ab3924dfb62d tempest-AttachVolumeShelveTestJSON-1975006086 tempest-AttachVolumeShelveTestJSON-1975006086-project-member] Registering scheme swift+https with {'store': , 'location_class': , 'store_entry': 'swift'} {{(pid=102990) register_scheme_map /opt/stack/data/venv/lib/python3.12/site-packages/glance_store/location.py:146}}
Aug 03 09:29:08.408979 np0000006332 devstack@g-api.service[102990]: DEBUG glance_store.location [None req-07489d1d-9f62-4a17-84ce-ab3924dfb62d tempest-AttachVolumeShelveTestJSON-1975006086 tempest-AttachVolumeShelveTestJSON-1975006086-project-member] Registering scheme swift with {'store': , 'location_class': , 'store_entry': 'swift'} {{(pid=102990) register_scheme_map /opt/stack/data/venv/lib/python3.12/site-packages/glance_store/location.py:146}}
Aug 03 09:29:08.408979 np0000006332 devstack@g-api.service[102990]: DEBUG glance_store.location [None req-07489d1d-9f62-4a17-84ce-ab3924dfb62d tempest-AttachVolumeShelveTestJSON-1975006086 tempest-AttachVolumeShelveTestJSON-1975006086-project-member] Registering scheme swift+http with {'store': , 'location_class': , 'store_entry': 'swift'} {{(pid=102990) register_scheme_map /opt/stack/data/venv/lib/python3.12/site-packages/glance_store/location.py:146}}
Aug 03 09:29:08.408979 np0000006332 devstack@g-api.service[102990]: DEBUG glance_store.location [None req-07489d1d-9f62-4a17-84ce-ab3924dfb62d tempest-AttachVolumeShelveTestJSON-1975006086 tempest-AttachVolumeShelveTestJSON-1975006086-project-member] Registering scheme swift+https with {'store': , 'location_class': , 'store_entry': 'swift'} {{(pid=102990) register_scheme_map /opt/stack/data/venv/lib/python3.12/site-packages/glance_store/location.py:146}}
Aug 03 09:29:08.408979 np0000006332 devstack@g-api.service[102990]: DEBUG glance_store.location [None req-07489d1d-9f62-4a17-84ce-ab3924dfb62d tempest-AttachVolumeShelveTestJSON-1975006086 tempest-AttachVolumeShelveTestJSON-1975006086-project-member] Registering scheme swift with {'store': , 'location_class': , 'store_entry': 'swift'} {{(pid=102990) register_scheme_map /opt/stack/data/venv/lib/python3.12/site-packages/glance_store/location.py:146}}
Aug 03 09:29:08.409160 np0000006332 devstack@g-api.service[102990]: DEBUG glance_store.location [None req-07489d1d-9f62-4a17-84ce-ab3924dfb62d tempest-AttachVolumeShelveTestJSON-1975006086 tempest-AttachVolumeShelveTestJSON-1975006086-project-member] Registering scheme swift+http with {'store': , 'location_class': , 'store_entry': 'swift'} {{(pid=102990) register_scheme_map /opt/stack/data/venv/lib/python3.12/site-packages/glance_store/location.py:146}}
Aug 03 09:29:08.409160 np0000006332 devstack@g-api.service[102990]: DEBUG glance_store.location [None req-07489d1d-9f62-4a17-84ce-ab3924dfb62d tempest-AttachVolumeShelveTestJSON-1975006086 tempest-AttachVolumeShelveTestJSON-1975006086-project-member] Registering scheme swift+config with {'store': , 'location_class': , 'store_entry': 'swift'} {{(pid=102990) register_scheme_map /opt/stack/data/venv/lib/python3.12/site-packages/glance_store/location.py:146}}
Aug 03 09:29:08.410150 np0000006332 devstack@g-api.service[102990]: DEBUG keystoneclient.auth.identity.v3.base [None req-07489d1d-9f62-4a17-84ce-ab3924dfb62d tempest-AttachVolumeShelveTestJSON-1975006086 tempest-AttachVolumeShelveTestJSON-1975006086-project-member] Making authentication request to https://10.4.3.73/identity/v3/auth/tokens {{(pid=102990) get_auth_ref /opt/stack/data/venv/lib/python3.12/site-packages/keystoneclient/auth/identity/v3/base.py:185}}
Aug 03 09:29:08.454968 np0000006332 devstack@g-api.service[102989]: [pid: 102989|app: 0|req: 104/405] 127.0.0.1 () {44 vars in 1131 bytes} [Mon Aug 3 09:29:08 2026] GET /v2/images/79ab10bc-494d-4f6b-9da5-b826bd89e86d/locations => generated 92 bytes in 58 msecs (HTTP/1.1 200) 4 headers in 156 bytes (1 switches on core 0)
Aug 03 09:29:08.455069 np0000006332 devstack@g-api.service[102990]: DEBUG keystoneclient.auth.identity.v3.base [None req-07489d1d-9f62-4a17-84ce-ab3924dfb62d tempest-AttachVolumeShelveTestJSON-1975006086 tempest-AttachVolumeShelveTestJSON-1975006086-project-member] {"token": {"methods": ["password"], "user": {"domain": {"id": "default", "name": "Default"}, "id": "7d23146c01444582957b26cef216fe68", "name": "glance-swift", "password_expires_at": null}, "audit_ids": ["uCe21u0hTR6qMpj4HWQnpg"], "expires_at": "2026-08-03T10:29:08.000000Z", "issued_at": "2026-08-03T09:29:08.000000Z", "project": {"domain": {"id": "default", "name": "Default"}, "id": "46a97a8cde6348d7a1c0c76d0be8c4ef", "name": "service"}, "is_domain": false, "roles": [{"id": "613ce23e957b474faa9c7c20400fcaa3", "name": "service"}, {"id": "456da32a9eec476aa62d95ba977fd6c1", "name": "ResellerAdmin"}], "catalog": [{"endpoints": [{"id": "b85ab5f78d704d23a0f2aa5814ce7a1c", "interface": "public", "region_id": "RegionOne", "url": "https://10.4.3.73/identity", "region": "RegionOne"}], "id": "02c0b57d59e24890b1ef9c1d479d4e11", "type": "identity", "name": "keystone"}, {"endpoints": [{"id": "6819fabc3cc64325985474d1d7304ece", "interface": "public", "region_id": "RegionOne", "url": "https://10.4.3.73/image", "region": "RegionOne"}], "id": "49235351b5394d60b03a0a8e8398683d", "type": "image", "name": "glance"}, {"endpoints": [{"id": "d1241d7e5666489a8febbd50a9a4dfee", "interface": "public", "region_id": "RegionOne", "url": "https://10.4.3.73/networking", "region": "RegionOne"}], "id": "4975d88aa38c4914ac41b9493915ba57", "type": "network", "name": "neutron"}, {"endpoints": [{"id": "ff9c069bb4424779b5a28c387994af70", "interface": "public", "region_id": "RegionOne", "url": "https://10.4.3.73/compute/v2/46a97a8cde6348d7a1c0c76d0be8c4ef", "region": "RegionOne"}], "id": "80af7a28fdd04e18b323cd44142d118f", "type": "compute_legacy", "name": "nova_legacy"}, {"endpoints": [{"id": "25dd279faf0c45cfa7d5666a1f31ded4", "interface": "public", "region_id": "RegionOne", "url": "https://10.4.3.73/volume/v3", "region": "RegionOne"}], "id": "92f1829df1884b1fbc31db8923248f19", "type": "block-storage", "name": "cinder"}, {"endpoints": [{"id": "35f132687a9f4e3491180e94fd12589f", "interface": "public", "region_id": "RegionOne", "url": "https://10.4.3.73/placement", "region": "RegionOne"}], "id": "b008f02f70c54cc7ae0f32dcd95a06fe", "type": "placement", "name": "placement"}, {"endpoints": [{"id": "123745c22a8a460bb981051b864601e9", "interface": "public", "region_id": "RegionOne", "url": "https://10.4.3.73:8080/v1/AUTH_46a97a8cde6348d7a1c0c76d0be8c4ef", "region": "RegionOne"}, {"id": "8d69a0658c1f49869216f24845db6115", "interface": "admin", "region_id": "RegionOne", "url": "https://10.4.3.73:8080", "region": "RegionOne"}], "id": "fbbef9be20474103bd9b8d94d6672dbd", "type": "object-store", "name": "swift"}, {"endpoints": [{"id": "6043375e50da4fe5956686ba5815e709", "interface": "public", "region_id": "RegionOne", "url": "https://10.4.3.73/compute/v2.1", "region": "RegionOne"}], "id": "fe13dff4bac04089bd520b04ad2c43d3", "type": "compute", "name": "nova"}]}} {{(pid=102990) get_auth_ref /opt/stack/data/venv/lib/python3.12/site-packages/keystoneclient/auth/identity/v3/base.py:190}}
Aug 03 09:29:08.455504 np0000006332 devstack@g-api.service[102990]: DEBUG keystoneclient.httpclient [None req-07489d1d-9f62-4a17-84ce-ab3924dfb62d tempest-AttachVolumeShelveTestJSON-1975006086 tempest-AttachVolumeShelveTestJSON-1975006086-project-member] Failed to find endpoint for management url admin endpoint for identity service not found {{(pid=102990) _process_management_url /opt/stack/data/venv/lib/python3.12/site-packages/keystoneclient/httpclient.py:670}}
Aug 03 09:29:08.464360 np0000006332 devstack@g-api.service[102987]: DEBUG glance.api.middleware.version_negotiation [None req-dc7b0d40-6802-468b-a84a-acc034cdf493 tempest-TestVolumeBootPattern-1211490600 tempest-TestVolumeBootPattern-1211490600-project-member] Determining version of request: GET /v2/images/79ab10bc-494d-4f6b-9da5-b826bd89e86d Accept: */* {{(pid=102987) process_request /opt/stack/glance/glance/api/middleware/version_negotiation.py:44}}
Aug 03 09:29:08.464609 np0000006332 devstack@g-api.service[102987]: DEBUG glance.api.middleware.version_negotiation [None req-dc7b0d40-6802-468b-a84a-acc034cdf493 tempest-TestVolumeBootPattern-1211490600 tempest-TestVolumeBootPattern-1211490600-project-member] Using url versioning {{(pid=102987) process_request /opt/stack/glance/glance/api/middleware/version_negotiation.py:57}}
Aug 03 09:29:08.465069 np0000006332 devstack@g-api.service[102987]: DEBUG glance.api.middleware.version_negotiation [None req-dc7b0d40-6802-468b-a84a-acc034cdf493 tempest-TestVolumeBootPattern-1211490600 tempest-TestVolumeBootPattern-1211490600-project-member] Matched version: v2 {{(pid=102987) process_request /opt/stack/glance/glance/api/middleware/version_negotiation.py:69}}
Aug 03 09:29:08.465069 np0000006332 devstack@g-api.service[102987]: DEBUG glance.api.middleware.version_negotiation [None req-dc7b0d40-6802-468b-a84a-acc034cdf493 tempest-TestVolumeBootPattern-1211490600 tempest-TestVolumeBootPattern-1211490600-project-member] new path /v2/images/79ab10bc-494d-4f6b-9da5-b826bd89e86d {{(pid=102987) process_request /opt/stack/glance/glance/api/middleware/version_negotiation.py:70}}
Aug 03 09:29:08.485156 np0000006332 devstack@g-api.service[102987]: [pid: 102987|app: 0|req: 102/406] 127.0.0.1 () {44 vars in 1111 bytes} [Mon Aug 3 09:29:08 2026] GET /v2/images/79ab10bc-494d-4f6b-9da5-b826bd89e86d => generated 1044 bytes in 21 msecs (HTTP/1.1 200) 4 headers in 158 bytes (1 switches on core 0)
Aug 03 09:29:08.494485 np0000006332 devstack@g-api.service[102988]: DEBUG glance.api.middleware.version_negotiation [None req-dc7b0d40-6802-468b-a84a-acc034cdf493 tempest-TestVolumeBootPattern-1211490600 tempest-TestVolumeBootPattern-1211490600-project-member] Determining version of request: GET /v2/schemas/image Accept: */* {{(pid=102988) process_request /opt/stack/glance/glance/api/middleware/version_negotiation.py:44}}
Aug 03 09:29:08.494734 np0000006332 devstack@g-api.service[102988]: DEBUG glance.api.middleware.version_negotiation [None req-dc7b0d40-6802-468b-a84a-acc034cdf493 tempest-TestVolumeBootPattern-1211490600 tempest-TestVolumeBootPattern-1211490600-project-member] Using url versioning {{(pid=102988) process_request /opt/stack/glance/glance/api/middleware/version_negotiation.py:57}}
Aug 03 09:29:08.494943 np0000006332 devstack@g-api.service[102988]: DEBUG glance.api.middleware.version_negotiation [None req-dc7b0d40-6802-468b-a84a-acc034cdf493 tempest-TestVolumeBootPattern-1211490600 tempest-TestVolumeBootPattern-1211490600-project-member] Matched version: v2 {{(pid=102988) process_request /opt/stack/glance/glance/api/middleware/version_negotiation.py:69}}
Aug 03 09:29:08.495048 np0000006332 devstack@g-api.service[102988]: DEBUG glance.api.middleware.version_negotiation [None req-dc7b0d40-6802-468b-a84a-acc034cdf493 tempest-TestVolumeBootPattern-1211490600 tempest-TestVolumeBootPattern-1211490600-project-member] new path /v2/schemas/image {{(pid=102988) process_request /opt/stack/glance/glance/api/middleware/version_negotiation.py:70}}
Aug 03 09:29:08.497828 np0000006332 devstack@g-api.service[102988]: [pid: 102988|app: 0|req: 103/407] 127.0.0.1 () {44 vars in 1051 bytes} [Mon Aug 3 09:29:08 2026] GET /v2/schemas/image => generated 6083 bytes in 3 msecs (HTTP/1.1 200) 4 headers in 158 bytes (1 switches on core 0)
Aug 03 09:29:08.510197 np0000006332 devstack@g-api.service[102989]: DEBUG glance.api.middleware.version_negotiation [None req-dc7b0d40-6802-468b-a84a-acc034cdf493 service glance] Determining version of request: GET /v2/schemas/image Accept: */* {{(pid=102989) process_request /opt/stack/glance/glance/api/middleware/version_negotiation.py:44}}
Aug 03 09:29:08.510197 np0000006332 devstack@g-api.service[102989]: DEBUG glance.api.middleware.version_negotiation [None req-dc7b0d40-6802-468b-a84a-acc034cdf493 service glance] Using url versioning {{(pid=102989) process_request /opt/stack/glance/glance/api/middleware/version_negotiation.py:57}}
Aug 03 09:29:08.510197 np0000006332 devstack@g-api.service[102989]: DEBUG glance.api.middleware.version_negotiation [None req-dc7b0d40-6802-468b-a84a-acc034cdf493 service glance] Matched version: v2 {{(pid=102989) process_request /opt/stack/glance/glance/api/middleware/version_negotiation.py:69}}
Aug 03 09:29:08.510197 np0000006332 devstack@g-api.service[102989]: DEBUG glance.api.middleware.version_negotiation [None req-dc7b0d40-6802-468b-a84a-acc034cdf493 service glance] new path /v2/schemas/image {{(pid=102989) process_request /opt/stack/glance/glance/api/middleware/version_negotiation.py:70}}
Aug 03 09:29:08.516723 np0000006332 devstack@g-api.service[102989]: [pid: 102989|app: 0|req: 105/408] 127.0.0.1 () {44 vars in 1051 bytes} [Mon Aug 3 09:29:08 2026] GET /v2/schemas/image => generated 6083 bytes in 7 msecs (HTTP/1.1 200) 4 headers in 158 bytes (1 switches on core 0)
Aug 03 09:29:08.530353 np0000006332 devstack@g-api.service[102990]: DEBUG swiftclient [None req-07489d1d-9f62-4a17-84ce-ab3924dfb62d tempest-AttachVolumeShelveTestJSON-1975006086 tempest-AttachVolumeShelveTestJSON-1975006086-project-member] REQ: curl -i https://10.4.3.73:8080/v1/AUTH_46a97a8cde6348d7a1c0c76d0be8c4ef/glance/9f96e032-de2a-4a76-bf0c-b84ac5860b25 -I -H "X-Auth-Token: gAAAAABqcF9ks-G-..." {{(pid=102990) http_log /opt/stack/data/venv/lib/python3.12/site-packages/swiftclient/client.py:160}}
Aug 03 09:29:08.530652 np0000006332 devstack@g-api.service[102990]: DEBUG swiftclient [None req-07489d1d-9f62-4a17-84ce-ab3924dfb62d tempest-AttachVolumeShelveTestJSON-1975006086 tempest-AttachVolumeShelveTestJSON-1975006086-project-member] RESP STATUS: 200 OK {{(pid=102990) http_log /opt/stack/data/venv/lib/python3.12/site-packages/swiftclient/client.py:161}}
Aug 03 09:29:08.530901 np0000006332 devstack@g-api.service[102990]: DEBUG swiftclient [None req-07489d1d-9f62-4a17-84ce-ab3924dfb62d tempest-AttachVolumeShelveTestJSON-1975006086 tempest-AttachVolumeShelveTestJSON-1975006086-project-member] RESP HEADERS: {'Date': 'Mon, 03 Aug 2026 09:29:08 GMT', 'Server': 'Apache/2.4.58 (Ubuntu)', 'Content-Type': 'application/octet-stream', 'Content-Length': '54001664', 'X-Object-Manifest': 'glance/9f96e032-de2a-4a76-bf0c-b84ac5860b25-', 'Last-Modified': 'Mon, 03 Aug 2026 09:28:50 GMT', 'X-Timestamp': '1785749329.02482', 'Accept-Ranges': 'bytes', 'Etag': '"dbba2e1299ce446d09094cdd45ca7b13"', 'X-Trans-Id': 'tx5daf00f9af584613be80a-006a705f64', 'X-Openstack-Request-Id': 'tx5daf00f9af584613be80a-006a705f64', 'Connection': 'close'} {{(pid=102990) http_log /opt/stack/data/venv/lib/python3.12/site-packages/swiftclient/client.py:162}}
Aug 03 09:29:08.558928 np0000006332 devstack@g-api.service[102990]: DEBUG swiftclient [None req-07489d1d-9f62-4a17-84ce-ab3924dfb62d tempest-AttachVolumeShelveTestJSON-1975006086 tempest-AttachVolumeShelveTestJSON-1975006086-project-member] REQ: curl -i https://10.4.3.73:8080/v1/AUTH_46a97a8cde6348d7a1c0c76d0be8c4ef/glance?format=json&prefix=9f96e032-de2a-4a76-bf0c-b84ac5860b25- -X GET -H "X-Auth-Token: gAAAAABqcF9ks-G-..." -H "Accept-Encoding: gzip" {{(pid=102990) http_log /opt/stack/data/venv/lib/python3.12/site-packages/swiftclient/client.py:160}}
Aug 03 09:29:08.558928 np0000006332 devstack@g-api.service[102990]: DEBUG swiftclient [None req-07489d1d-9f62-4a17-84ce-ab3924dfb62d tempest-AttachVolumeShelveTestJSON-1975006086 tempest-AttachVolumeShelveTestJSON-1975006086-project-member] RESP STATUS: 200 OK {{(pid=102990) http_log /opt/stack/data/venv/lib/python3.12/site-packages/swiftclient/client.py:161}}
Aug 03 09:29:08.559159 np0000006332 devstack@g-api.service[102990]: DEBUG swiftclient [None req-07489d1d-9f62-4a17-84ce-ab3924dfb62d tempest-AttachVolumeShelveTestJSON-1975006086 tempest-AttachVolumeShelveTestJSON-1975006086-project-member] RESP HEADERS: {'Date': 'Mon, 03 Aug 2026 09:29:08 GMT', 'Server': 'Apache/2.4.58 (Ubuntu)', 'Content-Type': 'application/json; charset=utf-8', 'Content-Length': '210', 'X-Container-Object-Count': '7', 'X-Container-Bytes-Used': '172294144', 'X-Timestamp': '1785748896.47201', 'Last-Modified': 'Mon, 03 Aug 2026 09:21:37 GMT', 'Accept-Ranges': 'bytes', 'X-Storage-Policy': 'Policy-0', 'X-Container-Sharding': 'False', 'X-Trans-Id': 'tx7d1228bc13044e129c699-006a705f64', 'X-Openstack-Request-Id': 'tx7d1228bc13044e129c699-006a705f64', 'Connection': 'close'} {{(pid=102990) http_log /opt/stack/data/venv/lib/python3.12/site-packages/swiftclient/client.py:162}}
Aug 03 09:29:08.559895 np0000006332 devstack@g-api.service[102990]: DEBUG swiftclient [None req-07489d1d-9f62-4a17-84ce-ab3924dfb62d tempest-AttachVolumeShelveTestJSON-1975006086 tempest-AttachVolumeShelveTestJSON-1975006086-project-member] RESP BODY: b'[{"bytes": 54001664, "hash": "b2b21dbe08668e534621c5a95170fdb4", "name": "9f96e032-de2a-4a76-bf0c-b84ac5860b25-00001", "content_type": "application/octet-stream", "last_modified": "2026-08-03T09:28:48.364330"}]' {{(pid=102990) http_log /opt/stack/data/venv/lib/python3.12/site-packages/swiftclient/client.py:166}}
Aug 03 09:29:08.594969 np0000006332 devstack@g-api.service[102990]: DEBUG swiftclient [None req-07489d1d-9f62-4a17-84ce-ab3924dfb62d tempest-AttachVolumeShelveTestJSON-1975006086 tempest-AttachVolumeShelveTestJSON-1975006086-project-member] REQ: curl -i https://10.4.3.73:8080/v1/AUTH_46a97a8cde6348d7a1c0c76d0be8c4ef/glance/9f96e032-de2a-4a76-bf0c-b84ac5860b25-00001 DELETE -H "X-Auth-Token: gAAAAABqcF9ks-G-..." {{(pid=102990) http_log /opt/stack/data/venv/lib/python3.12/site-packages/swiftclient/client.py:160}}
Aug 03 09:29:08.595577 np0000006332 devstack@g-api.service[102990]: DEBUG swiftclient [None req-07489d1d-9f62-4a17-84ce-ab3924dfb62d tempest-AttachVolumeShelveTestJSON-1975006086 tempest-AttachVolumeShelveTestJSON-1975006086-project-member] RESP STATUS: 204 No Content {{(pid=102990) http_log /opt/stack/data/venv/lib/python3.12/site-packages/swiftclient/client.py:161}}
Aug 03 09:29:08.595577 np0000006332 devstack@g-api.service[102990]: DEBUG swiftclient [None req-07489d1d-9f62-4a17-84ce-ab3924dfb62d tempest-AttachVolumeShelveTestJSON-1975006086 tempest-AttachVolumeShelveTestJSON-1975006086-project-member] RESP HEADERS: {'Date': 'Mon, 03 Aug 2026 09:29:08 GMT', 'Server': 'Apache/2.4.58 (Ubuntu)', 'Content-Type': 'text/html; charset=UTF-8', 'X-Trans-Id': 'tx6880477e3b574fb28979b-006a705f64', 'X-Openstack-Request-Id': 'tx6880477e3b574fb28979b-006a705f64', 'Connection': 'close'} {{(pid=102990) http_log /opt/stack/data/venv/lib/python3.12/site-packages/swiftclient/client.py:162}}
Aug 03 09:29:08.623718 np0000006332 devstack@g-api.service[102990]: DEBUG swiftclient [None req-07489d1d-9f62-4a17-84ce-ab3924dfb62d tempest-AttachVolumeShelveTestJSON-1975006086 tempest-AttachVolumeShelveTestJSON-1975006086-project-member] REQ: curl -i https://10.4.3.73:8080/v1/AUTH_46a97a8cde6348d7a1c0c76d0be8c4ef/glance/9f96e032-de2a-4a76-bf0c-b84ac5860b25 DELETE -H "X-Auth-Token: gAAAAABqcF9ks-G-..." {{(pid=102990) http_log /opt/stack/data/venv/lib/python3.12/site-packages/swiftclient/client.py:160}}
Aug 03 09:29:08.623718 np0000006332 devstack@g-api.service[102990]: DEBUG swiftclient [None req-07489d1d-9f62-4a17-84ce-ab3924dfb62d tempest-AttachVolumeShelveTestJSON-1975006086 tempest-AttachVolumeShelveTestJSON-1975006086-project-member] RESP STATUS: 204 No Content {{(pid=102990) http_log /opt/stack/data/venv/lib/python3.12/site-packages/swiftclient/client.py:161}}
Aug 03 09:29:08.623838 np0000006332 devstack@g-api.service[102990]: DEBUG swiftclient [None req-07489d1d-9f62-4a17-84ce-ab3924dfb62d tempest-AttachVolumeShelveTestJSON-1975006086 tempest-AttachVolumeShelveTestJSON-1975006086-project-member] RESP HEADERS: {'Date': 'Mon, 03 Aug 2026 09:29:08 GMT', 'Server': 'Apache/2.4.58 (Ubuntu)', 'Content-Type': 'text/html; charset=UTF-8', 'X-Trans-Id': 'txcb3ecf2176a143178ffe7-006a705f64', 'X-Openstack-Request-Id': 'txcb3ecf2176a143178ffe7-006a705f64', 'Connection': 'close'} {{(pid=102990) http_log /opt/stack/data/venv/lib/python3.12/site-packages/swiftclient/client.py:162}}
Aug 03 09:29:08.785923 np0000006332 devstack@g-api.service[102990]: DEBUG glance.api.middleware.cache [None req-07489d1d-9f62-4a17-84ce-ab3924dfb62d tempest-AttachVolumeShelveTestJSON-1975006086 tempest-AttachVolumeShelveTestJSON-1975006086-project-member] Removing image 9f96e032-de2a-4a76-bf0c-b84ac5860b25 from cache {{(pid=102990) _process_DELETE_response /opt/stack/glance/glance/api/middleware/cache.py:264}}
Aug 03 09:29:08.785923 np0000006332 devstack@g-api.service[102990]: DEBUG glance.image_cache.drivers.centralized_db [None req-07489d1d-9f62-4a17-84ce-ab3924dfb62d tempest-AttachVolumeShelveTestJSON-1975006086 tempest-AttachVolumeShelveTestJSON-1975006086-project-member] Deleting image cache file '/opt/stack/data/glance/cache/9f96e032-de2a-4a76-bf0c-b84ac5860b25' {{(pid=102990) delete_cached_file /opt/stack/glance/glance/image_cache/drivers/centralized_db.py:400}}
Aug 03 09:29:08.819071 np0000006332 devstack@g-api.service[102990]: [pid: 102990|app: 0|req: 99/409] 127.0.0.1 () {46 vars in 1133 bytes} [Mon Aug 3 09:29:08 2026] DELETE /v2/images/9f96e032-de2a-4a76-bf0c-b84ac5860b25 => generated 0 bytes in 435 msecs (HTTP/1.1 204) 4 headers in 171 bytes (1 switches on core 0)
Aug 03 09:29:17.652272 np0000006332 devstack@g-api.service[102988]: DEBUG dbcounter [-] [102988] Writing DB stats glance:SELECT=29,glance:UPDATE=2,glance:INSERT=7 {{(pid=102988) stat_writer /opt/stack/data/venv/lib/python3.12/site-packages/dbcounter.py:115}}
Aug 03 09:29:18.452002 np0000006332 devstack@g-api.service[102989]: DEBUG dbcounter [-] [102989] Writing DB stats glance:SELECT=23,glance:INSERT=1 {{(pid=102989) stat_writer /opt/stack/data/venv/lib/python3.12/site-packages/dbcounter.py:115}}
Aug 03 09:29:18.482581 np0000006332 devstack@g-api.service[102987]: DEBUG dbcounter [-] [102987] Writing DB stats glance:SELECT=40,glance:UPDATE=2,glance:INSERT=1 {{(pid=102987) stat_writer /opt/stack/data/venv/lib/python3.12/site-packages/dbcounter.py:115}}
Aug 03 09:29:18.807507 np0000006332 devstack@g-api.service[102990]: DEBUG dbcounter [-] [102990] Writing DB stats glance:SELECT=88,glance:INSERT=37,glance:UPDATE=31,glance:DELETE=1 {{(pid=102990) stat_writer /opt/stack/data/venv/lib/python3.12/site-packages/dbcounter.py:115}}
Aug 03 09:29:21.740976 np0000006332 devstack@g-api.service[102987]: DEBUG glance.api.middleware.version_negotiation [None req-dc7b0d40-6802-468b-a84a-acc034cdf493 tempest-TestVolumeBootPattern-1211490600 tempest-TestVolumeBootPattern-1211490600-project-member] Determining version of request: GET /v2/images/79ab10bc-494d-4f6b-9da5-b826bd89e86d Accept: application/json {{(pid=102987) process_request /opt/stack/glance/glance/api/middleware/version_negotiation.py:44}}
Aug 03 09:29:21.740976 np0000006332 devstack@g-api.service[102987]: DEBUG glance.api.middleware.version_negotiation [None req-dc7b0d40-6802-468b-a84a-acc034cdf493 tempest-TestVolumeBootPattern-1211490600 tempest-TestVolumeBootPattern-1211490600-project-member] Using url versioning {{(pid=102987) process_request /opt/stack/glance/glance/api/middleware/version_negotiation.py:57}}
Aug 03 09:29:21.740976 np0000006332 devstack@g-api.service[102987]: DEBUG glance.api.middleware.version_negotiation [None req-dc7b0d40-6802-468b-a84a-acc034cdf493 tempest-TestVolumeBootPattern-1211490600 tempest-TestVolumeBootPattern-1211490600-project-member] Matched version: v2 {{(pid=102987) process_request /opt/stack/glance/glance/api/middleware/version_negotiation.py:69}}
Aug 03 09:29:21.740976 np0000006332 devstack@g-api.service[102987]: DEBUG glance.api.middleware.version_negotiation [None req-dc7b0d40-6802-468b-a84a-acc034cdf493 tempest-TestVolumeBootPattern-1211490600 tempest-TestVolumeBootPattern-1211490600-project-member] new path /v2/images/79ab10bc-494d-4f6b-9da5-b826bd89e86d {{(pid=102987) process_request /opt/stack/glance/glance/api/middleware/version_negotiation.py:70}}
Aug 03 09:29:21.891567 np0000006332 devstack@g-api.service[102987]: [pid: 102987|app: 0|req: 103/410] 127.0.0.1 () {40 vars in 834 bytes} [Mon Aug 3 09:29:21 2026] GET /v2/images/79ab10bc-494d-4f6b-9da5-b826bd89e86d => generated 1044 bytes in 224 msecs (HTTP/1.1 200) 4 headers in 158 bytes (1 switches on core 0)
Aug 03 09:29:21.916467 np0000006332 devstack@g-api.service[102988]: DEBUG glance.api.middleware.version_negotiation [None req-dc7b0d40-6802-468b-a84a-acc034cdf493 tempest-TestVolumeBootPattern-1211490600 tempest-TestVolumeBootPattern-1211490600-project-member] Determining version of request: GET /v2/images/79ab10bc-494d-4f6b-9da5-b826bd89e86d Accept: */* {{(pid=102988) process_request /opt/stack/glance/glance/api/middleware/version_negotiation.py:44}}
Aug 03 09:29:21.917070 np0000006332 devstack@g-api.service[102988]: DEBUG glance.api.middleware.version_negotiation [None req-dc7b0d40-6802-468b-a84a-acc034cdf493 tempest-TestVolumeBootPattern-1211490600 tempest-TestVolumeBootPattern-1211490600-project-member] Using url versioning {{(pid=102988) process_request /opt/stack/glance/glance/api/middleware/version_negotiation.py:57}}
Aug 03 09:29:21.917070 np0000006332 devstack@g-api.service[102988]: DEBUG glance.api.middleware.version_negotiation [None req-dc7b0d40-6802-468b-a84a-acc034cdf493 tempest-TestVolumeBootPattern-1211490600 tempest-TestVolumeBootPattern-1211490600-project-member] Matched version: v2 {{(pid=102988) process_request /opt/stack/glance/glance/api/middleware/version_negotiation.py:69}}
Aug 03 09:29:21.917070 np0000006332 devstack@g-api.service[102988]: DEBUG glance.api.middleware.version_negotiation [None req-dc7b0d40-6802-468b-a84a-acc034cdf493 tempest-TestVolumeBootPattern-1211490600 tempest-TestVolumeBootPattern-1211490600-project-member] new path /v2/images/79ab10bc-494d-4f6b-9da5-b826bd89e86d {{(pid=102988) process_request /opt/stack/glance/glance/api/middleware/version_negotiation.py:70}}
Aug 03 09:29:22.018775 np0000006332 devstack@g-api.service[102988]: [pid: 102988|app: 0|req: 104/411] 127.0.0.1 () {44 vars in 1111 bytes} [Mon Aug 3 09:29:21 2026] GET /v2/images/79ab10bc-494d-4f6b-9da5-b826bd89e86d => generated 1044 bytes in 102 msecs (HTTP/1.1 200) 4 headers in 158 bytes (1 switches on core 0)
Aug 03 09:29:22.030289 np0000006332 devstack@g-api.service[102989]: DEBUG glance.api.middleware.version_negotiation [None req-dc7b0d40-6802-468b-a84a-acc034cdf493 tempest-TestVolumeBootPattern-1211490600 tempest-TestVolumeBootPattern-1211490600-project-member] Determining version of request: GET /v2/schemas/image Accept: */* {{(pid=102989) process_request /opt/stack/glance/glance/api/middleware/version_negotiation.py:44}}
Aug 03 09:29:22.030289 np0000006332 devstack@g-api.service[102989]: DEBUG glance.api.middleware.version_negotiation [None req-dc7b0d40-6802-468b-a84a-acc034cdf493 tempest-TestVolumeBootPattern-1211490600 tempest-TestVolumeBootPattern-1211490600-project-member] Using url versioning {{(pid=102989) process_request /opt/stack/glance/glance/api/middleware/version_negotiation.py:57}}
Aug 03 09:29:22.030289 np0000006332 devstack@g-api.service[102989]: DEBUG glance.api.middleware.version_negotiation [None req-dc7b0d40-6802-468b-a84a-acc034cdf493 tempest-TestVolumeBootPattern-1211490600 tempest-TestVolumeBootPattern-1211490600-project-member] Matched version: v2 {{(pid=102989) process_request /opt/stack/glance/glance/api/middleware/version_negotiation.py:69}}
Aug 03 09:29:22.030289 np0000006332 devstack@g-api.service[102989]: DEBUG glance.api.middleware.version_negotiation [None req-dc7b0d40-6802-468b-a84a-acc034cdf493 tempest-TestVolumeBootPattern-1211490600 tempest-TestVolumeBootPattern-1211490600-project-member] new path /v2/schemas/image {{(pid=102989) process_request /opt/stack/glance/glance/api/middleware/version_negotiation.py:70}}
Aug 03 09:29:22.033455 np0000006332 devstack@g-api.service[102989]: [pid: 102989|app: 0|req: 106/412] 127.0.0.1 () {44 vars in 1051 bytes} [Mon Aug 3 09:29:22 2026] GET /v2/schemas/image => generated 6083 bytes in 5 msecs (HTTP/1.1 200) 4 headers in 158 bytes (1 switches on core 0)
Aug 03 09:29:22.048347 np0000006332 devstack@g-api.service[102990]: DEBUG glance.api.middleware.version_negotiation [None req-07489d1d-9f62-4a17-84ce-ab3924dfb62d tempest-AttachVolumeShelveTestJSON-1975006086 tempest-AttachVolumeShelveTestJSON-1975006086-project-member] Determining version of request: GET /v2/schemas/image Accept: */* {{(pid=102990) process_request /opt/stack/glance/glance/api/middleware/version_negotiation.py:44}}
Aug 03 09:29:22.048936 np0000006332 devstack@g-api.service[102990]: DEBUG glance.api.middleware.version_negotiation [None req-07489d1d-9f62-4a17-84ce-ab3924dfb62d tempest-AttachVolumeShelveTestJSON-1975006086 tempest-AttachVolumeShelveTestJSON-1975006086-project-member] Using url versioning {{(pid=102990) process_request /opt/stack/glance/glance/api/middleware/version_negotiation.py:57}}
Aug 03 09:29:22.048936 np0000006332 devstack@g-api.service[102990]: DEBUG glance.api.middleware.version_negotiation [None req-07489d1d-9f62-4a17-84ce-ab3924dfb62d tempest-AttachVolumeShelveTestJSON-1975006086 tempest-AttachVolumeShelveTestJSON-1975006086-project-member] Matched version: v2 {{(pid=102990) process_request /opt/stack/glance/glance/api/middleware/version_negotiation.py:69}}
Aug 03 09:29:22.048936 np0000006332 devstack@g-api.service[102990]: DEBUG glance.api.middleware.version_negotiation [None req-07489d1d-9f62-4a17-84ce-ab3924dfb62d tempest-AttachVolumeShelveTestJSON-1975006086 tempest-AttachVolumeShelveTestJSON-1975006086-project-member] new path /v2/schemas/image {{(pid=102990) process_request /opt/stack/glance/glance/api/middleware/version_negotiation.py:70}}
Aug 03 09:29:22.053117 np0000006332 devstack@g-api.service[102990]: [pid: 102990|app: 0|req: 100/413] 127.0.0.1 () {44 vars in 1051 bytes} [Mon Aug 3 09:29:22 2026] GET /v2/schemas/image => generated 6083 bytes in 5 msecs (HTTP/1.1 200) 4 headers in 158 bytes (1 switches on core 0)
Aug 03 09:29:22.064869 np0000006332 devstack@g-api.service[102987]: DEBUG glance.api.middleware.version_negotiation [None req-5ebcf1ce-97de-4b81-ae4b-0edfc804b640 tempest-VolumesCloneTest-816569553 tempest-VolumesCloneTest-816569553-project-member] Determining version of request: GET /v2/images/79ab10bc-494d-4f6b-9da5-b826bd89e86d Accept: */* {{(pid=102987) process_request /opt/stack/glance/glance/api/middleware/version_negotiation.py:44}}
Aug 03 09:29:22.065051 np0000006332 devstack@g-api.service[102987]: DEBUG glance.api.middleware.version_negotiation [None req-5ebcf1ce-97de-4b81-ae4b-0edfc804b640 tempest-VolumesCloneTest-816569553 tempest-VolumesCloneTest-816569553-project-member] Using url versioning {{(pid=102987) process_request /opt/stack/glance/glance/api/middleware/version_negotiation.py:57}}
Aug 03 09:29:22.065199 np0000006332 devstack@g-api.service[102987]: DEBUG glance.api.middleware.version_negotiation [None req-5ebcf1ce-97de-4b81-ae4b-0edfc804b640 tempest-VolumesCloneTest-816569553 tempest-VolumesCloneTest-816569553-project-member] Matched version: v2 {{(pid=102987) process_request /opt/stack/glance/glance/api/middleware/version_negotiation.py:69}}
Aug 03 09:29:22.065367 np0000006332 devstack@g-api.service[102987]: DEBUG glance.api.middleware.version_negotiation [None req-5ebcf1ce-97de-4b81-ae4b-0edfc804b640 tempest-VolumesCloneTest-816569553 tempest-VolumesCloneTest-816569553-project-member] new path /v2/images/79ab10bc-494d-4f6b-9da5-b826bd89e86d {{(pid=102987) process_request /opt/stack/glance/glance/api/middleware/version_negotiation.py:70}}
Aug 03 09:29:22.079434 np0000006332 devstack@g-api.service[102987]: [pid: 102987|app: 0|req: 104/414] 127.0.0.1 () {44 vars in 1111 bytes} [Mon Aug 3 09:29:22 2026] GET /v2/images/79ab10bc-494d-4f6b-9da5-b826bd89e86d => generated 1044 bytes in 15 msecs (HTTP/1.1 200) 4 headers in 158 bytes (1 switches on core 0)
Aug 03 09:29:22.089585 np0000006332 devstack@g-api.service[102988]: DEBUG glance.api.middleware.version_negotiation [None req-2b679797-13ed-4012-be7a-d065ad018bb3 tempest-VolumesCloneTest-816569553 tempest-VolumesCloneTest-816569553-project-member] Determining version of request: GET /v2/schemas/image Accept: */* {{(pid=102988) process_request /opt/stack/glance/glance/api/middleware/version_negotiation.py:44}}
Aug 03 09:29:22.089753 np0000006332 devstack@g-api.service[102988]: DEBUG glance.api.middleware.version_negotiation [None req-2b679797-13ed-4012-be7a-d065ad018bb3 tempest-VolumesCloneTest-816569553 tempest-VolumesCloneTest-816569553-project-member] Using url versioning {{(pid=102988) process_request /opt/stack/glance/glance/api/middleware/version_negotiation.py:57}}
Aug 03 09:29:22.089891 np0000006332 devstack@g-api.service[102988]: DEBUG glance.api.middleware.version_negotiation [None req-2b679797-13ed-4012-be7a-d065ad018bb3 tempest-VolumesCloneTest-816569553 tempest-VolumesCloneTest-816569553-project-member] Matched version: v2 {{(pid=102988) process_request /opt/stack/glance/glance/api/middleware/version_negotiation.py:69}}
Aug 03 09:29:22.090027 np0000006332 devstack@g-api.service[102988]: DEBUG glance.api.middleware.version_negotiation [None req-2b679797-13ed-4012-be7a-d065ad018bb3 tempest-VolumesCloneTest-816569553 tempest-VolumesCloneTest-816569553-project-member] new path /v2/schemas/image {{(pid=102988) process_request /opt/stack/glance/glance/api/middleware/version_negotiation.py:70}}
Aug 03 09:29:22.092248 np0000006332 devstack@g-api.service[102988]: [pid: 102988|app: 0|req: 105/415] 127.0.0.1 () {44 vars in 1051 bytes} [Mon Aug 3 09:29:22 2026] GET /v2/schemas/image => generated 6083 bytes in 3 msecs (HTTP/1.1 200) 4 headers in 158 bytes (1 switches on core 0)
Aug 03 09:29:22.105260 np0000006332 devstack@g-api.service[102989]: DEBUG glance.api.middleware.version_negotiation [None req-2b679797-13ed-4012-be7a-d065ad018bb3 tempest-VolumesCloneTest-816569553 tempest-VolumesCloneTest-816569553-project-member] Determining version of request: GET /v2/schemas/image Accept: */* {{(pid=102989) process_request /opt/stack/glance/glance/api/middleware/version_negotiation.py:44}}
Aug 03 09:29:22.105260 np0000006332 devstack@g-api.service[102989]: DEBUG glance.api.middleware.version_negotiation [None req-2b679797-13ed-4012-be7a-d065ad018bb3 tempest-VolumesCloneTest-816569553 tempest-VolumesCloneTest-816569553-project-member] Using url versioning {{(pid=102989) process_request /opt/stack/glance/glance/api/middleware/version_negotiation.py:57}}
Aug 03 09:29:22.105260 np0000006332 devstack@g-api.service[102989]: DEBUG glance.api.middleware.version_negotiation [None req-2b679797-13ed-4012-be7a-d065ad018bb3 tempest-VolumesCloneTest-816569553 tempest-VolumesCloneTest-816569553-project-member] Matched version: v2 {{(pid=102989) process_request /opt/stack/glance/glance/api/middleware/version_negotiation.py:69}}
Aug 03 09:29:22.105260 np0000006332 devstack@g-api.service[102989]: DEBUG glance.api.middleware.version_negotiation [None req-2b679797-13ed-4012-be7a-d065ad018bb3 tempest-VolumesCloneTest-816569553 tempest-VolumesCloneTest-816569553-project-member] new path /v2/schemas/image {{(pid=102989) process_request /opt/stack/glance/glance/api/middleware/version_negotiation.py:70}}
Aug 03 09:29:22.107756 np0000006332 devstack@g-api.service[102989]: [pid: 102989|app: 0|req: 107/416] 127.0.0.1 () {44 vars in 1051 bytes} [Mon Aug 3 09:29:22 2026] GET /v2/schemas/image => generated 6083 bytes in 3 msecs (HTTP/1.1 200) 4 headers in 158 bytes (1 switches on core 0)
Aug 03 09:29:22.135395 np0000006332 devstack@g-api.service[102990]: DEBUG glance.api.middleware.version_negotiation [None req-2b679797-13ed-4012-be7a-d065ad018bb3 tempest-VolumesCloneTest-816569553 tempest-VolumesCloneTest-816569553-project-member] Determining version of request: GET /v2/images/79ab10bc-494d-4f6b-9da5-b826bd89e86d Accept: */* {{(pid=102990) process_request /opt/stack/glance/glance/api/middleware/version_negotiation.py:44}}
Aug 03 09:29:22.135628 np0000006332 devstack@g-api.service[102990]: DEBUG glance.api.middleware.version_negotiation [None req-2b679797-13ed-4012-be7a-d065ad018bb3 tempest-VolumesCloneTest-816569553 tempest-VolumesCloneTest-816569553-project-member] Using url versioning {{(pid=102990) process_request /opt/stack/glance/glance/api/middleware/version_negotiation.py:57}}
Aug 03 09:29:22.135898 np0000006332 devstack@g-api.service[102990]: DEBUG glance.api.middleware.version_negotiation [None req-2b679797-13ed-4012-be7a-d065ad018bb3 tempest-VolumesCloneTest-816569553 tempest-VolumesCloneTest-816569553-project-member] Matched version: v2 {{(pid=102990) process_request /opt/stack/glance/glance/api/middleware/version_negotiation.py:69}}
Aug 03 09:29:22.136063 np0000006332 devstack@g-api.service[102990]: DEBUG glance.api.middleware.version_negotiation [None req-2b679797-13ed-4012-be7a-d065ad018bb3 tempest-VolumesCloneTest-816569553 tempest-VolumesCloneTest-816569553-project-member] new path /v2/images/79ab10bc-494d-4f6b-9da5-b826bd89e86d {{(pid=102990) process_request /opt/stack/glance/glance/api/middleware/version_negotiation.py:70}}
Aug 03 09:29:22.154749 np0000006332 devstack@g-api.service[102990]: [pid: 102990|app: 0|req: 101/417] 127.0.0.1 () {44 vars in 1111 bytes} [Mon Aug 3 09:29:22 2026] GET /v2/images/79ab10bc-494d-4f6b-9da5-b826bd89e86d => generated 1044 bytes in 19 msecs (HTTP/1.1 200) 4 headers in 158 bytes (1 switches on core 0)
Aug 03 09:29:22.165995 np0000006332 devstack@g-api.service[102987]: DEBUG glance.api.middleware.version_negotiation [None req-2b679797-13ed-4012-be7a-d065ad018bb3 tempest-VolumesCloneTest-816569553 tempest-VolumesCloneTest-816569553-project-member] Determining version of request: GET /v2/schemas/image Accept: */* {{(pid=102987) process_request /opt/stack/glance/glance/api/middleware/version_negotiation.py:44}}
Aug 03 09:29:22.166147 np0000006332 devstack@g-api.service[102987]: DEBUG glance.api.middleware.version_negotiation [None req-2b679797-13ed-4012-be7a-d065ad018bb3 tempest-VolumesCloneTest-816569553 tempest-VolumesCloneTest-816569553-project-member] Using url versioning {{(pid=102987) process_request /opt/stack/glance/glance/api/middleware/version_negotiation.py:57}}
Aug 03 09:29:22.166281 np0000006332 devstack@g-api.service[102987]: DEBUG glance.api.middleware.version_negotiation [None req-2b679797-13ed-4012-be7a-d065ad018bb3 tempest-VolumesCloneTest-816569553 tempest-VolumesCloneTest-816569553-project-member] Matched version: v2 {{(pid=102987) process_request /opt/stack/glance/glance/api/middleware/version_negotiation.py:69}}
Aug 03 09:29:22.166366 np0000006332 devstack@g-api.service[102987]: DEBUG glance.api.middleware.version_negotiation [None req-2b679797-13ed-4012-be7a-d065ad018bb3 tempest-VolumesCloneTest-816569553 tempest-VolumesCloneTest-816569553-project-member] new path /v2/schemas/image {{(pid=102987) process_request /opt/stack/glance/glance/api/middleware/version_negotiation.py:70}}
Aug 03 09:29:22.171480 np0000006332 devstack@g-api.service[102987]: [pid: 102987|app: 0|req: 105/418] 127.0.0.1 () {44 vars in 1051 bytes} [Mon Aug 3 09:29:22 2026] GET /v2/schemas/image => generated 6083 bytes in 5 msecs (HTTP/1.1 200) 4 headers in 158 bytes (1 switches on core 0)
Aug 03 09:29:22.624715 np0000006332 devstack@g-api.service[102988]: DEBUG glance.api.middleware.version_negotiation [None req-2b679797-13ed-4012-be7a-d065ad018bb3 tempest-VolumesCloneTest-816569553 tempest-VolumesCloneTest-816569553-project-member] Determining version of request: GET /versions Accept: */* {{(pid=102988) process_request /opt/stack/glance/glance/api/middleware/version_negotiation.py:44}}
Aug 03 09:29:22.625541 np0000006332 devstack@g-api.service[102988]: [pid: 102988|app: 0|req: 106/419] 127.0.0.1 () {44 vars in 1035 bytes} [Mon Aug 3 09:29:22 2026] GET /versions => generated 1501 bytes in 1 msecs (HTTP/1.1 200) 3 headers in 92 bytes (1 switches on core 0)
Aug 03 09:29:22.637477 np0000006332 devstack@g-api.service[102989]: DEBUG glance.api.middleware.version_negotiation [None req-2b679797-13ed-4012-be7a-d065ad018bb3 tempest-VolumesCloneTest-816569553 tempest-VolumesCloneTest-816569553-project-member] Determining version of request: GET /v2/images/79ab10bc-494d-4f6b-9da5-b826bd89e86d/locations Accept: */* {{(pid=102989) process_request /opt/stack/glance/glance/api/middleware/version_negotiation.py:44}}
Aug 03 09:29:22.637477 np0000006332 devstack@g-api.service[102989]: DEBUG glance.api.middleware.version_negotiation [None req-2b679797-13ed-4012-be7a-d065ad018bb3 tempest-VolumesCloneTest-816569553 tempest-VolumesCloneTest-816569553-project-member] Using url versioning {{(pid=102989) process_request /opt/stack/glance/glance/api/middleware/version_negotiation.py:57}}
Aug 03 09:29:22.637477 np0000006332 devstack@g-api.service[102989]: DEBUG glance.api.middleware.version_negotiation [None req-2b679797-13ed-4012-be7a-d065ad018bb3 tempest-VolumesCloneTest-816569553 tempest-VolumesCloneTest-816569553-project-member] Matched version: v2 {{(pid=102989) process_request /opt/stack/glance/glance/api/middleware/version_negotiation.py:69}}
Aug 03 09:29:22.637477 np0000006332 devstack@g-api.service[102989]: DEBUG glance.api.middleware.version_negotiation [None req-2b679797-13ed-4012-be7a-d065ad018bb3 tempest-VolumesCloneTest-816569553 tempest-VolumesCloneTest-816569553-project-member] new path /v2/images/79ab10bc-494d-4f6b-9da5-b826bd89e86d/locations {{(pid=102989) process_request /opt/stack/glance/glance/api/middleware/version_negotiation.py:70}}
Aug 03 09:29:22.689886 np0000006332 devstack@g-api.service[102989]: [pid: 102989|app: 0|req: 108/420] 127.0.0.1 () {44 vars in 1131 bytes} [Mon Aug 3 09:29:22 2026] GET /v2/images/79ab10bc-494d-4f6b-9da5-b826bd89e86d/locations => generated 92 bytes in 54 msecs (HTTP/1.1 200) 4 headers in 156 bytes (1 switches on core 0)
Aug 03 09:29:22.698214 np0000006332 devstack@g-api.service[102990]: DEBUG glance.api.middleware.version_negotiation [None req-2b679797-13ed-4012-be7a-d065ad018bb3 tempest-VolumesCloneTest-816569553 tempest-VolumesCloneTest-816569553-project-member] Determining version of request: GET /v2/images/79ab10bc-494d-4f6b-9da5-b826bd89e86d Accept: */* {{(pid=102990) process_request /opt/stack/glance/glance/api/middleware/version_negotiation.py:44}}
Aug 03 09:29:22.698412 np0000006332 devstack@g-api.service[102990]: DEBUG glance.api.middleware.version_negotiation [None req-2b679797-13ed-4012-be7a-d065ad018bb3 tempest-VolumesCloneTest-816569553 tempest-VolumesCloneTest-816569553-project-member] Using url versioning {{(pid=102990) process_request /opt/stack/glance/glance/api/middleware/version_negotiation.py:57}}
Aug 03 09:29:22.698589 np0000006332 devstack@g-api.service[102990]: DEBUG glance.api.middleware.version_negotiation [None req-2b679797-13ed-4012-be7a-d065ad018bb3 tempest-VolumesCloneTest-816569553 tempest-VolumesCloneTest-816569553-project-member] Matched version: v2 {{(pid=102990) process_request /opt/stack/glance/glance/api/middleware/version_negotiation.py:69}}
Aug 03 09:29:22.698778 np0000006332 devstack@g-api.service[102990]: DEBUG glance.api.middleware.version_negotiation [None req-2b679797-13ed-4012-be7a-d065ad018bb3 tempest-VolumesCloneTest-816569553 tempest-VolumesCloneTest-816569553-project-member] new path /v2/images/79ab10bc-494d-4f6b-9da5-b826bd89e86d {{(pid=102990) process_request /opt/stack/glance/glance/api/middleware/version_negotiation.py:70}}
Aug 03 09:29:22.712880 np0000006332 devstack@g-api.service[102990]: [pid: 102990|app: 0|req: 102/421] 127.0.0.1 () {44 vars in 1111 bytes} [Mon Aug 3 09:29:22 2026] GET /v2/images/79ab10bc-494d-4f6b-9da5-b826bd89e86d => generated 1044 bytes in 15 msecs (HTTP/1.1 200) 4 headers in 158 bytes (1 switches on core 0)
Aug 03 09:29:22.722495 np0000006332 devstack@g-api.service[102987]: DEBUG glance.api.middleware.version_negotiation [None req-2b679797-13ed-4012-be7a-d065ad018bb3 tempest-VolumesCloneTest-816569553 tempest-VolumesCloneTest-816569553-project-member] Determining version of request: GET /v2/schemas/image Accept: */* {{(pid=102987) process_request /opt/stack/glance/glance/api/middleware/version_negotiation.py:44}}
