Aug 03 09:21:12.642462 np0000006332 nova-conductor[99108]: DEBUG cotyledon.oslo_config_glue [-] workarounds.disable_group_policy_check_upcall = False {{(pid=99108) log_opt_values /opt/stack/data/venv/lib/python3.12/site-packages/oslo_config/cfg.py:3253}}
Aug 03 09:21:12.642514 np0000006332 nova-conductor[99108]: DEBUG cotyledon.oslo_config_glue [-] workarounds.disable_libvirt_livesnapshot = False {{(pid=99108) log_opt_values /opt/stack/data/venv/lib/python3.12/site-packages/oslo_config/cfg.py:3253}}
Aug 03 09:21:12.642597 np0000006332 nova-conductor[99108]: DEBUG cotyledon.oslo_config_glue [-] workarounds.disable_rootwrap = False {{(pid=99108) log_opt_values /opt/stack/data/venv/lib/python3.12/site-packages/oslo_config/cfg.py:3253}}
Aug 03 09:21:12.642638 np0000006332 nova-conductor[99108]: DEBUG cotyledon.oslo_config_glue [-] workarounds.enable_numa_live_migration = False {{(pid=99108) log_opt_values /opt/stack/data/venv/lib/python3.12/site-packages/oslo_config/cfg.py:3253}}
Aug 03 09:21:12.642705 np0000006332 nova-conductor[99108]: DEBUG cotyledon.oslo_config_glue [-] workarounds.enable_qemu_monitor_announce_self = False {{(pid=99108) log_opt_values /opt/stack/data/venv/lib/python3.12/site-packages/oslo_config/cfg.py:3253}}
Aug 03 09:21:12.642757 np0000006332 nova-conductor[99108]: DEBUG cotyledon.oslo_config_glue [-] workarounds.ensure_libvirt_rbd_instance_dir_cleanup = False {{(pid=99108) log_opt_values /opt/stack/data/venv/lib/python3.12/site-packages/oslo_config/cfg.py:3253}}
Aug 03 09:21:12.642833 np0000006332 nova-conductor[99108]: DEBUG cotyledon.oslo_config_glue [-] workarounds.handle_virt_lifecycle_events = True {{(pid=99108) log_opt_values /opt/stack/data/venv/lib/python3.12/site-packages/oslo_config/cfg.py:3253}}
Aug 03 09:21:12.642886 np0000006332 nova-conductor[99108]: DEBUG cotyledon.oslo_config_glue [-] workarounds.libvirt_disable_apic = False {{(pid=99108) log_opt_values /opt/stack/data/venv/lib/python3.12/site-packages/oslo_config/cfg.py:3253}}
Aug 03 09:21:12.642940 np0000006332 nova-conductor[99108]: DEBUG cotyledon.oslo_config_glue [-] workarounds.never_download_image_if_on_rbd = False {{(pid=99108) log_opt_values /opt/stack/data/venv/lib/python3.12/site-packages/oslo_config/cfg.py:3253}}
Aug 03 09:21:12.642999 np0000006332 nova-conductor[99108]: DEBUG cotyledon.oslo_config_glue [-] workarounds.qemu_monitor_announce_self_count = 3 {{(pid=99108) log_opt_values /opt/stack/data/venv/lib/python3.12/site-packages/oslo_config/cfg.py:3253}}
Aug 03 09:21:12.643045 np0000006332 nova-conductor[99108]: DEBUG cotyledon.oslo_config_glue [-] workarounds.qemu_monitor_announce_self_interval = 1 {{(pid=99108) log_opt_values /opt/stack/data/venv/lib/python3.12/site-packages/oslo_config/cfg.py:3253}}
Aug 03 09:21:12.643104 np0000006332 nova-conductor[99108]: DEBUG cotyledon.oslo_config_glue [-] workarounds.reserve_disk_resource_for_image_cache = False {{(pid=99108) log_opt_values /opt/stack/data/venv/lib/python3.12/site-packages/oslo_config/cfg.py:3253}}
Aug 03 09:21:12.643159 np0000006332 nova-conductor[99108]: DEBUG cotyledon.oslo_config_glue [-] workarounds.skip_cpu_compare_at_startup = False {{(pid=99108) log_opt_values /opt/stack/data/venv/lib/python3.12/site-packages/oslo_config/cfg.py:3253}}
Aug 03 09:21:12.643214 np0000006332 nova-conductor[99108]: DEBUG cotyledon.oslo_config_glue [-] workarounds.skip_cpu_compare_on_dest = False {{(pid=99108) log_opt_values /opt/stack/data/venv/lib/python3.12/site-packages/oslo_config/cfg.py:3253}}
Aug 03 09:21:12.643271 np0000006332 nova-conductor[99108]: DEBUG cotyledon.oslo_config_glue [-] workarounds.skip_hypervisor_version_check_on_lm = False {{(pid=99108) log_opt_values /opt/stack/data/venv/lib/python3.12/site-packages/oslo_config/cfg.py:3253}}
Aug 03 09:21:12.643313 np0000006332 nova-conductor[99108]: DEBUG cotyledon.oslo_config_glue [-] workarounds.skip_reserve_in_use_ironic_nodes = False {{(pid=99108) log_opt_values /opt/stack/data/venv/lib/python3.12/site-packages/oslo_config/cfg.py:3253}}
Aug 03 09:21:12.643377 np0000006332 nova-conductor[99108]: DEBUG cotyledon.oslo_config_glue [-] workarounds.unified_limits_count_pcpu_as_vcpu = False {{(pid=99108) log_opt_values /opt/stack/data/venv/lib/python3.12/site-packages/oslo_config/cfg.py:3253}}
Aug 03 09:21:12.643428 np0000006332 nova-conductor[99108]: DEBUG cotyledon.oslo_config_glue [-] workarounds.wait_for_vif_plugged_event_during_hard_reboot = [] {{(pid=99108) log_opt_values /opt/stack/data/venv/lib/python3.12/site-packages/oslo_config/cfg.py:3253}}
Aug 03 09:21:12.643490 np0000006332 nova-conductor[99108]: DEBUG cotyledon.oslo_config_glue [-] wsgi.api_paste_config = /etc/nova/api-paste.ini {{(pid=99108) log_opt_values /opt/stack/data/venv/lib/python3.12/site-packages/oslo_config/cfg.py:3253}}
Aug 03 09:21:12.643551 np0000006332 nova-conductor[99108]: DEBUG cotyledon.oslo_config_glue [-] wsgi.secure_proxy_ssl_header = None {{(pid=99108) log_opt_values /opt/stack/data/venv/lib/python3.12/site-packages/oslo_config/cfg.py:3253}}
Aug 03 09:21:12.643628 np0000006332 nova-conductor[99108]: DEBUG cotyledon.oslo_config_glue [-] zvm.ca_file = None {{(pid=99108) log_opt_values /opt/stack/data/venv/lib/python3.12/site-packages/oslo_config/cfg.py:3253}}
Aug 03 09:21:12.643678 np0000006332 nova-conductor[99108]: DEBUG cotyledon.oslo_config_glue [-] zvm.cloud_connector_url = None {{(pid=99108) log_opt_values /opt/stack/data/venv/lib/python3.12/site-packages/oslo_config/cfg.py:3253}}
Aug 03 09:21:12.643734 np0000006332 nova-conductor[99108]: DEBUG cotyledon.oslo_config_glue [-] zvm.image_tmp_path = /opt/stack/data/nova/images {{(pid=99108) log_opt_values /opt/stack/data/venv/lib/python3.12/site-packages/oslo_config/cfg.py:3253}}
Aug 03 09:21:12.643808 np0000006332 nova-conductor[99108]: DEBUG cotyledon.oslo_config_glue [-] zvm.reachable_timeout = 300 {{(pid=99108) log_opt_values /opt/stack/data/venv/lib/python3.12/site-packages/oslo_config/cfg.py:3253}}
Aug 03 09:21:12.643895 np0000006332 nova-conductor[99108]: DEBUG cotyledon.oslo_config_glue [-] oslo_versionedobjects.fatal_exception_format_errors = False {{(pid=99108) log_opt_values /opt/stack/data/venv/lib/python3.12/site-packages/oslo_config/cfg.py:3253}}
Aug 03 09:21:12.643975 np0000006332 nova-conductor[99108]: DEBUG cotyledon.oslo_config_glue [-] oslo_middleware.http_basic_auth_user_file = /etc/htpasswd {{(pid=99108) log_opt_values /opt/stack/data/venv/lib/python3.12/site-packages/oslo_config/cfg.py:3253}}
Aug 03 09:21:12.644054 np0000006332 nova-conductor[99108]: DEBUG cotyledon.oslo_config_glue [-] profiler.connection_string = messaging:// {{(pid=99108) log_opt_values /opt/stack/data/venv/lib/python3.12/site-packages/oslo_config/cfg.py:3253}}
Aug 03 09:21:12.644106 np0000006332 nova-conductor[99108]: DEBUG cotyledon.oslo_config_glue [-] profiler.enabled = False {{(pid=99108) log_opt_values /opt/stack/data/venv/lib/python3.12/site-packages/oslo_config/cfg.py:3253}}
Aug 03 09:21:12.644163 np0000006332 nova-conductor[99108]: DEBUG cotyledon.oslo_config_glue [-] profiler.es_doc_type = notification {{(pid=99108) log_opt_values /opt/stack/data/venv/lib/python3.12/site-packages/oslo_config/cfg.py:3253}}
Aug 03 09:21:12.644226 np0000006332 nova-conductor[99108]: DEBUG cotyledon.oslo_config_glue [-] profiler.es_scroll_size = 10000 {{(pid=99108) log_opt_values /opt/stack/data/venv/lib/python3.12/site-packages/oslo_config/cfg.py:3253}}
Aug 03 09:21:12.644281 np0000006332 nova-conductor[99108]: DEBUG cotyledon.oslo_config_glue [-] profiler.es_scroll_time = 2m {{(pid=99108) log_opt_values /opt/stack/data/venv/lib/python3.12/site-packages/oslo_config/cfg.py:3253}}
Aug 03 09:21:12.644336 np0000006332 nova-conductor[99108]: DEBUG cotyledon.oslo_config_glue [-] profiler.filter_error_trace = False {{(pid=99108) log_opt_values /opt/stack/data/venv/lib/python3.12/site-packages/oslo_config/cfg.py:3253}}
Aug 03 09:21:12.644391 np0000006332 nova-conductor[99108]: DEBUG cotyledon.oslo_config_glue [-] profiler.hmac_keys = **** {{(pid=99108) log_opt_values /opt/stack/data/venv/lib/python3.12/site-packages/oslo_config/cfg.py:3253}}
Aug 03 09:21:12.644447 np0000006332 nova-conductor[99108]: DEBUG cotyledon.oslo_config_glue [-] profiler.sentinel_service_name = mymaster {{(pid=99108) log_opt_values /opt/stack/data/venv/lib/python3.12/site-packages/oslo_config/cfg.py:3253}}
Aug 03 09:21:12.644506 np0000006332 nova-conductor[99108]: DEBUG cotyledon.oslo_config_glue [-] profiler.socket_timeout = 0.1 {{(pid=99108) log_opt_values /opt/stack/data/venv/lib/python3.12/site-packages/oslo_config/cfg.py:3253}}
Aug 03 09:21:12.644568 np0000006332 nova-conductor[99108]: DEBUG cotyledon.oslo_config_glue [-] profiler.trace_requests = False {{(pid=99108) log_opt_values /opt/stack/data/venv/lib/python3.12/site-packages/oslo_config/cfg.py:3253}}
Aug 03 09:21:12.644629 np0000006332 nova-conductor[99108]: DEBUG cotyledon.oslo_config_glue [-] profiler.trace_sqlalchemy = False {{(pid=99108) log_opt_values /opt/stack/data/venv/lib/python3.12/site-packages/oslo_config/cfg.py:3253}}
Aug 03 09:21:12.644702 np0000006332 nova-conductor[99108]: DEBUG cotyledon.oslo_config_glue [-] profiler_jaeger.process_tags = {} {{(pid=99108) log_opt_values /opt/stack/data/venv/lib/python3.12/site-packages/oslo_config/cfg.py:3253}}
Aug 03 09:21:12.644755 np0000006332 nova-conductor[99108]: DEBUG cotyledon.oslo_config_glue [-] profiler_jaeger.service_name_prefix = None {{(pid=99108) log_opt_values /opt/stack/data/venv/lib/python3.12/site-packages/oslo_config/cfg.py:3253}}
Aug 03 09:21:12.644824 np0000006332 nova-conductor[99108]: DEBUG cotyledon.oslo_config_glue [-] profiler_otlp.service_name_prefix = None {{(pid=99108) log_opt_values /opt/stack/data/venv/lib/python3.12/site-packages/oslo_config/cfg.py:3253}}
Aug 03 09:21:12.644920 np0000006332 nova-conductor[99108]: DEBUG cotyledon.oslo_config_glue [-] oslo_messaging_rabbit.amqp_auto_delete = False {{(pid=99108) log_opt_values /opt/stack/data/venv/lib/python3.12/site-packages/oslo_config/cfg.py:3253}}
Aug 03 09:21:12.644980 np0000006332 nova-conductor[99108]: DEBUG cotyledon.oslo_config_glue [-] oslo_messaging_rabbit.amqp_durable_queues = False {{(pid=99108) log_opt_values /opt/stack/data/venv/lib/python3.12/site-packages/oslo_config/cfg.py:3253}}
Aug 03 09:21:12.645050 np0000006332 nova-conductor[99108]: DEBUG cotyledon.oslo_config_glue [-] oslo_messaging_rabbit.conn_pool_min_size = 2 {{(pid=99108) log_opt_values /opt/stack/data/venv/lib/python3.12/site-packages/oslo_config/cfg.py:3253}}
Aug 03 09:21:12.645119 np0000006332 nova-conductor[99108]: DEBUG cotyledon.oslo_config_glue [-] oslo_messaging_rabbit.conn_pool_ttl = 1200 {{(pid=99108) log_opt_values /opt/stack/data/venv/lib/python3.12/site-packages/oslo_config/cfg.py:3253}}
Aug 03 09:21:12.645173 np0000006332 nova-conductor[99108]: DEBUG cotyledon.oslo_config_glue [-] oslo_messaging_rabbit.direct_mandatory_flag = True {{(pid=99108) log_opt_values /opt/stack/data/venv/lib/python3.12/site-packages/oslo_config/cfg.py:3253}}
Aug 03 09:21:12.645227 np0000006332 nova-conductor[99108]: DEBUG cotyledon.oslo_config_glue [-] oslo_messaging_rabbit.enable_cancel_on_failover = False {{(pid=99108) log_opt_values /opt/stack/data/venv/lib/python3.12/site-packages/oslo_config/cfg.py:3253}}
Aug 03 09:21:12.645284 np0000006332 nova-conductor[99108]: DEBUG cotyledon.oslo_config_glue [-] oslo_messaging_rabbit.heartbeat_rate = 3 {{(pid=99108) log_opt_values /opt/stack/data/venv/lib/python3.12/site-packages/oslo_config/cfg.py:3253}}
Aug 03 09:21:12.645347 np0000006332 nova-conductor[99108]: DEBUG cotyledon.oslo_config_glue [-] oslo_messaging_rabbit.heartbeat_timeout_threshold = 60 {{(pid=99108) log_opt_values /opt/stack/data/venv/lib/python3.12/site-packages/oslo_config/cfg.py:3253}}
Aug 03 09:21:12.645412 np0000006332 nova-conductor[99108]: DEBUG cotyledon.oslo_config_glue [-] oslo_messaging_rabbit.hostname = np0000006332 {{(pid=99108) log_opt_values /opt/stack/data/venv/lib/python3.12/site-packages/oslo_config/cfg.py:3253}}
Aug 03 09:21:12.645481 np0000006332 nova-conductor[99108]: DEBUG cotyledon.oslo_config_glue [-] oslo_messaging_rabbit.kombu_compression = None {{(pid=99108) log_opt_values /opt/stack/data/venv/lib/python3.12/site-packages/oslo_config/cfg.py:3253}}
Aug 03 09:21:12.645529 np0000006332 nova-conductor[99108]: DEBUG cotyledon.oslo_config_glue [-] oslo_messaging_rabbit.kombu_failover_strategy = round-robin {{(pid=99108) log_opt_values /opt/stack/data/venv/lib/python3.12/site-packages/oslo_config/cfg.py:3253}}
Aug 03 09:21:12.645603 np0000006332 nova-conductor[99108]: DEBUG cotyledon.oslo_config_glue [-] oslo_messaging_rabbit.kombu_missing_consumer_retry_timeout = 60 {{(pid=99108) log_opt_values /opt/stack/data/venv/lib/python3.12/site-packages/oslo_config/cfg.py:3253}}
Aug 03 09:21:12.645667 np0000006332 nova-conductor[99108]: DEBUG cotyledon.oslo_config_glue [-] oslo_messaging_rabbit.kombu_reconnect_delay = 1.0 {{(pid=99108) log_opt_values /opt/stack/data/venv/lib/python3.12/site-packages/oslo_config/cfg.py:3253}}
Aug 03 09:21:12.645722 np0000006332 nova-conductor[99108]: DEBUG cotyledon.oslo_config_glue [-] oslo_messaging_rabbit.kombu_reconnect_splay = 0.0 {{(pid=99108) log_opt_values /opt/stack/data/venv/lib/python3.12/site-packages/oslo_config/cfg.py:3253}}
Aug 03 09:21:12.645784 np0000006332 nova-conductor[99108]: DEBUG cotyledon.oslo_config_glue [-] oslo_messaging_rabbit.processname = nova-conductor {{(pid=99108) log_opt_values /opt/stack/data/venv/lib/python3.12/site-packages/oslo_config/cfg.py:3253}}
Aug 03 09:21:12.645841 np0000006332 nova-conductor[99108]: DEBUG cotyledon.oslo_config_glue [-] oslo_messaging_rabbit.rabbit_ha_queues = False {{(pid=99108) log_opt_values /opt/stack/data/venv/lib/python3.12/site-packages/oslo_config/cfg.py:3253}}
Aug 03 09:21:12.645894 np0000006332 nova-conductor[99108]: DEBUG cotyledon.oslo_config_glue [-] oslo_messaging_rabbit.rabbit_interval_max = 30 {{(pid=99108) log_opt_values /opt/stack/data/venv/lib/python3.12/site-packages/oslo_config/cfg.py:3253}}
Aug 03 09:21:12.645947 np0000006332 nova-conductor[99108]: DEBUG cotyledon.oslo_config_glue [-] oslo_messaging_rabbit.rabbit_login_method = AMQPLAIN {{(pid=99108) log_opt_values /opt/stack/data/venv/lib/python3.12/site-packages/oslo_config/cfg.py:3253}}
Aug 03 09:21:12.646000 np0000006332 nova-conductor[99108]: DEBUG cotyledon.oslo_config_glue [-] oslo_messaging_rabbit.rabbit_qos_prefetch_count = 0 {{(pid=99108) log_opt_values /opt/stack/data/venv/lib/python3.12/site-packages/oslo_config/cfg.py:3253}}
Aug 03 09:21:12.646055 np0000006332 nova-conductor[99108]: DEBUG cotyledon.oslo_config_glue [-] oslo_messaging_rabbit.rabbit_quorum_delivery_limit = 0 {{(pid=99108) log_opt_values /opt/stack/data/venv/lib/python3.12/site-packages/oslo_config/cfg.py:3253}}
Aug 03 09:21:12.646107 np0000006332 nova-conductor[99108]: DEBUG cotyledon.oslo_config_glue [-] oslo_messaging_rabbit.rabbit_quorum_max_memory_bytes = 0 {{(pid=99108) log_opt_values /opt/stack/data/venv/lib/python3.12/site-packages/oslo_config/cfg.py:3253}}
Aug 03 09:21:12.646158 np0000006332 nova-conductor[99108]: DEBUG cotyledon.oslo_config_glue [-] oslo_messaging_rabbit.rabbit_quorum_max_memory_length = 0 {{(pid=99108) log_opt_values /opt/stack/data/venv/lib/python3.12/site-packages/oslo_config/cfg.py:3253}}
Aug 03 09:21:12.646211 np0000006332 nova-conductor[99108]: DEBUG cotyledon.oslo_config_glue [-] oslo_messaging_rabbit.rabbit_quorum_queue = False {{(pid=99108) log_opt_values /opt/stack/data/venv/lib/python3.12/site-packages/oslo_config/cfg.py:3253}}
Aug 03 09:21:12.646264 np0000006332 nova-conductor[99108]: DEBUG cotyledon.oslo_config_glue [-] oslo_messaging_rabbit.rabbit_retry_backoff = 2 {{(pid=99108) log_opt_values /opt/stack/data/venv/lib/python3.12/site-packages/oslo_config/cfg.py:3253}}
Aug 03 09:21:12.646316 np0000006332 nova-conductor[99108]: DEBUG cotyledon.oslo_config_glue [-] oslo_messaging_rabbit.rabbit_retry_interval = 1 {{(pid=99108) log_opt_values /opt/stack/data/venv/lib/python3.12/site-packages/oslo_config/cfg.py:3253}}
Aug 03 09:21:12.646370 np0000006332 nova-conductor[99108]: DEBUG cotyledon.oslo_config_glue [-] oslo_messaging_rabbit.rabbit_stream_fanout = False {{(pid=99108) log_opt_values /opt/stack/data/venv/lib/python3.12/site-packages/oslo_config/cfg.py:3253}}
Aug 03 09:21:12.646423 np0000006332 nova-conductor[99108]: DEBUG cotyledon.oslo_config_glue [-] oslo_messaging_rabbit.rabbit_transient_queues_ttl = 1800 {{(pid=99108) log_opt_values /opt/stack/data/venv/lib/python3.12/site-packages/oslo_config/cfg.py:3253}}
Aug 03 09:21:12.646474 np0000006332 nova-conductor[99108]: DEBUG cotyledon.oslo_config_glue [-] oslo_messaging_rabbit.rabbit_transient_quorum_queue = False {{(pid=99108) log_opt_values /opt/stack/data/venv/lib/python3.12/site-packages/oslo_config/cfg.py:3253}}
Aug 03 09:21:12.646531 np0000006332 nova-conductor[99108]: DEBUG cotyledon.oslo_config_glue [-] oslo_messaging_rabbit.rpc_conn_pool_size = 30 {{(pid=99108) log_opt_values /opt/stack/data/venv/lib/python3.12/site-packages/oslo_config/cfg.py:3253}}
Aug 03 09:21:12.646591 np0000006332 nova-conductor[99108]: DEBUG cotyledon.oslo_config_glue [-] oslo_messaging_rabbit.ssl = False {{(pid=99108) log_opt_values /opt/stack/data/venv/lib/python3.12/site-packages/oslo_config/cfg.py:3253}}
Aug 03 09:21:12.646652 np0000006332 nova-conductor[99108]: DEBUG cotyledon.oslo_config_glue [-] oslo_messaging_rabbit.ssl_ca_file = {{(pid=99108) log_opt_values /opt/stack/data/venv/lib/python3.12/site-packages/oslo_config/cfg.py:3253}}
Aug 03 09:21:12.646707 np0000006332 nova-conductor[99108]: DEBUG cotyledon.oslo_config_glue [-] oslo_messaging_rabbit.ssl_cert_file = {{(pid=99108) log_opt_values /opt/stack/data/venv/lib/python3.12/site-packages/oslo_config/cfg.py:3253}}
Aug 03 09:21:12.646764 np0000006332 nova-conductor[99108]: DEBUG cotyledon.oslo_config_glue [-] oslo_messaging_rabbit.ssl_enforce_fips_mode = False {{(pid=99108) log_opt_values /opt/stack/data/venv/lib/python3.12/site-packages/oslo_config/cfg.py:3253}}
Aug 03 09:21:12.646829 np0000006332 nova-conductor[99108]: DEBUG cotyledon.oslo_config_glue [-] oslo_messaging_rabbit.ssl_enforce_hostname_verification = True {{(pid=99108) log_opt_values /opt/stack/data/venv/lib/python3.12/site-packages/oslo_config/cfg.py:3253}}
Aug 03 09:21:12.646883 np0000006332 nova-conductor[99108]: DEBUG cotyledon.oslo_config_glue [-] oslo_messaging_rabbit.ssl_key_file = {{(pid=99108) log_opt_values /opt/stack/data/venv/lib/python3.12/site-packages/oslo_config/cfg.py:3253}}
Aug 03 09:21:12.646939 np0000006332 nova-conductor[99108]: DEBUG cotyledon.oslo_config_glue [-] oslo_messaging_rabbit.ssl_version = {{(pid=99108) log_opt_values /opt/stack/data/venv/lib/python3.12/site-packages/oslo_config/cfg.py:3253}}
Aug 03 09:21:12.646994 np0000006332 nova-conductor[99108]: DEBUG cotyledon.oslo_config_glue [-] oslo_messaging_rabbit.use_queue_manager = False {{(pid=99108) log_opt_values /opt/stack/data/venv/lib/python3.12/site-packages/oslo_config/cfg.py:3253}}
Aug 03 09:21:12.647077 np0000006332 nova-conductor[99108]: DEBUG cotyledon.oslo_config_glue [-] oslo_messaging_notifications.driver = ['messagingv2'] {{(pid=99108) log_opt_values /opt/stack/data/venv/lib/python3.12/site-packages/oslo_config/cfg.py:3253}}
Aug 03 09:21:12.647144 np0000006332 nova-conductor[99108]: DEBUG cotyledon.oslo_config_glue [-] oslo_messaging_notifications.retry = -1 {{(pid=99108) log_opt_values /opt/stack/data/venv/lib/python3.12/site-packages/oslo_config/cfg.py:3253}}
Aug 03 09:21:12.647202 np0000006332 nova-conductor[99108]: DEBUG cotyledon.oslo_config_glue [-] oslo_messaging_notifications.topics = ['notifications'] {{(pid=99108) log_opt_values /opt/stack/data/venv/lib/python3.12/site-packages/oslo_config/cfg.py:3253}}
Aug 03 09:21:12.647266 np0000006332 nova-conductor[99108]: DEBUG cotyledon.oslo_config_glue [-] oslo_messaging_notifications.transport_url = **** {{(pid=99108) log_opt_values /opt/stack/data/venv/lib/python3.12/site-packages/oslo_config/cfg.py:3253}}
Aug 03 09:21:12.647347 np0000006332 nova-conductor[99108]: DEBUG cotyledon.oslo_config_glue [-] oslo_limit.auth_section = None {{(pid=99108) log_opt_values /opt/stack/data/venv/lib/python3.12/site-packages/oslo_config/cfg.py:3253}}
Aug 03 09:21:12.647408 np0000006332 nova-conductor[99108]: DEBUG cotyledon.oslo_config_glue [-] oslo_limit.auth_type = None {{(pid=99108) log_opt_values /opt/stack/data/venv/lib/python3.12/site-packages/oslo_config/cfg.py:3253}}
Aug 03 09:21:12.647461 np0000006332 nova-conductor[99108]: DEBUG cotyledon.oslo_config_glue [-] oslo_limit.cafile = None {{(pid=99108) log_opt_values /opt/stack/data/venv/lib/python3.12/site-packages/oslo_config/cfg.py:3253}}
Aug 03 09:21:12.647522 np0000006332 nova-conductor[99108]: DEBUG cotyledon.oslo_config_glue [-] oslo_limit.certfile = None {{(pid=99108) log_opt_values /opt/stack/data/venv/lib/python3.12/site-packages/oslo_config/cfg.py:3253}}
Aug 03 09:21:12.647589 np0000006332 nova-conductor[99108]: DEBUG cotyledon.oslo_config_glue [-] oslo_limit.collect_timing = False {{(pid=99108) log_opt_values /opt/stack/data/venv/lib/python3.12/site-packages/oslo_config/cfg.py:3253}}
Aug 03 09:21:12.647649 np0000006332 nova-conductor[99108]: DEBUG cotyledon.oslo_config_glue [-] oslo_limit.connect_retries = None {{(pid=99108) log_opt_values /opt/stack/data/venv/lib/python3.12/site-packages/oslo_config/cfg.py:3253}}
Aug 03 09:21:12.647715 np0000006332 nova-conductor[99108]: DEBUG cotyledon.oslo_config_glue [-] oslo_limit.connect_retry_delay = None {{(pid=99108) log_opt_values /opt/stack/data/venv/lib/python3.12/site-packages/oslo_config/cfg.py:3253}}
Aug 03 09:21:12.647767 np0000006332 nova-conductor[99108]: DEBUG cotyledon.oslo_config_glue [-] oslo_limit.endpoint_id = None {{(pid=99108) log_opt_values /opt/stack/data/venv/lib/python3.12/site-packages/oslo_config/cfg.py:3253}}
Aug 03 09:21:12.647842 np0000006332 nova-conductor[99108]: DEBUG cotyledon.oslo_config_glue [-] oslo_limit.endpoint_interface = public {{(pid=99108) log_opt_values /opt/stack/data/venv/lib/python3.12/site-packages/oslo_config/cfg.py:3253}}
Aug 03 09:21:12.647899 np0000006332 nova-conductor[99108]: DEBUG cotyledon.oslo_config_glue [-] oslo_limit.endpoint_override = None {{(pid=99108) log_opt_values /opt/stack/data/venv/lib/python3.12/site-packages/oslo_config/cfg.py:3253}}
Aug 03 09:21:12.647955 np0000006332 nova-conductor[99108]: DEBUG cotyledon.oslo_config_glue [-] oslo_limit.endpoint_region_name = None {{(pid=99108) log_opt_values /opt/stack/data/venv/lib/python3.12/site-packages/oslo_config/cfg.py:3253}}
Aug 03 09:21:12.648011 np0000006332 nova-conductor[99108]: DEBUG cotyledon.oslo_config_glue [-] oslo_limit.endpoint_service_name = None {{(pid=99108) log_opt_values /opt/stack/data/venv/lib/python3.12/site-packages/oslo_config/cfg.py:3253}}
Aug 03 09:21:12.648069 np0000006332 nova-conductor[99108]: DEBUG cotyledon.oslo_config_glue [-] oslo_limit.endpoint_service_type = None {{(pid=99108) log_opt_values /opt/stack/data/venv/lib/python3.12/site-packages/oslo_config/cfg.py:3253}}
Aug 03 09:21:12.648117 np0000006332 nova-conductor[99108]: DEBUG cotyledon.oslo_config_glue [-] oslo_limit.insecure = False {{(pid=99108) log_opt_values /opt/stack/data/venv/lib/python3.12/site-packages/oslo_config/cfg.py:3253}}
Aug 03 09:21:12.648175 np0000006332 nova-conductor[99108]: DEBUG cotyledon.oslo_config_glue [-] oslo_limit.keyfile = None {{(pid=99108) log_opt_values /opt/stack/data/venv/lib/python3.12/site-packages/oslo_config/cfg.py:3253}}
Aug 03 09:21:12.648230 np0000006332 nova-conductor[99108]: DEBUG cotyledon.oslo_config_glue [-] oslo_limit.max_version = None {{(pid=99108) log_opt_values /opt/stack/data/venv/lib/python3.12/site-packages/oslo_config/cfg.py:3253}}
Aug 03 09:21:12.648287 np0000006332 nova-conductor[99108]: DEBUG cotyledon.oslo_config_glue [-] oslo_limit.min_version = None {{(pid=99108) log_opt_values /opt/stack/data/venv/lib/python3.12/site-packages/oslo_config/cfg.py:3253}}
Aug 03 09:21:12.648342 np0000006332 nova-conductor[99108]: DEBUG cotyledon.oslo_config_glue [-] oslo_limit.region_name = None {{(pid=99108) log_opt_values /opt/stack/data/venv/lib/python3.12/site-packages/oslo_config/cfg.py:3253}}
Aug 03 09:21:12.648396 np0000006332 nova-conductor[99108]: DEBUG cotyledon.oslo_config_glue [-] oslo_limit.retriable_status_codes = None {{(pid=99108) log_opt_values /opt/stack/data/venv/lib/python3.12/site-packages/oslo_config/cfg.py:3253}}
Aug 03 09:21:12.648462 np0000006332 nova-conductor[99108]: DEBUG cotyledon.oslo_config_glue [-] oslo_limit.service_name = None {{(pid=99108) log_opt_values /opt/stack/data/venv/lib/python3.12/site-packages/oslo_config/cfg.py:3253}}
Aug 03 09:21:12.648518 np0000006332 nova-conductor[99108]: DEBUG cotyledon.oslo_config_glue [-] oslo_limit.service_type = None {{(pid=99108) log_opt_values /opt/stack/data/venv/lib/python3.12/site-packages/oslo_config/cfg.py:3253}}
Aug 03 09:21:12.648574 np0000006332 nova-conductor[99108]: DEBUG cotyledon.oslo_config_glue [-] oslo_limit.split_loggers = False {{(pid=99108) log_opt_values /opt/stack/data/venv/lib/python3.12/site-packages/oslo_config/cfg.py:3253}}
Aug 03 09:21:12.648641 np0000006332 nova-conductor[99108]: DEBUG cotyledon.oslo_config_glue [-] oslo_limit.status_code_retries = None {{(pid=99108) log_opt_values /opt/stack/data/venv/lib/python3.12/site-packages/oslo_config/cfg.py:3253}}
Aug 03 09:21:12.648695 np0000006332 nova-conductor[99108]: DEBUG cotyledon.oslo_config_glue [-] oslo_limit.status_code_retry_delay = None {{(pid=99108) log_opt_values /opt/stack/data/venv/lib/python3.12/site-packages/oslo_config/cfg.py:3253}}
Aug 03 09:21:12.648751 np0000006332 nova-conductor[99108]: DEBUG cotyledon.oslo_config_glue [-] oslo_limit.timeout = None {{(pid=99108) log_opt_values /opt/stack/data/venv/lib/python3.12/site-packages/oslo_config/cfg.py:3253}}
Aug 03 09:21:12.648825 np0000006332 nova-conductor[99108]: DEBUG cotyledon.oslo_config_glue [-] oslo_limit.valid_interfaces = None {{(pid=99108) log_opt_values /opt/stack/data/venv/lib/python3.12/site-packages/oslo_config/cfg.py:3253}}
Aug 03 09:21:12.648880 np0000006332 nova-conductor[99108]: DEBUG cotyledon.oslo_config_glue [-] oslo_limit.version = None {{(pid=99108) log_opt_values /opt/stack/data/venv/lib/python3.12/site-packages/oslo_config/cfg.py:3253}}
Aug 03 09:21:12.648953 np0000006332 nova-conductor[99108]: DEBUG cotyledon.oslo_config_glue [-] oslo_reports.file_event_handler = None {{(pid=99108) log_opt_values /opt/stack/data/venv/lib/python3.12/site-packages/oslo_config/cfg.py:3253}}
Aug 03 09:21:12.649021 np0000006332 nova-conductor[99108]: DEBUG cotyledon.oslo_config_glue [-] oslo_reports.file_event_handler_interval = 1 {{(pid=99108) log_opt_values /opt/stack/data/venv/lib/python3.12/site-packages/oslo_config/cfg.py:3253}}
Aug 03 09:21:12.649088 np0000006332 nova-conductor[99108]: DEBUG cotyledon.oslo_config_glue [-] oslo_reports.log_dir = None {{(pid=99108) log_opt_values /opt/stack/data/venv/lib/python3.12/site-packages/oslo_config/cfg.py:3253}}
Aug 03 09:21:12.649136 np0000006332 nova-conductor[99108]: DEBUG cotyledon.oslo_config_glue [-] ******************************************************************************** {{(pid=99108) log_opt_values /opt/stack/data/venv/lib/python3.12/site-packages/oslo_config/cfg.py:3260}}
Aug 03 09:21:12.649302 np0000006332 nova-conductor[99108]: DEBUG cotyledon._service_worker [-] Run service ServiceWrapper(3) [99108] {{(pid=99108) wait_forever /opt/stack/data/venv/lib/python3.12/site-packages/cotyledon/_service_worker.py:218}}
Aug 03 09:21:12.650400 np0000006332 nova-conductor[99108]: INFO nova.service [-] Starting conductor node (version 33.1.0)
Aug 03 09:21:12.654788 np0000006332 nova-conductor[99108]: INFO dbcounter [None req-6c62e451-1a1d-4662-8f06-0a776bba4a30 None None] Registered counter for database nova_cell0
Aug 03 09:21:12.657769 np0000006332 nova-conductor[99057]: DEBUG oslo_db.sqlalchemy.engines [None req-e12b27c3-98ed-4e1a-9fcd-34645f7c7e54 None None] MySQL server mode set to STRICT_TRANS_TABLES,STRICT_ALL_TABLES,NO_ZERO_IN_DATE,NO_ZERO_DATE,ERROR_FOR_DIVISION_BY_ZERO,TRADITIONAL,NO_ENGINE_SUBSTITUTION {{(pid=99057) _check_effective_sql_mode /opt/stack/data/venv/lib/python3.12/site-packages/oslo_db/sqlalchemy/engines.py:325}}
Aug 03 09:21:12.661095 np0000006332 nova-conductor[99068]: DEBUG oslo_db.sqlalchemy.engines [None req-d876b837-0f76-4056-8e47-6703dc497e57 None None] MySQL server mode set to STRICT_TRANS_TABLES,STRICT_ALL_TABLES,NO_ZERO_IN_DATE,NO_ZERO_DATE,ERROR_FOR_DIVISION_BY_ZERO,TRADITIONAL,NO_ENGINE_SUBSTITUTION {{(pid=99068) _check_effective_sql_mode /opt/stack/data/venv/lib/python3.12/site-packages/oslo_db/sqlalchemy/engines.py:325}}
Aug 03 09:21:12.664960 np0000006332 nova-conductor[99059]: DEBUG oslo_db.sqlalchemy.engines [None req-036f61d8-3154-4bca-aa6d-6d625135c076 None None] MySQL server mode set to STRICT_TRANS_TABLES,STRICT_ALL_TABLES,NO_ZERO_IN_DATE,NO_ZERO_DATE,ERROR_FOR_DIVISION_BY_ZERO,TRADITIONAL,NO_ENGINE_SUBSTITUTION {{(pid=99059) _check_effective_sql_mode /opt/stack/data/venv/lib/python3.12/site-packages/oslo_db/sqlalchemy/engines.py:325}}
Aug 03 09:21:12.668677 np0000006332 nova-conductor[99057]: DEBUG dbcounter [-] [99057] Writer thread running {{(pid=99057) stat_writer /opt/stack/data/venv/lib/python3.12/site-packages/dbcounter.py:102}}
Aug 03 09:21:12.670627 np0000006332 nova-conductor[99068]: DEBUG dbcounter [-] [99068] Writer thread running {{(pid=99068) stat_writer /opt/stack/data/venv/lib/python3.12/site-packages/dbcounter.py:102}}
Aug 03 09:21:12.676331 np0000006332 nova-conductor[99059]: DEBUG dbcounter [-] [99059] Writer thread running {{(pid=99059) stat_writer /opt/stack/data/venv/lib/python3.12/site-packages/dbcounter.py:102}}
Aug 03 09:21:12.686299 np0000006332 nova-conductor[99068]: DEBUG nova.service [None req-d876b837-0f76-4056-8e47-6703dc497e57 None None] Creating RPC server for service: nova-conductor on topic: conductor {{(pid=99068) start /opt/stack/nova/nova/service.py:196}}
Aug 03 09:21:12.691810 np0000006332 nova-conductor[99108]: DEBUG oslo_db.sqlalchemy.engines [None req-6c62e451-1a1d-4662-8f06-0a776bba4a30 None None] MySQL server mode set to STRICT_TRANS_TABLES,STRICT_ALL_TABLES,NO_ZERO_IN_DATE,NO_ZERO_DATE,ERROR_FOR_DIVISION_BY_ZERO,TRADITIONAL,NO_ENGINE_SUBSTITUTION {{(pid=99108) _check_effective_sql_mode /opt/stack/data/venv/lib/python3.12/site-packages/oslo_db/sqlalchemy/engines.py:325}}
Aug 03 09:21:12.694874 np0000006332 nova-conductor[99057]: DEBUG nova.service [None req-e12b27c3-98ed-4e1a-9fcd-34645f7c7e54 None None] Creating RPC server for service: nova-conductor on topic: conductor {{(pid=99057) start /opt/stack/nova/nova/service.py:196}}
Aug 03 09:21:12.694995 np0000006332 nova-conductor[99059]: DEBUG nova.service [None req-036f61d8-3154-4bca-aa6d-6d625135c076 None None] Creating RPC server for service: nova-conductor on topic: conductor {{(pid=99059) start /opt/stack/nova/nova/service.py:196}}
Aug 03 09:21:12.700979 np0000006332 nova-conductor[99108]: DEBUG dbcounter [-] [99108] Writer thread running {{(pid=99108) stat_writer /opt/stack/data/venv/lib/python3.12/site-packages/dbcounter.py:102}}
Aug 03 09:21:12.704180 np0000006332 nova-conductor[99108]: DEBUG nova.service [None req-6c62e451-1a1d-4662-8f06-0a776bba4a30 None None] Creating RPC server for service: nova-conductor on topic: conductor {{(pid=99108) start /opt/stack/nova/nova/service.py:196}}
Aug 03 09:21:12.718690 np0000006332 nova-conductor[99057]: DEBUG nova.service [None req-e12b27c3-98ed-4e1a-9fcd-34645f7c7e54 None None] Join ServiceGroup membership for this service conductor {{(pid=99057) start /opt/stack/nova/nova/service.py:222}}
Aug 03 09:21:12.722343 np0000006332 nova-conductor[99057]: DEBUG nova.servicegroup.drivers.db [None req-e12b27c3-98ed-4e1a-9fcd-34645f7c7e54 None None] DB_Driver: join new ServiceGroup member np0000006332 to the conductor group, service = {{(pid=99057) join /opt/stack/nova/nova/servicegroup/drivers/db.py:44}}
Aug 03 09:21:12.722681 np0000006332 nova-conductor[99059]: DEBUG nova.service [None req-036f61d8-3154-4bca-aa6d-6d625135c076 None None] Join ServiceGroup membership for this service conductor {{(pid=99059) start /opt/stack/nova/nova/service.py:222}}
Aug 03 09:21:12.722681 np0000006332 nova-conductor[99059]: DEBUG nova.servicegroup.drivers.db [None req-036f61d8-3154-4bca-aa6d-6d625135c076 None None] DB_Driver: join new ServiceGroup member np0000006332 to the conductor group, service = {{(pid=99059) join /opt/stack/nova/nova/servicegroup/drivers/db.py:44}}
Aug 03 09:21:12.722942 np0000006332 nova-conductor[99068]: DEBUG nova.service [None req-d876b837-0f76-4056-8e47-6703dc497e57 None None] Join ServiceGroup membership for this service conductor {{(pid=99068) start /opt/stack/nova/nova/service.py:222}}
Aug 03 09:21:12.722942 np0000006332 nova-conductor[99068]: DEBUG nova.servicegroup.drivers.db [None req-d876b837-0f76-4056-8e47-6703dc497e57 None None] DB_Driver: join new ServiceGroup member np0000006332 to the conductor group, service = {{(pid=99068) join /opt/stack/nova/nova/servicegroup/drivers/db.py:44}}
Aug 03 09:21:12.724320 np0000006332 nova-conductor[99108]: DEBUG nova.service [None req-6c62e451-1a1d-4662-8f06-0a776bba4a30 None None] Join ServiceGroup membership for this service conductor {{(pid=99108) start /opt/stack/nova/nova/service.py:222}}
Aug 03 09:21:12.724646 np0000006332 nova-conductor[99108]: DEBUG nova.servicegroup.drivers.db [None req-6c62e451-1a1d-4662-8f06-0a776bba4a30 None None] DB_Driver: join new ServiceGroup member np0000006332 to the conductor group, service = {{(pid=99108) join /opt/stack/nova/nova/servicegroup/drivers/db.py:44}}
Aug 03 09:21:17.732910 np0000006332 nova-conductor[99057]: DEBUG oslo.service.backend._threading.loopingcall [-] Fixed interval looping call 'nova.servicegroup.drivers.db.DbDriver._report_state' sleeping for 119.99 seconds {{(pid=99057) _run_loop /opt/stack/data/venv/lib/python3.12/site-packages/oslo_service/backend/_threading/loopingcall.py:125}}
Aug 03 09:21:17.735092 np0000006332 nova-conductor[99068]: DEBUG oslo.service.backend._threading.loopingcall [-] Fixed interval looping call 'nova.servicegroup.drivers.db.DbDriver._report_state' sleeping for 119.99 seconds {{(pid=99068) _run_loop /opt/stack/data/venv/lib/python3.12/site-packages/oslo_service/backend/_threading/loopingcall.py:125}}
Aug 03 09:21:17.735445 np0000006332 nova-conductor[99108]: DEBUG oslo.service.backend._threading.loopingcall [-] Fixed interval looping call 'nova.servicegroup.drivers.db.DbDriver._report_state' sleeping for 119.99 seconds {{(pid=99108) _run_loop /opt/stack/data/venv/lib/python3.12/site-packages/oslo_service/backend/_threading/loopingcall.py:125}}
Aug 03 09:21:17.735733 np0000006332 nova-conductor[99059]: DEBUG oslo.service.backend._threading.loopingcall [-] Fixed interval looping call 'nova.servicegroup.drivers.db.DbDriver._report_state' sleeping for 119.99 seconds {{(pid=99059) _run_loop /opt/stack/data/venv/lib/python3.12/site-packages/oslo_service/backend/_threading/loopingcall.py:125}}
Aug 03 09:21:21.268509 np0000006332 nova-conductor[97547]: DEBUG dbcounter [-] [97547] Writing DB stats nova_api:SELECT=1 {{(pid=97547) stat_writer /opt/stack/data/venv/lib/python3.12/site-packages/dbcounter.py:115}}
Aug 03 09:21:21.393331 np0000006332 nova-conductor[97547]: DEBUG dbcounter [-] [97547] Writing DB stats nova_cell1:SELECT=1 {{(pid=97547) stat_writer /opt/stack/data/venv/lib/python3.12/site-packages/dbcounter.py:115}}
Aug 03 09:21:21.403582 np0000006332 nova-conductor[97547]: DEBUG dbcounter [-] [97547] Writing DB stats nova_cell0:SELECT=1 {{(pid=97547) stat_writer /opt/stack/data/venv/lib/python3.12/site-packages/dbcounter.py:115}}
Aug 03 09:21:26.726731 np0000006332 nova-conductor[99059]: DEBUG oslo.service.backend._threading.loopingcall [None req-e5811597-9557-4258-92e6-c46255a057a9 None None] Dynamic interval looping call 'nova.service.Service.periodic_tasks' sleeping for 60.00 seconds {{(pid=99059) _run_loop /opt/stack/data/venv/lib/python3.12/site-packages/oslo_service/backend/_threading/loopingcall.py:125}}
Aug 03 09:21:27.728367 np0000006332 nova-conductor[99057]: DEBUG dbcounter [-] [99057] Writing DB stats nova_cell0:SELECT=5,nova_cell0:INSERT=1,nova_cell0:UPDATE=1 {{(pid=99057) stat_writer /opt/stack/data/venv/lib/python3.12/site-packages/dbcounter.py:115}}
Aug 03 09:21:27.732640 np0000006332 nova-conductor[99108]: DEBUG dbcounter [-] [99108] Writing DB stats nova_cell0:SELECT=3 {{(pid=99108) stat_writer /opt/stack/data/venv/lib/python3.12/site-packages/dbcounter.py:115}}
Aug 03 09:21:27.736576 np0000006332 nova-conductor[99068]: DEBUG dbcounter [-] [99068] Writing DB stats nova_cell0:SELECT=4,nova_cell0:INSERT=1,nova_cell0:UPDATE=1 {{(pid=99068) stat_writer /opt/stack/data/venv/lib/python3.12/site-packages/dbcounter.py:115}}
Aug 03 09:21:27.736820 np0000006332 nova-conductor[99059]: DEBUG dbcounter [-] [99059] Writing DB stats nova_cell0:SELECT=5,nova_cell0:INSERT=1,nova_cell0:UPDATE=1 {{(pid=99059) stat_writer /opt/stack/data/venv/lib/python3.12/site-packages/dbcounter.py:115}}
Aug 03 09:21:44.720857 np0000006332 nova-conductor[99057]: DEBUG oslo.service.backend._threading.loopingcall [None req-7f9b76aa-1a1f-44c7-9622-efa1eef14522 None None] Dynamic interval looping call 'nova.service.Service.periodic_tasks' sleeping for 60.00 seconds {{(pid=99057) _run_loop /opt/stack/data/venv/lib/python3.12/site-packages/oslo_service/backend/_threading/loopingcall.py:125}}
Aug 03 09:21:50.726700 np0000006332 nova-conductor[99108]: DEBUG oslo.service.backend._threading.loopingcall [None req-3f9e66b8-b007-4aaf-8f91-b333c1a04381 None None] Dynamic interval looping call 'nova.service.Service.periodic_tasks' sleeping for 60.00 seconds {{(pid=99108) _run_loop /opt/stack/data/venv/lib/python3.12/site-packages/oslo_service/backend/_threading/loopingcall.py:125}}
Aug 03 09:21:54.724701 np0000006332 nova-conductor[99068]: DEBUG oslo.service.backend._threading.loopingcall [None req-250b9966-a607-4767-9d8a-97c8ad3718f2 None None] Dynamic interval looping call 'nova.service.Service.periodic_tasks' sleeping for 60.00 seconds {{(pid=99068) _run_loop /opt/stack/data/venv/lib/python3.12/site-packages/oslo_service/backend/_threading/loopingcall.py:125}}
Aug 03 09:22:26.723816 np0000006332 nova-conductor[99059]: DEBUG oslo.service.backend._threading.loopingcall [None req-e5811597-9557-4258-92e6-c46255a057a9 None None] Dynamic interval looping call 'nova.service.Service.periodic_tasks' sleeping for 60.00 seconds {{(pid=99059) _run_loop /opt/stack/data/venv/lib/python3.12/site-packages/oslo_service/backend/_threading/loopingcall.py:125}}
Aug 03 09:22:44.721520 np0000006332 nova-conductor[99057]: DEBUG oslo.service.backend._threading.loopingcall [None req-7f9b76aa-1a1f-44c7-9622-efa1eef14522 None None] Dynamic interval looping call 'nova.service.Service.periodic_tasks' sleeping for 60.00 seconds {{(pid=99057) _run_loop /opt/stack/data/venv/lib/python3.12/site-packages/oslo_service/backend/_threading/loopingcall.py:125}}
Aug 03 09:22:50.727285 np0000006332 nova-conductor[99108]: DEBUG oslo.service.backend._threading.loopingcall [None req-3f9e66b8-b007-4aaf-8f91-b333c1a04381 None None] Dynamic interval looping call 'nova.service.Service.periodic_tasks' sleeping for 60.00 seconds {{(pid=99108) _run_loop /opt/stack/data/venv/lib/python3.12/site-packages/oslo_service/backend/_threading/loopingcall.py:125}}
Aug 03 09:22:54.725333 np0000006332 nova-conductor[99068]: DEBUG oslo.service.backend._threading.loopingcall [None req-250b9966-a607-4767-9d8a-97c8ad3718f2 None None] Dynamic interval looping call 'nova.service.Service.periodic_tasks' sleeping for 60.00 seconds {{(pid=99068) _run_loop /opt/stack/data/venv/lib/python3.12/site-packages/oslo_service/backend/_threading/loopingcall.py:125}}
Aug 03 09:23:17.736145 np0000006332 nova-conductor[99057]: DEBUG oslo.service.backend._threading.loopingcall [-] Fixed interval looping call 'nova.servicegroup.drivers.db.DbDriver._report_state' sleeping for 119.99 seconds {{(pid=99057) _run_loop /opt/stack/data/venv/lib/python3.12/site-packages/oslo_service/backend/_threading/loopingcall.py:125}}
Aug 03 09:23:17.740200 np0000006332 nova-conductor[99068]: DEBUG oslo.service.backend._threading.loopingcall [-] Fixed interval looping call 'nova.servicegroup.drivers.db.DbDriver._report_state' sleeping for 119.99 seconds {{(pid=99068) _run_loop /opt/stack/data/venv/lib/python3.12/site-packages/oslo_service/backend/_threading/loopingcall.py:125}}
Aug 03 09:23:17.740861 np0000006332 nova-conductor[99059]: DEBUG oslo.service.backend._threading.loopingcall [-] Fixed interval looping call 'nova.servicegroup.drivers.db.DbDriver._report_state' sleeping for 119.99 seconds {{(pid=99059) _run_loop /opt/stack/data/venv/lib/python3.12/site-packages/oslo_service/backend/_threading/loopingcall.py:125}}
Aug 03 09:23:17.741879 np0000006332 nova-conductor[99108]: DEBUG oslo.service.backend._threading.loopingcall [-] Fixed interval looping call 'nova.servicegroup.drivers.db.DbDriver._report_state' sleeping for 119.98 seconds {{(pid=99108) _run_loop /opt/stack/data/venv/lib/python3.12/site-packages/oslo_service/backend/_threading/loopingcall.py:125}}
Aug 03 09:23:21.351926 np0000006332 nova-conductor[99057]: DEBUG oslo_db.sqlalchemy.engines [None req-9c3d6b3a-1708-412f-bb8b-44c5c488a436 tempest-DeleteServersTestJSON-1260147724 tempest-DeleteServersTestJSON-1260147724-project-member] Parent process 97547 forked (99057) with an open database connection, which is being discarded and recreated. {{(pid=99057) checkout /opt/stack/data/venv/lib/python3.12/site-packages/oslo_db/sqlalchemy/engines.py:402}}
Aug 03 09:23:21.406446 np0000006332 nova-conductor[99057]: DEBUG dbcounter [-] [99057] Writer thread running {{(pid=99057) stat_writer /opt/stack/data/venv/lib/python3.12/site-packages/dbcounter.py:102}}
Aug 03 09:23:22.471205 np0000006332 nova-conductor[99057]: DEBUG nova.conductor.manager [None req-9c3d6b3a-1708-412f-bb8b-44c5c488a436 tempest-DeleteServersTestJSON-1260147724 tempest-DeleteServersTestJSON-1260147724-project-member] Took 1.06 seconds to select destinations for 1 instance(s). {{(pid=99057) _schedule_instances /opt/stack/nova/nova/conductor/manager.py:968}}
Aug 03 09:23:22.508841 np0000006332 nova-conductor[99057]: DEBUG oslo_concurrency.lockutils [None req-9c3d6b3a-1708-412f-bb8b-44c5c488a436 tempest-DeleteServersTestJSON-1260147724 tempest-DeleteServersTestJSON-1260147724-project-member] Acquiring lock "045f0d1a-1901-4de6-a47d-704c405f8a76" by "nova.context.set_target_cell..get_or_set_cached_cell_and_set_connections" {{(pid=99057) inner /opt/stack/data/venv/lib/python3.12/site-packages/oslo_concurrency/lockutils.py:512}}
Aug 03 09:23:22.509071 np0000006332 nova-conductor[99057]: DEBUG oslo_concurrency.lockutils [None req-9c3d6b3a-1708-412f-bb8b-44c5c488a436 tempest-DeleteServersTestJSON-1260147724 tempest-DeleteServersTestJSON-1260147724-project-member] Lock "045f0d1a-1901-4de6-a47d-704c405f8a76" acquired by "nova.context.set_target_cell..get_or_set_cached_cell_and_set_connections" :: waited 0.000s {{(pid=99057) inner /opt/stack/data/venv/lib/python3.12/site-packages/oslo_concurrency/lockutils.py:525}}
Aug 03 09:23:22.510406 np0000006332 nova-conductor[99057]: DEBUG oslo_concurrency.lockutils [None req-9c3d6b3a-1708-412f-bb8b-44c5c488a436 tempest-DeleteServersTestJSON-1260147724 tempest-DeleteServersTestJSON-1260147724-project-member] Lock "045f0d1a-1901-4de6-a47d-704c405f8a76" "released" by "nova.context.set_target_cell..get_or_set_cached_cell_and_set_connections" :: held 0.001s {{(pid=99057) inner /opt/stack/data/venv/lib/python3.12/site-packages/oslo_concurrency/lockutils.py:544}}
Aug 03 09:23:22.512274 np0000006332 nova-conductor[99057]: INFO dbcounter [None req-9c3d6b3a-1708-412f-bb8b-44c5c488a436 tempest-DeleteServersTestJSON-1260147724 tempest-DeleteServersTestJSON-1260147724-project-member] Registered counter for database nova_cell1
Aug 03 09:23:22.555814 np0000006332 nova-conductor[99057]: DEBUG oslo_db.sqlalchemy.engines [None req-9c3d6b3a-1708-412f-bb8b-44c5c488a436 tempest-DeleteServersTestJSON-1260147724 tempest-DeleteServersTestJSON-1260147724-project-member] MySQL server mode set to STRICT_TRANS_TABLES,STRICT_ALL_TABLES,NO_ZERO_IN_DATE,NO_ZERO_DATE,ERROR_FOR_DIVISION_BY_ZERO,TRADITIONAL,NO_ENGINE_SUBSTITUTION {{(pid=99057) _check_effective_sql_mode /opt/stack/data/venv/lib/python3.12/site-packages/oslo_db/sqlalchemy/engines.py:325}}
Aug 03 09:23:22.564151 np0000006332 nova-conductor[99057]: DEBUG dbcounter [-] [99057] Writer thread running {{(pid=99057) stat_writer /opt/stack/data/venv/lib/python3.12/site-packages/dbcounter.py:102}}
Aug 03 09:23:22.649177 np0000006332 nova-conductor[99057]: INFO nova.utils [None req-9c3d6b3a-1708-412f-bb8b-44c5c488a436 tempest-DeleteServersTestJSON-1260147724 tempest-DeleteServersTestJSON-1260147724-project-member] The cell worker thread pool ForkProcess-1.cell_worker is initialized
Aug 03 09:23:22.649583 np0000006332 nova-conductor[99057]: DEBUG oslo_concurrency.lockutils [None req-9c3d6b3a-1708-412f-bb8b-44c5c488a436 tempest-DeleteServersTestJSON-1260147724 tempest-DeleteServersTestJSON-1260147724-project-member] Acquiring lock "00000000-0000-0000-0000-000000000000" by "nova.context.set_target_cell..get_or_set_cached_cell_and_set_connections" {{(pid=99057) inner /opt/stack/data/venv/lib/python3.12/site-packages/oslo_concurrency/lockutils.py:512}}
Aug 03 09:23:22.649745 np0000006332 nova-conductor[99057]: DEBUG oslo_concurrency.lockutils [None req-9c3d6b3a-1708-412f-bb8b-44c5c488a436 tempest-DeleteServersTestJSON-1260147724 tempest-DeleteServersTestJSON-1260147724-project-member] Lock "00000000-0000-0000-0000-000000000000" acquired by "nova.context.set_target_cell..get_or_set_cached_cell_and_set_connections" :: waited 0.000s {{(pid=99057) inner /opt/stack/data/venv/lib/python3.12/site-packages/oslo_concurrency/lockutils.py:525}}
Aug 03 09:23:22.650131 np0000006332 nova-conductor[99057]: DEBUG oslo_concurrency.lockutils [None req-9c3d6b3a-1708-412f-bb8b-44c5c488a436 tempest-DeleteServersTestJSON-1260147724 tempest-DeleteServersTestJSON-1260147724-project-member] Lock "00000000-0000-0000-0000-000000000000" "released" by "nova.context.set_target_cell..get_or_set_cached_cell_and_set_connections" :: held 0.000s {{(pid=99057) inner /opt/stack/data/venv/lib/python3.12/site-packages/oslo_concurrency/lockutils.py:544}}
Aug 03 09:23:22.651029 np0000006332 nova-conductor[99057]: DEBUG oslo_concurrency.lockutils [None req-9c3d6b3a-1708-412f-bb8b-44c5c488a436 tempest-DeleteServersTestJSON-1260147724 tempest-DeleteServersTestJSON-1260147724-project-member] Acquiring lock "045f0d1a-1901-4de6-a47d-704c405f8a76" by "nova.context.set_target_cell..get_or_set_cached_cell_and_set_connections" {{(pid=99057) inner /opt/stack/data/venv/lib/python3.12/site-packages/oslo_concurrency/lockutils.py:512}}
Aug 03 09:23:22.651204 np0000006332 nova-conductor[99057]: DEBUG oslo_concurrency.lockutils [None req-9c3d6b3a-1708-412f-bb8b-44c5c488a436 tempest-DeleteServersTestJSON-1260147724 tempest-DeleteServersTestJSON-1260147724-project-member] Lock "045f0d1a-1901-4de6-a47d-704c405f8a76" acquired by "nova.context.set_target_cell..get_or_set_cached_cell_and_set_connections" :: waited 0.000s {{(pid=99057) inner /opt/stack/data/venv/lib/python3.12/site-packages/oslo_concurrency/lockutils.py:525}}
Aug 03 09:23:22.651344 np0000006332 nova-conductor[99057]: DEBUG oslo_concurrency.lockutils [None req-9c3d6b3a-1708-412f-bb8b-44c5c488a436 tempest-DeleteServersTestJSON-1260147724 tempest-DeleteServersTestJSON-1260147724-project-member] Lock "045f0d1a-1901-4de6-a47d-704c405f8a76" "released" by "nova.context.set_target_cell..get_or_set_cached_cell_and_set_connections" :: held 0.000s {{(pid=99057) inner /opt/stack/data/venv/lib/python3.12/site-packages/oslo_concurrency/lockutils.py:544}}
Aug 03 09:23:22.653205 np0000006332 nova-conductor[99057]: INFO dbcounter [None req-9c3d6b3a-1708-412f-bb8b-44c5c488a436 tempest-DeleteServersTestJSON-1260147724 tempest-DeleteServersTestJSON-1260147724-project-member] Registered counter for database nova_cell0
Aug 03 09:23:22.717753 np0000006332 nova-conductor[99057]: DEBUG oslo_db.sqlalchemy.engines [None req-9c3d6b3a-1708-412f-bb8b-44c5c488a436 tempest-DeleteServersTestJSON-1260147724 tempest-DeleteServersTestJSON-1260147724-project-member] MySQL server mode set to STRICT_TRANS_TABLES,STRICT_ALL_TABLES,NO_ZERO_IN_DATE,NO_ZERO_DATE,ERROR_FOR_DIVISION_BY_ZERO,TRADITIONAL,NO_ENGINE_SUBSTITUTION {{(pid=99057) _check_effective_sql_mode /opt/stack/data/venv/lib/python3.12/site-packages/oslo_db/sqlalchemy/engines.py:325}}
Aug 03 09:23:22.724900 np0000006332 nova-conductor[99057]: DEBUG dbcounter [-] [99057] Writer thread running {{(pid=99057) stat_writer /opt/stack/data/venv/lib/python3.12/site-packages/dbcounter.py:102}}
Aug 03 09:23:22.748620 np0000006332 nova-conductor[99057]: DEBUG nova.quota [None req-9c3d6b3a-1708-412f-bb8b-44c5c488a436 tempest-DeleteServersTestJSON-1260147724 tempest-DeleteServersTestJSON-1260147724-project-member] Getting quotas for project 9013fafcce8540619dcb7c5471180829. Resources: {'cores', 'instances', 'ram'} {{(pid=99057) _get_quotas /opt/stack/nova/nova/quota.py:389}}
Aug 03 09:23:22.755729 np0000006332 nova-conductor[99057]: DEBUG nova.quota [None req-9c3d6b3a-1708-412f-bb8b-44c5c488a436 tempest-DeleteServersTestJSON-1260147724 tempest-DeleteServersTestJSON-1260147724-project-member] Getting quotas for user bc64c4a1941f4fce9ae879ad915214a9 and project 9013fafcce8540619dcb7c5471180829. Resources: {'cores', 'instances', 'ram'} {{(pid=99057) _get_quotas /opt/stack/nova/nova/quota.py:379}}
