Jul 24 13:35:11.092968 np0000005831 devstack@placement-api.service[89982]: DEBUG placement.objects.research_context [req-1c96ac38-0ea4-4329-b002-54cd041a7d92 req-c4993e07-f343-474c-aea5-32b7a9a680b7 service nova] getting providers with 1 VCPU {{(pid=89982) __init__ /opt/stack/placement/placement/objects/research_context.py:137}}
Jul 24 13:35:11.098058 np0000005831 devstack@placement-api.service[89982]: DEBUG placement.objects.research_context [req-1c96ac38-0ea4-4329-b002-54cd041a7d92 req-c4993e07-f343-474c-aea5-32b7a9a680b7 service nova] found 1 providers with available 192 MEMORY_MB {{(pid=89982) get_provider_ids_matching /opt/stack/placement/placement/objects/research_context.py:563}}
Jul 24 13:35:11.098267 np0000005831 devstack@placement-api.service[89982]: DEBUG placement.objects.research_context [req-1c96ac38-0ea4-4329-b002-54cd041a7d92 req-c4993e07-f343-474c-aea5-32b7a9a680b7 service nova] found 1 providers with available 1 VCPU {{(pid=89982) get_provider_ids_matching /opt/stack/placement/placement/objects/research_context.py:563}}
Jul 24 13:35:11.098322 np0000005831 devstack@placement-api.service[89982]: DEBUG placement.objects.research_context [req-1c96ac38-0ea4-4329-b002-54cd041a7d92 req-c4993e07-f343-474c-aea5-32b7a9a680b7 service nova] found 1 providers after filtering by previous result {{(pid=89982) get_provider_ids_matching /opt/stack/placement/placement/objects/research_context.py:594}}
Jul 24 13:35:11.108248 np0000005831 devstack@placement-api.service[89982]: DEBUG placement.objects.allocation_candidate [req-1c96ac38-0ea4-4329-b002-54cd041a7d92 req-c4993e07-f343-474c-aea5-32b7a9a680b7 service nova] RequestGroup(use_same_provider=False, resources={MEMORY_MB:192, VCPU:1}, traits=(), aggregates=[]) (suffix '') returned 1 matches {{(pid=89982) _get_by_requests /opt/stack/placement/placement/objects/allocation_candidate.py:158}}
Jul 24 13:35:11.108519 np0000005831 devstack@placement-api.service[89982]: DEBUG placement.objects.allocation_candidate [req-1c96ac38-0ea4-4329-b002-54cd041a7d92 req-c4993e07-f343-474c-aea5-32b7a9a680b7 service nova] Merging candidates yields 1 allocation requests and 1 provider summaries {{(pid=89982) _merge_candidates /opt/stack/placement/placement/objects/allocation_candidate.py:908}}
Jul 24 13:35:11.111357 np0000005831 devstack@placement-api.service[89982]: INFO placement.requestlog [req-1c96ac38-0ea4-4329-b002-54cd041a7d92 req-c4993e07-f343-474c-aea5-32b7a9a680b7 service nova] 10.4.3.126 "GET /placement/allocation_candidates?limit=1000&resources=MEMORY_MB%3A192%2CVCPU%3A1&root_required=%21COMPUTE_STATUS_DISABLED" status: 200 len: 2479 microversion: 1.36
Jul 24 13:35:11.111622 np0000005831 devstack@placement-api.service[89982]: [pid: 89982|app: 0|req: 187/560] 10.4.3.126 () {68 vars in 1597 bytes} [Fri Jul 24 13:35:11 2026] GET /placement/allocation_candidates?limit=1000&resources=MEMORY_MB%3A192%2CVCPU%3A1&root_required=%21COMPUTE_STATUS_DISABLED => generated 2479 bytes in 60 msecs (HTTP/1.1 200) 8 headers in 297 bytes (1 switches on core 0)
Jul 24 13:35:11.131045 np0000005831 devstack@placement-api.service[89983]: DEBUG placement.requestlog [req-464579b8-d7fc-4c7b-86d9-9ef8aa25c87c req-2a496286-bdbf-4e69-af8a-da5201dccddb None None] Starting request: 10.4.3.126 "DELETE /placement/allocations/3cf7d95a-fc39-4358-a95f-a09018bd9099" {{(pid=89983) __call__ /opt/stack/placement/placement/requestlog.py:55}}
Jul 24 13:35:11.159390 np0000005831 devstack@placement-api.service[89983]: DEBUG placement.handlers.allocation [req-464579b8-d7fc-4c7b-86d9-9ef8aa25c87c req-2a496286-bdbf-4e69-af8a-da5201dccddb service nova] Successfully deleted allocations [, , ] {{(pid=89983) delete_allocations /opt/stack/placement/placement/handlers/allocation.py:627}}
Jul 24 13:35:11.159681 np0000005831 devstack@placement-api.service[89983]: INFO placement.requestlog [req-464579b8-d7fc-4c7b-86d9-9ef8aa25c87c req-2a496286-bdbf-4e69-af8a-da5201dccddb service nova] 10.4.3.126 "DELETE /placement/allocations/3cf7d95a-fc39-4358-a95f-a09018bd9099" status: 204 len: 0 microversion: 1.0
Jul 24 13:35:11.160003 np0000005831 devstack@placement-api.service[89983]: [pid: 89983|app: 0|req: 187/561] 10.4.3.126 () {68 vars in 1477 bytes} [Fri Jul 24 13:35:11 2026] DELETE /placement/allocations/3cf7d95a-fc39-4358-a95f-a09018bd9099 => generated 0 bytes in 30 msecs (HTTP/1.1 204) 5 headers in 198 bytes (1 switches on core 0)
Jul 24 13:35:11.189432 np0000005831 devstack@placement-api.service[89981]: DEBUG placement.requestlog [req-1c96ac38-0ea4-4329-b002-54cd041a7d92 req-d0c01bf3-12ef-441d-9935-67c8639284c9 None None] Starting request: 10.4.3.126 "GET /placement/allocations/159fd87d-05e1-4dfc-bf55-b5fbec17b142" {{(pid=89981) __call__ /opt/stack/placement/placement/requestlog.py:55}}
Jul 24 13:35:11.195383 np0000005831 devstack@placement-api.service[89981]: INFO placement.requestlog [req-1c96ac38-0ea4-4329-b002-54cd041a7d92 req-d0c01bf3-12ef-441d-9935-67c8639284c9 service nova] 10.4.3.126 "GET /placement/allocations/159fd87d-05e1-4dfc-bf55-b5fbec17b142" status: 200 len: 19 microversion: 1.28
Jul 24 13:35:11.195615 np0000005831 devstack@placement-api.service[89981]: [pid: 89981|app: 0|req: 188/562] 10.4.3.126 () {68 vars in 1501 bytes} [Fri Jul 24 13:35:11 2026] GET /placement/allocations/159fd87d-05e1-4dfc-bf55-b5fbec17b142 => generated 19 bytes in 6 msecs (HTTP/1.1 200) 8 headers in 295 bytes (1 switches on core 0)
Jul 24 13:35:11.233691 np0000005831 devstack@placement-api.service[89982]: DEBUG placement.requestlog [req-1c96ac38-0ea4-4329-b002-54cd041a7d92 req-cd6d7189-9890-412b-9fde-7fe9144f06d5 None None] Starting request: 10.4.3.126 "PUT /placement/allocations/159fd87d-05e1-4dfc-bf55-b5fbec17b142" {{(pid=89982) __call__ /opt/stack/placement/placement/requestlog.py:55}}
Jul 24 13:35:11.295118 np0000005831 devstack@placement-api.service[89982]: DEBUG placement.handlers.allocation [req-1c96ac38-0ea4-4329-b002-54cd041a7d92 req-cd6d7189-9890-412b-9fde-7fe9144f06d5 service nova] Successfully wrote allocations [, ] {{(pid=89982) _update_consumers_and_create_allocations /opt/stack/placement/placement/handlers/allocation.py:462}}
Jul 24 13:35:11.298935 np0000005831 devstack@placement-api.service[89982]: INFO placement.requestlog [req-1c96ac38-0ea4-4329-b002-54cd041a7d92 req-cd6d7189-9890-412b-9fde-7fe9144f06d5 service nova] 10.4.3.126 "PUT /placement/allocations/159fd87d-05e1-4dfc-bf55-b5fbec17b142" status: 204 len: 0 microversion: 1.36
Jul 24 13:35:11.299247 np0000005831 devstack@placement-api.service[89982]: [pid: 89982|app: 0|req: 188/563] 10.4.3.126 () {72 vars in 1554 bytes} [Fri Jul 24 13:35:11 2026] PUT /placement/allocations/159fd87d-05e1-4dfc-bf55-b5fbec17b142 => generated 0 bytes in 66 msecs (HTTP/1.1 204) 5 headers in 199 bytes (1 switches on core 0)
Jul 24 13:35:11.587859 np0000005831 devstack@placement-api.service[89983]: DEBUG placement.requestlog [req-1c96ac38-0ea4-4329-b002-54cd041a7d92 req-b7e96175-3424-4f55-96f8-d345068daba3 None None] Starting request: 10.4.3.126 "GET /placement/allocations/159fd87d-05e1-4dfc-bf55-b5fbec17b142" {{(pid=89983) __call__ /opt/stack/placement/placement/requestlog.py:55}}
Jul 24 13:35:11.610017 np0000005831 devstack@placement-api.service[89983]: INFO placement.requestlog [req-1c96ac38-0ea4-4329-b002-54cd041a7d92 req-b7e96175-3424-4f55-96f8-d345068daba3 service nova] 10.4.3.126 "GET /placement/allocations/159fd87d-05e1-4dfc-bf55-b5fbec17b142" status: 200 len: 244 microversion: 1.28
Jul 24 13:35:11.610017 np0000005831 devstack@placement-api.service[89983]: [pid: 89983|app: 0|req: 188/564] 10.4.3.126 () {68 vars in 1499 bytes} [Fri Jul 24 13:35:11 2026] GET /placement/allocations/159fd87d-05e1-4dfc-bf55-b5fbec17b142 => generated 244 bytes in 22 msecs (HTTP/1.1 200) 8 headers in 296 bytes (1 switches on core 0)
Jul 24 13:35:11.729123 np0000005831 devstack@placement-api.service[89981]: DEBUG placement.requestlog [req-1c96ac38-0ea4-4329-b002-54cd041a7d92 req-e2038cba-b8e2-4288-9e69-4026cb9a6797 None None] Starting request: 10.4.3.126 "GET /placement/resource_providers/d5e143a3-898c-49db-91e2-0fc0fefcceff/allocations" {{(pid=89981) __call__ /opt/stack/placement/placement/requestlog.py:55}}
Jul 24 13:35:11.766015 np0000005831 devstack@placement-api.service[89981]: INFO placement.requestlog [req-1c96ac38-0ea4-4329-b002-54cd041a7d92 req-e2038cba-b8e2-4288-9e69-4026cb9a6797 service nova] 10.4.3.126 "GET /placement/resource_providers/d5e143a3-898c-49db-91e2-0fc0fefcceff/allocations" status: 200 len: 597 microversion: 1.0
Jul 24 13:35:11.767076 np0000005831 devstack@placement-api.service[89981]: [pid: 89981|app: 0|req: 189/565] 10.4.3.126 () {66 vars in 1512 bytes} [Fri Jul 24 13:35:11 2026] GET /placement/resource_providers/d5e143a3-898c-49db-91e2-0fc0fefcceff/allocations => generated 597 bytes in 38 msecs (HTTP/1.1 200) 6 headers in 224 bytes (1 switches on core 0)
Jul 24 13:35:11.789234 np0000005831 devstack@placement-api.service[89982]: DEBUG placement.requestlog [req-ff396873-8d4f-44e3-a5a1-bd2f1bb8a6df req-4755ad7c-5c5a-409e-be05-6a07b998d34a None None] Starting request: 10.4.3.126 "GET /placement/allocation_candidates?limit=1000&resources=DISK_GB%3A1%2CMEMORY_MB%3A192%2CVCPU%3A1&root_required=%21COMPUTE_STATUS_DISABLED" {{(pid=89982) __call__ /opt/stack/placement/placement/requestlog.py:55}}
Jul 24 13:35:11.812722 np0000005831 devstack@placement-api.service[89983]: DEBUG placement.requestlog [req-1c96ac38-0ea4-4329-b002-54cd041a7d92 req-bfa999f3-e279-4b91-bec3-efa12be7b7d7 None None] Starting request: 10.4.3.126 "GET /placement/allocations/5deb7837-45ff-4dca-a989-88b667ec9e88" {{(pid=89983) __call__ /opt/stack/placement/placement/requestlog.py:55}}
Jul 24 13:35:11.817437 np0000005831 devstack@placement-api.service[89982]: DEBUG placement.objects.research_context [req-ff396873-8d4f-44e3-a5a1-bd2f1bb8a6df req-4755ad7c-5c5a-409e-be05-6a07b998d34a service nova] getting providers with 1 DISK_GB {{(pid=89982) __init__ /opt/stack/placement/placement/objects/research_context.py:137}}
Jul 24 13:35:11.820612 np0000005831 devstack@placement-api.service[89982]: DEBUG placement.objects.research_context [req-ff396873-8d4f-44e3-a5a1-bd2f1bb8a6df req-4755ad7c-5c5a-409e-be05-6a07b998d34a service nova] getting providers with 192 MEMORY_MB {{(pid=89982) __init__ /opt/stack/placement/placement/objects/research_context.py:137}}
Jul 24 13:35:11.824127 np0000005831 devstack@placement-api.service[89982]: DEBUG placement.objects.research_context [req-ff396873-8d4f-44e3-a5a1-bd2f1bb8a6df req-4755ad7c-5c5a-409e-be05-6a07b998d34a service nova] getting providers with 1 VCPU {{(pid=89982) __init__ /opt/stack/placement/placement/objects/research_context.py:137}}
Jul 24 13:35:11.830170 np0000005831 devstack@placement-api.service[89982]: DEBUG placement.objects.research_context [req-ff396873-8d4f-44e3-a5a1-bd2f1bb8a6df req-4755ad7c-5c5a-409e-be05-6a07b998d34a service nova] found 1 providers with available 1 DISK_GB {{(pid=89982) get_provider_ids_matching /opt/stack/placement/placement/objects/research_context.py:563}}
Jul 24 13:35:11.830500 np0000005831 devstack@placement-api.service[89982]: DEBUG placement.objects.research_context [req-ff396873-8d4f-44e3-a5a1-bd2f1bb8a6df req-4755ad7c-5c5a-409e-be05-6a07b998d34a service nova] found 1 providers with available 192 MEMORY_MB {{(pid=89982) get_provider_ids_matching /opt/stack/placement/placement/objects/research_context.py:563}}
Jul 24 13:35:11.830685 np0000005831 devstack@placement-api.service[89982]: DEBUG placement.objects.research_context [req-ff396873-8d4f-44e3-a5a1-bd2f1bb8a6df req-4755ad7c-5c5a-409e-be05-6a07b998d34a service nova] found 1 providers after filtering by previous result {{(pid=89982) get_provider_ids_matching /opt/stack/placement/placement/objects/research_context.py:594}}
Jul 24 13:35:11.830769 np0000005831 devstack@placement-api.service[89982]: DEBUG placement.objects.research_context [req-ff396873-8d4f-44e3-a5a1-bd2f1bb8a6df req-4755ad7c-5c5a-409e-be05-6a07b998d34a service nova] found 1 providers with available 1 VCPU {{(pid=89982) get_provider_ids_matching /opt/stack/placement/placement/objects/research_context.py:563}}
Jul 24 13:35:11.830886 np0000005831 devstack@placement-api.service[89982]: DEBUG placement.objects.research_context [req-ff396873-8d4f-44e3-a5a1-bd2f1bb8a6df req-4755ad7c-5c5a-409e-be05-6a07b998d34a service nova] found 1 providers after filtering by previous result {{(pid=89982) get_provider_ids_matching /opt/stack/placement/placement/objects/research_context.py:594}}
Jul 24 13:35:11.831384 np0000005831 devstack@placement-api.service[89983]: INFO placement.requestlog [req-1c96ac38-0ea4-4329-b002-54cd041a7d92 req-bfa999f3-e279-4b91-bec3-efa12be7b7d7 service nova] 10.4.3.126 "GET /placement/allocations/5deb7837-45ff-4dca-a989-88b667ec9e88" status: 200 len: 244 microversion: 1.28
Jul 24 13:35:11.831993 np0000005831 devstack@placement-api.service[89983]: [pid: 89983|app: 0|req: 189/566] 10.4.3.126 () {68 vars in 1499 bytes} [Fri Jul 24 13:35:11 2026] GET /placement/allocations/5deb7837-45ff-4dca-a989-88b667ec9e88 => generated 244 bytes in 20 msecs (HTTP/1.1 200) 8 headers in 296 bytes (1 switches on core 0)
Jul 24 13:35:11.840606 np0000005831 devstack@placement-api.service[89982]: DEBUG placement.objects.allocation_candidate [req-ff396873-8d4f-44e3-a5a1-bd2f1bb8a6df req-4755ad7c-5c5a-409e-be05-6a07b998d34a service nova] RequestGroup(use_same_provider=False, resources={DISK_GB:1, MEMORY_MB:192, VCPU:1}, traits=(), aggregates=[]) (suffix '') returned 1 matches {{(pid=89982) _get_by_requests /opt/stack/placement/placement/objects/allocation_candidate.py:158}}
Jul 24 13:35:11.841084 np0000005831 devstack@placement-api.service[89982]: DEBUG placement.objects.allocation_candidate [req-ff396873-8d4f-44e3-a5a1-bd2f1bb8a6df req-4755ad7c-5c5a-409e-be05-6a07b998d34a service nova] Merging candidates yields 1 allocation requests and 1 provider summaries {{(pid=89982) _merge_candidates /opt/stack/placement/placement/objects/allocation_candidate.py:908}}
Jul 24 13:35:11.842223 np0000005831 devstack@placement-api.service[89982]: INFO placement.requestlog [req-ff396873-8d4f-44e3-a5a1-bd2f1bb8a6df req-4755ad7c-5c5a-409e-be05-6a07b998d34a service nova] 10.4.3.126 "GET /placement/allocation_candidates?limit=1000&resources=DISK_GB%3A1%2CMEMORY_MB%3A192%2CVCPU%3A1&root_required=%21COMPUTE_STATUS_DISABLED" status: 200 len: 2493 microversion: 1.36
Jul 24 13:35:11.842510 np0000005831 devstack@placement-api.service[89982]: [pid: 89982|app: 0|req: 189/567] 10.4.3.126 () {68 vars in 1625 bytes} [Fri Jul 24 13:35:11 2026] GET /placement/allocation_candidates?limit=1000&resources=DISK_GB%3A1%2CMEMORY_MB%3A192%2CVCPU%3A1&root_required=%21COMPUTE_STATUS_DISABLED => generated 2493 bytes in 54 msecs (HTTP/1.1 200) 8 headers in 297 bytes (1 switches on core 0)
Jul 24 13:35:11.876526 np0000005831 devstack@placement-api.service[89981]: DEBUG placement.requestlog [req-1c96ac38-0ea4-4329-b002-54cd041a7d92 req-fa34267c-597a-4f29-8ca6-0ca7838cebcb None None] Starting request: 10.4.3.126 "GET /placement/allocations/e047aefd-0f7f-4b4c-a543-9190bc8571c6" {{(pid=89981) __call__ /opt/stack/placement/placement/requestlog.py:55}}
Jul 24 13:35:11.884308 np0000005831 devstack@placement-api.service[89981]: INFO placement.requestlog [req-1c96ac38-0ea4-4329-b002-54cd041a7d92 req-fa34267c-597a-4f29-8ca6-0ca7838cebcb service nova] 10.4.3.126 "GET /placement/allocations/e047aefd-0f7f-4b4c-a543-9190bc8571c6" status: 200 len: 244 microversion: 1.28
Jul 24 13:35:11.884600 np0000005831 devstack@placement-api.service[89981]: [pid: 89981|app: 0|req: 190/568] 10.4.3.126 () {68 vars in 1499 bytes} [Fri Jul 24 13:35:11 2026] GET /placement/allocations/e047aefd-0f7f-4b4c-a543-9190bc8571c6 => generated 244 bytes in 8 msecs (HTTP/1.1 200) 8 headers in 296 bytes (1 switches on core 0)
Jul 24 13:35:11.917703 np0000005831 devstack@placement-api.service[89983]: DEBUG placement.requestlog [req-1c96ac38-0ea4-4329-b002-54cd041a7d92 req-4e5b8d93-74bb-4a35-a74d-88ed2a5089c4 None None] Starting request: 10.4.3.126 "GET /placement/allocations/ca08bf9e-bab2-4a73-be67-57acaffa4e99" {{(pid=89983) __call__ /opt/stack/placement/placement/requestlog.py:55}}
Jul 24 13:35:11.917958 np0000005831 devstack@placement-api.service[89982]: DEBUG placement.requestlog [req-ff396873-8d4f-44e3-a5a1-bd2f1bb8a6df req-a4899db1-9621-4594-b487-bd951e3dd06f None None] Starting request: 10.4.3.126 "GET /placement/allocations/e950fbe9-8e73-4b44-ae5b-1a417fa70bce" {{(pid=89982) __call__ /opt/stack/placement/placement/requestlog.py:55}}
Jul 24 13:35:11.928507 np0000005831 devstack@placement-api.service[89982]: INFO placement.requestlog [req-ff396873-8d4f-44e3-a5a1-bd2f1bb8a6df req-a4899db1-9621-4594-b487-bd951e3dd06f service nova] 10.4.3.126 "GET /placement/allocations/e950fbe9-8e73-4b44-ae5b-1a417fa70bce" status: 200 len: 19 microversion: 1.28
Jul 24 13:35:11.928975 np0000005831 devstack@placement-api.service[89982]: [pid: 89982|app: 0|req: 190/569] 10.4.3.126 () {68 vars in 1501 bytes} [Fri Jul 24 13:35:11 2026] GET /placement/allocations/e950fbe9-8e73-4b44-ae5b-1a417fa70bce => generated 19 bytes in 11 msecs (HTTP/1.1 200) 8 headers in 295 bytes (1 switches on core 0)
Jul 24 13:35:11.931016 np0000005831 devstack@placement-api.service[89983]: INFO placement.requestlog [req-1c96ac38-0ea4-4329-b002-54cd041a7d92 req-4e5b8d93-74bb-4a35-a74d-88ed2a5089c4 service nova] 10.4.3.126 "GET /placement/allocations/ca08bf9e-bab2-4a73-be67-57acaffa4e99" status: 200 len: 244 microversion: 1.28
Jul 24 13:35:11.931016 np0000005831 devstack@placement-api.service[89983]: [pid: 89983|app: 0|req: 190/570] 10.4.3.126 () {68 vars in 1499 bytes} [Fri Jul 24 13:35:11 2026] GET /placement/allocations/ca08bf9e-bab2-4a73-be67-57acaffa4e99 => generated 244 bytes in 12 msecs (HTTP/1.1 200) 8 headers in 296 bytes (1 switches on core 0)
Jul 24 13:35:11.967341 np0000005831 devstack@placement-api.service[89981]: DEBUG placement.requestlog [req-ff396873-8d4f-44e3-a5a1-bd2f1bb8a6df req-61029a62-14f7-4d56-b8eb-5ef081361a11 None None] Starting request: 10.4.3.126 "PUT /placement/allocations/e950fbe9-8e73-4b44-ae5b-1a417fa70bce" {{(pid=89981) __call__ /opt/stack/placement/placement/requestlog.py:55}}
Jul 24 13:35:11.974728 np0000005831 devstack@placement-api.service[89982]: DEBUG placement.requestlog [req-1c96ac38-0ea4-4329-b002-54cd041a7d92 req-31836385-78b9-4517-b7a8-f5ab78ea4793 None None] Starting request: 10.4.3.126 "GET /placement/allocations/159fd87d-05e1-4dfc-bf55-b5fbec17b142" {{(pid=89982) __call__ /opt/stack/placement/placement/requestlog.py:55}}
Jul 24 13:35:11.984975 np0000005831 devstack@placement-api.service[89982]: INFO placement.requestlog [req-1c96ac38-0ea4-4329-b002-54cd041a7d92 req-31836385-78b9-4517-b7a8-f5ab78ea4793 service nova] 10.4.3.126 "GET /placement/allocations/159fd87d-05e1-4dfc-bf55-b5fbec17b142" status: 200 len: 244 microversion: 1.28
Jul 24 13:35:11.985335 np0000005831 devstack@placement-api.service[89982]: [pid: 89982|app: 0|req: 191/571] 10.4.3.126 () {68 vars in 1499 bytes} [Fri Jul 24 13:35:11 2026] GET /placement/allocations/159fd87d-05e1-4dfc-bf55-b5fbec17b142 => generated 244 bytes in 10 msecs (HTTP/1.1 200) 8 headers in 296 bytes (1 switches on core 0)
Jul 24 13:35:12.030225 np0000005831 devstack@placement-api.service[89983]: DEBUG placement.requestlog [req-1c96ac38-0ea4-4329-b002-54cd041a7d92 req-cbfb3e39-1f20-4b94-944a-fff34fb26fd6 None None] Starting request: 10.4.3.126 "GET /placement/allocations/d57fdecb-b42e-4096-a7a1-652e040d4557" {{(pid=89983) __call__ /opt/stack/placement/placement/requestlog.py:55}}
Jul 24 13:35:12.045460 np0000005831 devstack@placement-api.service[89983]: INFO placement.requestlog [req-1c96ac38-0ea4-4329-b002-54cd041a7d92 req-cbfb3e39-1f20-4b94-944a-fff34fb26fd6 service nova] 10.4.3.126 "GET /placement/allocations/d57fdecb-b42e-4096-a7a1-652e040d4557" status: 200 len: 258 microversion: 1.28
Jul 24 13:35:12.045460 np0000005831 devstack@placement-api.service[89983]: [pid: 89983|app: 0|req: 191/572] 10.4.3.126 () {68 vars in 1499 bytes} [Fri Jul 24 13:35:12 2026] GET /placement/allocations/d57fdecb-b42e-4096-a7a1-652e040d4557 => generated 258 bytes in 15 msecs (HTTP/1.1 200) 8 headers in 296 bytes (1 switches on core 0)
Jul 24 13:35:12.060000 np0000005831 devstack@placement-api.service[89981]: DEBUG placement.handlers.allocation [req-ff396873-8d4f-44e3-a5a1-bd2f1bb8a6df req-61029a62-14f7-4d56-b8eb-5ef081361a11 service nova] Successfully wrote allocations [, , ] {{(pid=89981) _update_consumers_and_create_allocations /opt/stack/placement/placement/handlers/allocation.py:462}}
Jul 24 13:35:12.065071 np0000005831 devstack@placement-api.service[89981]: INFO placement.requestlog [req-ff396873-8d4f-44e3-a5a1-bd2f1bb8a6df req-61029a62-14f7-4d56-b8eb-5ef081361a11 service nova] 10.4.3.126 "PUT /placement/allocations/e950fbe9-8e73-4b44-ae5b-1a417fa70bce" status: 204 len: 0 microversion: 1.36
Jul 24 13:35:12.065396 np0000005831 devstack@placement-api.service[89981]: [pid: 89981|app: 0|req: 191/573] 10.4.3.126 () {72 vars in 1554 bytes} [Fri Jul 24 13:35:11 2026] PUT /placement/allocations/e950fbe9-8e73-4b44-ae5b-1a417fa70bce => generated 0 bytes in 99 msecs (HTTP/1.1 204) 5 headers in 199 bytes (1 switches on core 0)
Jul 24 13:35:12.081556 np0000005831 devstack@placement-api.service[89982]: DEBUG placement.requestlog [req-1c96ac38-0ea4-4329-b002-54cd041a7d92 req-864798d8-204f-4a33-8692-b51ca9450568 None None] Starting request: 10.4.3.126 "GET /placement/allocations/180d80fd-15f2-4abd-80ae-b432b4da91b2" {{(pid=89982) __call__ /opt/stack/placement/placement/requestlog.py:55}}
Jul 24 13:35:12.090107 np0000005831 devstack@placement-api.service[89982]: INFO placement.requestlog [req-1c96ac38-0ea4-4329-b002-54cd041a7d92 req-864798d8-204f-4a33-8692-b51ca9450568 service nova] 10.4.3.126 "GET /placement/allocations/180d80fd-15f2-4abd-80ae-b432b4da91b2" status: 200 len: 258 microversion: 1.28
Jul 24 13:35:12.090322 np0000005831 devstack@placement-api.service[89982]: [pid: 89982|app: 0|req: 192/574] 10.4.3.126 () {68 vars in 1499 bytes} [Fri Jul 24 13:35:12 2026] GET /placement/allocations/180d80fd-15f2-4abd-80ae-b432b4da91b2 => generated 258 bytes in 9 msecs (HTTP/1.1 200) 8 headers in 296 bytes (1 switches on core 0)
Jul 24 13:35:12.413970 np0000005831 devstack@placement-api.service[89983]: DEBUG placement.requestlog [req-ff396873-8d4f-44e3-a5a1-bd2f1bb8a6df req-7f6f79cb-ad58-4ee5-9695-84e9e3b34357 None None] Starting request: 10.4.3.126 "GET /placement/allocations/e950fbe9-8e73-4b44-ae5b-1a417fa70bce" {{(pid=89983) __call__ /opt/stack/placement/placement/requestlog.py:55}}
Jul 24 13:35:12.427291 np0000005831 devstack@placement-api.service[89983]: INFO placement.requestlog [req-ff396873-8d4f-44e3-a5a1-bd2f1bb8a6df req-7f6f79cb-ad58-4ee5-9695-84e9e3b34357 service nova] 10.4.3.126 "GET /placement/allocations/e950fbe9-8e73-4b44-ae5b-1a417fa70bce" status: 200 len: 258 microversion: 1.28
Jul 24 13:35:12.427291 np0000005831 devstack@placement-api.service[89983]: [pid: 89983|app: 0|req: 192/575] 10.4.3.126 () {68 vars in 1499 bytes} [Fri Jul 24 13:35:12 2026] GET /placement/allocations/e950fbe9-8e73-4b44-ae5b-1a417fa70bce => generated 258 bytes in 18 msecs (HTTP/1.1 200) 8 headers in 296 bytes (1 switches on core 0)
Jul 24 13:35:12.580563 np0000005831 devstack@placement-api.service[89981]: DEBUG placement.requestlog [req-ff396873-8d4f-44e3-a5a1-bd2f1bb8a6df req-a64fcbf9-ea77-4c92-829d-58f432c1d078 None None] Starting request: 10.4.3.126 "GET /placement/resource_providers/d5e143a3-898c-49db-91e2-0fc0fefcceff/allocations" {{(pid=89981) __call__ /opt/stack/placement/placement/requestlog.py:55}}
Jul 24 13:35:12.597990 np0000005831 devstack@placement-api.service[89981]: INFO placement.requestlog [req-ff396873-8d4f-44e3-a5a1-bd2f1bb8a6df req-a64fcbf9-ea77-4c92-829d-58f432c1d078 service nova] 10.4.3.126 "GET /placement/resource_providers/d5e143a3-898c-49db-91e2-0fc0fefcceff/allocations" status: 200 len: 697 microversion: 1.0
Jul 24 13:35:12.598571 np0000005831 devstack@placement-api.service[89981]: [pid: 89981|app: 0|req: 192/576] 10.4.3.126 () {66 vars in 1512 bytes} [Fri Jul 24 13:35:12 2026] GET /placement/resource_providers/d5e143a3-898c-49db-91e2-0fc0fefcceff/allocations => generated 697 bytes in 18 msecs (HTTP/1.1 200) 6 headers in 224 bytes (1 switches on core 0)
Jul 24 13:35:12.634504 np0000005831 devstack@placement-api.service[89982]: DEBUG placement.requestlog [req-ff396873-8d4f-44e3-a5a1-bd2f1bb8a6df req-b2d6890a-3188-478f-81e5-bc7bb0abdadf None None] Starting request: 10.4.3.126 "GET /placement/allocations/5deb7837-45ff-4dca-a989-88b667ec9e88" {{(pid=89982) __call__ /opt/stack/placement/placement/requestlog.py:55}}
Jul 24 13:35:12.657823 np0000005831 devstack@placement-api.service[89982]: INFO placement.requestlog [req-ff396873-8d4f-44e3-a5a1-bd2f1bb8a6df req-b2d6890a-3188-478f-81e5-bc7bb0abdadf service nova] 10.4.3.126 "GET /placement/allocations/5deb7837-45ff-4dca-a989-88b667ec9e88" status: 200 len: 244 microversion: 1.28
Jul 24 13:35:12.658189 np0000005831 devstack@placement-api.service[89982]: [pid: 89982|app: 0|req: 193/577] 10.4.3.126 () {68 vars in 1499 bytes} [Fri Jul 24 13:35:12 2026] GET /placement/allocations/5deb7837-45ff-4dca-a989-88b667ec9e88 => generated 244 bytes in 24 msecs (HTTP/1.1 200) 8 headers in 296 bytes (1 switches on core 0)
Jul 24 13:35:12.718216 np0000005831 devstack@placement-api.service[89983]: DEBUG placement.requestlog [req-ff396873-8d4f-44e3-a5a1-bd2f1bb8a6df req-b65d70fb-fa9f-404c-becc-315db6a3ce24 None None] Starting request: 10.4.3.126 "GET /placement/allocations/e047aefd-0f7f-4b4c-a543-9190bc8571c6" {{(pid=89983) __call__ /opt/stack/placement/placement/requestlog.py:55}}
Jul 24 13:35:12.734652 np0000005831 devstack@placement-api.service[89983]: INFO placement.requestlog [req-ff396873-8d4f-44e3-a5a1-bd2f1bb8a6df req-b65d70fb-fa9f-404c-becc-315db6a3ce24 service nova] 10.4.3.126 "GET /placement/allocations/e047aefd-0f7f-4b4c-a543-9190bc8571c6" status: 200 len: 244 microversion: 1.28
Jul 24 13:35:12.735344 np0000005831 devstack@placement-api.service[89983]: [pid: 89983|app: 0|req: 193/578] 10.4.3.126 () {68 vars in 1499 bytes} [Fri Jul 24 13:35:12 2026] GET /placement/allocations/e047aefd-0f7f-4b4c-a543-9190bc8571c6 => generated 244 bytes in 18 msecs (HTTP/1.1 200) 8 headers in 296 bytes (1 switches on core 0)
Jul 24 13:35:12.795652 np0000005831 devstack@placement-api.service[89981]: DEBUG placement.requestlog [req-ff396873-8d4f-44e3-a5a1-bd2f1bb8a6df req-70a5c125-81cc-42d5-bb07-f72758ca5524 None None] Starting request: 10.4.3.126 "GET /placement/allocations/ca08bf9e-bab2-4a73-be67-57acaffa4e99" {{(pid=89981) __call__ /opt/stack/placement/placement/requestlog.py:55}}
Jul 24 13:35:12.824238 np0000005831 devstack@placement-api.service[89981]: INFO placement.requestlog [req-ff396873-8d4f-44e3-a5a1-bd2f1bb8a6df req-70a5c125-81cc-42d5-bb07-f72758ca5524 service nova] 10.4.3.126 "GET /placement/allocations/ca08bf9e-bab2-4a73-be67-57acaffa4e99" status: 200 len: 244 microversion: 1.28
Jul 24 13:35:12.824554 np0000005831 devstack@placement-api.service[89981]: [pid: 89981|app: 0|req: 193/579] 10.4.3.126 () {68 vars in 1499 bytes} [Fri Jul 24 13:35:12 2026] GET /placement/allocations/ca08bf9e-bab2-4a73-be67-57acaffa4e99 => generated 244 bytes in 30 msecs (HTTP/1.1 200) 8 headers in 296 bytes (1 switches on core 0)
Jul 24 13:35:12.860195 np0000005831 devstack@placement-api.service[89982]: DEBUG placement.requestlog [req-ff396873-8d4f-44e3-a5a1-bd2f1bb8a6df req-fea9901c-d06b-4cb0-9be7-e88d35593fa7 None None] Starting request: 10.4.3.126 "GET /placement/allocations/e950fbe9-8e73-4b44-ae5b-1a417fa70bce" {{(pid=89982) __call__ /opt/stack/placement/placement/requestlog.py:55}}
Jul 24 13:35:12.876061 np0000005831 devstack@placement-api.service[89982]: INFO placement.requestlog [req-ff396873-8d4f-44e3-a5a1-bd2f1bb8a6df req-fea9901c-d06b-4cb0-9be7-e88d35593fa7 service nova] 10.4.3.126 "GET /placement/allocations/e950fbe9-8e73-4b44-ae5b-1a417fa70bce" status: 200 len: 258 microversion: 1.28
Jul 24 13:35:12.876312 np0000005831 devstack@placement-api.service[89982]: [pid: 89982|app: 0|req: 194/580] 10.4.3.126 () {68 vars in 1499 bytes} [Fri Jul 24 13:35:12 2026] GET /placement/allocations/e950fbe9-8e73-4b44-ae5b-1a417fa70bce => generated 258 bytes in 16 msecs (HTTP/1.1 200) 8 headers in 296 bytes (1 switches on core 0)
Jul 24 13:35:12.916529 np0000005831 devstack@placement-api.service[89983]: DEBUG placement.requestlog [req-ff396873-8d4f-44e3-a5a1-bd2f1bb8a6df req-ab7622eb-93e2-4f06-8798-4c88f397c87d None None] Starting request: 10.4.3.126 "GET /placement/allocations/159fd87d-05e1-4dfc-bf55-b5fbec17b142" {{(pid=89983) __call__ /opt/stack/placement/placement/requestlog.py:55}}
Jul 24 13:35:12.926625 np0000005831 devstack@placement-api.service[89983]: INFO placement.requestlog [req-ff396873-8d4f-44e3-a5a1-bd2f1bb8a6df req-ab7622eb-93e2-4f06-8798-4c88f397c87d service nova] 10.4.3.126 "GET /placement/allocations/159fd87d-05e1-4dfc-bf55-b5fbec17b142" status: 200 len: 244 microversion: 1.28
Jul 24 13:35:12.927123 np0000005831 devstack@placement-api.service[89983]: [pid: 89983|app: 0|req: 194/581] 10.4.3.126 () {68 vars in 1499 bytes} [Fri Jul 24 13:35:12 2026] GET /placement/allocations/159fd87d-05e1-4dfc-bf55-b5fbec17b142 => generated 244 bytes in 11 msecs (HTTP/1.1 200) 8 headers in 296 bytes (1 switches on core 0)
Jul 24 13:35:12.982758 np0000005831 devstack@placement-api.service[89981]: DEBUG placement.requestlog [req-ff396873-8d4f-44e3-a5a1-bd2f1bb8a6df req-e2d0d93e-e5bb-4a13-993d-eb04b0cd7a94 None None] Starting request: 10.4.3.126 "GET /placement/allocations/d57fdecb-b42e-4096-a7a1-652e040d4557" {{(pid=89981) __call__ /opt/stack/placement/placement/requestlog.py:55}}
Jul 24 13:35:13.001452 np0000005831 devstack@placement-api.service[89981]: INFO placement.requestlog [req-ff396873-8d4f-44e3-a5a1-bd2f1bb8a6df req-e2d0d93e-e5bb-4a13-993d-eb04b0cd7a94 service nova] 10.4.3.126 "GET /placement/allocations/d57fdecb-b42e-4096-a7a1-652e040d4557" status: 200 len: 258 microversion: 1.28
Jul 24 13:35:13.001668 np0000005831 devstack@placement-api.service[89981]: [pid: 89981|app: 0|req: 194/582] 10.4.3.126 () {68 vars in 1499 bytes} [Fri Jul 24 13:35:12 2026] GET /placement/allocations/d57fdecb-b42e-4096-a7a1-652e040d4557 => generated 258 bytes in 19 msecs (HTTP/1.1 200) 8 headers in 296 bytes (1 switches on core 0)
Jul 24 13:35:13.048186 np0000005831 devstack@placement-api.service[89982]: DEBUG placement.requestlog [req-ff396873-8d4f-44e3-a5a1-bd2f1bb8a6df req-824a740f-fba2-4095-aebb-b11e38efa645 None None] Starting request: 10.4.3.126 "GET /placement/allocations/180d80fd-15f2-4abd-80ae-b432b4da91b2" {{(pid=89982) __call__ /opt/stack/placement/placement/requestlog.py:55}}
Jul 24 13:35:13.063446 np0000005831 devstack@placement-api.service[89982]: INFO placement.requestlog [req-ff396873-8d4f-44e3-a5a1-bd2f1bb8a6df req-824a740f-fba2-4095-aebb-b11e38efa645 service nova] 10.4.3.126 "GET /placement/allocations/180d80fd-15f2-4abd-80ae-b432b4da91b2" status: 200 len: 258 microversion: 1.28
Jul 24 13:35:13.063688 np0000005831 devstack@placement-api.service[89982]: [pid: 89982|app: 0|req: 195/583] 10.4.3.126 () {68 vars in 1499 bytes} [Fri Jul 24 13:35:13 2026] GET /placement/allocations/180d80fd-15f2-4abd-80ae-b432b4da91b2 => generated 258 bytes in 16 msecs (HTTP/1.1 200) 8 headers in 296 bytes (1 switches on core 0)
Jul 24 13:35:13.089685 np0000005831 devstack@placement-api.service[89983]: DEBUG placement.requestlog [req-638a95e6-8c68-4386-9403-892243e7c568 req-bb34bc74-460a-4d58-8998-b50f4b326da9 None None] Starting request: 10.4.3.126 "GET /placement/allocations/5deb7837-45ff-4dca-a989-88b667ec9e88" {{(pid=89983) __call__ /opt/stack/placement/placement/requestlog.py:55}}
Jul 24 13:35:13.107858 np0000005831 devstack@placement-api.service[89983]: INFO placement.requestlog [req-638a95e6-8c68-4386-9403-892243e7c568 req-bb34bc74-460a-4d58-8998-b50f4b326da9 service nova] 10.4.3.126 "GET /placement/allocations/5deb7837-45ff-4dca-a989-88b667ec9e88" status: 200 len: 244 microversion: 1.28
Jul 24 13:35:13.108525 np0000005831 devstack@placement-api.service[89983]: [pid: 89983|app: 0|req: 195/584] 10.4.3.126 () {68 vars in 1501 bytes} [Fri Jul 24 13:35:13 2026] GET /placement/allocations/5deb7837-45ff-4dca-a989-88b667ec9e88 => generated 244 bytes in 19 msecs (HTTP/1.1 200) 8 headers in 296 bytes (1 switches on core 0)
Jul 24 13:35:13.117859 np0000005831 devstack@placement-api.service[89981]: DEBUG placement.requestlog [None req-29d4b4f9-6271-4f0d-b173-1e76a725e474 None None] Starting request: 10.4.3.126 "GET /placement/resource_providers/d46cbc68-e25e-4705-b46b-9e22a97be70e/aggregates" {{(pid=89981) __call__ /opt/stack/placement/placement/requestlog.py:55}}
Jul 24 13:35:13.138557 np0000005831 devstack@placement-api.service[89981]: INFO placement.requestlog [None req-29d4b4f9-6271-4f0d-b173-1e76a725e474 service placement] 10.4.3.126 "GET /placement/resource_providers/d46cbc68-e25e-4705-b46b-9e22a97be70e/aggregates" status: 404 len: 235 microversion: 1.1
Jul 24 13:35:13.139112 np0000005831 devstack@placement-api.service[89981]: [pid: 89981|app: 0|req: 195/585] 10.4.3.126 () {66 vars in 1474 bytes} [Fri Jul 24 13:35:13 2026] GET /placement/resource_providers/d46cbc68-e25e-4705-b46b-9e22a97be70e/aggregates => generated 235 bytes in 21 msecs (HTTP/1.1 404) 5 headers in 202 bytes (1 switches on core 0)
Jul 24 13:35:13.148261 np0000005831 devstack@placement-api.service[89982]: DEBUG placement.requestlog [req-638a95e6-8c68-4386-9403-892243e7c568 req-2b8bcc45-e444-4c9c-958d-fc2374b790ae None None] Starting request: 10.4.3.126 "GET /placement/allocations/5deb7837-45ff-4dca-a989-88b667ec9e88" {{(pid=89982) __call__ /opt/stack/placement/placement/requestlog.py:55}}
Jul 24 13:35:13.168088 np0000005831 devstack@placement-api.service[89982]: INFO placement.requestlog [req-638a95e6-8c68-4386-9403-892243e7c568 req-2b8bcc45-e444-4c9c-958d-fc2374b790ae service nova] 10.4.3.126 "GET /placement/allocations/5deb7837-45ff-4dca-a989-88b667ec9e88" status: 200 len: 244 microversion: 1.28
Jul 24 13:35:13.168192 np0000005831 devstack@placement-api.service[89982]: [pid: 89982|app: 0|req: 196/586] 10.4.3.126 () {68 vars in 1501 bytes} [Fri Jul 24 13:35:13 2026] GET /placement/allocations/5deb7837-45ff-4dca-a989-88b667ec9e88 => generated 244 bytes in 20 msecs (HTTP/1.1 200) 8 headers in 296 bytes (1 switches on core 0)
Jul 24 13:35:13.206638 np0000005831 devstack@placement-api.service[89983]: DEBUG placement.requestlog [req-638a95e6-8c68-4386-9403-892243e7c568 req-859b7eed-7053-498a-9407-a2cda3e2c24b None None] Starting request: 10.4.3.126 "GET /placement/allocations/684ddda6-77fd-4f92-ada3-f6f13af77f16" {{(pid=89983) __call__ /opt/stack/placement/placement/requestlog.py:55}}
Jul 24 13:35:13.215253 np0000005831 devstack@placement-api.service[89981]: DEBUG placement.requestlog [None req-90d8e3bc-f7f9-41d2-a120-3367ba3660d7 None None] Starting request: 10.4.3.126 "DELETE /placement/resource_providers/d46cbc68-e25e-4705-b46b-9e22a97be70e" {{(pid=89981) __call__ /opt/stack/placement/placement/requestlog.py:55}}
Jul 24 13:35:13.220245 np0000005831 devstack@placement-api.service[89983]: INFO placement.requestlog [req-638a95e6-8c68-4386-9403-892243e7c568 req-859b7eed-7053-498a-9407-a2cda3e2c24b service nova] 10.4.3.126 "GET /placement/allocations/684ddda6-77fd-4f92-ada3-f6f13af77f16" status: 200 len: 19 microversion: 1.28
Jul 24 13:35:13.220475 np0000005831 devstack@placement-api.service[89983]: [pid: 89983|app: 0|req: 196/587] 10.4.3.126 () {68 vars in 1501 bytes} [Fri Jul 24 13:35:13 2026] GET /placement/allocations/684ddda6-77fd-4f92-ada3-f6f13af77f16 => generated 19 bytes in 14 msecs (HTTP/1.1 200) 8 headers in 295 bytes (1 switches on core 0)
Jul 24 13:35:13.230853 np0000005831 devstack@placement-api.service[89981]: DEBUG placement.wsgi_wrapper [None req-90d8e3bc-f7f9-41d2-a120-3367ba3660d7 service placement] Placement API returning an error response: No resource provider with uuid d46cbc68-e25e-4705-b46b-9e22a97be70e found for delete {{(pid=89981) call_func /opt/stack/placement/placement/wsgi_wrapper.py:31}}
Jul 24 13:35:13.231471 np0000005831 devstack@placement-api.service[89981]: INFO placement.requestlog [None req-90d8e3bc-f7f9-41d2-a120-3367ba3660d7 service placement] 10.4.3.126 "DELETE /placement/resource_providers/d46cbc68-e25e-4705-b46b-9e22a97be70e" status: 404 len: 246 microversion: 1.1
Jul 24 13:35:13.231755 np0000005831 devstack@placement-api.service[89981]: [pid: 89981|app: 0|req: 196/588] 10.4.3.126 () {68 vars in 1463 bytes} [Fri Jul 24 13:35:13 2026] DELETE /placement/resource_providers/d46cbc68-e25e-4705-b46b-9e22a97be70e => generated 246 bytes in 17 msecs (HTTP/1.1 404) 6 headers in 231 bytes (1 switches on core 0)
Jul 24 13:35:13.256924 np0000005831 devstack@placement-api.service[89982]: DEBUG placement.requestlog [req-638a95e6-8c68-4386-9403-892243e7c568 req-a4676d54-5ccc-48a8-909b-50da60616053 None None] Starting request: 10.4.3.126 "POST /placement/allocations" {{(pid=89982) __call__ /opt/stack/placement/placement/requestlog.py:55}}
Jul 24 13:35:13.329117 np0000005831 devstack@placement-api.service[89982]: DEBUG placement.handlers.allocation [req-638a95e6-8c68-4386-9403-892243e7c568 req-a4676d54-5ccc-48a8-909b-50da60616053 service nova] Successfully wrote allocations [, , , ] {{(pid=89982) _update_consumers_and_create_allocations /opt/stack/placement/placement/handlers/allocation.py:572}}
Jul 24 13:35:13.334193 np0000005831 devstack@placement-api.service[89982]: INFO placement.requestlog [req-638a95e6-8c68-4386-9403-892243e7c568 req-a4676d54-5ccc-48a8-909b-50da60616053 service nova] 10.4.3.126 "POST /placement/allocations" status: 204 len: 0 microversion: 1.28
Jul 24 13:35:13.334381 np0000005831 devstack@placement-api.service[89982]: [pid: 89982|app: 0|req: 197/589] 10.4.3.126 () {72 vars in 1444 bytes} [Fri Jul 24 13:35:13 2026] POST /placement/allocations => generated 0 bytes in 78 msecs (HTTP/1.1 204) 5 headers in 199 bytes (1 switches on core 0)
Jul 24 13:35:13.565133 np0000005831 devstack@placement-api.service[89983]: DEBUG placement.requestlog [req-638a95e6-8c68-4386-9403-892243e7c568 req-3fc9b571-4248-4cb0-ac98-0f9757ba6f11 None None] Starting request: 10.4.3.126 "GET /placement/allocation_candidates?limit=1000&resources=MEMORY_MB%3A256%2CVCPU%3A1&root_required=%21COMPUTE_STATUS_DISABLED" {{(pid=89983) __call__ /opt/stack/placement/placement/requestlog.py:55}}
Jul 24 13:35:13.589539 np0000005831 devstack@placement-api.service[89983]: DEBUG placement.objects.research_context [req-638a95e6-8c68-4386-9403-892243e7c568 req-3fc9b571-4248-4cb0-ac98-0f9757ba6f11 service nova] getting providers with 256 MEMORY_MB {{(pid=89983) __init__ /opt/stack/placement/placement/objects/research_context.py:137}}
Jul 24 13:35:13.593579 np0000005831 devstack@placement-api.service[89983]: DEBUG placement.objects.research_context [req-638a95e6-8c68-4386-9403-892243e7c568 req-3fc9b571-4248-4cb0-ac98-0f9757ba6f11 service nova] getting providers with 1 VCPU {{(pid=89983) __init__ /opt/stack/placement/placement/objects/research_context.py:137}}
Jul 24 13:35:13.597780 np0000005831 devstack@placement-api.service[89983]: DEBUG placement.objects.research_context [req-638a95e6-8c68-4386-9403-892243e7c568 req-3fc9b571-4248-4cb0-ac98-0f9757ba6f11 service nova] found 1 providers with available 256 MEMORY_MB {{(pid=89983) get_provider_ids_matching /opt/stack/placement/placement/objects/research_context.py:563}}
Jul 24 13:35:13.597900 np0000005831 devstack@placement-api.service[89983]: DEBUG placement.objects.research_context [req-638a95e6-8c68-4386-9403-892243e7c568 req-3fc9b571-4248-4cb0-ac98-0f9757ba6f11 service nova] found 1 providers with available 1 VCPU {{(pid=89983) get_provider_ids_matching /opt/stack/placement/placement/objects/research_context.py:563}}
Jul 24 13:35:13.598005 np0000005831 devstack@placement-api.service[89983]: DEBUG placement.objects.research_context [req-638a95e6-8c68-4386-9403-892243e7c568 req-3fc9b571-4248-4cb0-ac98-0f9757ba6f11 service nova] found 1 providers after filtering by previous result {{(pid=89983) get_provider_ids_matching /opt/stack/placement/placement/objects/research_context.py:594}}
Jul 24 13:35:13.606662 np0000005831 devstack@placement-api.service[89983]: DEBUG placement.objects.allocation_candidate [req-638a95e6-8c68-4386-9403-892243e7c568 req-3fc9b571-4248-4cb0-ac98-0f9757ba6f11 service nova] RequestGroup(use_same_provider=False, resources={MEMORY_MB:256, VCPU:1}, traits=(), aggregates=[]) (suffix '') returned 1 matches {{(pid=89983) _get_by_requests /opt/stack/placement/placement/objects/allocation_candidate.py:158}}
Jul 24 13:35:13.607037 np0000005831 devstack@placement-api.service[89983]: DEBUG placement.objects.allocation_candidate [req-638a95e6-8c68-4386-9403-892243e7c568 req-3fc9b571-4248-4cb0-ac98-0f9757ba6f11 service nova] Merging candidates yields 1 allocation requests and 1 provider summaries {{(pid=89983) _merge_candidates /opt/stack/placement/placement/objects/allocation_candidate.py:908}}
Jul 24 13:35:13.609268 np0000005831 devstack@placement-api.service[89983]: INFO placement.requestlog [req-638a95e6-8c68-4386-9403-892243e7c568 req-3fc9b571-4248-4cb0-ac98-0f9757ba6f11 service nova] 10.4.3.126 "GET /placement/allocation_candidates?limit=1000&resources=MEMORY_MB%3A256%2CVCPU%3A1&root_required=%21COMPUTE_STATUS_DISABLED" status: 200 len: 2479 microversion: 1.36
Jul 24 13:35:13.609268 np0000005831 devstack@placement-api.service[89983]: [pid: 89983|app: 0|req: 197/590] 10.4.3.126 () {68 vars in 1597 bytes} [Fri Jul 24 13:35:13 2026] GET /placement/allocation_candidates?limit=1000&resources=MEMORY_MB%3A256%2CVCPU%3A1&root_required=%21COMPUTE_STATUS_DISABLED => generated 2479 bytes in 44 msecs (HTTP/1.1 200) 8 headers in 297 bytes (1 switches on core 0)
Jul 24 13:35:13.698437 np0000005831 devstack@placement-api.service[89981]: DEBUG placement.requestlog [req-638a95e6-8c68-4386-9403-892243e7c568 req-7aeab36d-f739-44f6-854d-871f8adbc64c None None] Starting request: 10.4.3.126 "GET /placement/allocations/5deb7837-45ff-4dca-a989-88b667ec9e88" {{(pid=89981) __call__ /opt/stack/placement/placement/requestlog.py:55}}
Jul 24 13:35:13.710213 np0000005831 devstack@placement-api.service[89981]: INFO placement.requestlog [req-638a95e6-8c68-4386-9403-892243e7c568 req-7aeab36d-f739-44f6-854d-871f8adbc64c service nova] 10.4.3.126 "GET /placement/allocations/5deb7837-45ff-4dca-a989-88b667ec9e88" status: 200 len: 19 microversion: 1.28
Jul 24 13:35:13.710868 np0000005831 devstack@placement-api.service[89981]: [pid: 89981|app: 0|req: 197/591] 10.4.3.126 () {68 vars in 1501 bytes} [Fri Jul 24 13:35:13 2026] GET /placement/allocations/5deb7837-45ff-4dca-a989-88b667ec9e88 => generated 19 bytes in 13 msecs (HTTP/1.1 200) 8 headers in 295 bytes (1 switches on core 0)
Jul 24 13:35:13.751074 np0000005831 devstack@placement-api.service[89982]: DEBUG placement.requestlog [req-638a95e6-8c68-4386-9403-892243e7c568 req-1d1c6bbb-c441-48c3-98fd-c0300df0d919 None None] Starting request: 10.4.3.126 "PUT /placement/allocations/5deb7837-45ff-4dca-a989-88b667ec9e88" {{(pid=89982) __call__ /opt/stack/placement/placement/requestlog.py:55}}
Jul 24 13:35:13.827874 np0000005831 devstack@placement-api.service[89982]: DEBUG placement.handlers.allocation [req-638a95e6-8c68-4386-9403-892243e7c568 req-1d1c6bbb-c441-48c3-98fd-c0300df0d919 service nova] Successfully wrote allocations [, ] {{(pid=89982) _update_consumers_and_create_allocations /opt/stack/placement/placement/handlers/allocation.py:462}}
Jul 24 13:35:13.832082 np0000005831 devstack@placement-api.service[89982]: INFO placement.requestlog [req-638a95e6-8c68-4386-9403-892243e7c568 req-1d1c6bbb-c441-48c3-98fd-c0300df0d919 service nova] 10.4.3.126 "PUT /placement/allocations/5deb7837-45ff-4dca-a989-88b667ec9e88" status: 204 len: 0 microversion: 1.36
Jul 24 13:35:13.832380 np0000005831 devstack@placement-api.service[89982]: [pid: 89982|app: 0|req: 198/592] 10.4.3.126 () {72 vars in 1554 bytes} [Fri Jul 24 13:35:13 2026] PUT /placement/allocations/5deb7837-45ff-4dca-a989-88b667ec9e88 => generated 0 bytes in 81 msecs (HTTP/1.1 204) 5 headers in 199 bytes (1 switches on core 0)
Jul 24 13:35:14.050375 np0000005831 devstack@placement-api.service[89983]: DEBUG placement.requestlog [req-638a95e6-8c68-4386-9403-892243e7c568 req-336d2d56-1731-4df7-90c4-24455b762462 None None] Starting request: 10.4.3.126 "GET /placement/allocations/5deb7837-45ff-4dca-a989-88b667ec9e88" {{(pid=89983) __call__ /opt/stack/placement/placement/requestlog.py:55}}
Jul 24 13:35:14.061072 np0000005831 devstack@placement-api.service[89983]: INFO placement.requestlog [req-638a95e6-8c68-4386-9403-892243e7c568 req-336d2d56-1731-4df7-90c4-24455b762462 service nova] 10.4.3.126 "GET /placement/allocations/5deb7837-45ff-4dca-a989-88b667ec9e88" status: 200 len: 244 microversion: 1.28
Jul 24 13:35:14.061368 np0000005831 devstack@placement-api.service[89983]: [pid: 89983|app: 0|req: 198/593] 10.4.3.126 () {68 vars in 1499 bytes} [Fri Jul 24 13:35:14 2026] GET /placement/allocations/5deb7837-45ff-4dca-a989-88b667ec9e88 => generated 244 bytes in 11 msecs (HTTP/1.1 200) 8 headers in 296 bytes (1 switches on core 0)
Jul 24 13:35:14.217136 np0000005831 devstack@placement-api.service[89981]: DEBUG placement.requestlog [req-638a95e6-8c68-4386-9403-892243e7c568 req-44778ffb-b885-47bc-a804-fef860009f51 None None] Starting request: 10.4.3.126 "GET /placement/resource_providers/d5e143a3-898c-49db-91e2-0fc0fefcceff/allocations" {{(pid=89981) __call__ /opt/stack/placement/placement/requestlog.py:55}}
Jul 24 13:35:14.236676 np0000005831 devstack@placement-api.service[89981]: INFO placement.requestlog [req-638a95e6-8c68-4386-9403-892243e7c568 req-44778ffb-b885-47bc-a804-fef860009f51 service nova] 10.4.3.126 "GET /placement/resource_providers/d5e143a3-898c-49db-91e2-0fc0fefcceff/allocations" status: 200 len: 783 microversion: 1.0
Jul 24 13:35:14.236937 np0000005831 devstack@placement-api.service[89981]: [pid: 89981|app: 0|req: 198/594] 10.4.3.126 () {66 vars in 1512 bytes} [Fri Jul 24 13:35:14 2026] GET /placement/resource_providers/d5e143a3-898c-49db-91e2-0fc0fefcceff/allocations => generated 783 bytes in 20 msecs (HTTP/1.1 200) 6 headers in 224 bytes (1 switches on core 0)
Jul 24 13:35:14.269552 np0000005831 devstack@placement-api.service[89982]: DEBUG placement.requestlog [req-638a95e6-8c68-4386-9403-892243e7c568 req-90b51cf1-7430-41a2-8211-9c8db07cb38f None None] Starting request: 10.4.3.126 "GET /placement/allocations/e047aefd-0f7f-4b4c-a543-9190bc8571c6" {{(pid=89982) __call__ /opt/stack/placement/placement/requestlog.py:55}}
Jul 24 13:35:14.283850 np0000005831 devstack@placement-api.service[89982]: INFO placement.requestlog [req-638a95e6-8c68-4386-9403-892243e7c568 req-90b51cf1-7430-41a2-8211-9c8db07cb38f service nova] 10.4.3.126 "GET /placement/allocations/e047aefd-0f7f-4b4c-a543-9190bc8571c6" status: 200 len: 244 microversion: 1.28
Jul 24 13:35:14.285134 np0000005831 devstack@placement-api.service[89982]: [pid: 89982|app: 0|req: 199/595] 10.4.3.126 () {68 vars in 1499 bytes} [Fri Jul 24 13:35:14 2026] GET /placement/allocations/e047aefd-0f7f-4b4c-a543-9190bc8571c6 => generated 244 bytes in 16 msecs (HTTP/1.1 200) 8 headers in 296 bytes (1 switches on core 0)
Jul 24 13:35:14.331606 np0000005831 devstack@placement-api.service[89983]: DEBUG placement.requestlog [req-638a95e6-8c68-4386-9403-892243e7c568 req-1235b390-5f64-46c9-9450-4055e6f3ecbc None None] Starting request: 10.4.3.126 "GET /placement/allocations/e950fbe9-8e73-4b44-ae5b-1a417fa70bce" {{(pid=89983) __call__ /opt/stack/placement/placement/requestlog.py:55}}
Jul 24 13:35:14.345933 np0000005831 devstack@placement-api.service[89983]: INFO placement.requestlog [req-638a95e6-8c68-4386-9403-892243e7c568 req-1235b390-5f64-46c9-9450-4055e6f3ecbc service nova] 10.4.3.126 "GET /placement/allocations/e950fbe9-8e73-4b44-ae5b-1a417fa70bce" status: 200 len: 258 microversion: 1.28
Jul 24 13:35:14.346274 np0000005831 devstack@placement-api.service[89983]: [pid: 89983|app: 0|req: 199/596] 10.4.3.126 () {68 vars in 1499 bytes} [Fri Jul 24 13:35:14 2026] GET /placement/allocations/e950fbe9-8e73-4b44-ae5b-1a417fa70bce => generated 258 bytes in 17 msecs (HTTP/1.1 200) 8 headers in 296 bytes (1 switches on core 0)
Jul 24 13:35:14.414261 np0000005831 devstack@placement-api.service[89981]: DEBUG placement.requestlog [req-638a95e6-8c68-4386-9403-892243e7c568 req-7873fded-d379-43d0-ad0c-dad6d7f5ae5f None None] Starting request: 10.4.3.126 "GET /placement/allocations/684ddda6-77fd-4f92-ada3-f6f13af77f16" {{(pid=89981) __call__ /opt/stack/placement/placement/requestlog.py:55}}
Jul 24 13:35:14.426459 np0000005831 devstack@placement-api.service[89981]: INFO placement.requestlog [req-638a95e6-8c68-4386-9403-892243e7c568 req-7873fded-d379-43d0-ad0c-dad6d7f5ae5f service nova] 10.4.3.126 "GET /placement/allocations/684ddda6-77fd-4f92-ada3-f6f13af77f16" status: 200 len: 244 microversion: 1.28
Jul 24 13:35:14.427629 np0000005831 devstack@placement-api.service[89981]: [pid: 89981|app: 0|req: 199/597] 10.4.3.126 () {68 vars in 1499 bytes} [Fri Jul 24 13:35:14 2026] GET /placement/allocations/684ddda6-77fd-4f92-ada3-f6f13af77f16 => generated 244 bytes in 13 msecs (HTTP/1.1 200) 8 headers in 296 bytes (1 switches on core 0)
Jul 24 13:35:14.494705 np0000005831 devstack@placement-api.service[89982]: DEBUG placement.requestlog [req-638a95e6-8c68-4386-9403-892243e7c568 req-7222b14a-d234-4ede-8360-6afbb78108e0 None None] Starting request: 10.4.3.126 "GET /placement/allocations/159fd87d-05e1-4dfc-bf55-b5fbec17b142" {{(pid=89982) __call__ /opt/stack/placement/placement/requestlog.py:55}}
Jul 24 13:35:14.521374 np0000005831 devstack@placement-api.service[89982]: INFO placement.requestlog [req-638a95e6-8c68-4386-9403-892243e7c568 req-7222b14a-d234-4ede-8360-6afbb78108e0 service nova] 10.4.3.126 "GET /placement/allocations/159fd87d-05e1-4dfc-bf55-b5fbec17b142" status: 200 len: 244 microversion: 1.28
