Aug 14 22:19:00.985209 np0000007340 nova-scheduler[93476]: DEBUG cotyledon.oslo_config_glue [-] oslo_messaging_rabbit.rabbit_quorum_max_memory_bytes = 0 {{(pid=93476) log_opt_values /opt/stack/data/venv/lib/python3.12/site-packages/oslo_config/cfg.py:3560}}
Aug 14 22:19:00.985209 np0000007340 nova-scheduler[93476]: DEBUG cotyledon.oslo_config_glue [-] oslo_messaging_rabbit.rabbit_quorum_max_memory_length = 0 {{(pid=93476) log_opt_values /opt/stack/data/venv/lib/python3.12/site-packages/oslo_config/cfg.py:3560}}
Aug 14 22:19:00.985264 np0000007340 nova-scheduler[93476]: DEBUG cotyledon.oslo_config_glue [-] oslo_messaging_rabbit.rabbit_quorum_queue = False {{(pid=93476) log_opt_values /opt/stack/data/venv/lib/python3.12/site-packages/oslo_config/cfg.py:3560}}
Aug 14 22:19:00.985264 np0000007340 nova-scheduler[93476]: DEBUG cotyledon.oslo_config_glue [-] oslo_messaging_rabbit.rabbit_retry_backoff = 2 {{(pid=93476) log_opt_values /opt/stack/data/venv/lib/python3.12/site-packages/oslo_config/cfg.py:3560}}
Aug 14 22:19:00.985309 np0000007340 nova-scheduler[93476]: DEBUG cotyledon.oslo_config_glue [-] oslo_messaging_rabbit.rabbit_retry_interval = 1 {{(pid=93476) log_opt_values /opt/stack/data/venv/lib/python3.12/site-packages/oslo_config/cfg.py:3560}}
Aug 14 22:19:00.985335 np0000007340 nova-scheduler[93476]: DEBUG cotyledon.oslo_config_glue [-] oslo_messaging_rabbit.rabbit_stream_fanout = False {{(pid=93476) log_opt_values /opt/stack/data/venv/lib/python3.12/site-packages/oslo_config/cfg.py:3560}}
Aug 14 22:19:00.985399 np0000007340 nova-scheduler[93476]: DEBUG cotyledon.oslo_config_glue [-] oslo_messaging_rabbit.rabbit_transient_queues_ttl = 1800 {{(pid=93476) log_opt_values /opt/stack/data/venv/lib/python3.12/site-packages/oslo_config/cfg.py:3560}}
Aug 14 22:19:00.985452 np0000007340 nova-scheduler[93476]: DEBUG cotyledon.oslo_config_glue [-] oslo_messaging_rabbit.rabbit_transient_quorum_queue = False {{(pid=93476) log_opt_values /opt/stack/data/venv/lib/python3.12/site-packages/oslo_config/cfg.py:3560}}
Aug 14 22:19:00.985495 np0000007340 nova-scheduler[93476]: DEBUG cotyledon.oslo_config_glue [-] oslo_messaging_rabbit.rpc_conn_pool_size = 30 {{(pid=93476) log_opt_values /opt/stack/data/venv/lib/python3.12/site-packages/oslo_config/cfg.py:3560}}
Aug 14 22:19:00.985535 np0000007340 nova-scheduler[93476]: DEBUG cotyledon.oslo_config_glue [-] oslo_messaging_rabbit.ssl = False {{(pid=93476) log_opt_values /opt/stack/data/venv/lib/python3.12/site-packages/oslo_config/cfg.py:3560}}
Aug 14 22:19:00.985569 np0000007340 nova-scheduler[93476]: DEBUG cotyledon.oslo_config_glue [-] oslo_messaging_rabbit.ssl_ca_file = {{(pid=93476) log_opt_values /opt/stack/data/venv/lib/python3.12/site-packages/oslo_config/cfg.py:3560}}
Aug 14 22:19:00.985603 np0000007340 nova-scheduler[93476]: DEBUG cotyledon.oslo_config_glue [-] oslo_messaging_rabbit.ssl_cert_file = {{(pid=93476) log_opt_values /opt/stack/data/venv/lib/python3.12/site-packages/oslo_config/cfg.py:3560}}
Aug 14 22:19:00.985658 np0000007340 nova-scheduler[93476]: DEBUG cotyledon.oslo_config_glue [-] oslo_messaging_rabbit.ssl_enforce_fips_mode = False {{(pid=93476) log_opt_values /opt/stack/data/venv/lib/python3.12/site-packages/oslo_config/cfg.py:3560}}
Aug 14 22:19:00.985709 np0000007340 nova-scheduler[93476]: DEBUG cotyledon.oslo_config_glue [-] oslo_messaging_rabbit.ssl_enforce_hostname_verification = True {{(pid=93476) log_opt_values /opt/stack/data/venv/lib/python3.12/site-packages/oslo_config/cfg.py:3560}}
Aug 14 22:19:00.985765 np0000007340 nova-scheduler[93476]: DEBUG cotyledon.oslo_config_glue [-] oslo_messaging_rabbit.ssl_key_file = {{(pid=93476) log_opt_values /opt/stack/data/venv/lib/python3.12/site-packages/oslo_config/cfg.py:3560}}
Aug 14 22:19:00.985804 np0000007340 nova-scheduler[93476]: DEBUG cotyledon.oslo_config_glue [-] oslo_messaging_rabbit.ssl_version = {{(pid=93476) log_opt_values /opt/stack/data/venv/lib/python3.12/site-packages/oslo_config/cfg.py:3560}}
Aug 14 22:19:00.985831 np0000007340 nova-scheduler[93476]: DEBUG cotyledon.oslo_config_glue [-] oslo_messaging_rabbit.use_queue_manager = False {{(pid=93476) log_opt_values /opt/stack/data/venv/lib/python3.12/site-packages/oslo_config/cfg.py:3560}}
Aug 14 22:19:00.985896 np0000007340 nova-scheduler[93476]: DEBUG cotyledon.oslo_config_glue [-] oslo_messaging_notifications.driver = ['messagingv2'] {{(pid=93476) log_opt_values /opt/stack/data/venv/lib/python3.12/site-packages/oslo_config/cfg.py:3560}}
Aug 14 22:19:00.985940 np0000007340 nova-scheduler[93476]: DEBUG cotyledon.oslo_config_glue [-] oslo_messaging_notifications.retry = -1 {{(pid=93476) log_opt_values /opt/stack/data/venv/lib/python3.12/site-packages/oslo_config/cfg.py:3560}}
Aug 14 22:19:00.985975 np0000007340 nova-scheduler[93476]: DEBUG cotyledon.oslo_config_glue [-] oslo_messaging_notifications.topics = ['notifications'] {{(pid=93476) log_opt_values /opt/stack/data/venv/lib/python3.12/site-packages/oslo_config/cfg.py:3560}}
Aug 14 22:19:00.986021 np0000007340 nova-scheduler[93476]: DEBUG cotyledon.oslo_config_glue [-] oslo_messaging_notifications.transport_url = **** {{(pid=93476) log_opt_values /opt/stack/data/venv/lib/python3.12/site-packages/oslo_config/cfg.py:3560}}
Aug 14 22:19:00.986064 np0000007340 nova-scheduler[93476]: DEBUG cotyledon.oslo_config_glue [-] oslo_limit.auth_section = None {{(pid=93476) log_opt_values /opt/stack/data/venv/lib/python3.12/site-packages/oslo_config/cfg.py:3560}}
Aug 14 22:19:00.986097 np0000007340 nova-scheduler[93476]: DEBUG cotyledon.oslo_config_glue [-] oslo_limit.auth_type = None {{(pid=93476) log_opt_values /opt/stack/data/venv/lib/python3.12/site-packages/oslo_config/cfg.py:3560}}
Aug 14 22:19:00.986143 np0000007340 nova-scheduler[93476]: DEBUG cotyledon.oslo_config_glue [-] oslo_limit.cafile = None {{(pid=93476) log_opt_values /opt/stack/data/venv/lib/python3.12/site-packages/oslo_config/cfg.py:3560}}
Aug 14 22:19:00.986178 np0000007340 nova-scheduler[93476]: DEBUG cotyledon.oslo_config_glue [-] oslo_limit.certfile = None {{(pid=93476) log_opt_values /opt/stack/data/venv/lib/python3.12/site-packages/oslo_config/cfg.py:3560}}
Aug 14 22:19:00.986204 np0000007340 nova-scheduler[93476]: DEBUG cotyledon.oslo_config_glue [-] oslo_limit.collect_timing = False {{(pid=93476) log_opt_values /opt/stack/data/venv/lib/python3.12/site-packages/oslo_config/cfg.py:3560}}
Aug 14 22:19:00.986242 np0000007340 nova-scheduler[93476]: DEBUG cotyledon.oslo_config_glue [-] oslo_limit.connect_retries = None {{(pid=93476) log_opt_values /opt/stack/data/venv/lib/python3.12/site-packages/oslo_config/cfg.py:3560}}
Aug 14 22:19:00.986270 np0000007340 nova-scheduler[93476]: DEBUG cotyledon.oslo_config_glue [-] oslo_limit.connect_retry_delay = None {{(pid=93476) log_opt_values /opt/stack/data/venv/lib/python3.12/site-packages/oslo_config/cfg.py:3560}}
Aug 14 22:19:00.986309 np0000007340 nova-scheduler[93476]: DEBUG cotyledon.oslo_config_glue [-] oslo_limit.endpoint_id = None {{(pid=93476) log_opt_values /opt/stack/data/venv/lib/python3.12/site-packages/oslo_config/cfg.py:3560}}
Aug 14 22:19:00.986364 np0000007340 nova-scheduler[93476]: DEBUG cotyledon.oslo_config_glue [-] oslo_limit.endpoint_interface = public {{(pid=93476) log_opt_values /opt/stack/data/venv/lib/python3.12/site-packages/oslo_config/cfg.py:3560}}
Aug 14 22:19:00.986412 np0000007340 nova-scheduler[93476]: DEBUG cotyledon.oslo_config_glue [-] oslo_limit.endpoint_override = None {{(pid=93476) log_opt_values /opt/stack/data/venv/lib/python3.12/site-packages/oslo_config/cfg.py:3560}}
Aug 14 22:19:00.986452 np0000007340 nova-scheduler[93476]: DEBUG cotyledon.oslo_config_glue [-] oslo_limit.endpoint_region_name = None {{(pid=93476) log_opt_values /opt/stack/data/venv/lib/python3.12/site-packages/oslo_config/cfg.py:3560}}
Aug 14 22:19:00.986493 np0000007340 nova-scheduler[93476]: DEBUG cotyledon.oslo_config_glue [-] oslo_limit.endpoint_service_name = None {{(pid=93476) log_opt_values /opt/stack/data/venv/lib/python3.12/site-packages/oslo_config/cfg.py:3560}}
Aug 14 22:19:00.986533 np0000007340 nova-scheduler[93476]: DEBUG cotyledon.oslo_config_glue [-] oslo_limit.endpoint_service_type = None {{(pid=93476) log_opt_values /opt/stack/data/venv/lib/python3.12/site-packages/oslo_config/cfg.py:3560}}
Aug 14 22:19:00.986564 np0000007340 nova-scheduler[93476]: DEBUG cotyledon.oslo_config_glue [-] oslo_limit.insecure = False {{(pid=93476) log_opt_values /opt/stack/data/venv/lib/python3.12/site-packages/oslo_config/cfg.py:3560}}
Aug 14 22:19:00.986613 np0000007340 nova-scheduler[93476]: DEBUG cotyledon.oslo_config_glue [-] oslo_limit.keyfile = None {{(pid=93476) log_opt_values /opt/stack/data/venv/lib/python3.12/site-packages/oslo_config/cfg.py:3560}}
Aug 14 22:19:00.986684 np0000007340 nova-scheduler[93476]: DEBUG cotyledon.oslo_config_glue [-] oslo_limit.max_version = None {{(pid=93476) log_opt_values /opt/stack/data/venv/lib/python3.12/site-packages/oslo_config/cfg.py:3560}}
Aug 14 22:19:00.986717 np0000007340 nova-scheduler[93476]: DEBUG cotyledon.oslo_config_glue [-] oslo_limit.min_version = None {{(pid=93476) log_opt_values /opt/stack/data/venv/lib/python3.12/site-packages/oslo_config/cfg.py:3560}}
Aug 14 22:19:00.986742 np0000007340 nova-scheduler[93476]: DEBUG cotyledon.oslo_config_glue [-] oslo_limit.region_name = None {{(pid=93476) log_opt_values /opt/stack/data/venv/lib/python3.12/site-packages/oslo_config/cfg.py:3560}}
Aug 14 22:19:00.986768 np0000007340 nova-scheduler[93476]: DEBUG cotyledon.oslo_config_glue [-] oslo_limit.retriable_status_codes = None {{(pid=93476) log_opt_values /opt/stack/data/venv/lib/python3.12/site-packages/oslo_config/cfg.py:3560}}
Aug 14 22:19:00.986814 np0000007340 nova-scheduler[93476]: DEBUG cotyledon.oslo_config_glue [-] oslo_limit.service_name = None {{(pid=93476) log_opt_values /opt/stack/data/venv/lib/python3.12/site-packages/oslo_config/cfg.py:3560}}
Aug 14 22:19:00.986877 np0000007340 nova-scheduler[93476]: DEBUG cotyledon.oslo_config_glue [-] oslo_limit.service_type = None {{(pid=93476) log_opt_values /opt/stack/data/venv/lib/python3.12/site-packages/oslo_config/cfg.py:3560}}
Aug 14 22:19:00.986935 np0000007340 nova-scheduler[93476]: DEBUG cotyledon.oslo_config_glue [-] oslo_limit.split_loggers = False {{(pid=93476) log_opt_values /opt/stack/data/venv/lib/python3.12/site-packages/oslo_config/cfg.py:3560}}
Aug 14 22:19:00.986972 np0000007340 nova-scheduler[93476]: DEBUG cotyledon.oslo_config_glue [-] oslo_limit.status_code_retries = None {{(pid=93476) log_opt_values /opt/stack/data/venv/lib/python3.12/site-packages/oslo_config/cfg.py:3560}}
Aug 14 22:19:00.986998 np0000007340 nova-scheduler[93476]: DEBUG cotyledon.oslo_config_glue [-] oslo_limit.status_code_retry_delay = None {{(pid=93476) log_opt_values /opt/stack/data/venv/lib/python3.12/site-packages/oslo_config/cfg.py:3560}}
Aug 14 22:19:00.987037 np0000007340 nova-scheduler[93476]: DEBUG cotyledon.oslo_config_glue [-] oslo_limit.timeout = None {{(pid=93476) log_opt_values /opt/stack/data/venv/lib/python3.12/site-packages/oslo_config/cfg.py:3560}}
Aug 14 22:19:00.987066 np0000007340 nova-scheduler[93476]: DEBUG cotyledon.oslo_config_glue [-] oslo_limit.valid_interfaces = None {{(pid=93476) log_opt_values /opt/stack/data/venv/lib/python3.12/site-packages/oslo_config/cfg.py:3560}}
Aug 14 22:19:00.987115 np0000007340 nova-scheduler[93476]: DEBUG cotyledon.oslo_config_glue [-] oslo_limit.version = None {{(pid=93476) log_opt_values /opt/stack/data/venv/lib/python3.12/site-packages/oslo_config/cfg.py:3560}}
Aug 14 22:19:00.987183 np0000007340 nova-scheduler[93476]: DEBUG cotyledon.oslo_config_glue [-] oslo_reports.file_event_handler = None {{(pid=93476) log_opt_values /opt/stack/data/venv/lib/python3.12/site-packages/oslo_config/cfg.py:3560}}
Aug 14 22:19:00.987229 np0000007340 nova-scheduler[93476]: DEBUG cotyledon.oslo_config_glue [-] oslo_reports.file_event_handler_interval = 1 {{(pid=93476) log_opt_values /opt/stack/data/venv/lib/python3.12/site-packages/oslo_config/cfg.py:3560}}
Aug 14 22:19:00.987274 np0000007340 nova-scheduler[93476]: DEBUG cotyledon.oslo_config_glue [-] oslo_reports.log_dir = None {{(pid=93476) log_opt_values /opt/stack/data/venv/lib/python3.12/site-packages/oslo_config/cfg.py:3560}}
Aug 14 22:19:00.987311 np0000007340 nova-scheduler[93476]: DEBUG cotyledon.oslo_config_glue [-] ******************************************************************************** {{(pid=93476) log_opt_values /opt/stack/data/venv/lib/python3.12/site-packages/oslo_config/cfg.py:3567}}
Aug 14 22:19:00.987706 np0000007340 nova-scheduler[93471]: INFO dbcounter [None req-c2c46e7c-c521-441a-a0af-0c123ede5610 None None] Registered counter for database nova_cell0
Aug 14 22:19:00.987751 np0000007340 nova-scheduler[93476]: DEBUG cotyledon._service_worker [-] Run service ServiceWrapper(2) [93476] {{(pid=93476) wait_forever /opt/stack/data/venv/lib/python3.12/site-packages/cotyledon/_service_worker.py:218}}
Aug 14 22:19:00.989143 np0000007340 nova-scheduler[93476]: INFO nova.service [-] Starting scheduler node (version 33.1.0)
Aug 14 22:19:00.994992 np0000007340 nova-scheduler[93469]: DEBUG dbcounter [-] [93469] Writer thread running {{(pid=93469) stat_writer /opt/stack/data/venv/lib/python3.12/site-packages/dbcounter.py:102}}
Aug 14 22:19:00.995058 np0000007340 nova-scheduler[93476]: INFO dbcounter [None req-bde9dce2-d9e0-457e-bcd3-f7f87a677afc None None] Registered counter for database nova_cell0
Aug 14 22:19:01.020149 np0000007340 nova-scheduler[93471]: DEBUG oslo_db.sqlalchemy.engines [None req-c2c46e7c-c521-441a-a0af-0c123ede5610 None None] MySQL server mode set to STRICT_TRANS_TABLES,STRICT_ALL_TABLES,NO_ZERO_IN_DATE,NO_ZERO_DATE,ERROR_FOR_DIVISION_BY_ZERO,TRADITIONAL,NO_ENGINE_SUBSTITUTION {{(pid=93471) _check_effective_sql_mode /opt/stack/data/venv/lib/python3.12/site-packages/oslo_db/sqlalchemy/engines.py:325}}
Aug 14 22:19:01.022420 np0000007340 nova-scheduler[93469]: DEBUG nova.service [None req-81cf9068-6359-4af6-ad90-f885736cca59 None None] Creating RPC server for service: nova-scheduler on topic: scheduler {{(pid=93469) start /opt/stack/nova/nova/service.py:262}}
Aug 14 22:19:01.028707 np0000007340 nova-scheduler[93471]: DEBUG dbcounter [-] [93471] Writer thread running {{(pid=93471) stat_writer /opt/stack/data/venv/lib/python3.12/site-packages/dbcounter.py:102}}
Aug 14 22:19:01.031206 np0000007340 nova-scheduler[93471]: DEBUG nova.service [None req-c2c46e7c-c521-441a-a0af-0c123ede5610 None None] Creating RPC server for service: nova-scheduler on topic: scheduler {{(pid=93471) start /opt/stack/nova/nova/service.py:262}}
Aug 14 22:19:01.046812 np0000007340 nova-scheduler[93469]: DEBUG nova.service [None req-81cf9068-6359-4af6-ad90-f885736cca59 None None] Join ServiceGroup membership for this service scheduler {{(pid=93469) start /opt/stack/nova/nova/service.py:288}}
Aug 14 22:19:01.047046 np0000007340 nova-scheduler[93469]: DEBUG nova.servicegroup.drivers.db [None req-81cf9068-6359-4af6-ad90-f885736cca59 None None] DB_Driver: join new ServiceGroup member np0000007340 to the scheduler group, service = {{(pid=93469) join /opt/stack/nova/nova/servicegroup/drivers/db.py:44}}
Aug 14 22:19:01.048686 np0000007340 nova-scheduler[93471]: DEBUG nova.service [None req-c2c46e7c-c521-441a-a0af-0c123ede5610 None None] Join ServiceGroup membership for this service scheduler {{(pid=93471) start /opt/stack/nova/nova/service.py:288}}
Aug 14 22:19:01.049188 np0000007340 nova-scheduler[93471]: DEBUG nova.servicegroup.drivers.db [None req-c2c46e7c-c521-441a-a0af-0c123ede5610 None None] DB_Driver: join new ServiceGroup member np0000007340 to the scheduler group, service = {{(pid=93471) join /opt/stack/nova/nova/servicegroup/drivers/db.py:44}}
Aug 14 22:19:01.053656 np0000007340 nova-scheduler[93476]: DEBUG oslo_db.sqlalchemy.engines [None req-bde9dce2-d9e0-457e-bcd3-f7f87a677afc None None] MySQL server mode set to STRICT_TRANS_TABLES,STRICT_ALL_TABLES,NO_ZERO_IN_DATE,NO_ZERO_DATE,ERROR_FOR_DIVISION_BY_ZERO,TRADITIONAL,NO_ENGINE_SUBSTITUTION {{(pid=93476) _check_effective_sql_mode /opt/stack/data/venv/lib/python3.12/site-packages/oslo_db/sqlalchemy/engines.py:325}}
Aug 14 22:19:01.062688 np0000007340 nova-scheduler[93476]: DEBUG dbcounter [-] [93476] Writer thread running {{(pid=93476) stat_writer /opt/stack/data/venv/lib/python3.12/site-packages/dbcounter.py:102}}
Aug 14 22:19:01.065402 np0000007340 nova-scheduler[93476]: DEBUG nova.service [None req-bde9dce2-d9e0-457e-bcd3-f7f87a677afc None None] Creating RPC server for service: nova-scheduler on topic: scheduler {{(pid=93476) start /opt/stack/nova/nova/service.py:262}}
Aug 14 22:19:01.080755 np0000007340 nova-scheduler[93476]: DEBUG nova.service [None req-bde9dce2-d9e0-457e-bcd3-f7f87a677afc None None] Join ServiceGroup membership for this service scheduler {{(pid=93476) start /opt/stack/nova/nova/service.py:288}}
Aug 14 22:19:01.081220 np0000007340 nova-scheduler[93476]: DEBUG nova.servicegroup.drivers.db [None req-bde9dce2-d9e0-457e-bcd3-f7f87a677afc None None] DB_Driver: join new ServiceGroup member np0000007340 to the scheduler group, service = {{(pid=93476) join /opt/stack/nova/nova/servicegroup/drivers/db.py:44}}
Aug 14 22:19:05.051696 np0000007340 nova-scheduler[93471]: DEBUG oslo.service.backend._threading.loopingcall [None req-d7f47a9e-030d-4361-a9f9-e8be4c0c9b6e None None] Dynamic interval looping call 'nova.service.Service.periodic_tasks' sleeping for 60.00 seconds {{(pid=93471) _run_loop /opt/stack/data/venv/lib/python3.12/site-packages/oslo_service/backend/_threading/loopingcall.py:125}}
Aug 14 22:19:06.062122 np0000007340 nova-scheduler[93469]: DEBUG oslo.service.backend._threading.loopingcall [-] Fixed interval looping call 'nova.servicegroup.drivers.db.DbDriver._report_state' sleeping for 119.99 seconds {{(pid=93469) _run_loop /opt/stack/data/venv/lib/python3.12/site-packages/oslo_service/backend/_threading/loopingcall.py:125}}
Aug 14 22:19:06.073024 np0000007340 nova-scheduler[93471]: DEBUG oslo.service.backend._threading.loopingcall [-] Fixed interval looping call 'nova.servicegroup.drivers.db.DbDriver._report_state' sleeping for 119.98 seconds {{(pid=93471) _run_loop /opt/stack/data/venv/lib/python3.12/site-packages/oslo_service/backend/_threading/loopingcall.py:125}}
Aug 14 22:19:06.095755 np0000007340 nova-scheduler[93476]: DEBUG oslo.service.backend._threading.loopingcall [-] Fixed interval looping call 'nova.servicegroup.drivers.db.DbDriver._report_state' sleeping for 119.99 seconds {{(pid=93476) _run_loop /opt/stack/data/venv/lib/python3.12/site-packages/oslo_service/backend/_threading/loopingcall.py:125}}
Aug 14 22:19:09.636462 np0000007340 nova-scheduler[92264]: DEBUG dbcounter [-] [92264] Writing DB stats nova_api:SELECT=3 {{(pid=92264) stat_writer /opt/stack/data/venv/lib/python3.12/site-packages/dbcounter.py:115}}
Aug 14 22:19:09.761855 np0000007340 nova-scheduler[92264]: DEBUG dbcounter [-] [92264] Writing DB stats nova_cell0:SELECT=1 {{(pid=92264) stat_writer /opt/stack/data/venv/lib/python3.12/site-packages/dbcounter.py:115}}
Aug 14 22:19:09.766377 np0000007340 nova-scheduler[92264]: DEBUG dbcounter [-] [92264] Writing DB stats nova_cell1:SELECT=1 {{(pid=92264) stat_writer /opt/stack/data/venv/lib/python3.12/site-packages/dbcounter.py:115}}
Aug 14 22:19:11.083031 np0000007340 nova-scheduler[93476]: DEBUG oslo.service.backend._threading.loopingcall [None req-06e867d3-a901-4a25-b186-4274edf852c2 None None] Dynamic interval looping call 'nova.service.Service.periodic_tasks' sleeping for 60.00 seconds {{(pid=93476) _run_loop /opt/stack/data/venv/lib/python3.12/site-packages/oslo_service/backend/_threading/loopingcall.py:125}}
Aug 14 22:19:16.058966 np0000007340 nova-scheduler[93469]: DEBUG dbcounter [-] [93469] Writing DB stats nova_cell0:SELECT=4,nova_cell0:INSERT=1,nova_cell0:UPDATE=1 {{(pid=93469) stat_writer /opt/stack/data/venv/lib/python3.12/site-packages/dbcounter.py:115}}
Aug 14 22:19:16.070196 np0000007340 nova-scheduler[93471]: DEBUG dbcounter [-] [93471] Writing DB stats nova_cell0:SELECT=3 {{(pid=93471) stat_writer /opt/stack/data/venv/lib/python3.12/site-packages/dbcounter.py:115}}
Aug 14 22:19:16.092661 np0000007340 nova-scheduler[93476]: DEBUG dbcounter [-] [93476] Writing DB stats nova_cell0:SELECT=3 {{(pid=93476) stat_writer /opt/stack/data/venv/lib/python3.12/site-packages/dbcounter.py:115}}
Aug 14 22:19:45.049206 np0000007340 nova-scheduler[93469]: DEBUG oslo.service.backend._threading.loopingcall [None req-b53e2899-cb2a-4942-89b2-da6997c1dbf9 None None] Dynamic interval looping call 'nova.service.Service.periodic_tasks' sleeping for 60.00 seconds {{(pid=93469) _run_loop /opt/stack/data/venv/lib/python3.12/site-packages/oslo_service/backend/_threading/loopingcall.py:125}}
Aug 14 22:20:05.052196 np0000007340 nova-scheduler[93471]: DEBUG oslo.service.backend._threading.loopingcall [None req-d7f47a9e-030d-4361-a9f9-e8be4c0c9b6e None None] Dynamic interval looping call 'nova.service.Service.periodic_tasks' sleeping for 60.00 seconds {{(pid=93471) _run_loop /opt/stack/data/venv/lib/python3.12/site-packages/oslo_service/backend/_threading/loopingcall.py:125}}
Aug 14 22:20:11.084048 np0000007340 nova-scheduler[93476]: DEBUG oslo.service.backend._threading.loopingcall [None req-06e867d3-a901-4a25-b186-4274edf852c2 None None] Dynamic interval looping call 'nova.service.Service.periodic_tasks' sleeping for 60.00 seconds {{(pid=93476) _run_loop /opt/stack/data/venv/lib/python3.12/site-packages/oslo_service/backend/_threading/loopingcall.py:125}}
Aug 14 22:20:45.049694 np0000007340 nova-scheduler[93469]: DEBUG oslo.service.backend._threading.loopingcall [None req-b53e2899-cb2a-4942-89b2-da6997c1dbf9 None None] Dynamic interval looping call 'nova.service.Service.periodic_tasks' sleeping for 60.00 seconds {{(pid=93469) _run_loop /opt/stack/data/venv/lib/python3.12/site-packages/oslo_service/backend/_threading/loopingcall.py:125}}
Aug 14 22:21:05.052691 np0000007340 nova-scheduler[93471]: DEBUG oslo.service.backend._threading.loopingcall [None req-d7f47a9e-030d-4361-a9f9-e8be4c0c9b6e None None] Dynamic interval looping call 'nova.service.Service.periodic_tasks' sleeping for 60.00 seconds {{(pid=93471) _run_loop /opt/stack/data/venv/lib/python3.12/site-packages/oslo_service/backend/_threading/loopingcall.py:125}}
Aug 14 22:21:06.060003 np0000007340 nova-scheduler[93469]: DEBUG oslo.service.backend._threading.loopingcall [-] Fixed interval looping call 'nova.servicegroup.drivers.db.DbDriver._report_state' sleeping for 119.99 seconds {{(pid=93469) _run_loop /opt/stack/data/venv/lib/python3.12/site-packages/oslo_service/backend/_threading/loopingcall.py:125}}
Aug 14 22:21:06.060542 np0000007340 nova-scheduler[93471]: DEBUG oslo.service.backend._threading.loopingcall [-] Fixed interval looping call 'nova.servicegroup.drivers.db.DbDriver._report_state' sleeping for 119.99 seconds {{(pid=93471) _run_loop /opt/stack/data/venv/lib/python3.12/site-packages/oslo_service/backend/_threading/loopingcall.py:125}}
Aug 14 22:21:06.089727 np0000007340 nova-scheduler[93476]: DEBUG oslo.service.backend._threading.loopingcall [-] Fixed interval looping call 'nova.servicegroup.drivers.db.DbDriver._report_state' sleeping for 120.00 seconds {{(pid=93476) _run_loop /opt/stack/data/venv/lib/python3.12/site-packages/oslo_service/backend/_threading/loopingcall.py:125}}
Aug 14 22:21:11.084538 np0000007340 nova-scheduler[93476]: DEBUG oslo.service.backend._threading.loopingcall [None req-06e867d3-a901-4a25-b186-4274edf852c2 None None] Dynamic interval looping call 'nova.service.Service.periodic_tasks' sleeping for 60.00 seconds {{(pid=93476) _run_loop /opt/stack/data/venv/lib/python3.12/site-packages/oslo_service/backend/_threading/loopingcall.py:125}}
Aug 14 22:21:16.055399 np0000007340 nova-scheduler[93469]: DEBUG dbcounter [-] [93469] Writing DB stats nova_cell0:SELECT=1,nova_cell0:UPDATE=1 {{(pid=93469) stat_writer /opt/stack/data/venv/lib/python3.12/site-packages/dbcounter.py:115}}
Aug 14 22:21:16.059560 np0000007340 nova-scheduler[93471]: DEBUG dbcounter [-] [93471] Writing DB stats nova_cell0:SELECT=1,nova_cell0:UPDATE=1 {{(pid=93471) stat_writer /opt/stack/data/venv/lib/python3.12/site-packages/dbcounter.py:115}}
Aug 14 22:21:16.087947 np0000007340 nova-scheduler[93476]: DEBUG dbcounter [-] [93476] Writing DB stats nova_cell0:SELECT=1 {{(pid=93476) stat_writer /opt/stack/data/venv/lib/python3.12/site-packages/dbcounter.py:115}}
Aug 14 22:21:35.317104 np0000007340 nova-scheduler[93469]: DEBUG nova.scheduler.manager [None req-d9db5bf8-c276-4ba7-afac-8269e1538263 tempest-AttachVolumeNegativeTest-2035869693 tempest-AttachVolumeNegativeTest-2035869693-project-member] Starting to schedule for instances: ['b7a0332c-1ad0-45d9-8c11-c359fbb87e80'] {{(pid=93469) select_destinations /opt/stack/nova/nova/scheduler/manager.py:197}}
Aug 14 22:21:35.317643 np0000007340 nova-scheduler[93469]: DEBUG nova.scheduler.request_filter [None req-d9db5bf8-c276-4ba7-afac-8269e1538263 tempest-AttachVolumeNegativeTest-2035869693 tempest-AttachVolumeNegativeTest-2035869693-project-member] compute_status_filter request filter added forbidden trait COMPUTE_STATUS_DISABLED {{(pid=93469) compute_status_filter /opt/stack/nova/nova/scheduler/request_filter.py:253}}
Aug 14 22:21:35.317782 np0000007340 nova-scheduler[93469]: DEBUG nova.scheduler.request_filter [None req-d9db5bf8-c276-4ba7-afac-8269e1538263 tempest-AttachVolumeNegativeTest-2035869693 tempest-AttachVolumeNegativeTest-2035869693-project-member] Request filter 'compute_status_filter' took 0.0 seconds {{(pid=93469) wrapper /opt/stack/nova/nova/scheduler/request_filter.py:46}}
Aug 14 22:21:35.318021 np0000007340 nova-scheduler[93469]: DEBUG nova.scheduler.request_filter [None req-d9db5bf8-c276-4ba7-afac-8269e1538263 tempest-AttachVolumeNegativeTest-2035869693 tempest-AttachVolumeNegativeTest-2035869693-project-member] Request filter 'accelerators_filter' took 0.0 seconds {{(pid=93469) wrapper /opt/stack/nova/nova/scheduler/request_filter.py:46}}
Aug 14 22:21:35.318233 np0000007340 nova-scheduler[93469]: DEBUG nova.scheduler.request_filter [None req-d9db5bf8-c276-4ba7-afac-8269e1538263 tempest-AttachVolumeNegativeTest-2035869693 tempest-AttachVolumeNegativeTest-2035869693-project-member] Request filter 'packed_virtqueue_filter' took 0.0 seconds {{(pid=93469) wrapper /opt/stack/nova/nova/scheduler/request_filter.py:46}}
Aug 14 22:21:35.319152 np0000007340 nova-scheduler[93469]: DEBUG nova.scheduler.request_filter [None req-d9db5bf8-c276-4ba7-afac-8269e1538263 tempest-AttachVolumeNegativeTest-2035869693 tempest-AttachVolumeNegativeTest-2035869693-project-member] Request filter 'remote_managed_ports_filter' took 0.0 seconds {{(pid=93469) wrapper /opt/stack/nova/nova/scheduler/request_filter.py:46}}
Aug 14 22:21:35.319152 np0000007340 nova-scheduler[93469]: DEBUG nova.scheduler.request_filter [None req-d9db5bf8-c276-4ba7-afac-8269e1538263 tempest-AttachVolumeNegativeTest-2035869693 tempest-AttachVolumeNegativeTest-2035869693-project-member] ephemeral_encryption_filter skipped {{(pid=93469) ephemeral_encryption_filter /opt/stack/nova/nova/scheduler/request_filter.py:426}}
Aug 14 22:21:35.319152 np0000007340 nova-scheduler[93469]: DEBUG nova.scheduler.request_filter [None req-d9db5bf8-c276-4ba7-afac-8269e1538263 tempest-AttachVolumeNegativeTest-2035869693 tempest-AttachVolumeNegativeTest-2035869693-project-member] virtio_sound_filter skipped {{(pid=93469) virtio_sound_filter /opt/stack/nova/nova/scheduler/request_filter.py:460}}
Aug 14 22:21:35.319152 np0000007340 nova-scheduler[93469]: DEBUG nova.scheduler.request_filter [None req-d9db5bf8-c276-4ba7-afac-8269e1538263 tempest-AttachVolumeNegativeTest-2035869693 tempest-AttachVolumeNegativeTest-2035869693-project-member] tpm_secret_security_filter skipped {{(pid=93469) tpm_secret_security_filter /opt/stack/nova/nova/scheduler/request_filter.py:477}}
Aug 14 22:21:35.526705 np0000007340 nova-scheduler[93471]: DEBUG nova.scheduler.manager [None req-e6911a43-09d1-4f75-ab21-d22a82d1d5c6 tempest-ServerActionsTestOtherB-2116857120 tempest-ServerActionsTestOtherB-2116857120-project-member] Starting to schedule for instances: ['80d331a1-f324-4ff7-9fc4-68136b0b12ac'] {{(pid=93471) select_destinations /opt/stack/nova/nova/scheduler/manager.py:197}}
Aug 14 22:21:35.527253 np0000007340 nova-scheduler[93471]: DEBUG nova.scheduler.request_filter [None req-e6911a43-09d1-4f75-ab21-d22a82d1d5c6 tempest-ServerActionsTestOtherB-2116857120 tempest-ServerActionsTestOtherB-2116857120-project-member] compute_status_filter request filter added forbidden trait COMPUTE_STATUS_DISABLED {{(pid=93471) compute_status_filter /opt/stack/nova/nova/scheduler/request_filter.py:253}}
Aug 14 22:21:35.527423 np0000007340 nova-scheduler[93471]: DEBUG nova.scheduler.request_filter [None req-e6911a43-09d1-4f75-ab21-d22a82d1d5c6 tempest-ServerActionsTestOtherB-2116857120 tempest-ServerActionsTestOtherB-2116857120-project-member] Request filter 'compute_status_filter' took 0.0 seconds {{(pid=93471) wrapper /opt/stack/nova/nova/scheduler/request_filter.py:46}}
Aug 14 22:21:35.527975 np0000007340 nova-scheduler[93471]: DEBUG nova.scheduler.request_filter [None req-e6911a43-09d1-4f75-ab21-d22a82d1d5c6 tempest-ServerActionsTestOtherB-2116857120 tempest-ServerActionsTestOtherB-2116857120-project-member] Request filter 'accelerators_filter' took 0.0 seconds {{(pid=93471) wrapper /opt/stack/nova/nova/scheduler/request_filter.py:46}}
Aug 14 22:21:35.528493 np0000007340 nova-scheduler[93471]: DEBUG nova.scheduler.request_filter [None req-e6911a43-09d1-4f75-ab21-d22a82d1d5c6 tempest-ServerActionsTestOtherB-2116857120 tempest-ServerActionsTestOtherB-2116857120-project-member] Request filter 'packed_virtqueue_filter' took 0.0 seconds {{(pid=93471) wrapper /opt/stack/nova/nova/scheduler/request_filter.py:46}}
Aug 14 22:21:35.528700 np0000007340 nova-scheduler[93471]: DEBUG nova.scheduler.request_filter [None req-e6911a43-09d1-4f75-ab21-d22a82d1d5c6 tempest-ServerActionsTestOtherB-2116857120 tempest-ServerActionsTestOtherB-2116857120-project-member] Request filter 'remote_managed_ports_filter' took 0.0 seconds {{(pid=93471) wrapper /opt/stack/nova/nova/scheduler/request_filter.py:46}}
Aug 14 22:21:35.528879 np0000007340 nova-scheduler[93471]: DEBUG nova.scheduler.request_filter [None req-e6911a43-09d1-4f75-ab21-d22a82d1d5c6 tempest-ServerActionsTestOtherB-2116857120 tempest-ServerActionsTestOtherB-2116857120-project-member] ephemeral_encryption_filter skipped {{(pid=93471) ephemeral_encryption_filter /opt/stack/nova/nova/scheduler/request_filter.py:426}}
Aug 14 22:21:35.529046 np0000007340 nova-scheduler[93471]: DEBUG nova.scheduler.request_filter [None req-e6911a43-09d1-4f75-ab21-d22a82d1d5c6 tempest-ServerActionsTestOtherB-2116857120 tempest-ServerActionsTestOtherB-2116857120-project-member] virtio_sound_filter skipped {{(pid=93471) virtio_sound_filter /opt/stack/nova/nova/scheduler/request_filter.py:460}}
Aug 14 22:21:35.529204 np0000007340 nova-scheduler[93471]: DEBUG nova.scheduler.request_filter [None req-e6911a43-09d1-4f75-ab21-d22a82d1d5c6 tempest-ServerActionsTestOtherB-2116857120 tempest-ServerActionsTestOtherB-2116857120-project-member] tpm_secret_security_filter skipped {{(pid=93471) tpm_secret_security_filter /opt/stack/nova/nova/scheduler/request_filter.py:477}}
Aug 14 22:21:36.086682 np0000007340 nova-scheduler[93471]: INFO nova.utils [None req-e6911a43-09d1-4f75-ab21-d22a82d1d5c6 tempest-ServerActionsTestOtherB-2116857120 tempest-ServerActionsTestOtherB-2116857120-project-member] The cell worker thread pool ForkProcess-2.cell_worker is initialized
Aug 14 22:21:36.086910 np0000007340 nova-scheduler[93471]: DEBUG oslo_concurrency.lockutils [None req-e6911a43-09d1-4f75-ab21-d22a82d1d5c6 tempest-ServerActionsTestOtherB-2116857120 tempest-ServerActionsTestOtherB-2116857120-project-member] Acquiring lock "d6c222c5-0aec-4f49-8487-6a5cffc3b3e8" by "nova.context.set_target_cell..get_or_set_cached_cell_and_set_connections" {{(pid=93471) inner /opt/stack/data/venv/lib/python3.12/site-packages/oslo_concurrency/lockutils.py:512}}
Aug 14 22:21:36.087214 np0000007340 nova-scheduler[93471]: DEBUG oslo_concurrency.lockutils [None req-e6911a43-09d1-4f75-ab21-d22a82d1d5c6 tempest-ServerActionsTestOtherB-2116857120 tempest-ServerActionsTestOtherB-2116857120-project-member] Lock "d6c222c5-0aec-4f49-8487-6a5cffc3b3e8" acquired by "nova.context.set_target_cell..get_or_set_cached_cell_and_set_connections" :: waited 0.000s {{(pid=93471) inner /opt/stack/data/venv/lib/python3.12/site-packages/oslo_concurrency/lockutils.py:525}}
Aug 14 22:21:36.088482 np0000007340 nova-scheduler[93471]: DEBUG oslo_concurrency.lockutils [None req-e6911a43-09d1-4f75-ab21-d22a82d1d5c6 tempest-ServerActionsTestOtherB-2116857120 tempest-ServerActionsTestOtherB-2116857120-project-member] Lock "d6c222c5-0aec-4f49-8487-6a5cffc3b3e8" "released" by "nova.context.set_target_cell..get_or_set_cached_cell_and_set_connections" :: held 0.001s {{(pid=93471) inner /opt/stack/data/venv/lib/python3.12/site-packages/oslo_concurrency/lockutils.py:544}}
Aug 14 22:21:36.090453 np0000007340 nova-scheduler[93471]: INFO dbcounter [None req-e6911a43-09d1-4f75-ab21-d22a82d1d5c6 tempest-ServerActionsTestOtherB-2116857120 tempest-ServerActionsTestOtherB-2116857120-project-member] Registered counter for database nova_cell1
Aug 14 22:21:36.128040 np0000007340 nova-scheduler[93471]: DEBUG oslo_db.sqlalchemy.engines [None req-e6911a43-09d1-4f75-ab21-d22a82d1d5c6 tempest-ServerActionsTestOtherB-2116857120 tempest-ServerActionsTestOtherB-2116857120-project-member] MySQL server mode set to STRICT_TRANS_TABLES,STRICT_ALL_TABLES,NO_ZERO_IN_DATE,NO_ZERO_DATE,ERROR_FOR_DIVISION_BY_ZERO,TRADITIONAL,NO_ENGINE_SUBSTITUTION {{(pid=93471) _check_effective_sql_mode /opt/stack/data/venv/lib/python3.12/site-packages/oslo_db/sqlalchemy/engines.py:325}}
Aug 14 22:21:36.135195 np0000007340 nova-scheduler[93471]: DEBUG dbcounter [-] [93471] Writer thread running {{(pid=93471) stat_writer /opt/stack/data/venv/lib/python3.12/site-packages/dbcounter.py:102}}
Aug 14 22:21:36.147395 np0000007340 nova-scheduler[93471]: DEBUG oslo_db.sqlalchemy.engines [None req-e6911a43-09d1-4f75-ab21-d22a82d1d5c6 tempest-ServerActionsTestOtherB-2116857120 tempest-ServerActionsTestOtherB-2116857120-project-member] Parent process 92264 forked (93471) with an open database connection, which is being discarded and recreated. {{(pid=93471) checkout /opt/stack/data/venv/lib/python3.12/site-packages/oslo_db/sqlalchemy/engines.py:402}}
Aug 14 22:21:36.177490 np0000007340 nova-scheduler[93469]: INFO nova.utils [None req-d9db5bf8-c276-4ba7-afac-8269e1538263 tempest-AttachVolumeNegativeTest-2035869693 tempest-AttachVolumeNegativeTest-2035869693-project-member] The cell worker thread pool ForkProcess-1.cell_worker is initialized
Aug 14 22:21:36.178030 np0000007340 nova-scheduler[93469]: DEBUG oslo_concurrency.lockutils [None req-d9db5bf8-c276-4ba7-afac-8269e1538263 tempest-AttachVolumeNegativeTest-2035869693 tempest-AttachVolumeNegativeTest-2035869693-project-member] Acquiring lock "d6c222c5-0aec-4f49-8487-6a5cffc3b3e8" by "nova.context.set_target_cell..get_or_set_cached_cell_and_set_connections" {{(pid=93469) inner /opt/stack/data/venv/lib/python3.12/site-packages/oslo_concurrency/lockutils.py:512}}
Aug 14 22:21:36.178305 np0000007340 nova-scheduler[93469]: DEBUG oslo_concurrency.lockutils [None req-d9db5bf8-c276-4ba7-afac-8269e1538263 tempest-AttachVolumeNegativeTest-2035869693 tempest-AttachVolumeNegativeTest-2035869693-project-member] Lock "d6c222c5-0aec-4f49-8487-6a5cffc3b3e8" acquired by "nova.context.set_target_cell..get_or_set_cached_cell_and_set_connections" :: waited 0.000s {{(pid=93469) inner /opt/stack/data/venv/lib/python3.12/site-packages/oslo_concurrency/lockutils.py:525}}
Aug 14 22:21:36.180683 np0000007340 nova-scheduler[93469]: DEBUG oslo_concurrency.lockutils [None req-d9db5bf8-c276-4ba7-afac-8269e1538263 tempest-AttachVolumeNegativeTest-2035869693 tempest-AttachVolumeNegativeTest-2035869693-project-member] Lock "d6c222c5-0aec-4f49-8487-6a5cffc3b3e8" "released" by "nova.context.set_target_cell..get_or_set_cached_cell_and_set_connections" :: held 0.002s {{(pid=93469) inner /opt/stack/data/venv/lib/python3.12/site-packages/oslo_concurrency/lockutils.py:544}}
Aug 14 22:21:36.182884 np0000007340 nova-scheduler[93469]: INFO dbcounter [None req-d9db5bf8-c276-4ba7-afac-8269e1538263 tempest-AttachVolumeNegativeTest-2035869693 tempest-AttachVolumeNegativeTest-2035869693-project-member] Registered counter for database nova_cell1
Aug 14 22:21:36.189472 np0000007340 nova-scheduler[93471]: DEBUG dbcounter [-] [93471] Writer thread running {{(pid=93471) stat_writer /opt/stack/data/venv/lib/python3.12/site-packages/dbcounter.py:102}}
Aug 14 22:21:36.192473 np0000007340 nova-scheduler[93471]: DEBUG oslo_concurrency.lockutils [None req-e6911a43-09d1-4f75-ab21-d22a82d1d5c6 tempest-ServerActionsTestOtherB-2116857120 tempest-ServerActionsTestOtherB-2116857120-project-member] Acquiring lock "d6c222c5-0aec-4f49-8487-6a5cffc3b3e8" by "nova.context.set_target_cell..get_or_set_cached_cell_and_set_connections" {{(pid=93471) inner /opt/stack/data/venv/lib/python3.12/site-packages/oslo_concurrency/lockutils.py:512}}
Aug 14 22:21:36.192573 np0000007340 nova-scheduler[93471]: DEBUG oslo_concurrency.lockutils [None req-e6911a43-09d1-4f75-ab21-d22a82d1d5c6 tempest-ServerActionsTestOtherB-2116857120 tempest-ServerActionsTestOtherB-2116857120-project-member] Lock "d6c222c5-0aec-4f49-8487-6a5cffc3b3e8" acquired by "nova.context.set_target_cell..get_or_set_cached_cell_and_set_connections" :: waited 0.000s {{(pid=93471) inner /opt/stack/data/venv/lib/python3.12/site-packages/oslo_concurrency/lockutils.py:525}}
Aug 14 22:21:36.192727 np0000007340 nova-scheduler[93471]: DEBUG oslo_concurrency.lockutils [None req-e6911a43-09d1-4f75-ab21-d22a82d1d5c6 tempest-ServerActionsTestOtherB-2116857120 tempest-ServerActionsTestOtherB-2116857120-project-member] Lock "d6c222c5-0aec-4f49-8487-6a5cffc3b3e8" "released" by "nova.context.set_target_cell..get_or_set_cached_cell_and_set_connections" :: held 0.000s {{(pid=93471) inner /opt/stack/data/venv/lib/python3.12/site-packages/oslo_concurrency/lockutils.py:544}}
Aug 14 22:21:36.199056 np0000007340 nova-scheduler[93471]: DEBUG oslo_concurrency.lockutils [None req-e6911a43-09d1-4f75-ab21-d22a82d1d5c6 tempest-ServerActionsTestOtherB-2116857120 tempest-ServerActionsTestOtherB-2116857120-project-member] Acquiring lock "np0000007340-np0000007340" by "nova.scheduler.host_manager.HostState.update.._locked_update" {{(pid=93471) inner /opt/stack/data/venv/lib/python3.12/site-packages/oslo_concurrency/lockutils.py:512}}
Aug 14 22:21:36.199268 np0000007340 nova-scheduler[93471]: DEBUG oslo_concurrency.lockutils [None req-e6911a43-09d1-4f75-ab21-d22a82d1d5c6 tempest-ServerActionsTestOtherB-2116857120 tempest-ServerActionsTestOtherB-2116857120-project-member] Lock "np0000007340-np0000007340" acquired by "nova.scheduler.host_manager.HostState.update.._locked_update" :: waited 0.001s {{(pid=93471) inner /opt/stack/data/venv/lib/python3.12/site-packages/oslo_concurrency/lockutils.py:525}}
Aug 14 22:21:36.201672 np0000007340 nova-scheduler[93471]: DEBUG nova.scheduler.host_manager [None req-e6911a43-09d1-4f75-ab21-d22a82d1d5c6 tempest-ServerActionsTestOtherB-2116857120 tempest-ServerActionsTestOtherB-2116857120-project-member] Update host state from compute node: ComputeNode(cpu_allocation_ratio=4.0,cpu_info='{"arch": "x86_64", "model": "EPYC-Milan", "vendor": "AMD", "topology": {"cells": 1, "sockets": 16, "cores": 1, "threads": 1}, "maxphysaddr": {"mode": "emulate", "bits": 40}, "features": ["flushbyasid", "arch-capabilities", "cx8", "vpclmulqdq", "osvw", "pse36", "xsaveerptr", "sse4.2", "pdpe1gb", "pae", "tsc-deadline", "abm", "3dnowprefetch", "pku", "topoext", "x2apic", "sse", "sse2", "fpu", "umip", "v-vmsave-vmload", "rdctl-no", "movbe", "sse4a", "tsc", "svm", "fsrm", "gds-no", "xsave", "pge", "pat", "cmp_legacy", "ibrs", "vmcb-clean", "fxsr_opt", "xsaves", "nrip-save", "adx", "rdseed", "nx", "syscall", "amd-psfd", "perfctr_core", "smep", "vaes", "lahf_lm", "lm", "mca", "sha-ni", "fma", "erms", "ibpb", "mds-no", "mmxext", "xgetbv1", "clflush", "tsc_adjust", "clzero", "sep", "cmov", "tsc-scale", "ssse3", "sse4.1", "pcid", "hypervisor", "pni", "no-nested-data-bp", "cr8legacy", "pschange-mc-no", "mce", "xsavec", "mmx", "amd-ssbd", "misalignsse", "wbnoinvd", "clflushopt", "vgif", "pclmuldq", "arat", "fsgsbase", "avx2", "stibp-always-on", "avx", "invpcid", "pause-filter", "f16c", "mtrr", "lbrv", "virt-ssbd", "skip-l1dfl-vmentry", "pse", "rdtscp", "npt", "bmi2", "xsaveopt", "fxsr", "stibp", "null-sel-clr-base", "rdpid", "cx16", "de", "smap", "vme", "clwb", "pfthreshold", "amd-stibp", "apic", "bmi1", "msr", "spec-ctrl", "ssbd", "svme-addr-chk", "popcnt", "lfence-always-serializing", "aes", "rdrand"]}',created_at=2026-08-14T22:19:22Z,current_workload=0,deleted=False,deleted_at=None,disk_allocation_ratio=1.0,disk_available_least=73,free_disk_gb=95,free_ram_mb=62765,host='np0000007340',host_ip=10.4.3.208,hypervisor_hostname='np0000007340',hypervisor_type='QEMU',hypervisor_version=8002002,id=1,local_gb=95,local_gb_used=0,mapped=1,memory_mb=63277,memory_mb_used=512,metrics='[]',numa_topology='{"nova_object.name": "NUMATopology", "nova_object.namespace": "nova", "nova_object.version": "1.2", "nova_object.data": {"cells": [{"nova_object.name": "NUMACell", "nova_object.namespace": "nova", "nova_object.version": "1.5", "nova_object.data": {"id": 0, "cpuset": [0, 1, 2, 3, 4, 5, 6, 7, 8, 9, 10, 11, 12, 13, 14, 15], "pcpuset": [0, 1, 2, 3, 4, 5, 6, 7, 8, 9, 10, 11, 12, 13, 14, 15], "memory": 63277, "cpu_usage": 0, "memory_usage": 0, "pinned_cpus": [], "siblings": [[6], [12], [2], [15], [5], [11], [8], [14], [4], [1], [7], [10], [0], [13], [3], [9]], "mempages": [{"nova_object.name": "NUMAPagesTopology", "nova_object.namespace": "nova", "nova_object.version": "1.1", "nova_object.data": {"size_kb": 4, "total": 16177929, "used": 0, "reserved": 0}, "nova_object.changes": ["used", "size_kb", "total", "reserved"]}, {"nova_object.name": "NUMAPagesTopology", "nova_object.namespace": "nova", "nova_object.version": "1.1", "nova_object.data": {"size_kb": 2048, "total": 41, "used": 0, "reserved": 0}, "nova_object.changes": ["used", "size_kb", "total", "reserved"]}, {"nova_object.name": "NUMAPagesTopology", "nova_object.namespace": "nova", "nova_object.version": "1.1", "nova_object.data": {"size_kb": 1048576, "total": 0, "used": 0, "reserved": 0}, "nova_object.changes": ["used", "size_kb", "total", "reserved"]}], "network_metadata": {"nova_object.name": "NetworkMetadata", "nova_object.namespace": "nova", "nova_object.version": "1.0", "nova_object.data": {"physnets": [], "tunneled": false}, "nova_object.changes": ["tunneled", "physnets"]}, "socket": null}, "nova_object.changes": ["cpuset", "siblings", "socket", "pinned_cpus", "cpu_usage", "memory_usage", "pcpuset", "network_metadata", "memory", "mempages", "id"]}]}, "nova_object.changes": ["cells"]}',pci_device_pools=PciDevicePoolList,ram_allocation_ratio=1.0,running_vms=0,service_id=3,stats={failed_builds='0',uptime=' 22:21:09 up 13 min, 2 users, load average: 1.21, 1.33, 0.76
Aug 14 22:21:36.201672 np0000007340 nova-scheduler[93471]: '},supported_hv_specs=[HVSpec,HVSpec,HVSpec,HVSpec,HVSpec,HVSpec,HVSpec,HVSpec,HVSpec,HVSpec,HVSpec,HVSpec,HVSpec,HVSpec,HVSpec,HVSpec,HVSpec,HVSpec,HVSpec,HVSpec,HVSpec,HVSpec,HVSpec,HVSpec,HVSpec],updated_at=2026-08-14T22:21:10Z,uuid=a19566f1-0c46-48e2-97a3-e1f6dbab3d13,vcpus=16,vcpus_used=0) {{(pid=93471) _locked_update /opt/stack/nova/nova/scheduler/host_manager.py:168}}
Aug 14 22:21:36.204317 np0000007340 nova-scheduler[93471]: DEBUG nova.scheduler.host_manager [None req-e6911a43-09d1-4f75-ab21-d22a82d1d5c6 tempest-ServerActionsTestOtherB-2116857120 tempest-ServerActionsTestOtherB-2116857120-project-member] Update host state with aggregates: [] {{(pid=93471) _locked_update /opt/stack/nova/nova/scheduler/host_manager.py:171}}
Aug 14 22:21:36.204580 np0000007340 nova-scheduler[93471]: DEBUG nova.scheduler.host_manager [None req-e6911a43-09d1-4f75-ab21-d22a82d1d5c6 tempest-ServerActionsTestOtherB-2116857120 tempest-ServerActionsTestOtherB-2116857120-project-member] Update host state with service dict: {'id': 3, 'uuid': '638909f5-e847-4b54-9688-545f1db1259d', 'host': 'np0000007340', 'binary': 'nova-compute', 'topic': 'compute', 'report_count': 2, 'disabled': False, 'disabled_reason': None, 'last_seen_up': datetime.datetime(2026, 8, 14, 22, 21, 28, tzinfo=datetime.timezone.utc), 'forced_down': False, 'version': 72, 'created_at': datetime.datetime(2026, 8, 14, 22, 19, 22, tzinfo=datetime.timezone.utc), 'updated_at': datetime.datetime(2026, 8, 14, 22, 21, 28, tzinfo=datetime.timezone.utc), 'deleted_at': None, 'deleted': False} {{(pid=93471) _locked_update /opt/stack/nova/nova/scheduler/host_manager.py:174}}
Aug 14 22:21:36.204784 np0000007340 nova-scheduler[93471]: DEBUG nova.scheduler.host_manager [None req-e6911a43-09d1-4f75-ab21-d22a82d1d5c6 tempest-ServerActionsTestOtherB-2116857120 tempest-ServerActionsTestOtherB-2116857120-project-member] Update host state with instances: [] {{(pid=93471) _locked_update /opt/stack/nova/nova/scheduler/host_manager.py:177}}
Aug 14 22:21:36.204956 np0000007340 nova-scheduler[93471]: DEBUG oslo_concurrency.lockutils [None req-e6911a43-09d1-4f75-ab21-d22a82d1d5c6 tempest-ServerActionsTestOtherB-2116857120 tempest-ServerActionsTestOtherB-2116857120-project-member] Lock "np0000007340-np0000007340" "released" by "nova.scheduler.host_manager.HostState.update.._locked_update" :: held 0.006s {{(pid=93471) inner /opt/stack/data/venv/lib/python3.12/site-packages/oslo_concurrency/lockutils.py:544}}
Aug 14 22:21:36.205521 np0000007340 nova-scheduler[93471]: DEBUG nova.filters [None req-e6911a43-09d1-4f75-ab21-d22a82d1d5c6 tempest-ServerActionsTestOtherB-2116857120 tempest-ServerActionsTestOtherB-2116857120-project-member] Starting with 1 host(s) {{(pid=93471) get_filtered_objects /opt/stack/nova/nova/filters.py:70}}
Aug 14 22:21:36.205871 np0000007340 nova-scheduler[93471]: DEBUG nova.filters [None req-e6911a43-09d1-4f75-ab21-d22a82d1d5c6 tempest-ServerActionsTestOtherB-2116857120 tempest-ServerActionsTestOtherB-2116857120-project-member] Filter ComputeFilter returned 1 host(s) {{(pid=93471) get_filtered_objects /opt/stack/nova/nova/filters.py:102}}
Aug 14 22:21:36.206093 np0000007340 nova-scheduler[93471]: DEBUG nova.filters [None req-e6911a43-09d1-4f75-ab21-d22a82d1d5c6 tempest-ServerActionsTestOtherB-2116857120 tempest-ServerActionsTestOtherB-2116857120-project-member] Filter ComputeCapabilitiesFilter returned 1 host(s) {{(pid=93471) get_filtered_objects /opt/stack/nova/nova/filters.py:102}}
Aug 14 22:21:36.206361 np0000007340 nova-scheduler[93471]: DEBUG nova.filters [None req-e6911a43-09d1-4f75-ab21-d22a82d1d5c6 tempest-ServerActionsTestOtherB-2116857120 tempest-ServerActionsTestOtherB-2116857120-project-member] Filter ImagePropertiesFilter returned 1 host(s) {{(pid=93471) get_filtered_objects /opt/stack/nova/nova/filters.py:102}}
Aug 14 22:21:36.206562 np0000007340 nova-scheduler[93471]: DEBUG nova.filters [None req-e6911a43-09d1-4f75-ab21-d22a82d1d5c6 tempest-ServerActionsTestOtherB-2116857120 tempest-ServerActionsTestOtherB-2116857120-project-member] Filter ServerGroupAntiAffinityFilter returned 1 host(s) {{(pid=93471) get_filtered_objects /opt/stack/nova/nova/filters.py:102}}
Aug 14 22:21:36.206766 np0000007340 nova-scheduler[93471]: DEBUG nova.filters [None req-e6911a43-09d1-4f75-ab21-d22a82d1d5c6 tempest-ServerActionsTestOtherB-2116857120 tempest-ServerActionsTestOtherB-2116857120-project-member] Filter ServerGroupAffinityFilter returned 1 host(s) {{(pid=93471) get_filtered_objects /opt/stack/nova/nova/filters.py:102}}
Aug 14 22:21:36.206950 np0000007340 nova-scheduler[93471]: DEBUG nova.filters [None req-e6911a43-09d1-4f75-ab21-d22a82d1d5c6 tempest-ServerActionsTestOtherB-2116857120 tempest-ServerActionsTestOtherB-2116857120-project-member] Filter SameHostFilter returned 1 host(s) {{(pid=93471) get_filtered_objects /opt/stack/nova/nova/filters.py:102}}
Aug 14 22:21:36.207111 np0000007340 nova-scheduler[93471]: DEBUG nova.filters [None req-e6911a43-09d1-4f75-ab21-d22a82d1d5c6 tempest-ServerActionsTestOtherB-2116857120 tempest-ServerActionsTestOtherB-2116857120-project-member] Filter DifferentHostFilter returned 1 host(s) {{(pid=93471) get_filtered_objects /opt/stack/nova/nova/filters.py:102}}
Aug 14 22:21:36.207236 np0000007340 nova-scheduler[93471]: DEBUG nova.scheduler.manager [None req-e6911a43-09d1-4f75-ab21-d22a82d1d5c6 tempest-ServerActionsTestOtherB-2116857120 tempest-ServerActionsTestOtherB-2116857120-project-member] Filtered [(np0000007340, np0000007340) ram: 62765MB disk: 74752MB io_ops: 0 instances: 0, allocation_candidates: 1] {{(pid=93471) _get_sorted_hosts /opt/stack/nova/nova/scheduler/manager.py:730}}
Aug 14 22:21:36.207400 np0000007340 nova-scheduler[93471]: DEBUG nova.scheduler.manager [None req-e6911a43-09d1-4f75-ab21-d22a82d1d5c6 tempest-ServerActionsTestOtherB-2116857120 tempest-ServerActionsTestOtherB-2116857120-project-member] Weighed [WeighedHost [host: (np0000007340, np0000007340) ram: 62765MB disk: 74752MB io_ops: 0 instances: 0, allocation_candidates: 1, weight: 0.0]] {{(pid=93471) _get_sorted_hosts /opt/stack/nova/nova/scheduler/manager.py:752}}
Aug 14 22:21:36.207596 np0000007340 nova-scheduler[93471]: DEBUG nova.scheduler.utils [None req-e6911a43-09d1-4f75-ab21-d22a82d1d5c6 tempest-ServerActionsTestOtherB-2116857120 tempest-ServerActionsTestOtherB-2116857120-project-member] Attempting to claim resources in the placement API for instance 80d331a1-f324-4ff7-9fc4-68136b0b12ac {{(pid=93471) claim_resources /opt/stack/nova/nova/scheduler/utils.py:1345}}
