Aug 14 22:19:06.227578 np0000007340 nova-conductor[95872]: DEBUG cotyledon.oslo_config_glue [-] oslo_messaging_rabbit.rabbit_qos_prefetch_count = 0 {{(pid=95872) log_opt_values /opt/stack/data/venv/lib/python3.12/site-packages/oslo_config/cfg.py:3560}}
Aug 14 22:19:06.227578 np0000007340 nova-conductor[95872]: DEBUG cotyledon.oslo_config_glue [-] oslo_messaging_rabbit.rabbit_quorum_delivery_limit = 0 {{(pid=95872) log_opt_values /opt/stack/data/venv/lib/python3.12/site-packages/oslo_config/cfg.py:3560}}
Aug 14 22:19:06.227578 np0000007340 nova-conductor[95872]: DEBUG cotyledon.oslo_config_glue [-] oslo_messaging_rabbit.rabbit_quorum_max_memory_bytes = 0 {{(pid=95872) log_opt_values /opt/stack/data/venv/lib/python3.12/site-packages/oslo_config/cfg.py:3560}}
Aug 14 22:19:06.227578 np0000007340 nova-conductor[95872]: DEBUG cotyledon.oslo_config_glue [-] oslo_messaging_rabbit.rabbit_quorum_max_memory_length = 0 {{(pid=95872) log_opt_values /opt/stack/data/venv/lib/python3.12/site-packages/oslo_config/cfg.py:3560}}
Aug 14 22:19:06.227578 np0000007340 nova-conductor[95872]: DEBUG cotyledon.oslo_config_glue [-] oslo_messaging_rabbit.rabbit_quorum_queue = False {{(pid=95872) log_opt_values /opt/stack/data/venv/lib/python3.12/site-packages/oslo_config/cfg.py:3560}}
Aug 14 22:19:06.227578 np0000007340 nova-conductor[95872]: DEBUG cotyledon.oslo_config_glue [-] oslo_messaging_rabbit.rabbit_retry_backoff = 2 {{(pid=95872) log_opt_values /opt/stack/data/venv/lib/python3.12/site-packages/oslo_config/cfg.py:3560}}
Aug 14 22:19:06.227578 np0000007340 nova-conductor[95872]: DEBUG cotyledon.oslo_config_glue [-] oslo_messaging_rabbit.rabbit_retry_interval = 1 {{(pid=95872) log_opt_values /opt/stack/data/venv/lib/python3.12/site-packages/oslo_config/cfg.py:3560}}
Aug 14 22:19:06.227578 np0000007340 nova-conductor[95872]: DEBUG cotyledon.oslo_config_glue [-] oslo_messaging_rabbit.rabbit_stream_fanout = False {{(pid=95872) log_opt_values /opt/stack/data/venv/lib/python3.12/site-packages/oslo_config/cfg.py:3560}}
Aug 14 22:19:06.227799 np0000007340 nova-conductor[95872]: DEBUG cotyledon.oslo_config_glue [-] oslo_messaging_rabbit.rabbit_transient_queues_ttl = 1800 {{(pid=95872) log_opt_values /opt/stack/data/venv/lib/python3.12/site-packages/oslo_config/cfg.py:3560}}
Aug 14 22:19:06.227799 np0000007340 nova-conductor[95872]: DEBUG cotyledon.oslo_config_glue [-] oslo_messaging_rabbit.rabbit_transient_quorum_queue = False {{(pid=95872) log_opt_values /opt/stack/data/venv/lib/python3.12/site-packages/oslo_config/cfg.py:3560}}
Aug 14 22:19:06.227799 np0000007340 nova-conductor[95872]: DEBUG cotyledon.oslo_config_glue [-] oslo_messaging_rabbit.rpc_conn_pool_size = 30 {{(pid=95872) log_opt_values /opt/stack/data/venv/lib/python3.12/site-packages/oslo_config/cfg.py:3560}}
Aug 14 22:19:06.227799 np0000007340 nova-conductor[95872]: DEBUG cotyledon.oslo_config_glue [-] oslo_messaging_rabbit.ssl = False {{(pid=95872) log_opt_values /opt/stack/data/venv/lib/python3.12/site-packages/oslo_config/cfg.py:3560}}
Aug 14 22:19:06.227799 np0000007340 nova-conductor[95872]: DEBUG cotyledon.oslo_config_glue [-] oslo_messaging_rabbit.ssl_ca_file = {{(pid=95872) log_opt_values /opt/stack/data/venv/lib/python3.12/site-packages/oslo_config/cfg.py:3560}}
Aug 14 22:19:06.227799 np0000007340 nova-conductor[95872]: DEBUG cotyledon.oslo_config_glue [-] oslo_messaging_rabbit.ssl_cert_file = {{(pid=95872) log_opt_values /opt/stack/data/venv/lib/python3.12/site-packages/oslo_config/cfg.py:3560}}
Aug 14 22:19:06.227799 np0000007340 nova-conductor[95872]: DEBUG cotyledon.oslo_config_glue [-] oslo_messaging_rabbit.ssl_enforce_fips_mode = False {{(pid=95872) log_opt_values /opt/stack/data/venv/lib/python3.12/site-packages/oslo_config/cfg.py:3560}}
Aug 14 22:19:06.227799 np0000007340 nova-conductor[95872]: DEBUG cotyledon.oslo_config_glue [-] oslo_messaging_rabbit.ssl_enforce_hostname_verification = True {{(pid=95872) log_opt_values /opt/stack/data/venv/lib/python3.12/site-packages/oslo_config/cfg.py:3560}}
Aug 14 22:19:06.227799 np0000007340 nova-conductor[95872]: DEBUG cotyledon.oslo_config_glue [-] oslo_messaging_rabbit.ssl_key_file = {{(pid=95872) log_opt_values /opt/stack/data/venv/lib/python3.12/site-packages/oslo_config/cfg.py:3560}}
Aug 14 22:19:06.228135 np0000007340 nova-conductor[95872]: DEBUG cotyledon.oslo_config_glue [-] oslo_messaging_rabbit.ssl_version = {{(pid=95872) log_opt_values /opt/stack/data/venv/lib/python3.12/site-packages/oslo_config/cfg.py:3560}}
Aug 14 22:19:06.228135 np0000007340 nova-conductor[95872]: DEBUG cotyledon.oslo_config_glue [-] oslo_messaging_rabbit.use_queue_manager = False {{(pid=95872) log_opt_values /opt/stack/data/venv/lib/python3.12/site-packages/oslo_config/cfg.py:3560}}
Aug 14 22:19:06.228135 np0000007340 nova-conductor[95872]: DEBUG cotyledon.oslo_config_glue [-] oslo_messaging_notifications.driver = ['messagingv2'] {{(pid=95872) log_opt_values /opt/stack/data/venv/lib/python3.12/site-packages/oslo_config/cfg.py:3560}}
Aug 14 22:19:06.228135 np0000007340 nova-conductor[95872]: DEBUG cotyledon.oslo_config_glue [-] oslo_messaging_notifications.retry = -1 {{(pid=95872) log_opt_values /opt/stack/data/venv/lib/python3.12/site-packages/oslo_config/cfg.py:3560}}
Aug 14 22:19:06.228135 np0000007340 nova-conductor[95872]: DEBUG cotyledon.oslo_config_glue [-] oslo_messaging_notifications.topics = ['notifications'] {{(pid=95872) log_opt_values /opt/stack/data/venv/lib/python3.12/site-packages/oslo_config/cfg.py:3560}}
Aug 14 22:19:06.228135 np0000007340 nova-conductor[95872]: DEBUG cotyledon.oslo_config_glue [-] oslo_messaging_notifications.transport_url = **** {{(pid=95872) log_opt_values /opt/stack/data/venv/lib/python3.12/site-packages/oslo_config/cfg.py:3560}}
Aug 14 22:19:06.228135 np0000007340 nova-conductor[95872]: DEBUG cotyledon.oslo_config_glue [-] oslo_limit.auth_section = None {{(pid=95872) log_opt_values /opt/stack/data/venv/lib/python3.12/site-packages/oslo_config/cfg.py:3560}}
Aug 14 22:19:06.228135 np0000007340 nova-conductor[95872]: DEBUG cotyledon.oslo_config_glue [-] oslo_limit.auth_type = None {{(pid=95872) log_opt_values /opt/stack/data/venv/lib/python3.12/site-packages/oslo_config/cfg.py:3560}}
Aug 14 22:19:06.228135 np0000007340 nova-conductor[95872]: DEBUG cotyledon.oslo_config_glue [-] oslo_limit.cafile = None {{(pid=95872) log_opt_values /opt/stack/data/venv/lib/python3.12/site-packages/oslo_config/cfg.py:3560}}
Aug 14 22:19:06.228332 np0000007340 nova-conductor[95872]: DEBUG cotyledon.oslo_config_glue [-] oslo_limit.certfile = None {{(pid=95872) log_opt_values /opt/stack/data/venv/lib/python3.12/site-packages/oslo_config/cfg.py:3560}}
Aug 14 22:19:06.228332 np0000007340 nova-conductor[95872]: DEBUG cotyledon.oslo_config_glue [-] oslo_limit.collect_timing = False {{(pid=95872) log_opt_values /opt/stack/data/venv/lib/python3.12/site-packages/oslo_config/cfg.py:3560}}
Aug 14 22:19:06.228332 np0000007340 nova-conductor[95872]: DEBUG cotyledon.oslo_config_glue [-] oslo_limit.connect_retries = None {{(pid=95872) log_opt_values /opt/stack/data/venv/lib/python3.12/site-packages/oslo_config/cfg.py:3560}}
Aug 14 22:19:06.228332 np0000007340 nova-conductor[95872]: DEBUG cotyledon.oslo_config_glue [-] oslo_limit.connect_retry_delay = None {{(pid=95872) log_opt_values /opt/stack/data/venv/lib/python3.12/site-packages/oslo_config/cfg.py:3560}}
Aug 14 22:19:06.228332 np0000007340 nova-conductor[95872]: DEBUG cotyledon.oslo_config_glue [-] oslo_limit.endpoint_id = None {{(pid=95872) log_opt_values /opt/stack/data/venv/lib/python3.12/site-packages/oslo_config/cfg.py:3560}}
Aug 14 22:19:06.228332 np0000007340 nova-conductor[95872]: DEBUG cotyledon.oslo_config_glue [-] oslo_limit.endpoint_interface = public {{(pid=95872) log_opt_values /opt/stack/data/venv/lib/python3.12/site-packages/oslo_config/cfg.py:3560}}
Aug 14 22:19:06.228332 np0000007340 nova-conductor[95872]: DEBUG cotyledon.oslo_config_glue [-] oslo_limit.endpoint_override = None {{(pid=95872) log_opt_values /opt/stack/data/venv/lib/python3.12/site-packages/oslo_config/cfg.py:3560}}
Aug 14 22:19:06.228332 np0000007340 nova-conductor[95872]: DEBUG cotyledon.oslo_config_glue [-] oslo_limit.endpoint_region_name = None {{(pid=95872) log_opt_values /opt/stack/data/venv/lib/python3.12/site-packages/oslo_config/cfg.py:3560}}
Aug 14 22:19:06.228332 np0000007340 nova-conductor[95872]: DEBUG cotyledon.oslo_config_glue [-] oslo_limit.endpoint_service_name = None {{(pid=95872) log_opt_values /opt/stack/data/venv/lib/python3.12/site-packages/oslo_config/cfg.py:3560}}
Aug 14 22:19:06.228606 np0000007340 nova-conductor[95872]: DEBUG cotyledon.oslo_config_glue [-] oslo_limit.endpoint_service_type = None {{(pid=95872) log_opt_values /opt/stack/data/venv/lib/python3.12/site-packages/oslo_config/cfg.py:3560}}
Aug 14 22:19:06.228606 np0000007340 nova-conductor[95872]: DEBUG cotyledon.oslo_config_glue [-] oslo_limit.insecure = False {{(pid=95872) log_opt_values /opt/stack/data/venv/lib/python3.12/site-packages/oslo_config/cfg.py:3560}}
Aug 14 22:19:06.228606 np0000007340 nova-conductor[95872]: DEBUG cotyledon.oslo_config_glue [-] oslo_limit.keyfile = None {{(pid=95872) log_opt_values /opt/stack/data/venv/lib/python3.12/site-packages/oslo_config/cfg.py:3560}}
Aug 14 22:19:06.228606 np0000007340 nova-conductor[95872]: DEBUG cotyledon.oslo_config_glue [-] oslo_limit.max_version = None {{(pid=95872) log_opt_values /opt/stack/data/venv/lib/python3.12/site-packages/oslo_config/cfg.py:3560}}
Aug 14 22:19:06.228606 np0000007340 nova-conductor[95872]: DEBUG cotyledon.oslo_config_glue [-] oslo_limit.min_version = None {{(pid=95872) log_opt_values /opt/stack/data/venv/lib/python3.12/site-packages/oslo_config/cfg.py:3560}}
Aug 14 22:19:06.228606 np0000007340 nova-conductor[95872]: DEBUG cotyledon.oslo_config_glue [-] oslo_limit.region_name = None {{(pid=95872) log_opt_values /opt/stack/data/venv/lib/python3.12/site-packages/oslo_config/cfg.py:3560}}
Aug 14 22:19:06.228606 np0000007340 nova-conductor[95872]: DEBUG cotyledon.oslo_config_glue [-] oslo_limit.retriable_status_codes = None {{(pid=95872) log_opt_values /opt/stack/data/venv/lib/python3.12/site-packages/oslo_config/cfg.py:3560}}
Aug 14 22:19:06.228606 np0000007340 nova-conductor[95872]: DEBUG cotyledon.oslo_config_glue [-] oslo_limit.service_name = None {{(pid=95872) log_opt_values /opt/stack/data/venv/lib/python3.12/site-packages/oslo_config/cfg.py:3560}}
Aug 14 22:19:06.228606 np0000007340 nova-conductor[95872]: DEBUG cotyledon.oslo_config_glue [-] oslo_limit.service_type = None {{(pid=95872) log_opt_values /opt/stack/data/venv/lib/python3.12/site-packages/oslo_config/cfg.py:3560}}
Aug 14 22:19:06.228838 np0000007340 nova-conductor[95872]: DEBUG cotyledon.oslo_config_glue [-] oslo_limit.split_loggers = False {{(pid=95872) log_opt_values /opt/stack/data/venv/lib/python3.12/site-packages/oslo_config/cfg.py:3560}}
Aug 14 22:19:06.228838 np0000007340 nova-conductor[95872]: DEBUG cotyledon.oslo_config_glue [-] oslo_limit.status_code_retries = None {{(pid=95872) log_opt_values /opt/stack/data/venv/lib/python3.12/site-packages/oslo_config/cfg.py:3560}}
Aug 14 22:19:06.228838 np0000007340 nova-conductor[95872]: DEBUG cotyledon.oslo_config_glue [-] oslo_limit.status_code_retry_delay = None {{(pid=95872) log_opt_values /opt/stack/data/venv/lib/python3.12/site-packages/oslo_config/cfg.py:3560}}
Aug 14 22:19:06.228838 np0000007340 nova-conductor[95872]: DEBUG cotyledon.oslo_config_glue [-] oslo_limit.timeout = None {{(pid=95872) log_opt_values /opt/stack/data/venv/lib/python3.12/site-packages/oslo_config/cfg.py:3560}}
Aug 14 22:19:06.228838 np0000007340 nova-conductor[95872]: DEBUG cotyledon.oslo_config_glue [-] oslo_limit.valid_interfaces = None {{(pid=95872) log_opt_values /opt/stack/data/venv/lib/python3.12/site-packages/oslo_config/cfg.py:3560}}
Aug 14 22:19:06.228838 np0000007340 nova-conductor[95872]: DEBUG cotyledon.oslo_config_glue [-] oslo_limit.version = None {{(pid=95872) log_opt_values /opt/stack/data/venv/lib/python3.12/site-packages/oslo_config/cfg.py:3560}}
Aug 14 22:19:06.228838 np0000007340 nova-conductor[95872]: DEBUG cotyledon.oslo_config_glue [-] oslo_reports.file_event_handler = None {{(pid=95872) log_opt_values /opt/stack/data/venv/lib/python3.12/site-packages/oslo_config/cfg.py:3560}}
Aug 14 22:19:06.228838 np0000007340 nova-conductor[95872]: DEBUG cotyledon.oslo_config_glue [-] oslo_reports.file_event_handler_interval = 1 {{(pid=95872) log_opt_values /opt/stack/data/venv/lib/python3.12/site-packages/oslo_config/cfg.py:3560}}
Aug 14 22:19:06.228838 np0000007340 nova-conductor[95872]: DEBUG cotyledon.oslo_config_glue [-] oslo_reports.log_dir = None {{(pid=95872) log_opt_values /opt/stack/data/venv/lib/python3.12/site-packages/oslo_config/cfg.py:3560}}
Aug 14 22:19:06.229104 np0000007340 nova-conductor[95872]: DEBUG cotyledon.oslo_config_glue [-] ******************************************************************************** {{(pid=95872) log_opt_values /opt/stack/data/venv/lib/python3.12/site-packages/oslo_config/cfg.py:3567}}
Aug 14 22:19:06.229104 np0000007340 nova-conductor[95872]: DEBUG cotyledon._service_worker [-] Run service ServiceWrapper(2) [95872] {{(pid=95872) wait_forever /opt/stack/data/venv/lib/python3.12/site-packages/cotyledon/_service_worker.py:218}}
Aug 14 22:19:06.229104 np0000007340 nova-conductor[95872]: INFO nova.service [-] Starting conductor node (version 33.1.0)
Aug 14 22:19:06.229104 np0000007340 nova-conductor[95872]: INFO dbcounter [None req-9ac25b3a-23bf-4ae1-82e2-ba3a967662c9 None None] Registered counter for database nova_cell0
Aug 14 22:19:06.233403 np0000007340 nova-conductor[95849]: DEBUG oslo_db.sqlalchemy.engines [None req-a371f68f-26a2-4e7e-ac40-c8fbc9fb39cc None None] MySQL server mode set to STRICT_TRANS_TABLES,STRICT_ALL_TABLES,NO_ZERO_IN_DATE,NO_ZERO_DATE,ERROR_FOR_DIVISION_BY_ZERO,TRADITIONAL,NO_ENGINE_SUBSTITUTION {{(pid=95849) _check_effective_sql_mode /opt/stack/data/venv/lib/python3.12/site-packages/oslo_db/sqlalchemy/engines.py:325}}
Aug 14 22:19:06.242057 np0000007340 nova-conductor[95863]: DEBUG oslo_db.sqlalchemy.engines [None req-0d1bb21d-b91a-4667-8be6-062fe0ea2975 None None] MySQL server mode set to STRICT_TRANS_TABLES,STRICT_ALL_TABLES,NO_ZERO_IN_DATE,NO_ZERO_DATE,ERROR_FOR_DIVISION_BY_ZERO,TRADITIONAL,NO_ENGINE_SUBSTITUTION {{(pid=95863) _check_effective_sql_mode /opt/stack/data/venv/lib/python3.12/site-packages/oslo_db/sqlalchemy/engines.py:325}}
Aug 14 22:19:06.242484 np0000007340 nova-conductor[95849]: DEBUG dbcounter [-] [95849] Writer thread running {{(pid=95849) stat_writer /opt/stack/data/venv/lib/python3.12/site-packages/dbcounter.py:102}}
Aug 14 22:19:06.251643 np0000007340 nova-conductor[95863]: DEBUG dbcounter [-] [95863] Writer thread running {{(pid=95863) stat_writer /opt/stack/data/venv/lib/python3.12/site-packages/dbcounter.py:102}}
Aug 14 22:19:06.256357 np0000007340 nova-conductor[95849]: DEBUG nova.service [None req-a371f68f-26a2-4e7e-ac40-c8fbc9fb39cc None None] Creating RPC server for service: nova-conductor on topic: conductor {{(pid=95849) start /opt/stack/nova/nova/service.py:262}}
Aug 14 22:19:06.259243 np0000007340 nova-conductor[95872]: DEBUG oslo_db.sqlalchemy.engines [None req-9ac25b3a-23bf-4ae1-82e2-ba3a967662c9 None None] MySQL server mode set to STRICT_TRANS_TABLES,STRICT_ALL_TABLES,NO_ZERO_IN_DATE,NO_ZERO_DATE,ERROR_FOR_DIVISION_BY_ZERO,TRADITIONAL,NO_ENGINE_SUBSTITUTION {{(pid=95872) _check_effective_sql_mode /opt/stack/data/venv/lib/python3.12/site-packages/oslo_db/sqlalchemy/engines.py:325}}
Aug 14 22:19:06.266708 np0000007340 nova-conductor[95863]: DEBUG nova.service [None req-0d1bb21d-b91a-4667-8be6-062fe0ea2975 None None] Creating RPC server for service: nova-conductor on topic: conductor {{(pid=95863) start /opt/stack/nova/nova/service.py:262}}
Aug 14 22:19:06.268896 np0000007340 nova-conductor[95872]: DEBUG dbcounter [-] [95872] Writer thread running {{(pid=95872) stat_writer /opt/stack/data/venv/lib/python3.12/site-packages/dbcounter.py:102}}
Aug 14 22:19:06.271653 np0000007340 nova-conductor[95872]: DEBUG nova.service [None req-9ac25b3a-23bf-4ae1-82e2-ba3a967662c9 None None] Creating RPC server for service: nova-conductor on topic: conductor {{(pid=95872) start /opt/stack/nova/nova/service.py:262}}
Aug 14 22:19:06.282540 np0000007340 nova-conductor[95849]: DEBUG nova.service [None req-a371f68f-26a2-4e7e-ac40-c8fbc9fb39cc None None] Join ServiceGroup membership for this service conductor {{(pid=95849) start /opt/stack/nova/nova/service.py:288}}
Aug 14 22:19:06.282809 np0000007340 nova-conductor[95849]: DEBUG nova.servicegroup.drivers.db [None req-a371f68f-26a2-4e7e-ac40-c8fbc9fb39cc None None] DB_Driver: join new ServiceGroup member np0000007340 to the conductor group, service = {{(pid=95849) join /opt/stack/nova/nova/servicegroup/drivers/db.py:44}}
Aug 14 22:19:06.285230 np0000007340 nova-conductor[95863]: DEBUG nova.service [None req-0d1bb21d-b91a-4667-8be6-062fe0ea2975 None None] Join ServiceGroup membership for this service conductor {{(pid=95863) start /opt/stack/nova/nova/service.py:288}}
Aug 14 22:19:06.285416 np0000007340 nova-conductor[95863]: DEBUG nova.servicegroup.drivers.db [None req-0d1bb21d-b91a-4667-8be6-062fe0ea2975 None None] DB_Driver: join new ServiceGroup member np0000007340 to the conductor group, service = {{(pid=95863) join /opt/stack/nova/nova/servicegroup/drivers/db.py:44}}
Aug 14 22:19:06.289734 np0000007340 nova-conductor[95872]: DEBUG nova.service [None req-9ac25b3a-23bf-4ae1-82e2-ba3a967662c9 None None] Join ServiceGroup membership for this service conductor {{(pid=95872) start /opt/stack/nova/nova/service.py:288}}
Aug 14 22:19:06.289928 np0000007340 nova-conductor[95872]: DEBUG nova.servicegroup.drivers.db [None req-9ac25b3a-23bf-4ae1-82e2-ba3a967662c9 None None] DB_Driver: join new ServiceGroup member np0000007340 to the conductor group, service = {{(pid=95872) join /opt/stack/nova/nova/servicegroup/drivers/db.py:44}}
Aug 14 22:19:11.297945 np0000007340 nova-conductor[95849]: DEBUG oslo.service.backend._threading.loopingcall [-] Fixed interval looping call 'nova.servicegroup.drivers.db.DbDriver._report_state' sleeping for 119.99 seconds {{(pid=95849) _run_loop /opt/stack/data/venv/lib/python3.12/site-packages/oslo_service/backend/_threading/loopingcall.py:125}}
Aug 14 22:19:11.298897 np0000007340 nova-conductor[95863]: DEBUG oslo.service.backend._threading.loopingcall [-] Fixed interval looping call 'nova.servicegroup.drivers.db.DbDriver._report_state' sleeping for 119.99 seconds {{(pid=95863) _run_loop /opt/stack/data/venv/lib/python3.12/site-packages/oslo_service/backend/_threading/loopingcall.py:125}}
Aug 14 22:19:11.300550 np0000007340 nova-conductor[95872]: DEBUG oslo.service.backend._threading.loopingcall [-] Fixed interval looping call 'nova.servicegroup.drivers.db.DbDriver._report_state' sleeping for 119.99 seconds {{(pid=95872) _run_loop /opt/stack/data/venv/lib/python3.12/site-packages/oslo_service/backend/_threading/loopingcall.py:125}}
Aug 14 22:19:14.872502 np0000007340 nova-conductor[94398]: DEBUG dbcounter [-] [94398] Writing DB stats nova_api:SELECT=1 {{(pid=94398) stat_writer /opt/stack/data/venv/lib/python3.12/site-packages/dbcounter.py:115}}
Aug 14 22:19:14.996791 np0000007340 nova-conductor[94398]: DEBUG dbcounter [-] [94398] Writing DB stats nova_cell0:SELECT=1 {{(pid=94398) stat_writer /opt/stack/data/venv/lib/python3.12/site-packages/dbcounter.py:115}}
Aug 14 22:19:15.002244 np0000007340 nova-conductor[94398]: DEBUG dbcounter [-] [94398] Writing DB stats nova_cell1:SELECT=1 {{(pid=94398) stat_writer /opt/stack/data/venv/lib/python3.12/site-packages/dbcounter.py:115}}
Aug 14 22:19:21.293764 np0000007340 nova-conductor[95849]: DEBUG dbcounter [-] [95849] Writing DB stats nova_cell0:SELECT=4,nova_cell0:INSERT=1,nova_cell0:UPDATE=1 {{(pid=95849) stat_writer /opt/stack/data/venv/lib/python3.12/site-packages/dbcounter.py:115}}
Aug 14 22:19:21.294850 np0000007340 nova-conductor[95863]: DEBUG dbcounter [-] [95863] Writing DB stats nova_cell0:SELECT=4,nova_cell0:INSERT=1,nova_cell0:UPDATE=1 {{(pid=95863) stat_writer /opt/stack/data/venv/lib/python3.12/site-packages/dbcounter.py:115}}
Aug 14 22:19:21.297797 np0000007340 nova-conductor[95872]: DEBUG dbcounter [-] [95872] Writing DB stats nova_cell0:SELECT=3 {{(pid=95872) stat_writer /opt/stack/data/venv/lib/python3.12/site-packages/dbcounter.py:115}}
Aug 14 22:19:22.285834 np0000007340 nova-conductor[95849]: DEBUG oslo.service.backend._threading.loopingcall [None req-b6428926-fe48-4aa6-b858-8c955d6ab4dd None None] Dynamic interval looping call 'nova.service.Service.periodic_tasks' sleeping for 60.00 seconds {{(pid=95849) _run_loop /opt/stack/data/venv/lib/python3.12/site-packages/oslo_service/backend/_threading/loopingcall.py:125}}
Aug 14 22:19:23.292148 np0000007340 nova-conductor[95872]: DEBUG oslo.service.backend._threading.loopingcall [None req-cbe61fab-919d-46b5-8d99-a68adb0af8f5 None None] Dynamic interval looping call 'nova.service.Service.periodic_tasks' sleeping for 60.00 seconds {{(pid=95872) _run_loop /opt/stack/data/venv/lib/python3.12/site-packages/oslo_service/backend/_threading/loopingcall.py:125}}
Aug 14 22:20:06.287716 np0000007340 nova-conductor[95863]: DEBUG oslo.service.backend._threading.loopingcall [None req-8155064f-c898-4de1-b9dd-c7ef04d3292a None None] Dynamic interval looping call 'nova.service.Service.periodic_tasks' sleeping for 60.00 seconds {{(pid=95863) _run_loop /opt/stack/data/venv/lib/python3.12/site-packages/oslo_service/backend/_threading/loopingcall.py:125}}
Aug 14 22:20:22.286292 np0000007340 nova-conductor[95849]: DEBUG oslo.service.backend._threading.loopingcall [None req-b6428926-fe48-4aa6-b858-8c955d6ab4dd None None] Dynamic interval looping call 'nova.service.Service.periodic_tasks' sleeping for 60.00 seconds {{(pid=95849) _run_loop /opt/stack/data/venv/lib/python3.12/site-packages/oslo_service/backend/_threading/loopingcall.py:125}}
Aug 14 22:20:23.292647 np0000007340 nova-conductor[95872]: DEBUG oslo.service.backend._threading.loopingcall [None req-cbe61fab-919d-46b5-8d99-a68adb0af8f5 None None] Dynamic interval looping call 'nova.service.Service.periodic_tasks' sleeping for 60.00 seconds {{(pid=95872) _run_loop /opt/stack/data/venv/lib/python3.12/site-packages/oslo_service/backend/_threading/loopingcall.py:125}}
Aug 14 22:21:06.289031 np0000007340 nova-conductor[95863]: DEBUG oslo.service.backend._threading.loopingcall [None req-8155064f-c898-4de1-b9dd-c7ef04d3292a None None] Dynamic interval looping call 'nova.service.Service.periodic_tasks' sleeping for 60.00 seconds {{(pid=95863) _run_loop /opt/stack/data/venv/lib/python3.12/site-packages/oslo_service/backend/_threading/loopingcall.py:125}}
Aug 14 22:21:11.294349 np0000007340 nova-conductor[95849]: DEBUG oslo.service.backend._threading.loopingcall [-] Fixed interval looping call 'nova.servicegroup.drivers.db.DbDriver._report_state' sleeping for 119.99 seconds {{(pid=95849) _run_loop /opt/stack/data/venv/lib/python3.12/site-packages/oslo_service/backend/_threading/loopingcall.py:125}}
Aug 14 22:21:11.294945 np0000007340 nova-conductor[95863]: DEBUG oslo.service.backend._threading.loopingcall [-] Fixed interval looping call 'nova.servicegroup.drivers.db.DbDriver._report_state' sleeping for 119.99 seconds {{(pid=95863) _run_loop /opt/stack/data/venv/lib/python3.12/site-packages/oslo_service/backend/_threading/loopingcall.py:125}}
Aug 14 22:21:11.297429 np0000007340 nova-conductor[95872]: DEBUG oslo.service.backend._threading.loopingcall [-] Fixed interval looping call 'nova.servicegroup.drivers.db.DbDriver._report_state' sleeping for 119.99 seconds {{(pid=95872) _run_loop /opt/stack/data/venv/lib/python3.12/site-packages/oslo_service/backend/_threading/loopingcall.py:125}}
Aug 14 22:21:21.291911 np0000007340 nova-conductor[95849]: DEBUG dbcounter [-] [95849] Writing DB stats nova_cell0:SELECT=1,nova_cell0:UPDATE=1 {{(pid=95849) stat_writer /opt/stack/data/venv/lib/python3.12/site-packages/dbcounter.py:115}}
Aug 14 22:21:21.292571 np0000007340 nova-conductor[95863]: DEBUG dbcounter [-] [95863] Writing DB stats nova_cell0:SELECT=1,nova_cell0:UPDATE=1 {{(pid=95863) stat_writer /opt/stack/data/venv/lib/python3.12/site-packages/dbcounter.py:115}}
Aug 14 22:21:21.296156 np0000007340 nova-conductor[95872]: DEBUG dbcounter [-] [95872] Writing DB stats nova_cell0:SELECT=1,nova_cell0:UPDATE=1 {{(pid=95872) stat_writer /opt/stack/data/venv/lib/python3.12/site-packages/dbcounter.py:115}}
Aug 14 22:21:22.286828 np0000007340 nova-conductor[95849]: DEBUG oslo.service.backend._threading.loopingcall [None req-b6428926-fe48-4aa6-b858-8c955d6ab4dd None None] Dynamic interval looping call 'nova.service.Service.periodic_tasks' sleeping for 60.00 seconds {{(pid=95849) _run_loop /opt/stack/data/venv/lib/python3.12/site-packages/oslo_service/backend/_threading/loopingcall.py:125}}
Aug 14 22:21:23.293131 np0000007340 nova-conductor[95872]: DEBUG oslo.service.backend._threading.loopingcall [None req-cbe61fab-919d-46b5-8d99-a68adb0af8f5 None None] Dynamic interval looping call 'nova.service.Service.periodic_tasks' sleeping for 60.00 seconds {{(pid=95872) _run_loop /opt/stack/data/venv/lib/python3.12/site-packages/oslo_service/backend/_threading/loopingcall.py:125}}
Aug 14 22:21:35.244848 np0000007340 nova-conductor[95849]: DEBUG oslo_db.sqlalchemy.engines [None req-d9db5bf8-c276-4ba7-afac-8269e1538263 tempest-AttachVolumeNegativeTest-2035869693 tempest-AttachVolumeNegativeTest-2035869693-project-member] Parent process 94398 forked (95849) with an open database connection, which is being discarded and recreated. {{(pid=95849) checkout /opt/stack/data/venv/lib/python3.12/site-packages/oslo_db/sqlalchemy/engines.py:402}}
Aug 14 22:21:35.281092 np0000007340 nova-conductor[95849]: DEBUG dbcounter [-] [95849] Writer thread running {{(pid=95849) stat_writer /opt/stack/data/venv/lib/python3.12/site-packages/dbcounter.py:102}}
Aug 14 22:21:35.495641 np0000007340 nova-conductor[95863]: DEBUG dbcounter [-] [95863] Writer thread running {{(pid=95863) stat_writer /opt/stack/data/venv/lib/python3.12/site-packages/dbcounter.py:102}}
Aug 14 22:21:36.452559 np0000007340 nova-conductor[95863]: DEBUG nova.conductor.manager [None req-e6911a43-09d1-4f75-ab21-d22a82d1d5c6 tempest-ServerActionsTestOtherB-2116857120 tempest-ServerActionsTestOtherB-2116857120-project-member] Took 0.95 seconds to select destinations for 1 instance(s). {{(pid=95863) _schedule_instances /opt/stack/nova/nova/conductor/manager.py:956}}
Aug 14 22:21:36.488287 np0000007340 nova-conductor[95863]: DEBUG oslo_concurrency.lockutils [None req-e6911a43-09d1-4f75-ab21-d22a82d1d5c6 tempest-ServerActionsTestOtherB-2116857120 tempest-ServerActionsTestOtherB-2116857120-project-member] Acquiring lock "d6c222c5-0aec-4f49-8487-6a5cffc3b3e8" by "nova.context.set_target_cell..get_or_set_cached_cell_and_set_connections" {{(pid=95863) inner /opt/stack/data/venv/lib/python3.12/site-packages/oslo_concurrency/lockutils.py:512}}
Aug 14 22:21:36.488697 np0000007340 nova-conductor[95863]: DEBUG oslo_concurrency.lockutils [None req-e6911a43-09d1-4f75-ab21-d22a82d1d5c6 tempest-ServerActionsTestOtherB-2116857120 tempest-ServerActionsTestOtherB-2116857120-project-member] Lock "d6c222c5-0aec-4f49-8487-6a5cffc3b3e8" acquired by "nova.context.set_target_cell..get_or_set_cached_cell_and_set_connections" :: waited 0.000s {{(pid=95863) inner /opt/stack/data/venv/lib/python3.12/site-packages/oslo_concurrency/lockutils.py:525}}
Aug 14 22:21:36.490300 np0000007340 nova-conductor[95863]: DEBUG oslo_concurrency.lockutils [None req-e6911a43-09d1-4f75-ab21-d22a82d1d5c6 tempest-ServerActionsTestOtherB-2116857120 tempest-ServerActionsTestOtherB-2116857120-project-member] Lock "d6c222c5-0aec-4f49-8487-6a5cffc3b3e8" "released" by "nova.context.set_target_cell..get_or_set_cached_cell_and_set_connections" :: held 0.002s {{(pid=95863) inner /opt/stack/data/venv/lib/python3.12/site-packages/oslo_concurrency/lockutils.py:544}}
Aug 14 22:21:36.492487 np0000007340 nova-conductor[95863]: INFO dbcounter [None req-e6911a43-09d1-4f75-ab21-d22a82d1d5c6 tempest-ServerActionsTestOtherB-2116857120 tempest-ServerActionsTestOtherB-2116857120-project-member] Registered counter for database nova_cell1
Aug 14 22:21:36.518867 np0000007340 nova-conductor[95849]: DEBUG nova.conductor.manager [None req-d9db5bf8-c276-4ba7-afac-8269e1538263 tempest-AttachVolumeNegativeTest-2035869693 tempest-AttachVolumeNegativeTest-2035869693-project-member] Took 1.24 seconds to select destinations for 1 instance(s). {{(pid=95849) _schedule_instances /opt/stack/nova/nova/conductor/manager.py:956}}
Aug 14 22:21:36.539885 np0000007340 nova-conductor[95863]: DEBUG oslo_db.sqlalchemy.engines [None req-e6911a43-09d1-4f75-ab21-d22a82d1d5c6 tempest-ServerActionsTestOtherB-2116857120 tempest-ServerActionsTestOtherB-2116857120-project-member] MySQL server mode set to STRICT_TRANS_TABLES,STRICT_ALL_TABLES,NO_ZERO_IN_DATE,NO_ZERO_DATE,ERROR_FOR_DIVISION_BY_ZERO,TRADITIONAL,NO_ENGINE_SUBSTITUTION {{(pid=95863) _check_effective_sql_mode /opt/stack/data/venv/lib/python3.12/site-packages/oslo_db/sqlalchemy/engines.py:325}}
Aug 14 22:21:36.552651 np0000007340 nova-conductor[95863]: DEBUG dbcounter [-] [95863] Writer thread running {{(pid=95863) stat_writer /opt/stack/data/venv/lib/python3.12/site-packages/dbcounter.py:102}}
Aug 14 22:21:36.559191 np0000007340 nova-conductor[95849]: DEBUG oslo_concurrency.lockutils [None req-d9db5bf8-c276-4ba7-afac-8269e1538263 tempest-AttachVolumeNegativeTest-2035869693 tempest-AttachVolumeNegativeTest-2035869693-project-member] Acquiring lock "d6c222c5-0aec-4f49-8487-6a5cffc3b3e8" by "nova.context.set_target_cell..get_or_set_cached_cell_and_set_connections" {{(pid=95849) inner /opt/stack/data/venv/lib/python3.12/site-packages/oslo_concurrency/lockutils.py:512}}
Aug 14 22:21:36.559948 np0000007340 nova-conductor[95849]: DEBUG oslo_concurrency.lockutils [None req-d9db5bf8-c276-4ba7-afac-8269e1538263 tempest-AttachVolumeNegativeTest-2035869693 tempest-AttachVolumeNegativeTest-2035869693-project-member] Lock "d6c222c5-0aec-4f49-8487-6a5cffc3b3e8" acquired by "nova.context.set_target_cell..get_or_set_cached_cell_and_set_connections" :: waited 0.001s {{(pid=95849) inner /opt/stack/data/venv/lib/python3.12/site-packages/oslo_concurrency/lockutils.py:525}}
Aug 14 22:21:36.561296 np0000007340 nova-conductor[95849]: DEBUG oslo_concurrency.lockutils [None req-d9db5bf8-c276-4ba7-afac-8269e1538263 tempest-AttachVolumeNegativeTest-2035869693 tempest-AttachVolumeNegativeTest-2035869693-project-member] Lock "d6c222c5-0aec-4f49-8487-6a5cffc3b3e8" "released" by "nova.context.set_target_cell..get_or_set_cached_cell_and_set_connections" :: held 0.001s {{(pid=95849) inner /opt/stack/data/venv/lib/python3.12/site-packages/oslo_concurrency/lockutils.py:544}}
Aug 14 22:21:36.566155 np0000007340 nova-conductor[95849]: INFO dbcounter [None req-d9db5bf8-c276-4ba7-afac-8269e1538263 tempest-AttachVolumeNegativeTest-2035869693 tempest-AttachVolumeNegativeTest-2035869693-project-member] Registered counter for database nova_cell1
Aug 14 22:21:36.610944 np0000007340 nova-conductor[95849]: DEBUG oslo_db.sqlalchemy.engines [None req-d9db5bf8-c276-4ba7-afac-8269e1538263 tempest-AttachVolumeNegativeTest-2035869693 tempest-AttachVolumeNegativeTest-2035869693-project-member] MySQL server mode set to STRICT_TRANS_TABLES,STRICT_ALL_TABLES,NO_ZERO_IN_DATE,NO_ZERO_DATE,ERROR_FOR_DIVISION_BY_ZERO,TRADITIONAL,NO_ENGINE_SUBSTITUTION {{(pid=95849) _check_effective_sql_mode /opt/stack/data/venv/lib/python3.12/site-packages/oslo_db/sqlalchemy/engines.py:325}}
Aug 14 22:21:36.618448 np0000007340 nova-conductor[95849]: DEBUG dbcounter [-] [95849] Writer thread running {{(pid=95849) stat_writer /opt/stack/data/venv/lib/python3.12/site-packages/dbcounter.py:102}}
Aug 14 22:21:36.659806 np0000007340 nova-conductor[95863]: INFO nova.utils [None req-e6911a43-09d1-4f75-ab21-d22a82d1d5c6 tempest-ServerActionsTestOtherB-2116857120 tempest-ServerActionsTestOtherB-2116857120-project-member] The cell worker thread pool ForkProcess-2.cell_worker is initialized
Aug 14 22:21:36.660162 np0000007340 nova-conductor[95863]: DEBUG oslo_concurrency.lockutils [None req-e6911a43-09d1-4f75-ab21-d22a82d1d5c6 tempest-ServerActionsTestOtherB-2116857120 tempest-ServerActionsTestOtherB-2116857120-project-member] Acquiring lock "00000000-0000-0000-0000-000000000000" by "nova.context.set_target_cell..get_or_set_cached_cell_and_set_connections" {{(pid=95863) inner /opt/stack/data/venv/lib/python3.12/site-packages/oslo_concurrency/lockutils.py:512}}
Aug 14 22:21:36.660362 np0000007340 nova-conductor[95863]: DEBUG oslo_concurrency.lockutils [None req-e6911a43-09d1-4f75-ab21-d22a82d1d5c6 tempest-ServerActionsTestOtherB-2116857120 tempest-ServerActionsTestOtherB-2116857120-project-member] Lock "00000000-0000-0000-0000-000000000000" acquired by "nova.context.set_target_cell..get_or_set_cached_cell_and_set_connections" :: waited 0.000s {{(pid=95863) inner /opt/stack/data/venv/lib/python3.12/site-packages/oslo_concurrency/lockutils.py:525}}
Aug 14 22:21:36.660769 np0000007340 nova-conductor[95863]: DEBUG oslo_concurrency.lockutils [None req-e6911a43-09d1-4f75-ab21-d22a82d1d5c6 tempest-ServerActionsTestOtherB-2116857120 tempest-ServerActionsTestOtherB-2116857120-project-member] Lock "00000000-0000-0000-0000-000000000000" "released" by "nova.context.set_target_cell..get_or_set_cached_cell_and_set_connections" :: held 0.000s {{(pid=95863) inner /opt/stack/data/venv/lib/python3.12/site-packages/oslo_concurrency/lockutils.py:544}}
Aug 14 22:21:36.662255 np0000007340 nova-conductor[95863]: DEBUG oslo_concurrency.lockutils [None req-e6911a43-09d1-4f75-ab21-d22a82d1d5c6 tempest-ServerActionsTestOtherB-2116857120 tempest-ServerActionsTestOtherB-2116857120-project-member] Acquiring lock "d6c222c5-0aec-4f49-8487-6a5cffc3b3e8" by "nova.context.set_target_cell..get_or_set_cached_cell_and_set_connections" {{(pid=95863) inner /opt/stack/data/venv/lib/python3.12/site-packages/oslo_concurrency/lockutils.py:512}}
Aug 14 22:21:36.662399 np0000007340 nova-conductor[95863]: DEBUG oslo_concurrency.lockutils [None req-e6911a43-09d1-4f75-ab21-d22a82d1d5c6 tempest-ServerActionsTestOtherB-2116857120 tempest-ServerActionsTestOtherB-2116857120-project-member] Lock "d6c222c5-0aec-4f49-8487-6a5cffc3b3e8" acquired by "nova.context.set_target_cell..get_or_set_cached_cell_and_set_connections" :: waited 0.000s {{(pid=95863) inner /opt/stack/data/venv/lib/python3.12/site-packages/oslo_concurrency/lockutils.py:525}}
Aug 14 22:21:36.663652 np0000007340 nova-conductor[95863]: DEBUG oslo_concurrency.lockutils [None req-e6911a43-09d1-4f75-ab21-d22a82d1d5c6 tempest-ServerActionsTestOtherB-2116857120 tempest-ServerActionsTestOtherB-2116857120-project-member] Lock "d6c222c5-0aec-4f49-8487-6a5cffc3b3e8" "released" by "nova.context.set_target_cell..get_or_set_cached_cell_and_set_connections" :: held 0.000s {{(pid=95863) inner /opt/stack/data/venv/lib/python3.12/site-packages/oslo_concurrency/lockutils.py:544}}
Aug 14 22:21:36.664492 np0000007340 nova-conductor[95863]: INFO dbcounter [None req-e6911a43-09d1-4f75-ab21-d22a82d1d5c6 tempest-ServerActionsTestOtherB-2116857120 tempest-ServerActionsTestOtherB-2116857120-project-member] Registered counter for database nova_cell0
Aug 14 22:21:36.706690 np0000007340 nova-conductor[95849]: INFO nova.utils [None req-d9db5bf8-c276-4ba7-afac-8269e1538263 tempest-AttachVolumeNegativeTest-2035869693 tempest-AttachVolumeNegativeTest-2035869693-project-member] The cell worker thread pool ForkProcess-1.cell_worker is initialized
Aug 14 22:21:36.706690 np0000007340 nova-conductor[95849]: DEBUG oslo_concurrency.lockutils [None req-d9db5bf8-c276-4ba7-afac-8269e1538263 tempest-AttachVolumeNegativeTest-2035869693 tempest-AttachVolumeNegativeTest-2035869693-project-member] Acquiring lock "00000000-0000-0000-0000-000000000000" by "nova.context.set_target_cell..get_or_set_cached_cell_and_set_connections" {{(pid=95849) inner /opt/stack/data/venv/lib/python3.12/site-packages/oslo_concurrency/lockutils.py:512}}
Aug 14 22:21:36.706924 np0000007340 nova-conductor[95849]: DEBUG oslo_concurrency.lockutils [None req-d9db5bf8-c276-4ba7-afac-8269e1538263 tempest-AttachVolumeNegativeTest-2035869693 tempest-AttachVolumeNegativeTest-2035869693-project-member] Lock "00000000-0000-0000-0000-000000000000" acquired by "nova.context.set_target_cell..get_or_set_cached_cell_and_set_connections" :: waited 0.000s {{(pid=95849) inner /opt/stack/data/venv/lib/python3.12/site-packages/oslo_concurrency/lockutils.py:525}}
Aug 14 22:21:36.707546 np0000007340 nova-conductor[95849]: DEBUG oslo_concurrency.lockutils [None req-d9db5bf8-c276-4ba7-afac-8269e1538263 tempest-AttachVolumeNegativeTest-2035869693 tempest-AttachVolumeNegativeTest-2035869693-project-member] Lock "00000000-0000-0000-0000-000000000000" "released" by "nova.context.set_target_cell..get_or_set_cached_cell_and_set_connections" :: held 0.000s {{(pid=95849) inner /opt/stack/data/venv/lib/python3.12/site-packages/oslo_concurrency/lockutils.py:544}}
Aug 14 22:21:36.708729 np0000007340 nova-conductor[95849]: DEBUG oslo_concurrency.lockutils [None req-d9db5bf8-c276-4ba7-afac-8269e1538263 tempest-AttachVolumeNegativeTest-2035869693 tempest-AttachVolumeNegativeTest-2035869693-project-member] Acquiring lock "d6c222c5-0aec-4f49-8487-6a5cffc3b3e8" by "nova.context.set_target_cell..get_or_set_cached_cell_and_set_connections" {{(pid=95849) inner /opt/stack/data/venv/lib/python3.12/site-packages/oslo_concurrency/lockutils.py:512}}
Aug 14 22:21:36.708729 np0000007340 nova-conductor[95849]: DEBUG oslo_concurrency.lockutils [None req-d9db5bf8-c276-4ba7-afac-8269e1538263 tempest-AttachVolumeNegativeTest-2035869693 tempest-AttachVolumeNegativeTest-2035869693-project-member] Lock "d6c222c5-0aec-4f49-8487-6a5cffc3b3e8" acquired by "nova.context.set_target_cell..get_or_set_cached_cell_and_set_connections" :: waited 0.000s {{(pid=95849) inner /opt/stack/data/venv/lib/python3.12/site-packages/oslo_concurrency/lockutils.py:525}}
Aug 14 22:21:36.708729 np0000007340 nova-conductor[95849]: DEBUG oslo_concurrency.lockutils [None req-d9db5bf8-c276-4ba7-afac-8269e1538263 tempest-AttachVolumeNegativeTest-2035869693 tempest-AttachVolumeNegativeTest-2035869693-project-member] Lock "d6c222c5-0aec-4f49-8487-6a5cffc3b3e8" "released" by "nova.context.set_target_cell..get_or_set_cached_cell_and_set_connections" :: held 0.000s {{(pid=95849) inner /opt/stack/data/venv/lib/python3.12/site-packages/oslo_concurrency/lockutils.py:544}}
Aug 14 22:21:36.711411 np0000007340 nova-conductor[95863]: DEBUG oslo_db.sqlalchemy.engines [None req-e6911a43-09d1-4f75-ab21-d22a82d1d5c6 tempest-ServerActionsTestOtherB-2116857120 tempest-ServerActionsTestOtherB-2116857120-project-member] MySQL server mode set to STRICT_TRANS_TABLES,STRICT_ALL_TABLES,NO_ZERO_IN_DATE,NO_ZERO_DATE,ERROR_FOR_DIVISION_BY_ZERO,TRADITIONAL,NO_ENGINE_SUBSTITUTION {{(pid=95863) _check_effective_sql_mode /opt/stack/data/venv/lib/python3.12/site-packages/oslo_db/sqlalchemy/engines.py:325}}
Aug 14 22:21:36.711644 np0000007340 nova-conductor[95849]: INFO dbcounter [None req-d9db5bf8-c276-4ba7-afac-8269e1538263 tempest-AttachVolumeNegativeTest-2035869693 tempest-AttachVolumeNegativeTest-2035869693-project-member] Registered counter for database nova_cell0
Aug 14 22:21:36.720886 np0000007340 nova-conductor[95863]: DEBUG dbcounter [-] [95863] Writer thread running {{(pid=95863) stat_writer /opt/stack/data/venv/lib/python3.12/site-packages/dbcounter.py:102}}
Aug 14 22:21:36.740587 np0000007340 nova-conductor[95863]: DEBUG nova.quota [None req-e6911a43-09d1-4f75-ab21-d22a82d1d5c6 tempest-ServerActionsTestOtherB-2116857120 tempest-ServerActionsTestOtherB-2116857120-project-member] Getting quotas for project 0190c4fd4bdc4337804b54b606220a54. Resources: {'instances', 'ram', 'cores'} {{(pid=95863) _get_quotas /opt/stack/nova/nova/quota.py:389}}
Aug 14 22:21:36.746592 np0000007340 nova-conductor[95863]: DEBUG nova.quota [None req-e6911a43-09d1-4f75-ab21-d22a82d1d5c6 tempest-ServerActionsTestOtherB-2116857120 tempest-ServerActionsTestOtherB-2116857120-project-member] Getting quotas for user 93a27fbafefb4eb3a70959a68eedd365 and project 0190c4fd4bdc4337804b54b606220a54. Resources: {'instances', 'ram', 'cores'} {{(pid=95863) _get_quotas /opt/stack/nova/nova/quota.py:379}}
Aug 14 22:21:36.755499 np0000007340 nova-conductor[95849]: DEBUG oslo_db.sqlalchemy.engines [None req-d9db5bf8-c276-4ba7-afac-8269e1538263 tempest-AttachVolumeNegativeTest-2035869693 tempest-AttachVolumeNegativeTest-2035869693-project-member] MySQL server mode set to STRICT_TRANS_TABLES,STRICT_ALL_TABLES,NO_ZERO_IN_DATE,NO_ZERO_DATE,ERROR_FOR_DIVISION_BY_ZERO,TRADITIONAL,NO_ENGINE_SUBSTITUTION {{(pid=95849) _check_effective_sql_mode /opt/stack/data/venv/lib/python3.12/site-packages/oslo_db/sqlalchemy/engines.py:325}}
Aug 14 22:21:36.756841 np0000007340 nova-conductor[95863]: DEBUG nova.conductor.manager [None req-e6911a43-09d1-4f75-ab21-d22a82d1d5c6 tempest-ServerActionsTestOtherB-2116857120 tempest-ServerActionsTestOtherB-2116857120-project-member] [instance: 80d331a1-f324-4ff7-9fc4-68136b0b12ac] Selected host: np0000007340; Selected node: np0000007340; Alternates: [] {{(pid=95863) schedule_and_build_instances /opt/stack/nova/nova/conductor/manager.py:1772}}
Aug 14 22:21:36.757383 np0000007340 nova-conductor[95863]: DEBUG oslo_concurrency.lockutils [None req-e6911a43-09d1-4f75-ab21-d22a82d1d5c6 tempest-ServerActionsTestOtherB-2116857120 tempest-ServerActionsTestOtherB-2116857120-project-member] Acquiring lock "d6c222c5-0aec-4f49-8487-6a5cffc3b3e8" by "nova.context.set_target_cell..get_or_set_cached_cell_and_set_connections" {{(pid=95863) inner /opt/stack/data/venv/lib/python3.12/site-packages/oslo_concurrency/lockutils.py:512}}
Aug 14 22:21:36.757810 np0000007340 nova-conductor[95863]: DEBUG oslo_concurrency.lockutils [None req-e6911a43-09d1-4f75-ab21-d22a82d1d5c6 tempest-ServerActionsTestOtherB-2116857120 tempest-ServerActionsTestOtherB-2116857120-project-member] Lock "d6c222c5-0aec-4f49-8487-6a5cffc3b3e8" acquired by "nova.context.set_target_cell..get_or_set_cached_cell_and_set_connections" :: waited 0.000s {{(pid=95863) inner /opt/stack/data/venv/lib/python3.12/site-packages/oslo_concurrency/lockutils.py:525}}
Aug 14 22:21:36.757810 np0000007340 nova-conductor[95863]: DEBUG oslo_concurrency.lockutils [None req-e6911a43-09d1-4f75-ab21-d22a82d1d5c6 tempest-ServerActionsTestOtherB-2116857120 tempest-ServerActionsTestOtherB-2116857120-project-member] Lock "d6c222c5-0aec-4f49-8487-6a5cffc3b3e8" "released" by "nova.context.set_target_cell..get_or_set_cached_cell_and_set_connections" :: held 0.000s {{(pid=95863) inner /opt/stack/data/venv/lib/python3.12/site-packages/oslo_concurrency/lockutils.py:544}}
Aug 14 22:21:36.762262 np0000007340 nova-conductor[95849]: DEBUG dbcounter [-] [95849] Writer thread running {{(pid=95849) stat_writer /opt/stack/data/venv/lib/python3.12/site-packages/dbcounter.py:102}}
Aug 14 22:21:36.770578 np0000007340 nova-conductor[95863]: DEBUG nova.conductor.manager [None req-e6911a43-09d1-4f75-ab21-d22a82d1d5c6 tempest-ServerActionsTestOtherB-2116857120 tempest-ServerActionsTestOtherB-2116857120-project-member] [instance: 80d331a1-f324-4ff7-9fc4-68136b0b12ac] block_device_mapping [BlockDeviceMapping(attachment_id=,boot_index=0,connection_info=None,created_at=,delete_on_termination=True,deleted=,deleted_at=,destination_type='local',device_name=None,device_type='disk',disk_bus=None,encrypted=False,encryption_format=None,encryption_options=None,encryption_secret_uuid=None,guest_format=None,id=,image_id='d622794b-d578-4475-996f-32cfda39485d',instance=,instance_uuid=,no_device=False,snapshot_id=None,source_type='image',tag=None,updated_at=,uuid=,volume_id=None,volume_size=None,volume_type=None)] {{(pid=95863) _create_block_device_mapping /opt/stack/nova/nova/conductor/manager.py:1517}}
Aug 14 22:21:36.772053 np0000007340 nova-conductor[95863]: DEBUG oslo_concurrency.lockutils [None req-e6911a43-09d1-4f75-ab21-d22a82d1d5c6 tempest-ServerActionsTestOtherB-2116857120 tempest-ServerActionsTestOtherB-2116857120-project-member] Acquiring lock "d6c222c5-0aec-4f49-8487-6a5cffc3b3e8" by "nova.context.set_target_cell..get_or_set_cached_cell_and_set_connections" {{(pid=95863) inner /opt/stack/data/venv/lib/python3.12/site-packages/oslo_concurrency/lockutils.py:512}}
Aug 14 22:21:36.772176 np0000007340 nova-conductor[95863]: DEBUG oslo_concurrency.lockutils [None req-e6911a43-09d1-4f75-ab21-d22a82d1d5c6 tempest-ServerActionsTestOtherB-2116857120 tempest-ServerActionsTestOtherB-2116857120-project-member] Lock "d6c222c5-0aec-4f49-8487-6a5cffc3b3e8" acquired by "nova.context.set_target_cell..get_or_set_cached_cell_and_set_connections" :: waited 0.000s {{(pid=95863) inner /opt/stack/data/venv/lib/python3.12/site-packages/oslo_concurrency/lockutils.py:525}}
Aug 14 22:21:36.772314 np0000007340 nova-conductor[95863]: DEBUG oslo_concurrency.lockutils [None req-e6911a43-09d1-4f75-ab21-d22a82d1d5c6 tempest-ServerActionsTestOtherB-2116857120 tempest-ServerActionsTestOtherB-2116857120-project-member] Lock "d6c222c5-0aec-4f49-8487-6a5cffc3b3e8" "released" by "nova.context.set_target_cell..get_or_set_cached_cell_and_set_connections" :: held 0.000s {{(pid=95863) inner /opt/stack/data/venv/lib/python3.12/site-packages/oslo_concurrency/lockutils.py:544}}
Aug 14 22:21:36.775930 np0000007340 nova-conductor[95849]: DEBUG nova.quota [None req-d9db5bf8-c276-4ba7-afac-8269e1538263 tempest-AttachVolumeNegativeTest-2035869693 tempest-AttachVolumeNegativeTest-2035869693-project-member] Getting quotas for project 6fd797c3fcd64c718054eac8f2b3b92c. Resources: {'instances', 'ram', 'cores'} {{(pid=95849) _get_quotas /opt/stack/nova/nova/quota.py:389}}
Aug 14 22:21:36.785159 np0000007340 nova-conductor[95849]: DEBUG nova.quota [None req-d9db5bf8-c276-4ba7-afac-8269e1538263 tempest-AttachVolumeNegativeTest-2035869693 tempest-AttachVolumeNegativeTest-2035869693-project-member] Getting quotas for user 669d2c9f41874e16ac236c002f30e27e and project 6fd797c3fcd64c718054eac8f2b3b92c. Resources: {'instances', 'ram', 'cores'} {{(pid=95849) _get_quotas /opt/stack/nova/nova/quota.py:379}}
Aug 14 22:21:36.794561 np0000007340 nova-conductor[95849]: DEBUG nova.conductor.manager [None req-d9db5bf8-c276-4ba7-afac-8269e1538263 tempest-AttachVolumeNegativeTest-2035869693 tempest-AttachVolumeNegativeTest-2035869693-project-member] [instance: b7a0332c-1ad0-45d9-8c11-c359fbb87e80] Selected host: np0000007340; Selected node: np0000007340; Alternates: [] {{(pid=95849) schedule_and_build_instances /opt/stack/nova/nova/conductor/manager.py:1772}}
Aug 14 22:21:36.794561 np0000007340 nova-conductor[95849]: DEBUG oslo_concurrency.lockutils [None req-d9db5bf8-c276-4ba7-afac-8269e1538263 tempest-AttachVolumeNegativeTest-2035869693 tempest-AttachVolumeNegativeTest-2035869693-project-member] Acquiring lock "d6c222c5-0aec-4f49-8487-6a5cffc3b3e8" by "nova.context.set_target_cell..get_or_set_cached_cell_and_set_connections" {{(pid=95849) inner /opt/stack/data/venv/lib/python3.12/site-packages/oslo_concurrency/lockutils.py:512}}
Aug 14 22:21:36.794561 np0000007340 nova-conductor[95849]: DEBUG oslo_concurrency.lockutils [None req-d9db5bf8-c276-4ba7-afac-8269e1538263 tempest-AttachVolumeNegativeTest-2035869693 tempest-AttachVolumeNegativeTest-2035869693-project-member] Lock "d6c222c5-0aec-4f49-8487-6a5cffc3b3e8" acquired by "nova.context.set_target_cell..get_or_set_cached_cell_and_set_connections" :: waited 0.000s {{(pid=95849) inner /opt/stack/data/venv/lib/python3.12/site-packages/oslo_concurrency/lockutils.py:525}}
Aug 14 22:21:36.794561 np0000007340 nova-conductor[95849]: DEBUG oslo_concurrency.lockutils [None req-d9db5bf8-c276-4ba7-afac-8269e1538263 tempest-AttachVolumeNegativeTest-2035869693 tempest-AttachVolumeNegativeTest-2035869693-project-member] Lock "d6c222c5-0aec-4f49-8487-6a5cffc3b3e8" "released" by "nova.context.set_target_cell..get_or_set_cached_cell_and_set_connections" :: held 0.000s {{(pid=95849) inner /opt/stack/data/venv/lib/python3.12/site-packages/oslo_concurrency/lockutils.py:544}}
Aug 14 22:21:36.811747 np0000007340 nova-conductor[95849]: DEBUG nova.conductor.manager [None req-d9db5bf8-c276-4ba7-afac-8269e1538263 tempest-AttachVolumeNegativeTest-2035869693 tempest-AttachVolumeNegativeTest-2035869693-project-member] [instance: b7a0332c-1ad0-45d9-8c11-c359fbb87e80] block_device_mapping [BlockDeviceMapping(attachment_id=,boot_index=0,connection_info=None,created_at=,delete_on_termination=True,deleted=,deleted_at=,destination_type='local',device_name=None,device_type='disk',disk_bus=None,encrypted=False,encryption_format=None,encryption_options=None,encryption_secret_uuid=None,guest_format=None,id=,image_id='d622794b-d578-4475-996f-32cfda39485d',instance=,instance_uuid=,no_device=False,snapshot_id=None,source_type='image',tag=None,updated_at=,uuid=,volume_id=None,volume_size=None,volume_type=None)] {{(pid=95849) _create_block_device_mapping /opt/stack/nova/nova/conductor/manager.py:1517}}
Aug 14 22:21:36.814474 np0000007340 nova-conductor[95849]: DEBUG oslo_concurrency.lockutils [None req-d9db5bf8-c276-4ba7-afac-8269e1538263 tempest-AttachVolumeNegativeTest-2035869693 tempest-AttachVolumeNegativeTest-2035869693-project-member] Acquiring lock "d6c222c5-0aec-4f49-8487-6a5cffc3b3e8" by "nova.context.set_target_cell..get_or_set_cached_cell_and_set_connections" {{(pid=95849) inner /opt/stack/data/venv/lib/python3.12/site-packages/oslo_concurrency/lockutils.py:512}}
