Aug 14 22:29:35.877554 np0000007340 devstack@placement-api.service[90034]: [pid: 90034|app: 0|req: 396/1186] 10.4.3.208 () {68 vars in 1499 bytes} [Fri Aug 14 22:29:35 2026] GET /placement/allocations/24e6ab8a-6dd2-4695-9020-012870329ee1 => generated 244 bytes in 12 msecs (HTTP/1.1 200) 8 headers in 296 bytes (1 switches on core 0)
Aug 14 22:29:35.887407 np0000007340 devstack@placement-api.service[90033]: DEBUG placement.requestlog [req-2dd65531-c445-4289-9b2a-7ec49695142d req-ca7a758c-3c93-4b00-8ab8-ef42bdf4098f None None] Starting request: 10.4.3.208 "GET /placement/allocation_candidates?limit=1000&resources=DISK_GB%3A1%2CMEMORY_MB%3A192%2CVCPU%3A1&root_required=%21COMPUTE_STATUS_DISABLED" {{(pid=90033) __call__ /opt/stack/placement/placement/requestlog.py:55}}
Aug 14 22:29:35.911814 np0000007340 devstack@placement-api.service[90033]: DEBUG placement.objects.research_context [req-2dd65531-c445-4289-9b2a-7ec49695142d req-ca7a758c-3c93-4b00-8ab8-ef42bdf4098f service nova] getting providers with 1 DISK_GB {{(pid=90033) __init__ /opt/stack/placement/placement/objects/research_context.py:137}}
Aug 14 22:29:35.911990 np0000007340 devstack@placement-api.service[90035]: DEBUG placement.requestlog [req-e995af82-e0d7-44ac-a76f-02323432cce3 req-60b80f77-a88f-4382-a007-51e7d3051d09 None None] Starting request: 10.4.3.208 "GET /placement/allocations/b5d85814-af2a-4194-8379-1f9fe7776ca7" {{(pid=90035) __call__ /opt/stack/placement/placement/requestlog.py:55}}
Aug 14 22:29:35.918551 np0000007340 devstack@placement-api.service[90033]: DEBUG placement.objects.research_context [req-2dd65531-c445-4289-9b2a-7ec49695142d req-ca7a758c-3c93-4b00-8ab8-ef42bdf4098f service nova] getting providers with 192 MEMORY_MB {{(pid=90033) __init__ /opt/stack/placement/placement/objects/research_context.py:137}}
Aug 14 22:29:35.922323 np0000007340 devstack@placement-api.service[90033]: DEBUG placement.objects.research_context [req-2dd65531-c445-4289-9b2a-7ec49695142d req-ca7a758c-3c93-4b00-8ab8-ef42bdf4098f service nova] getting providers with 1 VCPU {{(pid=90033) __init__ /opt/stack/placement/placement/objects/research_context.py:137}}
Aug 14 22:29:35.929153 np0000007340 devstack@placement-api.service[90033]: DEBUG placement.objects.research_context [req-2dd65531-c445-4289-9b2a-7ec49695142d req-ca7a758c-3c93-4b00-8ab8-ef42bdf4098f service nova] found 1 providers with available 1 DISK_GB {{(pid=90033) get_provider_ids_matching /opt/stack/placement/placement/objects/research_context.py:566}}
Aug 14 22:29:35.929284 np0000007340 devstack@placement-api.service[90033]: DEBUG placement.objects.research_context [req-2dd65531-c445-4289-9b2a-7ec49695142d req-ca7a758c-3c93-4b00-8ab8-ef42bdf4098f service nova] found 1 providers with available 192 MEMORY_MB {{(pid=90033) get_provider_ids_matching /opt/stack/placement/placement/objects/research_context.py:566}}
Aug 14 22:29:35.929354 np0000007340 devstack@placement-api.service[90033]: DEBUG placement.objects.research_context [req-2dd65531-c445-4289-9b2a-7ec49695142d req-ca7a758c-3c93-4b00-8ab8-ef42bdf4098f service nova] found 1 providers after filtering by previous result {{(pid=90033) get_provider_ids_matching /opt/stack/placement/placement/objects/research_context.py:597}}
Aug 14 22:29:35.929740 np0000007340 devstack@placement-api.service[90033]: DEBUG placement.objects.research_context [req-2dd65531-c445-4289-9b2a-7ec49695142d req-ca7a758c-3c93-4b00-8ab8-ef42bdf4098f service nova] found 1 providers with available 1 VCPU {{(pid=90033) get_provider_ids_matching /opt/stack/placement/placement/objects/research_context.py:566}}
Aug 14 22:29:35.929740 np0000007340 devstack@placement-api.service[90033]: DEBUG placement.objects.research_context [req-2dd65531-c445-4289-9b2a-7ec49695142d req-ca7a758c-3c93-4b00-8ab8-ef42bdf4098f service nova] found 1 providers after filtering by previous result {{(pid=90033) get_provider_ids_matching /opt/stack/placement/placement/objects/research_context.py:597}}
Aug 14 22:29:35.932691 np0000007340 devstack@placement-api.service[90035]: INFO placement.requestlog [req-e995af82-e0d7-44ac-a76f-02323432cce3 req-60b80f77-a88f-4382-a007-51e7d3051d09 service nova] 10.4.3.208 "GET /placement/allocations/b5d85814-af2a-4194-8379-1f9fe7776ca7" status: 200 len: 258 microversion: 1.28
Aug 14 22:29:35.932919 np0000007340 devstack@placement-api.service[90035]: [pid: 90035|app: 0|req: 396/1187] 10.4.3.208 () {68 vars in 1499 bytes} [Fri Aug 14 22:29:35 2026] GET /placement/allocations/b5d85814-af2a-4194-8379-1f9fe7776ca7 => generated 258 bytes in 21 msecs (HTTP/1.1 200) 8 headers in 296 bytes (1 switches on core 0)
Aug 14 22:29:35.939853 np0000007340 devstack@placement-api.service[90033]: DEBUG placement.objects.allocation_candidate [req-2dd65531-c445-4289-9b2a-7ec49695142d req-ca7a758c-3c93-4b00-8ab8-ef42bdf4098f service nova] RequestGroup(use_same_provider=False, resources={DISK_GB:1, MEMORY_MB:192, VCPU:1}, traits=(), aggregates=[]) (suffix '') returned 1 matches {{(pid=90033) _get_by_requests /opt/stack/placement/placement/objects/allocation_candidate.py:158}}
Aug 14 22:29:35.940093 np0000007340 devstack@placement-api.service[90033]: DEBUG placement.objects.allocation_candidate [req-2dd65531-c445-4289-9b2a-7ec49695142d req-ca7a758c-3c93-4b00-8ab8-ef42bdf4098f service nova] Merging candidates yields 1 allocation requests and 1 provider summaries {{(pid=90033) _merge_candidates /opt/stack/placement/placement/objects/allocation_candidate.py:973}}
Aug 14 22:29:35.941267 np0000007340 devstack@placement-api.service[90033]: INFO placement.requestlog [req-2dd65531-c445-4289-9b2a-7ec49695142d req-ca7a758c-3c93-4b00-8ab8-ef42bdf4098f service nova] 10.4.3.208 "GET /placement/allocation_candidates?limit=1000&resources=DISK_GB%3A1%2CMEMORY_MB%3A192%2CVCPU%3A1&root_required=%21COMPUTE_STATUS_DISABLED" status: 200 len: 2493 microversion: 1.36
Aug 14 22:29:35.941697 np0000007340 devstack@placement-api.service[90033]: [pid: 90033|app: 0|req: 396/1188] 10.4.3.208 () {68 vars in 1625 bytes} [Fri Aug 14 22:29:35 2026] GET /placement/allocation_candidates?limit=1000&resources=DISK_GB%3A1%2CMEMORY_MB%3A192%2CVCPU%3A1&root_required=%21COMPUTE_STATUS_DISABLED => generated 2493 bytes in 54 msecs (HTTP/1.1 200) 8 headers in 297 bytes (1 switches on core 0)
Aug 14 22:29:35.982652 np0000007340 devstack@placement-api.service[90034]: DEBUG placement.requestlog [req-e995af82-e0d7-44ac-a76f-02323432cce3 req-7479e7e0-6f5c-4212-abb4-6521232f9c8f None None] Starting request: 10.4.3.208 "GET /placement/allocations/9f41435f-dc05-4ac3-ab65-16939300373f" {{(pid=90034) __call__ /opt/stack/placement/placement/requestlog.py:55}}
Aug 14 22:29:36.005580 np0000007340 devstack@placement-api.service[90034]: INFO placement.requestlog [req-e995af82-e0d7-44ac-a76f-02323432cce3 req-7479e7e0-6f5c-4212-abb4-6521232f9c8f service nova] 10.4.3.208 "GET /placement/allocations/9f41435f-dc05-4ac3-ab65-16939300373f" status: 200 len: 244 microversion: 1.28
Aug 14 22:29:36.005851 np0000007340 devstack@placement-api.service[90034]: [pid: 90034|app: 0|req: 397/1189] 10.4.3.208 () {68 vars in 1499 bytes} [Fri Aug 14 22:29:35 2026] GET /placement/allocations/9f41435f-dc05-4ac3-ab65-16939300373f => generated 244 bytes in 24 msecs (HTTP/1.1 200) 8 headers in 296 bytes (2 switches on core 0)
Aug 14 22:29:36.011503 np0000007340 devstack@placement-api.service[90035]: DEBUG placement.requestlog [req-2dd65531-c445-4289-9b2a-7ec49695142d req-6f3f7073-78d7-4db7-975c-c6796414cc86 None None] Starting request: 10.4.3.208 "GET /placement/allocations/f755dc67-3f2b-43b0-936c-be92beb0076d" {{(pid=90035) __call__ /opt/stack/placement/placement/requestlog.py:55}}
Aug 14 22:29:36.017669 np0000007340 devstack@placement-api.service[90035]: INFO placement.requestlog [req-2dd65531-c445-4289-9b2a-7ec49695142d req-6f3f7073-78d7-4db7-975c-c6796414cc86 service nova] 10.4.3.208 "GET /placement/allocations/f755dc67-3f2b-43b0-936c-be92beb0076d" status: 200 len: 19 microversion: 1.28
Aug 14 22:29:36.018000 np0000007340 devstack@placement-api.service[90035]: [pid: 90035|app: 0|req: 397/1190] 10.4.3.208 () {68 vars in 1501 bytes} [Fri Aug 14 22:29:36 2026] GET /placement/allocations/f755dc67-3f2b-43b0-936c-be92beb0076d => generated 19 bytes in 7 msecs (HTTP/1.1 200) 8 headers in 295 bytes (1 switches on core 0)
Aug 14 22:29:36.053227 np0000007340 devstack@placement-api.service[90033]: DEBUG placement.requestlog [req-2dd65531-c445-4289-9b2a-7ec49695142d req-79c41a1b-0688-4b73-9e3c-d82988be6257 None None] Starting request: 10.4.3.208 "PUT /placement/allocations/f755dc67-3f2b-43b0-936c-be92beb0076d" {{(pid=90033) __call__ /opt/stack/placement/placement/requestlog.py:55}}
Aug 14 22:29:36.118301 np0000007340 devstack@placement-api.service[90033]: DEBUG placement.handlers.allocation [req-2dd65531-c445-4289-9b2a-7ec49695142d req-79c41a1b-0688-4b73-9e3c-d82988be6257 service nova] Successfully wrote allocations [, , ] {{(pid=90033) _update_consumers_and_create_allocations /opt/stack/placement/placement/handlers/allocation.py:462}}
Aug 14 22:29:36.118720 np0000007340 devstack@placement-api.service[90034]: DEBUG placement.requestlog [req-e995af82-e0d7-44ac-a76f-02323432cce3 req-a19b5c6d-4bf4-47ef-9a0a-64446663ca80 None None] Starting request: 10.4.3.208 "DELETE /placement/allocations/5e80d4b5-e64f-4a20-be7a-0b5dc10cd739" {{(pid=90034) __call__ /opt/stack/placement/placement/requestlog.py:55}}
Aug 14 22:29:36.122532 np0000007340 devstack@placement-api.service[90033]: INFO placement.requestlog [req-2dd65531-c445-4289-9b2a-7ec49695142d req-79c41a1b-0688-4b73-9e3c-d82988be6257 service nova] 10.4.3.208 "PUT /placement/allocations/f755dc67-3f2b-43b0-936c-be92beb0076d" status: 204 len: 0 microversion: 1.36
Aug 14 22:29:36.122851 np0000007340 devstack@placement-api.service[90033]: [pid: 90033|app: 0|req: 397/1191] 10.4.3.208 () {72 vars in 1554 bytes} [Fri Aug 14 22:29:36 2026] PUT /placement/allocations/f755dc67-3f2b-43b0-936c-be92beb0076d => generated 0 bytes in 70 msecs (HTTP/1.1 204) 5 headers in 199 bytes (1 switches on core 0)
Aug 14 22:29:36.146592 np0000007340 devstack@placement-api.service[90034]: DEBUG placement.handlers.allocation [req-e995af82-e0d7-44ac-a76f-02323432cce3 req-a19b5c6d-4bf4-47ef-9a0a-64446663ca80 service nova] Successfully deleted allocations [, , ] {{(pid=90034) delete_allocations /opt/stack/placement/placement/handlers/allocation.py:627}}
Aug 14 22:29:36.146592 np0000007340 devstack@placement-api.service[90034]: INFO placement.requestlog [req-e995af82-e0d7-44ac-a76f-02323432cce3 req-a19b5c6d-4bf4-47ef-9a0a-64446663ca80 service nova] 10.4.3.208 "DELETE /placement/allocations/5e80d4b5-e64f-4a20-be7a-0b5dc10cd739" status: 204 len: 0 microversion: 1.0
Aug 14 22:29:36.146592 np0000007340 devstack@placement-api.service[90034]: [pid: 90034|app: 0|req: 398/1192] 10.4.3.208 () {68 vars in 1477 bytes} [Fri Aug 14 22:29:36 2026] DELETE /placement/allocations/5e80d4b5-e64f-4a20-be7a-0b5dc10cd739 => generated 0 bytes in 28 msecs (HTTP/1.1 204) 5 headers in 198 bytes (1 switches on core 0)
Aug 14 22:29:36.404211 np0000007340 devstack@placement-api.service[90035]: DEBUG placement.requestlog [req-2dd65531-c445-4289-9b2a-7ec49695142d req-7e6bfe92-fd8f-4d51-a9d4-afd4058d249d None None] Starting request: 10.4.3.208 "GET /placement/allocations/f755dc67-3f2b-43b0-936c-be92beb0076d" {{(pid=90035) __call__ /opt/stack/placement/placement/requestlog.py:55}}
Aug 14 22:29:36.413896 np0000007340 devstack@placement-api.service[90035]: INFO placement.requestlog [req-2dd65531-c445-4289-9b2a-7ec49695142d req-7e6bfe92-fd8f-4d51-a9d4-afd4058d249d service nova] 10.4.3.208 "GET /placement/allocations/f755dc67-3f2b-43b0-936c-be92beb0076d" status: 200 len: 258 microversion: 1.28
Aug 14 22:29:36.414198 np0000007340 devstack@placement-api.service[90035]: [pid: 90035|app: 0|req: 398/1193] 10.4.3.208 () {68 vars in 1499 bytes} [Fri Aug 14 22:29:36 2026] GET /placement/allocations/f755dc67-3f2b-43b0-936c-be92beb0076d => generated 258 bytes in 10 msecs (HTTP/1.1 200) 8 headers in 296 bytes (1 switches on core 0)
Aug 14 22:29:36.482652 np0000007340 devstack@placement-api.service[90033]: DEBUG placement.requestlog [req-4754b4bb-32b4-4ede-b5f1-9ea3573c9fb9 req-c3450a40-d684-48dd-92b7-ac4aa624f62d None None] Starting request: 10.4.3.208 "GET /placement/allocation_candidates?limit=1000&resources=DISK_GB%3A1%2CMEMORY_MB%3A192%2CVCPU%3A1&root_required=%21COMPUTE_STATUS_DISABLED" {{(pid=90033) __call__ /opt/stack/placement/placement/requestlog.py:55}}
Aug 14 22:29:36.510753 np0000007340 devstack@placement-api.service[90033]: DEBUG placement.objects.research_context [req-4754b4bb-32b4-4ede-b5f1-9ea3573c9fb9 req-c3450a40-d684-48dd-92b7-ac4aa624f62d service nova] getting providers with 1 DISK_GB {{(pid=90033) __init__ /opt/stack/placement/placement/objects/research_context.py:137}}
Aug 14 22:29:36.514325 np0000007340 devstack@placement-api.service[90033]: DEBUG placement.objects.research_context [req-4754b4bb-32b4-4ede-b5f1-9ea3573c9fb9 req-c3450a40-d684-48dd-92b7-ac4aa624f62d service nova] getting providers with 192 MEMORY_MB {{(pid=90033) __init__ /opt/stack/placement/placement/objects/research_context.py:137}}
Aug 14 22:29:36.518502 np0000007340 devstack@placement-api.service[90033]: DEBUG placement.objects.research_context [req-4754b4bb-32b4-4ede-b5f1-9ea3573c9fb9 req-c3450a40-d684-48dd-92b7-ac4aa624f62d service nova] getting providers with 1 VCPU {{(pid=90033) __init__ /opt/stack/placement/placement/objects/research_context.py:137}}
Aug 14 22:29:36.523999 np0000007340 devstack@placement-api.service[90033]: DEBUG placement.objects.research_context [req-4754b4bb-32b4-4ede-b5f1-9ea3573c9fb9 req-c3450a40-d684-48dd-92b7-ac4aa624f62d service nova] found 1 providers with available 1 DISK_GB {{(pid=90033) get_provider_ids_matching /opt/stack/placement/placement/objects/research_context.py:566}}
Aug 14 22:29:36.524138 np0000007340 devstack@placement-api.service[90033]: DEBUG placement.objects.research_context [req-4754b4bb-32b4-4ede-b5f1-9ea3573c9fb9 req-c3450a40-d684-48dd-92b7-ac4aa624f62d service nova] found 1 providers with available 192 MEMORY_MB {{(pid=90033) get_provider_ids_matching /opt/stack/placement/placement/objects/research_context.py:566}}
Aug 14 22:29:36.524261 np0000007340 devstack@placement-api.service[90033]: DEBUG placement.objects.research_context [req-4754b4bb-32b4-4ede-b5f1-9ea3573c9fb9 req-c3450a40-d684-48dd-92b7-ac4aa624f62d service nova] found 1 providers after filtering by previous result {{(pid=90033) get_provider_ids_matching /opt/stack/placement/placement/objects/research_context.py:597}}
Aug 14 22:29:36.524349 np0000007340 devstack@placement-api.service[90033]: DEBUG placement.objects.research_context [req-4754b4bb-32b4-4ede-b5f1-9ea3573c9fb9 req-c3450a40-d684-48dd-92b7-ac4aa624f62d service nova] found 1 providers with available 1 VCPU {{(pid=90033) get_provider_ids_matching /opt/stack/placement/placement/objects/research_context.py:566}}
Aug 14 22:29:36.524482 np0000007340 devstack@placement-api.service[90033]: DEBUG placement.objects.research_context [req-4754b4bb-32b4-4ede-b5f1-9ea3573c9fb9 req-c3450a40-d684-48dd-92b7-ac4aa624f62d service nova] found 1 providers after filtering by previous result {{(pid=90033) get_provider_ids_matching /opt/stack/placement/placement/objects/research_context.py:597}}
Aug 14 22:29:36.534369 np0000007340 devstack@placement-api.service[90033]: DEBUG placement.objects.allocation_candidate [req-4754b4bb-32b4-4ede-b5f1-9ea3573c9fb9 req-c3450a40-d684-48dd-92b7-ac4aa624f62d service nova] RequestGroup(use_same_provider=False, resources={DISK_GB:1, MEMORY_MB:192, VCPU:1}, traits=(), aggregates=[]) (suffix '') returned 1 matches {{(pid=90033) _get_by_requests /opt/stack/placement/placement/objects/allocation_candidate.py:158}}
Aug 14 22:29:36.534525 np0000007340 devstack@placement-api.service[90033]: DEBUG placement.objects.allocation_candidate [req-4754b4bb-32b4-4ede-b5f1-9ea3573c9fb9 req-c3450a40-d684-48dd-92b7-ac4aa624f62d service nova] Merging candidates yields 1 allocation requests and 1 provider summaries {{(pid=90033) _merge_candidates /opt/stack/placement/placement/objects/allocation_candidate.py:973}}
Aug 14 22:29:36.536061 np0000007340 devstack@placement-api.service[90033]: INFO placement.requestlog [req-4754b4bb-32b4-4ede-b5f1-9ea3573c9fb9 req-c3450a40-d684-48dd-92b7-ac4aa624f62d service nova] 10.4.3.208 "GET /placement/allocation_candidates?limit=1000&resources=DISK_GB%3A1%2CMEMORY_MB%3A192%2CVCPU%3A1&root_required=%21COMPUTE_STATUS_DISABLED" status: 200 len: 2493 microversion: 1.36
Aug 14 22:29:36.536486 np0000007340 devstack@placement-api.service[90033]: [pid: 90033|app: 0|req: 398/1194] 10.4.3.208 () {68 vars in 1625 bytes} [Fri Aug 14 22:29:36 2026] GET /placement/allocation_candidates?limit=1000&resources=DISK_GB%3A1%2CMEMORY_MB%3A192%2CVCPU%3A1&root_required=%21COMPUTE_STATUS_DISABLED => generated 2493 bytes in 54 msecs (HTTP/1.1 200) 8 headers in 297 bytes (1 switches on core 0)
Aug 14 22:29:36.546231 np0000007340 devstack@placement-api.service[90034]: DEBUG placement.requestlog [req-2dd65531-c445-4289-9b2a-7ec49695142d req-e6ce7930-7fcd-475c-b2b7-7f7abae438d5 None None] Starting request: 10.4.3.208 "GET /placement/resource_providers/a19566f1-0c46-48e2-97a3-e1f6dbab3d13/allocations" {{(pid=90034) __call__ /opt/stack/placement/placement/requestlog.py:55}}
Aug 14 22:29:36.574171 np0000007340 devstack@placement-api.service[90034]: INFO placement.requestlog [req-2dd65531-c445-4289-9b2a-7ec49695142d req-e6ce7930-7fcd-475c-b2b7-7f7abae438d5 service nova] 10.4.3.208 "GET /placement/resource_providers/a19566f1-0c46-48e2-97a3-e1f6dbab3d13/allocations" status: 200 len: 597 microversion: 1.0
Aug 14 22:29:36.574379 np0000007340 devstack@placement-api.service[90034]: [pid: 90034|app: 0|req: 399/1195] 10.4.3.208 () {66 vars in 1512 bytes} [Fri Aug 14 22:29:36 2026] GET /placement/resource_providers/a19566f1-0c46-48e2-97a3-e1f6dbab3d13/allocations => generated 597 bytes in 28 msecs (HTTP/1.1 200) 6 headers in 224 bytes (1 switches on core 0)
Aug 14 22:29:36.611888 np0000007340 devstack@placement-api.service[90035]: DEBUG placement.requestlog [req-2dd65531-c445-4289-9b2a-7ec49695142d req-b6eeec3b-a2a8-4ae9-ab1b-ea8a4945f3b8 None None] Starting request: 10.4.3.208 "GET /placement/allocations/d585cae9-3fa7-4df9-8122-cdaa4139413e" {{(pid=90035) __call__ /opt/stack/placement/placement/requestlog.py:55}}
Aug 14 22:29:36.617457 np0000007340 devstack@placement-api.service[90033]: DEBUG placement.requestlog [req-4754b4bb-32b4-4ede-b5f1-9ea3573c9fb9 req-70e971ee-57b1-415c-bfef-c59237b70862 None None] Starting request: 10.4.3.208 "GET /placement/allocations/fcaf59c9-e6ce-4666-ae2c-1a915560a307" {{(pid=90033) __call__ /opt/stack/placement/placement/requestlog.py:55}}
Aug 14 22:29:36.628748 np0000007340 devstack@placement-api.service[90033]: INFO placement.requestlog [req-4754b4bb-32b4-4ede-b5f1-9ea3573c9fb9 req-70e971ee-57b1-415c-bfef-c59237b70862 service nova] 10.4.3.208 "GET /placement/allocations/fcaf59c9-e6ce-4666-ae2c-1a915560a307" status: 200 len: 19 microversion: 1.28
Aug 14 22:29:36.629263 np0000007340 devstack@placement-api.service[90033]: [pid: 90033|app: 0|req: 399/1196] 10.4.3.208 () {68 vars in 1501 bytes} [Fri Aug 14 22:29:36 2026] GET /placement/allocations/fcaf59c9-e6ce-4666-ae2c-1a915560a307 => generated 19 bytes in 12 msecs (HTTP/1.1 200) 8 headers in 295 bytes (1 switches on core 0)
Aug 14 22:29:36.632695 np0000007340 devstack@placement-api.service[90035]: INFO placement.requestlog [req-2dd65531-c445-4289-9b2a-7ec49695142d req-b6eeec3b-a2a8-4ae9-ab1b-ea8a4945f3b8 service nova] 10.4.3.208 "GET /placement/allocations/d585cae9-3fa7-4df9-8122-cdaa4139413e" status: 200 len: 244 microversion: 1.28
Aug 14 22:29:36.633021 np0000007340 devstack@placement-api.service[90035]: [pid: 90035|app: 0|req: 399/1197] 10.4.3.208 () {68 vars in 1499 bytes} [Fri Aug 14 22:29:36 2026] GET /placement/allocations/d585cae9-3fa7-4df9-8122-cdaa4139413e => generated 244 bytes in 21 msecs (HTTP/1.1 200) 8 headers in 296 bytes (1 switches on core 0)
Aug 14 22:29:36.673205 np0000007340 devstack@placement-api.service[90034]: DEBUG placement.requestlog [req-4754b4bb-32b4-4ede-b5f1-9ea3573c9fb9 req-34463f3e-18ef-4f6a-b090-22016667a413 None None] Starting request: 10.4.3.208 "PUT /placement/allocations/fcaf59c9-e6ce-4666-ae2c-1a915560a307" {{(pid=90034) __call__ /opt/stack/placement/placement/requestlog.py:55}}
Aug 14 22:29:36.678775 np0000007340 devstack@placement-api.service[90033]: DEBUG placement.requestlog [req-2dd65531-c445-4289-9b2a-7ec49695142d req-3a9a8ca6-fefc-4cc8-a5c1-db7b3665b129 None None] Starting request: 10.4.3.208 "GET /placement/allocations/f755dc67-3f2b-43b0-936c-be92beb0076d" {{(pid=90033) __call__ /opt/stack/placement/placement/requestlog.py:55}}
Aug 14 22:29:36.688005 np0000007340 devstack@placement-api.service[90033]: INFO placement.requestlog [req-2dd65531-c445-4289-9b2a-7ec49695142d req-3a9a8ca6-fefc-4cc8-a5c1-db7b3665b129 service nova] 10.4.3.208 "GET /placement/allocations/f755dc67-3f2b-43b0-936c-be92beb0076d" status: 200 len: 258 microversion: 1.28
Aug 14 22:29:36.689157 np0000007340 devstack@placement-api.service[90033]: [pid: 90033|app: 0|req: 400/1198] 10.4.3.208 () {68 vars in 1499 bytes} [Fri Aug 14 22:29:36 2026] GET /placement/allocations/f755dc67-3f2b-43b0-936c-be92beb0076d => generated 258 bytes in 10 msecs (HTTP/1.1 200) 8 headers in 296 bytes (1 switches on core 0)
Aug 14 22:29:36.724836 np0000007340 devstack@placement-api.service[90035]: DEBUG placement.requestlog [req-2dd65531-c445-4289-9b2a-7ec49695142d req-fc518284-b960-4e6d-bf63-6e33f910c9cc None None] Starting request: 10.4.3.208 "GET /placement/allocations/10e3d770-9564-46b4-ad3b-b99d33f23fc7" {{(pid=90035) __call__ /opt/stack/placement/placement/requestlog.py:55}}
Aug 14 22:29:36.734889 np0000007340 devstack@placement-api.service[90034]: DEBUG placement.handlers.allocation [req-4754b4bb-32b4-4ede-b5f1-9ea3573c9fb9 req-34463f3e-18ef-4f6a-b090-22016667a413 service nova] Successfully wrote allocations [, , ] {{(pid=90034) _update_consumers_and_create_allocations /opt/stack/placement/placement/handlers/allocation.py:462}}
Aug 14 22:29:36.740607 np0000007340 devstack@placement-api.service[90034]: INFO placement.requestlog [req-4754b4bb-32b4-4ede-b5f1-9ea3573c9fb9 req-34463f3e-18ef-4f6a-b090-22016667a413 service nova] 10.4.3.208 "PUT /placement/allocations/fcaf59c9-e6ce-4666-ae2c-1a915560a307" status: 204 len: 0 microversion: 1.36
Aug 14 22:29:36.740607 np0000007340 devstack@placement-api.service[90034]: [pid: 90034|app: 0|req: 400/1199] 10.4.3.208 () {72 vars in 1554 bytes} [Fri Aug 14 22:29:36 2026] PUT /placement/allocations/fcaf59c9-e6ce-4666-ae2c-1a915560a307 => generated 0 bytes in 68 msecs (HTTP/1.1 204) 5 headers in 199 bytes (1 switches on core 0)
Aug 14 22:29:36.741790 np0000007340 devstack@placement-api.service[90035]: INFO placement.requestlog [req-2dd65531-c445-4289-9b2a-7ec49695142d req-fc518284-b960-4e6d-bf63-6e33f910c9cc service nova] 10.4.3.208 "GET /placement/allocations/10e3d770-9564-46b4-ad3b-b99d33f23fc7" status: 200 len: 244 microversion: 1.28
Aug 14 22:29:36.743307 np0000007340 devstack@placement-api.service[90035]: [pid: 90035|app: 0|req: 400/1200] 10.4.3.208 () {68 vars in 1499 bytes} [Fri Aug 14 22:29:36 2026] GET /placement/allocations/10e3d770-9564-46b4-ad3b-b99d33f23fc7 => generated 244 bytes in 20 msecs (HTTP/1.1 200) 8 headers in 296 bytes (2 switches on core 0)
Aug 14 22:29:36.786414 np0000007340 devstack@placement-api.service[90033]: DEBUG placement.requestlog [req-2dd65531-c445-4289-9b2a-7ec49695142d req-38b811cc-f5c0-4faa-9ead-3d1e558f27b9 None None] Starting request: 10.4.3.208 "GET /placement/allocations/24e6ab8a-6dd2-4695-9020-012870329ee1" {{(pid=90033) __call__ /opt/stack/placement/placement/requestlog.py:55}}
Aug 14 22:29:36.799209 np0000007340 devstack@placement-api.service[90033]: INFO placement.requestlog [req-2dd65531-c445-4289-9b2a-7ec49695142d req-38b811cc-f5c0-4faa-9ead-3d1e558f27b9 service nova] 10.4.3.208 "GET /placement/allocations/24e6ab8a-6dd2-4695-9020-012870329ee1" status: 200 len: 244 microversion: 1.28
Aug 14 22:29:36.799957 np0000007340 devstack@placement-api.service[90033]: [pid: 90033|app: 0|req: 401/1201] 10.4.3.208 () {68 vars in 1499 bytes} [Fri Aug 14 22:29:36 2026] GET /placement/allocations/24e6ab8a-6dd2-4695-9020-012870329ee1 => generated 244 bytes in 14 msecs (HTTP/1.1 200) 8 headers in 296 bytes (1 switches on core 0)
Aug 14 22:29:36.842591 np0000007340 devstack@placement-api.service[90034]: DEBUG placement.requestlog [req-2dd65531-c445-4289-9b2a-7ec49695142d req-bd525c5b-dfdd-4a22-87b8-e9b66b8e616f None None] Starting request: 10.4.3.208 "GET /placement/allocations/b5d85814-af2a-4194-8379-1f9fe7776ca7" {{(pid=90034) __call__ /opt/stack/placement/placement/requestlog.py:55}}
Aug 14 22:29:36.851658 np0000007340 devstack@placement-api.service[90034]: INFO placement.requestlog [req-2dd65531-c445-4289-9b2a-7ec49695142d req-bd525c5b-dfdd-4a22-87b8-e9b66b8e616f service nova] 10.4.3.208 "GET /placement/allocations/b5d85814-af2a-4194-8379-1f9fe7776ca7" status: 200 len: 258 microversion: 1.28
Aug 14 22:29:36.851961 np0000007340 devstack@placement-api.service[90034]: [pid: 90034|app: 0|req: 401/1202] 10.4.3.208 () {68 vars in 1499 bytes} [Fri Aug 14 22:29:36 2026] GET /placement/allocations/b5d85814-af2a-4194-8379-1f9fe7776ca7 => generated 258 bytes in 9 msecs (HTTP/1.1 200) 8 headers in 296 bytes (1 switches on core 0)
Aug 14 22:29:36.893810 np0000007340 devstack@placement-api.service[90035]: DEBUG placement.requestlog [req-2dd65531-c445-4289-9b2a-7ec49695142d req-d6ff5a9a-57ab-4768-a17f-520152bc584e None None] Starting request: 10.4.3.208 "GET /placement/allocations/9f41435f-dc05-4ac3-ab65-16939300373f" {{(pid=90035) __call__ /opt/stack/placement/placement/requestlog.py:55}}
Aug 14 22:29:36.904754 np0000007340 devstack@placement-api.service[90035]: INFO placement.requestlog [req-2dd65531-c445-4289-9b2a-7ec49695142d req-d6ff5a9a-57ab-4768-a17f-520152bc584e service nova] 10.4.3.208 "GET /placement/allocations/9f41435f-dc05-4ac3-ab65-16939300373f" status: 200 len: 244 microversion: 1.28
Aug 14 22:29:36.905307 np0000007340 devstack@placement-api.service[90035]: [pid: 90035|app: 0|req: 401/1203] 10.4.3.208 () {68 vars in 1499 bytes} [Fri Aug 14 22:29:36 2026] GET /placement/allocations/9f41435f-dc05-4ac3-ab65-16939300373f => generated 244 bytes in 11 msecs (HTTP/1.1 200) 8 headers in 296 bytes (1 switches on core 0)
Aug 14 22:29:37.093081 np0000007340 devstack@placement-api.service[90033]: DEBUG placement.requestlog [req-4754b4bb-32b4-4ede-b5f1-9ea3573c9fb9 req-d222ce9b-4139-4788-b57b-f6a6804853e0 None None] Starting request: 10.4.3.208 "GET /placement/allocations/fcaf59c9-e6ce-4666-ae2c-1a915560a307" {{(pid=90033) __call__ /opt/stack/placement/placement/requestlog.py:55}}
Aug 14 22:29:37.116510 np0000007340 devstack@placement-api.service[90033]: INFO placement.requestlog [req-4754b4bb-32b4-4ede-b5f1-9ea3573c9fb9 req-d222ce9b-4139-4788-b57b-f6a6804853e0 service nova] 10.4.3.208 "GET /placement/allocations/fcaf59c9-e6ce-4666-ae2c-1a915560a307" status: 200 len: 258 microversion: 1.28
Aug 14 22:29:37.117070 np0000007340 devstack@placement-api.service[90033]: [pid: 90033|app: 0|req: 402/1204] 10.4.3.208 () {68 vars in 1499 bytes} [Fri Aug 14 22:29:37 2026] GET /placement/allocations/fcaf59c9-e6ce-4666-ae2c-1a915560a307 => generated 258 bytes in 24 msecs (HTTP/1.1 200) 8 headers in 296 bytes (1 switches on core 0)
Aug 14 22:29:37.260954 np0000007340 devstack@placement-api.service[90034]: DEBUG placement.requestlog [req-4754b4bb-32b4-4ede-b5f1-9ea3573c9fb9 req-d07da7d3-a2c4-46c4-b4cb-0a78245568da None None] Starting request: 10.4.3.208 "GET /placement/resource_providers/a19566f1-0c46-48e2-97a3-e1f6dbab3d13/allocations" {{(pid=90034) __call__ /opt/stack/placement/placement/requestlog.py:55}}
Aug 14 22:29:37.286040 np0000007340 devstack@placement-api.service[90034]: INFO placement.requestlog [req-4754b4bb-32b4-4ede-b5f1-9ea3573c9fb9 req-d07da7d3-a2c4-46c4-b4cb-0a78245568da service nova] 10.4.3.208 "GET /placement/resource_providers/a19566f1-0c46-48e2-97a3-e1f6dbab3d13/allocations" status: 200 len: 697 microversion: 1.0
Aug 14 22:29:37.286040 np0000007340 devstack@placement-api.service[90034]: [pid: 90034|app: 0|req: 402/1205] 10.4.3.208 () {66 vars in 1512 bytes} [Fri Aug 14 22:29:37 2026] GET /placement/resource_providers/a19566f1-0c46-48e2-97a3-e1f6dbab3d13/allocations => generated 697 bytes in 24 msecs (HTTP/1.1 200) 6 headers in 224 bytes (1 switches on core 0)
Aug 14 22:29:37.345126 np0000007340 devstack@placement-api.service[90035]: DEBUG placement.requestlog [req-4754b4bb-32b4-4ede-b5f1-9ea3573c9fb9 req-2289c923-a168-4b11-b814-71d6db9ba7ef None None] Starting request: 10.4.3.208 "GET /placement/allocations/fcaf59c9-e6ce-4666-ae2c-1a915560a307" {{(pid=90035) __call__ /opt/stack/placement/placement/requestlog.py:55}}
Aug 14 22:29:37.356421 np0000007340 devstack@placement-api.service[90035]: INFO placement.requestlog [req-4754b4bb-32b4-4ede-b5f1-9ea3573c9fb9 req-2289c923-a168-4b11-b814-71d6db9ba7ef service nova] 10.4.3.208 "GET /placement/allocations/fcaf59c9-e6ce-4666-ae2c-1a915560a307" status: 200 len: 258 microversion: 1.28
Aug 14 22:29:37.356749 np0000007340 devstack@placement-api.service[90035]: [pid: 90035|app: 0|req: 402/1206] 10.4.3.208 () {68 vars in 1499 bytes} [Fri Aug 14 22:29:37 2026] GET /placement/allocations/fcaf59c9-e6ce-4666-ae2c-1a915560a307 => generated 258 bytes in 12 msecs (HTTP/1.1 200) 8 headers in 296 bytes (1 switches on core 0)
Aug 14 22:29:37.443369 np0000007340 devstack@placement-api.service[90033]: DEBUG placement.requestlog [req-4754b4bb-32b4-4ede-b5f1-9ea3573c9fb9 req-acca5f61-967c-4a32-88c7-656696a2e944 None None] Starting request: 10.4.3.208 "GET /placement/allocations/d585cae9-3fa7-4df9-8122-cdaa4139413e" {{(pid=90033) __call__ /opt/stack/placement/placement/requestlog.py:55}}
Aug 14 22:29:37.459570 np0000007340 devstack@placement-api.service[90033]: INFO placement.requestlog [req-4754b4bb-32b4-4ede-b5f1-9ea3573c9fb9 req-acca5f61-967c-4a32-88c7-656696a2e944 service nova] 10.4.3.208 "GET /placement/allocations/d585cae9-3fa7-4df9-8122-cdaa4139413e" status: 200 len: 244 microversion: 1.28
Aug 14 22:29:37.460061 np0000007340 devstack@placement-api.service[90033]: [pid: 90033|app: 0|req: 403/1207] 10.4.3.208 () {68 vars in 1499 bytes} [Fri Aug 14 22:29:37 2026] GET /placement/allocations/d585cae9-3fa7-4df9-8122-cdaa4139413e => generated 244 bytes in 17 msecs (HTTP/1.1 200) 8 headers in 296 bytes (1 switches on core 0)
Aug 14 22:29:37.520268 np0000007340 devstack@placement-api.service[90034]: DEBUG placement.requestlog [req-4754b4bb-32b4-4ede-b5f1-9ea3573c9fb9 req-79f46740-655d-4d5b-84fb-db9761c22265 None None] Starting request: 10.4.3.208 "GET /placement/allocations/f755dc67-3f2b-43b0-936c-be92beb0076d" {{(pid=90034) __call__ /opt/stack/placement/placement/requestlog.py:55}}
Aug 14 22:29:37.535244 np0000007340 devstack@placement-api.service[90034]: INFO placement.requestlog [req-4754b4bb-32b4-4ede-b5f1-9ea3573c9fb9 req-79f46740-655d-4d5b-84fb-db9761c22265 service nova] 10.4.3.208 "GET /placement/allocations/f755dc67-3f2b-43b0-936c-be92beb0076d" status: 200 len: 258 microversion: 1.28
Aug 14 22:29:37.535453 np0000007340 devstack@placement-api.service[90034]: [pid: 90034|app: 0|req: 403/1208] 10.4.3.208 () {68 vars in 1499 bytes} [Fri Aug 14 22:29:37 2026] GET /placement/allocations/f755dc67-3f2b-43b0-936c-be92beb0076d => generated 258 bytes in 18 msecs (HTTP/1.1 200) 8 headers in 296 bytes (1 switches on core 0)
Aug 14 22:29:37.603382 np0000007340 devstack@placement-api.service[90035]: DEBUG placement.requestlog [req-4754b4bb-32b4-4ede-b5f1-9ea3573c9fb9 req-7aa4dcc7-ec89-4169-bfe1-a009e5865c29 None None] Starting request: 10.4.3.208 "GET /placement/allocations/10e3d770-9564-46b4-ad3b-b99d33f23fc7" {{(pid=90035) __call__ /opt/stack/placement/placement/requestlog.py:55}}
Aug 14 22:29:37.614120 np0000007340 devstack@placement-api.service[90035]: INFO placement.requestlog [req-4754b4bb-32b4-4ede-b5f1-9ea3573c9fb9 req-7aa4dcc7-ec89-4169-bfe1-a009e5865c29 service nova] 10.4.3.208 "GET /placement/allocations/10e3d770-9564-46b4-ad3b-b99d33f23fc7" status: 200 len: 244 microversion: 1.28
Aug 14 22:29:37.614557 np0000007340 devstack@placement-api.service[90035]: [pid: 90035|app: 0|req: 403/1209] 10.4.3.208 () {68 vars in 1499 bytes} [Fri Aug 14 22:29:37 2026] GET /placement/allocations/10e3d770-9564-46b4-ad3b-b99d33f23fc7 => generated 244 bytes in 11 msecs (HTTP/1.1 200) 8 headers in 296 bytes (1 switches on core 0)
Aug 14 22:29:37.678597 np0000007340 devstack@placement-api.service[90033]: DEBUG placement.requestlog [req-4754b4bb-32b4-4ede-b5f1-9ea3573c9fb9 req-9a8dea49-6422-4b8a-8769-2c5541938102 None None] Starting request: 10.4.3.208 "GET /placement/allocations/24e6ab8a-6dd2-4695-9020-012870329ee1" {{(pid=90033) __call__ /opt/stack/placement/placement/requestlog.py:55}}
Aug 14 22:29:37.690548 np0000007340 devstack@placement-api.service[90033]: INFO placement.requestlog [req-4754b4bb-32b4-4ede-b5f1-9ea3573c9fb9 req-9a8dea49-6422-4b8a-8769-2c5541938102 service nova] 10.4.3.208 "GET /placement/allocations/24e6ab8a-6dd2-4695-9020-012870329ee1" status: 200 len: 244 microversion: 1.28
Aug 14 22:29:37.690896 np0000007340 devstack@placement-api.service[90033]: [pid: 90033|app: 0|req: 404/1210] 10.4.3.208 () {68 vars in 1499 bytes} [Fri Aug 14 22:29:37 2026] GET /placement/allocations/24e6ab8a-6dd2-4695-9020-012870329ee1 => generated 244 bytes in 12 msecs (HTTP/1.1 200) 8 headers in 296 bytes (1 switches on core 0)
Aug 14 22:29:37.734821 np0000007340 devstack@placement-api.service[90034]: DEBUG placement.requestlog [req-4754b4bb-32b4-4ede-b5f1-9ea3573c9fb9 req-30257d16-aef9-4516-8636-bcec23a623b3 None None] Starting request: 10.4.3.208 "GET /placement/allocations/b5d85814-af2a-4194-8379-1f9fe7776ca7" {{(pid=90034) __call__ /opt/stack/placement/placement/requestlog.py:55}}
Aug 14 22:29:37.751127 np0000007340 devstack@placement-api.service[90034]: INFO placement.requestlog [req-4754b4bb-32b4-4ede-b5f1-9ea3573c9fb9 req-30257d16-aef9-4516-8636-bcec23a623b3 service nova] 10.4.3.208 "GET /placement/allocations/b5d85814-af2a-4194-8379-1f9fe7776ca7" status: 200 len: 258 microversion: 1.28
Aug 14 22:29:37.751127 np0000007340 devstack@placement-api.service[90034]: [pid: 90034|app: 0|req: 404/1211] 10.4.3.208 () {68 vars in 1499 bytes} [Fri Aug 14 22:29:37 2026] GET /placement/allocations/b5d85814-af2a-4194-8379-1f9fe7776ca7 => generated 258 bytes in 20 msecs (HTTP/1.1 200) 8 headers in 296 bytes (1 switches on core 0)
Aug 14 22:29:37.828312 np0000007340 devstack@placement-api.service[90035]: DEBUG placement.requestlog [req-4754b4bb-32b4-4ede-b5f1-9ea3573c9fb9 req-a62edc7b-7870-4a04-a9e4-7e0b76346798 None None] Starting request: 10.4.3.208 "GET /placement/allocations/9f41435f-dc05-4ac3-ab65-16939300373f" {{(pid=90035) __call__ /opt/stack/placement/placement/requestlog.py:55}}
Aug 14 22:29:37.836724 np0000007340 devstack@placement-api.service[90035]: INFO placement.requestlog [req-4754b4bb-32b4-4ede-b5f1-9ea3573c9fb9 req-a62edc7b-7870-4a04-a9e4-7e0b76346798 service nova] 10.4.3.208 "GET /placement/allocations/9f41435f-dc05-4ac3-ab65-16939300373f" status: 200 len: 244 microversion: 1.28
Aug 14 22:29:37.840530 np0000007340 devstack@placement-api.service[90035]: [pid: 90035|app: 0|req: 404/1212] 10.4.3.208 () {68 vars in 1499 bytes} [Fri Aug 14 22:29:37 2026] GET /placement/allocations/9f41435f-dc05-4ac3-ab65-16939300373f => generated 244 bytes in 9 msecs (HTTP/1.1 200) 8 headers in 296 bytes (1 switches on core 0)
Aug 14 22:29:43.678733 np0000007340 devstack@placement-api.service[90033]: DEBUG placement.requestlog [req-0fb53eec-9194-4188-b942-41324110cde1 req-67456d8a-e97d-4d7b-811e-6573d3773cb2 None None] Starting request: 10.4.3.208 "GET /placement/allocation_candidates?limit=1000&resources=DISK_GB%3A1%2CMEMORY_MB%3A192%2CVCPU%3A1&root_required=%21COMPUTE_STATUS_DISABLED" {{(pid=90033) __call__ /opt/stack/placement/placement/requestlog.py:55}}
Aug 14 22:29:43.696451 np0000007340 devstack@placement-api.service[90033]: DEBUG dbcounter [-] [90033] Writing DB stats placement:SELECT=147,placement:INSERT=23,placement:DELETE=12,placement:UPDATE=10 {{(pid=90033) stat_writer /opt/stack/data/venv/lib/python3.12/site-packages/dbcounter.py:115}}
Aug 14 22:29:43.717712 np0000007340 devstack@placement-api.service[90033]: DEBUG placement.objects.research_context [req-0fb53eec-9194-4188-b942-41324110cde1 req-67456d8a-e97d-4d7b-811e-6573d3773cb2 service nova] getting providers with 1 DISK_GB {{(pid=90033) __init__ /opt/stack/placement/placement/objects/research_context.py:137}}
Aug 14 22:29:43.718620 np0000007340 devstack@placement-api.service[90033]: DEBUG placement.objects.research_context [req-0fb53eec-9194-4188-b942-41324110cde1 req-67456d8a-e97d-4d7b-811e-6573d3773cb2 service nova] getting providers with 192 MEMORY_MB {{(pid=90033) __init__ /opt/stack/placement/placement/objects/research_context.py:137}}
Aug 14 22:29:43.722567 np0000007340 devstack@placement-api.service[90033]: DEBUG placement.objects.research_context [req-0fb53eec-9194-4188-b942-41324110cde1 req-67456d8a-e97d-4d7b-811e-6573d3773cb2 service nova] getting providers with 1 VCPU {{(pid=90033) __init__ /opt/stack/placement/placement/objects/research_context.py:137}}
Aug 14 22:29:43.726794 np0000007340 devstack@placement-api.service[90033]: DEBUG placement.objects.research_context [req-0fb53eec-9194-4188-b942-41324110cde1 req-67456d8a-e97d-4d7b-811e-6573d3773cb2 service nova] found 1 providers with available 1 DISK_GB {{(pid=90033) get_provider_ids_matching /opt/stack/placement/placement/objects/research_context.py:566}}
Aug 14 22:29:43.726965 np0000007340 devstack@placement-api.service[90033]: DEBUG placement.objects.research_context [req-0fb53eec-9194-4188-b942-41324110cde1 req-67456d8a-e97d-4d7b-811e-6573d3773cb2 service nova] found 1 providers with available 192 MEMORY_MB {{(pid=90033) get_provider_ids_matching /opt/stack/placement/placement/objects/research_context.py:566}}
Aug 14 22:29:43.727075 np0000007340 devstack@placement-api.service[90033]: DEBUG placement.objects.research_context [req-0fb53eec-9194-4188-b942-41324110cde1 req-67456d8a-e97d-4d7b-811e-6573d3773cb2 service nova] found 1 providers after filtering by previous result {{(pid=90033) get_provider_ids_matching /opt/stack/placement/placement/objects/research_context.py:597}}
Aug 14 22:29:43.727153 np0000007340 devstack@placement-api.service[90033]: DEBUG placement.objects.research_context [req-0fb53eec-9194-4188-b942-41324110cde1 req-67456d8a-e97d-4d7b-811e-6573d3773cb2 service nova] found 1 providers with available 1 VCPU {{(pid=90033) get_provider_ids_matching /opt/stack/placement/placement/objects/research_context.py:566}}
Aug 14 22:29:43.727233 np0000007340 devstack@placement-api.service[90033]: DEBUG placement.objects.research_context [req-0fb53eec-9194-4188-b942-41324110cde1 req-67456d8a-e97d-4d7b-811e-6573d3773cb2 service nova] found 1 providers after filtering by previous result {{(pid=90033) get_provider_ids_matching /opt/stack/placement/placement/objects/research_context.py:597}}
Aug 14 22:29:43.736296 np0000007340 devstack@placement-api.service[90033]: DEBUG placement.objects.allocation_candidate [req-0fb53eec-9194-4188-b942-41324110cde1 req-67456d8a-e97d-4d7b-811e-6573d3773cb2 service nova] RequestGroup(use_same_provider=False, resources={DISK_GB:1, MEMORY_MB:192, VCPU:1}, traits=(), aggregates=[]) (suffix '') returned 1 matches {{(pid=90033) _get_by_requests /opt/stack/placement/placement/objects/allocation_candidate.py:158}}
Aug 14 22:29:43.736460 np0000007340 devstack@placement-api.service[90033]: DEBUG placement.objects.allocation_candidate [req-0fb53eec-9194-4188-b942-41324110cde1 req-67456d8a-e97d-4d7b-811e-6573d3773cb2 service nova] Merging candidates yields 1 allocation requests and 1 provider summaries {{(pid=90033) _merge_candidates /opt/stack/placement/placement/objects/allocation_candidate.py:973}}
Aug 14 22:29:43.738160 np0000007340 devstack@placement-api.service[90033]: INFO placement.requestlog [req-0fb53eec-9194-4188-b942-41324110cde1 req-67456d8a-e97d-4d7b-811e-6573d3773cb2 service nova] 10.4.3.208 "GET /placement/allocation_candidates?limit=1000&resources=DISK_GB%3A1%2CMEMORY_MB%3A192%2CVCPU%3A1&root_required=%21COMPUTE_STATUS_DISABLED" status: 200 len: 2493 microversion: 1.36
Aug 14 22:29:43.738412 np0000007340 devstack@placement-api.service[90033]: [pid: 90033|app: 0|req: 405/1213] 10.4.3.208 () {68 vars in 1625 bytes} [Fri Aug 14 22:29:43 2026] GET /placement/allocation_candidates?limit=1000&resources=DISK_GB%3A1%2CMEMORY_MB%3A192%2CVCPU%3A1&root_required=%21COMPUTE_STATUS_DISABLED => generated 2493 bytes in 60 msecs (HTTP/1.1 200) 8 headers in 297 bytes (1 switches on core 0)
Aug 14 22:29:43.807404 np0000007340 devstack@placement-api.service[90034]: DEBUG placement.requestlog [req-0fb53eec-9194-4188-b942-41324110cde1 req-1195efcd-9bbb-47a8-9310-766be0ad848e None None] Starting request: 10.4.3.208 "GET /placement/allocations/564efa67-9d83-4f56-ba6b-c5a7329a38a7" {{(pid=90034) __call__ /opt/stack/placement/placement/requestlog.py:55}}
Aug 14 22:29:43.812251 np0000007340 devstack@placement-api.service[90034]: DEBUG dbcounter [-] [90034] Writing DB stats placement:SELECT=164,placement:DELETE=14,placement:INSERT=21,placement:UPDATE=8 {{(pid=90034) stat_writer /opt/stack/data/venv/lib/python3.12/site-packages/dbcounter.py:115}}
Aug 14 22:29:43.814431 np0000007340 devstack@placement-api.service[90034]: INFO placement.requestlog [req-0fb53eec-9194-4188-b942-41324110cde1 req-1195efcd-9bbb-47a8-9310-766be0ad848e service nova] 10.4.3.208 "GET /placement/allocations/564efa67-9d83-4f56-ba6b-c5a7329a38a7" status: 200 len: 19 microversion: 1.28
Aug 14 22:29:43.814805 np0000007340 devstack@placement-api.service[90034]: [pid: 90034|app: 0|req: 405/1214] 10.4.3.208 () {68 vars in 1501 bytes} [Fri Aug 14 22:29:43 2026] GET /placement/allocations/564efa67-9d83-4f56-ba6b-c5a7329a38a7 => generated 19 bytes in 7 msecs (HTTP/1.1 200) 8 headers in 295 bytes (1 switches on core 0)
Aug 14 22:29:43.849670 np0000007340 devstack@placement-api.service[90035]: DEBUG placement.requestlog [req-0fb53eec-9194-4188-b942-41324110cde1 req-d87a2e0f-2000-4ab9-8eb4-09e53a803c1e None None] Starting request: 10.4.3.208 "PUT /placement/allocations/564efa67-9d83-4f56-ba6b-c5a7329a38a7" {{(pid=90035) __call__ /opt/stack/placement/placement/requestlog.py:55}}
Aug 14 22:29:43.863703 np0000007340 devstack@placement-api.service[90035]: DEBUG dbcounter [-] [90035] Writing DB stats placement:SELECT=111,placement:DELETE=4 {{(pid=90035) stat_writer /opt/stack/data/venv/lib/python3.12/site-packages/dbcounter.py:115}}
Aug 14 22:29:43.905474 np0000007340 devstack@placement-api.service[90035]: DEBUG placement.handlers.allocation [req-0fb53eec-9194-4188-b942-41324110cde1 req-d87a2e0f-2000-4ab9-8eb4-09e53a803c1e service nova] Successfully wrote allocations [, , ] {{(pid=90035) _update_consumers_and_create_allocations /opt/stack/placement/placement/handlers/allocation.py:462}}
Aug 14 22:29:43.912430 np0000007340 devstack@placement-api.service[90035]: INFO placement.requestlog [req-0fb53eec-9194-4188-b942-41324110cde1 req-d87a2e0f-2000-4ab9-8eb4-09e53a803c1e service nova] 10.4.3.208 "PUT /placement/allocations/564efa67-9d83-4f56-ba6b-c5a7329a38a7" status: 204 len: 0 microversion: 1.36
Aug 14 22:29:43.912759 np0000007340 devstack@placement-api.service[90035]: [pid: 90035|app: 0|req: 405/1215] 10.4.3.208 () {72 vars in 1554 bytes} [Fri Aug 14 22:29:43 2026] PUT /placement/allocations/564efa67-9d83-4f56-ba6b-c5a7329a38a7 => generated 0 bytes in 64 msecs (HTTP/1.1 204) 5 headers in 199 bytes (1 switches on core 0)
Aug 14 22:29:44.198954 np0000007340 devstack@placement-api.service[90033]: DEBUG placement.requestlog [req-0fb53eec-9194-4188-b942-41324110cde1 req-26f8afef-efad-479a-91b1-6dee100fbb25 None None] Starting request: 10.4.3.208 "GET /placement/allocations/564efa67-9d83-4f56-ba6b-c5a7329a38a7" {{(pid=90033) __call__ /opt/stack/placement/placement/requestlog.py:55}}
Aug 14 22:29:44.210773 np0000007340 devstack@placement-api.service[90033]: INFO placement.requestlog [req-0fb53eec-9194-4188-b942-41324110cde1 req-26f8afef-efad-479a-91b1-6dee100fbb25 service nova] 10.4.3.208 "GET /placement/allocations/564efa67-9d83-4f56-ba6b-c5a7329a38a7" status: 200 len: 258 microversion: 1.28
Aug 14 22:29:44.211003 np0000007340 devstack@placement-api.service[90033]: [pid: 90033|app: 0|req: 406/1216] 10.4.3.208 () {68 vars in 1499 bytes} [Fri Aug 14 22:29:44 2026] GET /placement/allocations/564efa67-9d83-4f56-ba6b-c5a7329a38a7 => generated 258 bytes in 12 msecs (HTTP/1.1 200) 8 headers in 296 bytes (1 switches on core 0)
Aug 14 22:29:44.327670 np0000007340 devstack@placement-api.service[90034]: DEBUG placement.requestlog [req-0fb53eec-9194-4188-b942-41324110cde1 req-2a2729b9-7b2a-4304-b85d-a58fdb93e036 None None] Starting request: 10.4.3.208 "GET /placement/resource_providers/a19566f1-0c46-48e2-97a3-e1f6dbab3d13/allocations" {{(pid=90034) __call__ /opt/stack/placement/placement/requestlog.py:55}}
Aug 14 22:29:44.347664 np0000007340 devstack@placement-api.service[90034]: INFO placement.requestlog [req-0fb53eec-9194-4188-b942-41324110cde1 req-2a2729b9-7b2a-4304-b85d-a58fdb93e036 service nova] 10.4.3.208 "GET /placement/resource_providers/a19566f1-0c46-48e2-97a3-e1f6dbab3d13/allocations" status: 200 len: 797 microversion: 1.0
Aug 14 22:29:44.348146 np0000007340 devstack@placement-api.service[90034]: [pid: 90034|app: 0|req: 406/1217] 10.4.3.208 () {66 vars in 1512 bytes} [Fri Aug 14 22:29:44 2026] GET /placement/resource_providers/a19566f1-0c46-48e2-97a3-e1f6dbab3d13/allocations => generated 797 bytes in 20 msecs (HTTP/1.1 200) 6 headers in 224 bytes (1 switches on core 0)
Aug 14 22:29:44.385397 np0000007340 devstack@placement-api.service[90035]: DEBUG placement.requestlog [req-0fb53eec-9194-4188-b942-41324110cde1 req-dfb0f1b0-b519-4a4a-a351-4fbf74ca9e7f None None] Starting request: 10.4.3.208 "GET /placement/allocations/fcaf59c9-e6ce-4666-ae2c-1a915560a307" {{(pid=90035) __call__ /opt/stack/placement/placement/requestlog.py:55}}
Aug 14 22:29:44.394415 np0000007340 devstack@placement-api.service[90035]: INFO placement.requestlog [req-0fb53eec-9194-4188-b942-41324110cde1 req-dfb0f1b0-b519-4a4a-a351-4fbf74ca9e7f service nova] 10.4.3.208 "GET /placement/allocations/fcaf59c9-e6ce-4666-ae2c-1a915560a307" status: 200 len: 258 microversion: 1.28
Aug 14 22:29:44.394690 np0000007340 devstack@placement-api.service[90035]: [pid: 90035|app: 0|req: 406/1218] 10.4.3.208 () {68 vars in 1499 bytes} [Fri Aug 14 22:29:44 2026] GET /placement/allocations/fcaf59c9-e6ce-4666-ae2c-1a915560a307 => generated 258 bytes in 9 msecs (HTTP/1.1 200) 8 headers in 296 bytes (1 switches on core 0)
Aug 14 22:29:44.442711 np0000007340 devstack@placement-api.service[90033]: DEBUG placement.requestlog [req-0fb53eec-9194-4188-b942-41324110cde1 req-7d8dcc4d-b558-4907-b0b4-741ba0b7302a None None] Starting request: 10.4.3.208 "GET /placement/allocations/d585cae9-3fa7-4df9-8122-cdaa4139413e" {{(pid=90033) __call__ /opt/stack/placement/placement/requestlog.py:55}}
Aug 14 22:29:44.458371 np0000007340 devstack@placement-api.service[90033]: INFO placement.requestlog [req-0fb53eec-9194-4188-b942-41324110cde1 req-7d8dcc4d-b558-4907-b0b4-741ba0b7302a service nova] 10.4.3.208 "GET /placement/allocations/d585cae9-3fa7-4df9-8122-cdaa4139413e" status: 200 len: 244 microversion: 1.28
Aug 14 22:29:44.458648 np0000007340 devstack@placement-api.service[90033]: [pid: 90033|app: 0|req: 407/1219] 10.4.3.208 () {68 vars in 1499 bytes} [Fri Aug 14 22:29:44 2026] GET /placement/allocations/d585cae9-3fa7-4df9-8122-cdaa4139413e => generated 244 bytes in 16 msecs (HTTP/1.1 200) 8 headers in 296 bytes (1 switches on core 0)
Aug 14 22:29:44.513444 np0000007340 devstack@placement-api.service[90034]: DEBUG placement.requestlog [req-0fb53eec-9194-4188-b942-41324110cde1 req-ba024f1f-612e-46c9-9487-c5e9c7a0b050 None None] Starting request: 10.4.3.208 "GET /placement/allocations/f755dc67-3f2b-43b0-936c-be92beb0076d" {{(pid=90034) __call__ /opt/stack/placement/placement/requestlog.py:55}}
Aug 14 22:29:44.533783 np0000007340 devstack@placement-api.service[90034]: INFO placement.requestlog [req-0fb53eec-9194-4188-b942-41324110cde1 req-ba024f1f-612e-46c9-9487-c5e9c7a0b050 service nova] 10.4.3.208 "GET /placement/allocations/f755dc67-3f2b-43b0-936c-be92beb0076d" status: 200 len: 258 microversion: 1.28
Aug 14 22:29:44.534056 np0000007340 devstack@placement-api.service[90034]: [pid: 90034|app: 0|req: 407/1220] 10.4.3.208 () {68 vars in 1499 bytes} [Fri Aug 14 22:29:44 2026] GET /placement/allocations/f755dc67-3f2b-43b0-936c-be92beb0076d => generated 258 bytes in 21 msecs (HTTP/1.1 200) 8 headers in 296 bytes (1 switches on core 0)
Aug 14 22:29:44.577773 np0000007340 devstack@placement-api.service[90035]: DEBUG placement.requestlog [req-0fb53eec-9194-4188-b942-41324110cde1 req-b882c437-c0ca-4d4f-863d-5d44cfe9143f None None] Starting request: 10.4.3.208 "GET /placement/allocations/564efa67-9d83-4f56-ba6b-c5a7329a38a7" {{(pid=90035) __call__ /opt/stack/placement/placement/requestlog.py:55}}
Aug 14 22:29:44.587109 np0000007340 devstack@placement-api.service[90035]: INFO placement.requestlog [req-0fb53eec-9194-4188-b942-41324110cde1 req-b882c437-c0ca-4d4f-863d-5d44cfe9143f service nova] 10.4.3.208 "GET /placement/allocations/564efa67-9d83-4f56-ba6b-c5a7329a38a7" status: 200 len: 258 microversion: 1.28
Aug 14 22:29:44.587809 np0000007340 devstack@placement-api.service[90035]: [pid: 90035|app: 0|req: 407/1221] 10.4.3.208 () {68 vars in 1499 bytes} [Fri Aug 14 22:29:44 2026] GET /placement/allocations/564efa67-9d83-4f56-ba6b-c5a7329a38a7 => generated 258 bytes in 12 msecs (HTTP/1.1 200) 8 headers in 296 bytes (1 switches on core 0)
