Aug 04 07:11:36.624421 np0000006389 systemd[1]: Starting devstack@n-api-meta.service - Devstack devstack@n-api-meta.service...
Aug 04 07:11:36.630317 np0000006389 devstack@n-api-meta.service[96091]: [uWSGI] getting INI configuration from /etc/nova/nova-metadata-uwsgi.ini
Aug 04 07:11:36.632759 np0000006389 devstack@n-api-meta.service[96091]: *** Starting uWSGI 2.0.24-debian (64bit) on [Tue Aug 4 07:11:36 2026] ***
Aug 04 07:11:36.632759 np0000006389 devstack@n-api-meta.service[96091]: compiled with version: 13.2.0 on 17 April 2024 16:23:48
Aug 04 07:11:36.632759 np0000006389 devstack@n-api-meta.service[96091]: os: Linux-6.8.0-100-generic #100-Ubuntu SMP PREEMPT_DYNAMIC Tue Jan 13 16:40:06 UTC 2026
Aug 04 07:11:36.632759 np0000006389 devstack@n-api-meta.service[96091]: nodename: np0000006389
Aug 04 07:11:36.632759 np0000006389 devstack@n-api-meta.service[96091]: machine: x86_64
Aug 04 07:11:36.632759 np0000006389 devstack@n-api-meta.service[96091]: clock source: unix
Aug 04 07:11:36.632759 np0000006389 devstack@n-api-meta.service[96091]: pcre jit disabled
Aug 04 07:11:36.632759 np0000006389 devstack@n-api-meta.service[96091]: detected number of CPU cores: 16
Aug 04 07:11:36.632759 np0000006389 devstack@n-api-meta.service[96091]: current working directory: /
Aug 04 07:11:36.632759 np0000006389 devstack@n-api-meta.service[96091]: detected binary path: /usr/bin/uwsgi-core
Aug 04 07:11:36.632759 np0000006389 devstack@n-api-meta.service[96091]: your processes number limit is 257052
Aug 04 07:11:36.632759 np0000006389 devstack@n-api-meta.service[96091]: your memory page size is 4096 bytes
Aug 04 07:11:36.632759 np0000006389 devstack@n-api-meta.service[96091]: detected max file descriptor number: 2048
Aug 04 07:11:36.632759 np0000006389 devstack@n-api-meta.service[96091]: lock engine: pthread robust mutexes
Aug 04 07:11:36.633118 np0000006389 devstack@n-api-meta.service[96091]: thunder lock: enabled
Aug 04 07:11:36.633286 np0000006389 devstack@n-api-meta.service[96091]: uWSGI http bound on 0.0.0.0:8775 fd 5
Aug 04 07:11:36.633338 np0000006389 devstack@n-api-meta.service[96091]: uwsgi socket 0 bound to TCP address 127.0.0.1:38459 (port auto-assigned) fd 4
Aug 04 07:11:36.633338 np0000006389 devstack@n-api-meta.service[96091]: Python version: 3.12.3 (main, Jun 19 2026, 12:46:00) [GCC 13.3.0]
Aug 04 07:11:36.633387 np0000006389 devstack@n-api-meta.service[96091]: PEP 405 virtualenv detected: /opt/stack/data/venv
Aug 04 07:11:36.633387 np0000006389 devstack@n-api-meta.service[96091]: Set PythonHome to /opt/stack/data/venv
Aug 04 07:11:36.669643 np0000006389 devstack@n-api-meta.service[96091]: Python main interpreter initialized at 0x772ef2ea4668
Aug 04 07:11:36.669643 np0000006389 devstack@n-api-meta.service[96091]: python threads support enabled
Aug 04 07:11:36.669643 np0000006389 devstack@n-api-meta.service[96091]: your server socket listen backlog is limited to 100 connections
Aug 04 07:11:36.669643 np0000006389 devstack@n-api-meta.service[96091]: your mercy for graceful operations on workers is 80 seconds
Aug 04 07:11:36.670232 np0000006389 devstack@n-api-meta.service[96091]: mapped 671795 bytes (656 KB) for 4 cores
Aug 04 07:11:36.670392 np0000006389 devstack@n-api-meta.service[96091]: *** Operational MODE: preforking ***
Aug 04 07:11:36.670616 np0000006389 devstack@n-api-meta.service[96091]: *** uWSGI is running in multiple interpreter mode ***
Aug 04 07:11:36.670616 np0000006389 devstack@n-api-meta.service[96091]: spawned uWSGI master process (pid: 96091)
Aug 04 07:11:36.670811 np0000006389 systemd[1]: Started devstack@n-api-meta.service - Devstack devstack@n-api-meta.service.
Aug 04 07:11:36.671353 np0000006389 devstack@n-api-meta.service[96091]: spawned uWSGI worker 1 (pid: 96092, cores: 1)
Aug 04 07:11:36.671917 np0000006389 devstack@n-api-meta.service[96091]: spawned uWSGI worker 2 (pid: 96093, cores: 1)
Aug 04 07:11:36.672415 np0000006389 devstack@n-api-meta.service[96091]: spawned uWSGI worker 3 (pid: 96094, cores: 1)
Aug 04 07:11:36.672820 np0000006389 devstack@n-api-meta.service[96091]: spawned uWSGI worker 4 (pid: 96095, cores: 1)
Aug 04 07:11:36.673261 np0000006389 devstack@n-api-meta.service[96091]: spawned uWSGI http 1 (pid: 96096)
Aug 04 07:11:36.673261 np0000006389 devstack@n-api-meta.service[96091]: running "unix_signal:15 gracefully_kill_them_all" (master-start)...
Aug 04 07:11:38.351403 np0000006389 devstack@n-api-meta.service[96093]: INFO dbcounter [None req-48b50cee-cce2-4458-b071-bd4508225572 None None] Registered counter for database nova_api
Aug 04 07:11:38.383257 np0000006389 devstack@n-api-meta.service[96092]: INFO dbcounter [None req-5b6aa0dc-7aba-45a2-b588-47c676c53976 None None] Registered counter for database nova_api
Aug 04 07:11:38.397356 np0000006389 devstack@n-api-meta.service[96095]: INFO dbcounter [None req-d060f915-5fa1-4251-8389-5a6ab3a164fb None None] Registered counter for database nova_api
Aug 04 07:11:38.404483 np0000006389 devstack@n-api-meta.service[96093]: DEBUG oslo_db.sqlalchemy.engines [None req-48b50cee-cce2-4458-b071-bd4508225572 None None] MySQL server mode set to STRICT_TRANS_TABLES,STRICT_ALL_TABLES,NO_ZERO_IN_DATE,NO_ZERO_DATE,ERROR_FOR_DIVISION_BY_ZERO,TRADITIONAL,NO_ENGINE_SUBSTITUTION {{(pid=96093) _check_effective_sql_mode /opt/stack/data/venv/lib/python3.12/site-packages/oslo_db/sqlalchemy/engines.py:325}}
Aug 04 07:11:38.421339 np0000006389 devstack@n-api-meta.service[96094]: INFO dbcounter [None req-14f39db6-1e70-4525-8b0d-f5a2f60006cb None None] Registered counter for database nova_api
Aug 04 07:11:38.428208 np0000006389 devstack@n-api-meta.service[96092]: DEBUG oslo_db.sqlalchemy.engines [None req-5b6aa0dc-7aba-45a2-b588-47c676c53976 None None] MySQL server mode set to STRICT_TRANS_TABLES,STRICT_ALL_TABLES,NO_ZERO_IN_DATE,NO_ZERO_DATE,ERROR_FOR_DIVISION_BY_ZERO,TRADITIONAL,NO_ENGINE_SUBSTITUTION {{(pid=96092) _check_effective_sql_mode /opt/stack/data/venv/lib/python3.12/site-packages/oslo_db/sqlalchemy/engines.py:325}}
Aug 04 07:11:38.432480 np0000006389 devstack@n-api-meta.service[96093]: DEBUG dbcounter [-] [96093] Writer thread running {{(pid=96093) stat_writer /opt/stack/data/venv/lib/python3.12/site-packages/dbcounter.py:102}}
Aug 04 07:11:38.435699 np0000006389 devstack@n-api-meta.service[96093]: DEBUG nova.context [None req-48b50cee-cce2-4458-b071-bd4508225572 None None] Found 2 cells: 00000000-0000-0000-0000-000000000000(cell0),01a285c1-b073-45eb-8661-d510b7f26911(cell1) {{(pid=96093) load_cells /opt/stack/nova/nova/context.py:509}}
Aug 04 07:11:38.435699 np0000006389 devstack@n-api-meta.service[96093]: INFO nova.utils [None req-48b50cee-cce2-4458-b071-bd4508225572 None None] The cell worker thread pool MainProcess.cell_worker is initialized
Aug 04 07:11:38.436734 np0000006389 devstack@n-api-meta.service[96093]: DEBUG oslo_concurrency.lockutils [None req-48b50cee-cce2-4458-b071-bd4508225572 None None] Acquiring lock "00000000-0000-0000-0000-000000000000" by "nova.context.set_target_cell..get_or_set_cached_cell_and_set_connections" {{(pid=96093) inner /opt/stack/data/venv/lib/python3.12/site-packages/oslo_concurrency/lockutils.py:512}}
Aug 04 07:11:38.436991 np0000006389 devstack@n-api-meta.service[96093]: DEBUG oslo_concurrency.lockutils [None req-48b50cee-cce2-4458-b071-bd4508225572 None None] Lock "00000000-0000-0000-0000-000000000000" acquired by "nova.context.set_target_cell..get_or_set_cached_cell_and_set_connections" :: waited 0.000s {{(pid=96093) inner /opt/stack/data/venv/lib/python3.12/site-packages/oslo_concurrency/lockutils.py:525}}
Aug 04 07:11:38.437452 np0000006389 devstack@n-api-meta.service[96093]: DEBUG oslo_concurrency.lockutils [None req-48b50cee-cce2-4458-b071-bd4508225572 None None] Lock "00000000-0000-0000-0000-000000000000" "released" by "nova.context.set_target_cell..get_or_set_cached_cell_and_set_connections" :: held 0.001s {{(pid=96093) inner /opt/stack/data/venv/lib/python3.12/site-packages/oslo_concurrency/lockutils.py:544}}
Aug 04 07:11:38.438080 np0000006389 devstack@n-api-meta.service[96093]: DEBUG oslo_concurrency.lockutils [None req-48b50cee-cce2-4458-b071-bd4508225572 None None] Acquiring lock "01a285c1-b073-45eb-8661-d510b7f26911" by "nova.context.set_target_cell..get_or_set_cached_cell_and_set_connections" {{(pid=96093) inner /opt/stack/data/venv/lib/python3.12/site-packages/oslo_concurrency/lockutils.py:512}}
Aug 04 07:11:38.438246 np0000006389 devstack@n-api-meta.service[96093]: DEBUG oslo_concurrency.lockutils [None req-48b50cee-cce2-4458-b071-bd4508225572 None None] Lock "01a285c1-b073-45eb-8661-d510b7f26911" acquired by "nova.context.set_target_cell..get_or_set_cached_cell_and_set_connections" :: waited 0.000s {{(pid=96093) inner /opt/stack/data/venv/lib/python3.12/site-packages/oslo_concurrency/lockutils.py:525}}
Aug 04 07:11:38.439052 np0000006389 devstack@n-api-meta.service[96093]: DEBUG oslo_concurrency.lockutils [None req-48b50cee-cce2-4458-b071-bd4508225572 None None] Lock "01a285c1-b073-45eb-8661-d510b7f26911" "released" by "nova.context.set_target_cell..get_or_set_cached_cell_and_set_connections" :: held 0.001s {{(pid=96093) inner /opt/stack/data/venv/lib/python3.12/site-packages/oslo_concurrency/lockutils.py:544}}
Aug 04 07:11:38.441703 np0000006389 devstack@n-api-meta.service[96093]: INFO dbcounter [None req-48b50cee-cce2-4458-b071-bd4508225572 None None] Registered counter for database nova_cell0
Aug 04 07:11:38.442553 np0000006389 devstack@n-api-meta.service[96093]: INFO dbcounter [None req-48b50cee-cce2-4458-b071-bd4508225572 None None] Registered counter for database nova_cell1
Aug 04 07:11:38.453050 np0000006389 devstack@n-api-meta.service[96095]: DEBUG oslo_db.sqlalchemy.engines [None req-d060f915-5fa1-4251-8389-5a6ab3a164fb None None] MySQL server mode set to STRICT_TRANS_TABLES,STRICT_ALL_TABLES,NO_ZERO_IN_DATE,NO_ZERO_DATE,ERROR_FOR_DIVISION_BY_ZERO,TRADITIONAL,NO_ENGINE_SUBSTITUTION {{(pid=96095) _check_effective_sql_mode /opt/stack/data/venv/lib/python3.12/site-packages/oslo_db/sqlalchemy/engines.py:325}}
Aug 04 07:11:38.459700 np0000006389 devstack@n-api-meta.service[96092]: DEBUG dbcounter [-] [96092] Writer thread running {{(pid=96092) stat_writer /opt/stack/data/venv/lib/python3.12/site-packages/dbcounter.py:102}}
Aug 04 07:11:38.462663 np0000006389 devstack@n-api-meta.service[96092]: DEBUG nova.context [None req-5b6aa0dc-7aba-45a2-b588-47c676c53976 None None] Found 2 cells: 00000000-0000-0000-0000-000000000000(cell0),01a285c1-b073-45eb-8661-d510b7f26911(cell1) {{(pid=96092) load_cells /opt/stack/nova/nova/context.py:509}}
Aug 04 07:11:38.462989 np0000006389 devstack@n-api-meta.service[96092]: INFO nova.utils [None req-5b6aa0dc-7aba-45a2-b588-47c676c53976 None None] The cell worker thread pool MainProcess.cell_worker is initialized
Aug 04 07:11:38.464922 np0000006389 devstack@n-api-meta.service[96092]: DEBUG oslo_concurrency.lockutils [None req-5b6aa0dc-7aba-45a2-b588-47c676c53976 None None] Acquiring lock "00000000-0000-0000-0000-000000000000" by "nova.context.set_target_cell..get_or_set_cached_cell_and_set_connections" {{(pid=96092) inner /opt/stack/data/venv/lib/python3.12/site-packages/oslo_concurrency/lockutils.py:512}}
Aug 04 07:11:38.465175 np0000006389 devstack@n-api-meta.service[96092]: DEBUG oslo_concurrency.lockutils [None req-5b6aa0dc-7aba-45a2-b588-47c676c53976 None None] Lock "00000000-0000-0000-0000-000000000000" acquired by "nova.context.set_target_cell..get_or_set_cached_cell_and_set_connections" :: waited 0.000s {{(pid=96092) inner /opt/stack/data/venv/lib/python3.12/site-packages/oslo_concurrency/lockutils.py:525}}
Aug 04 07:11:38.465610 np0000006389 devstack@n-api-meta.service[96092]: DEBUG oslo_concurrency.lockutils [None req-5b6aa0dc-7aba-45a2-b588-47c676c53976 None None] Lock "00000000-0000-0000-0000-000000000000" "released" by "nova.context.set_target_cell..get_or_set_cached_cell_and_set_connections" :: held 0.000s {{(pid=96092) inner /opt/stack/data/venv/lib/python3.12/site-packages/oslo_concurrency/lockutils.py:544}}
Aug 04 07:11:38.466392 np0000006389 devstack@n-api-meta.service[96092]: DEBUG oslo_concurrency.lockutils [None req-5b6aa0dc-7aba-45a2-b588-47c676c53976 None None] Acquiring lock "01a285c1-b073-45eb-8661-d510b7f26911" by "nova.context.set_target_cell..get_or_set_cached_cell_and_set_connections" {{(pid=96092) inner /opt/stack/data/venv/lib/python3.12/site-packages/oslo_concurrency/lockutils.py:512}}
Aug 04 07:11:38.466609 np0000006389 devstack@n-api-meta.service[96092]: DEBUG oslo_concurrency.lockutils [None req-5b6aa0dc-7aba-45a2-b588-47c676c53976 None None] Lock "01a285c1-b073-45eb-8661-d510b7f26911" acquired by "nova.context.set_target_cell..get_or_set_cached_cell_and_set_connections" :: waited 0.000s {{(pid=96092) inner /opt/stack/data/venv/lib/python3.12/site-packages/oslo_concurrency/lockutils.py:525}}
Aug 04 07:11:38.467534 np0000006389 devstack@n-api-meta.service[96092]: DEBUG oslo_concurrency.lockutils [None req-5b6aa0dc-7aba-45a2-b588-47c676c53976 None None] Lock "01a285c1-b073-45eb-8661-d510b7f26911" "released" by "nova.context.set_target_cell..get_or_set_cached_cell_and_set_connections" :: held 0.001s {{(pid=96092) inner /opt/stack/data/venv/lib/python3.12/site-packages/oslo_concurrency/lockutils.py:544}}
Aug 04 07:11:38.469541 np0000006389 devstack@n-api-meta.service[96092]: INFO dbcounter [None req-5b6aa0dc-7aba-45a2-b588-47c676c53976 None None] Registered counter for database nova_cell0
Aug 04 07:11:38.473046 np0000006389 devstack@n-api-meta.service[96094]: DEBUG oslo_db.sqlalchemy.engines [None req-14f39db6-1e70-4525-8b0d-f5a2f60006cb None None] MySQL server mode set to STRICT_TRANS_TABLES,STRICT_ALL_TABLES,NO_ZERO_IN_DATE,NO_ZERO_DATE,ERROR_FOR_DIVISION_BY_ZERO,TRADITIONAL,NO_ENGINE_SUBSTITUTION {{(pid=96094) _check_effective_sql_mode /opt/stack/data/venv/lib/python3.12/site-packages/oslo_db/sqlalchemy/engines.py:325}}
Aug 04 07:11:38.473140 np0000006389 devstack@n-api-meta.service[96092]: INFO dbcounter [None req-5b6aa0dc-7aba-45a2-b588-47c676c53976 None None] Registered counter for database nova_cell1
Aug 04 07:11:38.488495 np0000006389 devstack@n-api-meta.service[96095]: DEBUG dbcounter [-] [96095] Writer thread running {{(pid=96095) stat_writer /opt/stack/data/venv/lib/python3.12/site-packages/dbcounter.py:102}}
Aug 04 07:11:38.491887 np0000006389 devstack@n-api-meta.service[96095]: DEBUG nova.context [None req-d060f915-5fa1-4251-8389-5a6ab3a164fb None None] Found 2 cells: 00000000-0000-0000-0000-000000000000(cell0),01a285c1-b073-45eb-8661-d510b7f26911(cell1) {{(pid=96095) load_cells /opt/stack/nova/nova/context.py:509}}
Aug 04 07:11:38.492260 np0000006389 devstack@n-api-meta.service[96095]: INFO nova.utils [None req-d060f915-5fa1-4251-8389-5a6ab3a164fb None None] The cell worker thread pool MainProcess.cell_worker is initialized
Aug 04 07:11:38.494624 np0000006389 devstack@n-api-meta.service[96095]: DEBUG oslo_concurrency.lockutils [None req-d060f915-5fa1-4251-8389-5a6ab3a164fb None None] Acquiring lock "00000000-0000-0000-0000-000000000000" by "nova.context.set_target_cell..get_or_set_cached_cell_and_set_connections" {{(pid=96095) inner /opt/stack/data/venv/lib/python3.12/site-packages/oslo_concurrency/lockutils.py:512}}
Aug 04 07:11:38.494838 np0000006389 devstack@n-api-meta.service[96095]: DEBUG oslo_concurrency.lockutils [None req-d060f915-5fa1-4251-8389-5a6ab3a164fb None None] Lock "00000000-0000-0000-0000-000000000000" acquired by "nova.context.set_target_cell..get_or_set_cached_cell_and_set_connections" :: waited 0.000s {{(pid=96095) inner /opt/stack/data/venv/lib/python3.12/site-packages/oslo_concurrency/lockutils.py:525}}
Aug 04 07:11:38.495423 np0000006389 devstack@n-api-meta.service[96095]: DEBUG oslo_concurrency.lockutils [None req-d060f915-5fa1-4251-8389-5a6ab3a164fb None None] Lock "00000000-0000-0000-0000-000000000000" "released" by "nova.context.set_target_cell..get_or_set_cached_cell_and_set_connections" :: held 0.001s {{(pid=96095) inner /opt/stack/data/venv/lib/python3.12/site-packages/oslo_concurrency/lockutils.py:544}}
Aug 04 07:11:38.498115 np0000006389 devstack@n-api-meta.service[96095]: DEBUG oslo_concurrency.lockutils [None req-d060f915-5fa1-4251-8389-5a6ab3a164fb None None] Acquiring lock "01a285c1-b073-45eb-8661-d510b7f26911" by "nova.context.set_target_cell..get_or_set_cached_cell_and_set_connections" {{(pid=96095) inner /opt/stack/data/venv/lib/python3.12/site-packages/oslo_concurrency/lockutils.py:512}}
Aug 04 07:11:38.498115 np0000006389 devstack@n-api-meta.service[96095]: DEBUG oslo_concurrency.lockutils [None req-d060f915-5fa1-4251-8389-5a6ab3a164fb None None] Lock "01a285c1-b073-45eb-8661-d510b7f26911" acquired by "nova.context.set_target_cell..get_or_set_cached_cell_and_set_connections" :: waited 0.000s {{(pid=96095) inner /opt/stack/data/venv/lib/python3.12/site-packages/oslo_concurrency/lockutils.py:525}}
Aug 04 07:11:38.498115 np0000006389 devstack@n-api-meta.service[96095]: DEBUG oslo_concurrency.lockutils [None req-d060f915-5fa1-4251-8389-5a6ab3a164fb None None] Lock "01a285c1-b073-45eb-8661-d510b7f26911" "released" by "nova.context.set_target_cell..get_or_set_cached_cell_and_set_connections" :: held 0.001s {{(pid=96095) inner /opt/stack/data/venv/lib/python3.12/site-packages/oslo_concurrency/lockutils.py:544}}
Aug 04 07:11:38.500215 np0000006389 devstack@n-api-meta.service[96095]: INFO dbcounter [None req-d060f915-5fa1-4251-8389-5a6ab3a164fb None None] Registered counter for database nova_cell0
Aug 04 07:11:38.502812 np0000006389 devstack@n-api-meta.service[96093]: DEBUG oslo_db.sqlalchemy.engines [None req-48b50cee-cce2-4458-b071-bd4508225572 None None] MySQL server mode set to STRICT_TRANS_TABLES,STRICT_ALL_TABLES,NO_ZERO_IN_DATE,NO_ZERO_DATE,ERROR_FOR_DIVISION_BY_ZERO,TRADITIONAL,NO_ENGINE_SUBSTITUTION {{(pid=96093) _check_effective_sql_mode /opt/stack/data/venv/lib/python3.12/site-packages/oslo_db/sqlalchemy/engines.py:325}}
Aug 04 07:11:38.504241 np0000006389 devstack@n-api-meta.service[96095]: INFO dbcounter [None req-d060f915-5fa1-4251-8389-5a6ab3a164fb None None] Registered counter for database nova_cell1
Aug 04 07:11:38.511053 np0000006389 devstack@n-api-meta.service[96093]: DEBUG oslo_db.sqlalchemy.engines [None req-48b50cee-cce2-4458-b071-bd4508225572 None None] MySQL server mode set to STRICT_TRANS_TABLES,STRICT_ALL_TABLES,NO_ZERO_IN_DATE,NO_ZERO_DATE,ERROR_FOR_DIVISION_BY_ZERO,TRADITIONAL,NO_ENGINE_SUBSTITUTION {{(pid=96093) _check_effective_sql_mode /opt/stack/data/venv/lib/python3.12/site-packages/oslo_db/sqlalchemy/engines.py:325}}
Aug 04 07:11:38.511184 np0000006389 devstack@n-api-meta.service[96094]: DEBUG dbcounter [-] [96094] Writer thread running {{(pid=96094) stat_writer /opt/stack/data/venv/lib/python3.12/site-packages/dbcounter.py:102}}
Aug 04 07:11:38.511315 np0000006389 devstack@n-api-meta.service[96094]: DEBUG nova.context [None req-14f39db6-1e70-4525-8b0d-f5a2f60006cb None None] Found 2 cells: 00000000-0000-0000-0000-000000000000(cell0),01a285c1-b073-45eb-8661-d510b7f26911(cell1) {{(pid=96094) load_cells /opt/stack/nova/nova/context.py:509}}
Aug 04 07:11:38.511575 np0000006389 devstack@n-api-meta.service[96094]: INFO nova.utils [None req-14f39db6-1e70-4525-8b0d-f5a2f60006cb None None] The cell worker thread pool MainProcess.cell_worker is initialized
Aug 04 07:11:38.512666 np0000006389 devstack@n-api-meta.service[96092]: DEBUG oslo_db.sqlalchemy.engines [None req-5b6aa0dc-7aba-45a2-b588-47c676c53976 None None] MySQL server mode set to STRICT_TRANS_TABLES,STRICT_ALL_TABLES,NO_ZERO_IN_DATE,NO_ZERO_DATE,ERROR_FOR_DIVISION_BY_ZERO,TRADITIONAL,NO_ENGINE_SUBSTITUTION {{(pid=96092) _check_effective_sql_mode /opt/stack/data/venv/lib/python3.12/site-packages/oslo_db/sqlalchemy/engines.py:325}}
Aug 04 07:11:38.513634 np0000006389 devstack@n-api-meta.service[96094]: DEBUG oslo_concurrency.lockutils [None req-14f39db6-1e70-4525-8b0d-f5a2f60006cb None None] Acquiring lock "00000000-0000-0000-0000-000000000000" by "nova.context.set_target_cell..get_or_set_cached_cell_and_set_connections" {{(pid=96094) inner /opt/stack/data/venv/lib/python3.12/site-packages/oslo_concurrency/lockutils.py:512}}
Aug 04 07:11:38.517053 np0000006389 devstack@n-api-meta.service[96094]: DEBUG oslo_concurrency.lockutils [None req-14f39db6-1e70-4525-8b0d-f5a2f60006cb None None] Lock "00000000-0000-0000-0000-000000000000" acquired by "nova.context.set_target_cell..get_or_set_cached_cell_and_set_connections" :: waited 0.000s {{(pid=96094) inner /opt/stack/data/venv/lib/python3.12/site-packages/oslo_concurrency/lockutils.py:525}}
Aug 04 07:11:38.517053 np0000006389 devstack@n-api-meta.service[96094]: DEBUG oslo_concurrency.lockutils [None req-14f39db6-1e70-4525-8b0d-f5a2f60006cb None None] Lock "00000000-0000-0000-0000-000000000000" "released" by "nova.context.set_target_cell..get_or_set_cached_cell_and_set_connections" :: held 0.000s {{(pid=96094) inner /opt/stack/data/venv/lib/python3.12/site-packages/oslo_concurrency/lockutils.py:544}}
Aug 04 07:11:38.517053 np0000006389 devstack@n-api-meta.service[96094]: DEBUG oslo_concurrency.lockutils [None req-14f39db6-1e70-4525-8b0d-f5a2f60006cb None None] Acquiring lock "01a285c1-b073-45eb-8661-d510b7f26911" by "nova.context.set_target_cell..get_or_set_cached_cell_and_set_connections" {{(pid=96094) inner /opt/stack/data/venv/lib/python3.12/site-packages/oslo_concurrency/lockutils.py:512}}
Aug 04 07:11:38.517053 np0000006389 devstack@n-api-meta.service[96094]: DEBUG oslo_concurrency.lockutils [None req-14f39db6-1e70-4525-8b0d-f5a2f60006cb None None] Lock "01a285c1-b073-45eb-8661-d510b7f26911" acquired by "nova.context.set_target_cell..get_or_set_cached_cell_and_set_connections" :: waited 0.000s {{(pid=96094) inner /opt/stack/data/venv/lib/python3.12/site-packages/oslo_concurrency/lockutils.py:525}}
Aug 04 07:11:38.517053 np0000006389 devstack@n-api-meta.service[96094]: DEBUG oslo_concurrency.lockutils [None req-14f39db6-1e70-4525-8b0d-f5a2f60006cb None None] Lock "01a285c1-b073-45eb-8661-d510b7f26911" "released" by "nova.context.set_target_cell..get_or_set_cached_cell_and_set_connections" :: held 0.001s {{(pid=96094) inner /opt/stack/data/venv/lib/python3.12/site-packages/oslo_concurrency/lockutils.py:544}}
Aug 04 07:11:38.518333 np0000006389 devstack@n-api-meta.service[96094]: INFO dbcounter [None req-14f39db6-1e70-4525-8b0d-f5a2f60006cb None None] Registered counter for database nova_cell0
Aug 04 07:11:38.521508 np0000006389 devstack@n-api-meta.service[96094]: INFO dbcounter [None req-14f39db6-1e70-4525-8b0d-f5a2f60006cb None None] Registered counter for database nova_cell1
Aug 04 07:11:38.549320 np0000006389 devstack@n-api-meta.service[96095]: DEBUG oslo_db.sqlalchemy.engines [None req-d060f915-5fa1-4251-8389-5a6ab3a164fb None None] MySQL server mode set to STRICT_TRANS_TABLES,STRICT_ALL_TABLES,NO_ZERO_IN_DATE,NO_ZERO_DATE,ERROR_FOR_DIVISION_BY_ZERO,TRADITIONAL,NO_ENGINE_SUBSTITUTION {{(pid=96095) _check_effective_sql_mode /opt/stack/data/venv/lib/python3.12/site-packages/oslo_db/sqlalchemy/engines.py:325}}
Aug 04 07:11:38.570364 np0000006389 devstack@n-api-meta.service[96094]: DEBUG oslo_db.sqlalchemy.engines [None req-14f39db6-1e70-4525-8b0d-f5a2f60006cb None None] MySQL server mode set to STRICT_TRANS_TABLES,STRICT_ALL_TABLES,NO_ZERO_IN_DATE,NO_ZERO_DATE,ERROR_FOR_DIVISION_BY_ZERO,TRADITIONAL,NO_ENGINE_SUBSTITUTION {{(pid=96094) _check_effective_sql_mode /opt/stack/data/venv/lib/python3.12/site-packages/oslo_db/sqlalchemy/engines.py:325}}
Aug 04 07:11:38.583227 np0000006389 devstack@n-api-meta.service[96094]: DEBUG oslo_db.sqlalchemy.engines [None req-14f39db6-1e70-4525-8b0d-f5a2f60006cb None None] MySQL server mode set to STRICT_TRANS_TABLES,STRICT_ALL_TABLES,NO_ZERO_IN_DATE,NO_ZERO_DATE,ERROR_FOR_DIVISION_BY_ZERO,TRADITIONAL,NO_ENGINE_SUBSTITUTION {{(pid=96094) _check_effective_sql_mode /opt/stack/data/venv/lib/python3.12/site-packages/oslo_db/sqlalchemy/engines.py:325}}
Aug 04 07:11:38.599833 np0000006389 devstack@n-api-meta.service[96092]: DEBUG dbcounter [-] [96092] Writer thread running {{(pid=96092) stat_writer /opt/stack/data/venv/lib/python3.12/site-packages/dbcounter.py:102}}
Aug 04 07:11:38.604557 np0000006389 devstack@n-api-meta.service[96093]: DEBUG dbcounter [-] [96093] Writer thread running {{(pid=96093) stat_writer /opt/stack/data/venv/lib/python3.12/site-packages/dbcounter.py:102}}
Aug 04 07:11:38.607297 np0000006389 devstack@n-api-meta.service[96092]: DEBUG oslo_db.sqlalchemy.engines [None req-5b6aa0dc-7aba-45a2-b588-47c676c53976 None None] MySQL server mode set to STRICT_TRANS_TABLES,STRICT_ALL_TABLES,NO_ZERO_IN_DATE,NO_ZERO_DATE,ERROR_FOR_DIVISION_BY_ZERO,TRADITIONAL,NO_ENGINE_SUBSTITUTION {{(pid=96092) _check_effective_sql_mode /opt/stack/data/venv/lib/python3.12/site-packages/oslo_db/sqlalchemy/engines.py:325}}
Aug 04 07:11:38.609103 np0000006389 devstack@n-api-meta.service[96093]: DEBUG dbcounter [-] [96093] Writer thread running {{(pid=96093) stat_writer /opt/stack/data/venv/lib/python3.12/site-packages/dbcounter.py:102}}
Aug 04 07:11:38.612417 np0000006389 devstack@n-api-meta.service[96092]: DEBUG dbcounter [-] [96092] Writer thread running {{(pid=96092) stat_writer /opt/stack/data/venv/lib/python3.12/site-packages/dbcounter.py:102}}
Aug 04 07:11:38.614098 np0000006389 devstack@n-api-meta.service[96093]: INFO dbcounter [None req-48b50cee-cce2-4458-b071-bd4508225572 None None] Registered counter for database nova_cell0
Aug 04 07:11:38.615674 np0000006389 devstack@n-api-meta.service[96092]: INFO dbcounter [None req-5b6aa0dc-7aba-45a2-b588-47c676c53976 None None] Registered counter for database nova_cell0
Aug 04 07:11:38.635492 np0000006389 devstack@n-api-meta.service[96095]: DEBUG dbcounter [-] [96095] Writer thread running {{(pid=96095) stat_writer /opt/stack/data/venv/lib/python3.12/site-packages/dbcounter.py:102}}
Aug 04 07:11:38.639528 np0000006389 devstack@n-api-meta.service[96095]: DEBUG oslo_db.sqlalchemy.engines [None req-d060f915-5fa1-4251-8389-5a6ab3a164fb None None] MySQL server mode set to STRICT_TRANS_TABLES,STRICT_ALL_TABLES,NO_ZERO_IN_DATE,NO_ZERO_DATE,ERROR_FOR_DIVISION_BY_ZERO,TRADITIONAL,NO_ENGINE_SUBSTITUTION {{(pid=96095) _check_effective_sql_mode /opt/stack/data/venv/lib/python3.12/site-packages/oslo_db/sqlalchemy/engines.py:325}}
Aug 04 07:11:38.648177 np0000006389 devstack@n-api-meta.service[96095]: DEBUG dbcounter [-] [96095] Writer thread running {{(pid=96095) stat_writer /opt/stack/data/venv/lib/python3.12/site-packages/dbcounter.py:102}}
Aug 04 07:11:38.652047 np0000006389 devstack@n-api-meta.service[96095]: INFO dbcounter [None req-d060f915-5fa1-4251-8389-5a6ab3a164fb None None] Registered counter for database nova_cell0
Aug 04 07:11:38.652523 np0000006389 devstack@n-api-meta.service[96092]: DEBUG oslo_db.sqlalchemy.engines [None req-5b6aa0dc-7aba-45a2-b588-47c676c53976 None None] MySQL server mode set to STRICT_TRANS_TABLES,STRICT_ALL_TABLES,NO_ZERO_IN_DATE,NO_ZERO_DATE,ERROR_FOR_DIVISION_BY_ZERO,TRADITIONAL,NO_ENGINE_SUBSTITUTION {{(pid=96092) _check_effective_sql_mode /opt/stack/data/venv/lib/python3.12/site-packages/oslo_db/sqlalchemy/engines.py:325}}
Aug 04 07:11:38.656521 np0000006389 devstack@n-api-meta.service[96093]: DEBUG oslo_db.sqlalchemy.engines [None req-48b50cee-cce2-4458-b071-bd4508225572 None None] MySQL server mode set to STRICT_TRANS_TABLES,STRICT_ALL_TABLES,NO_ZERO_IN_DATE,NO_ZERO_DATE,ERROR_FOR_DIVISION_BY_ZERO,TRADITIONAL,NO_ENGINE_SUBSTITUTION {{(pid=96093) _check_effective_sql_mode /opt/stack/data/venv/lib/python3.12/site-packages/oslo_db/sqlalchemy/engines.py:325}}
Aug 04 07:11:38.659129 np0000006389 devstack@n-api-meta.service[96092]: DEBUG dbcounter [-] [96092] Writer thread running {{(pid=96092) stat_writer /opt/stack/data/venv/lib/python3.12/site-packages/dbcounter.py:102}}
Aug 04 07:11:38.662763 np0000006389 devstack@n-api-meta.service[96093]: DEBUG dbcounter [-] [96093] Writer thread running {{(pid=96093) stat_writer /opt/stack/data/venv/lib/python3.12/site-packages/dbcounter.py:102}}
Aug 04 07:11:38.663893 np0000006389 devstack@n-api-meta.service[96094]: DEBUG dbcounter [-] [96094] Writer thread running {{(pid=96094) stat_writer /opt/stack/data/venv/lib/python3.12/site-packages/dbcounter.py:102}}
Aug 04 07:11:38.669371 np0000006389 devstack@n-api-meta.service[96094]: DEBUG dbcounter [-] [96094] Writer thread running {{(pid=96094) stat_writer /opt/stack/data/venv/lib/python3.12/site-packages/dbcounter.py:102}}
Aug 04 07:11:38.672933 np0000006389 devstack@n-api-meta.service[96094]: INFO dbcounter [None req-14f39db6-1e70-4525-8b0d-f5a2f60006cb None None] Registered counter for database nova_cell0
Aug 04 07:11:38.701264 np0000006389 devstack@n-api-meta.service[96095]: DEBUG oslo_db.sqlalchemy.engines [None req-d060f915-5fa1-4251-8389-5a6ab3a164fb None None] MySQL server mode set to STRICT_TRANS_TABLES,STRICT_ALL_TABLES,NO_ZERO_IN_DATE,NO_ZERO_DATE,ERROR_FOR_DIVISION_BY_ZERO,TRADITIONAL,NO_ENGINE_SUBSTITUTION {{(pid=96095) _check_effective_sql_mode /opt/stack/data/venv/lib/python3.12/site-packages/oslo_db/sqlalchemy/engines.py:325}}
Aug 04 07:11:38.704682 np0000006389 devstack@n-api-meta.service[96092]: WARNING nova.api.metadata.handler [None req-5b6aa0dc-7aba-45a2-b588-47c676c53976 None None] metadata_proxy_shared_secret is not configured, the metadata information returned by the proxy cannot be trusted
Aug 04 07:11:38.706799 np0000006389 devstack@n-api-meta.service[96092]: DEBUG nova.api.openstack.wsgi_app [None req-5b6aa0dc-7aba-45a2-b588-47c676c53976 None None] ******************************************************************************** {{(pid=96092) log_opt_values /opt/stack/data/venv/lib/python3.12/site-packages/oslo_config/cfg.py:3518}}
Aug 04 07:11:38.706936 np0000006389 devstack@n-api-meta.service[96092]: DEBUG nova.api.openstack.wsgi_app [None req-5b6aa0dc-7aba-45a2-b588-47c676c53976 None None] Configuration options gathered from: {{(pid=96092) log_opt_values /opt/stack/data/venv/lib/python3.12/site-packages/oslo_config/cfg.py:3519}}
Aug 04 07:11:38.707075 np0000006389 devstack@n-api-meta.service[96092]: DEBUG nova.api.openstack.wsgi_app [None req-5b6aa0dc-7aba-45a2-b588-47c676c53976 None None] command line args: [] {{(pid=96092) log_opt_values /opt/stack/data/venv/lib/python3.12/site-packages/oslo_config/cfg.py:3520}}
Aug 04 07:11:38.707236 np0000006389 devstack@n-api-meta.service[96092]: DEBUG nova.api.openstack.wsgi_app [None req-5b6aa0dc-7aba-45a2-b588-47c676c53976 None None] config files: ['/etc/nova/api-paste.ini', '/etc/nova/nova.conf'] {{(pid=96092) log_opt_values /opt/stack/data/venv/lib/python3.12/site-packages/oslo_config/cfg.py:3521}}
Aug 04 07:11:38.707289 np0000006389 devstack@n-api-meta.service[96095]: DEBUG dbcounter [-] [96095] Writer thread running {{(pid=96095) stat_writer /opt/stack/data/venv/lib/python3.12/site-packages/dbcounter.py:102}}
Aug 04 07:11:38.707339 np0000006389 devstack@n-api-meta.service[96092]: DEBUG nova.api.openstack.wsgi_app [None req-5b6aa0dc-7aba-45a2-b588-47c676c53976 None None] ================================================================================ {{(pid=96092) log_opt_values /opt/stack/data/venv/lib/python3.12/site-packages/oslo_config/cfg.py:3526}}
Aug 04 07:11:38.707498 np0000006389 devstack@n-api-meta.service[96092]: DEBUG nova.api.openstack.wsgi_app [None req-5b6aa0dc-7aba-45a2-b588-47c676c53976 None None] allow_resize_to_same_host = True {{(pid=96092) log_opt_values /opt/stack/data/venv/lib/python3.12/site-packages/oslo_config/cfg.py:3534}}
Aug 04 07:11:38.707627 np0000006389 devstack@n-api-meta.service[96092]: DEBUG nova.api.openstack.wsgi_app [None req-5b6aa0dc-7aba-45a2-b588-47c676c53976 None None] arq_binding_timeout = 300 {{(pid=96092) log_opt_values /opt/stack/data/venv/lib/python3.12/site-packages/oslo_config/cfg.py:3534}}
Aug 04 07:11:38.707747 np0000006389 devstack@n-api-meta.service[96092]: DEBUG nova.api.openstack.wsgi_app [None req-5b6aa0dc-7aba-45a2-b588-47c676c53976 None None] block_device_allocate_retries = 60 {{(pid=96092) log_opt_values /opt/stack/data/venv/lib/python3.12/site-packages/oslo_config/cfg.py:3534}}
Aug 04 07:11:38.707902 np0000006389 devstack@n-api-meta.service[96092]: DEBUG nova.api.openstack.wsgi_app [None req-5b6aa0dc-7aba-45a2-b588-47c676c53976 None None] block_device_allocate_retries_interval = 3 {{(pid=96092) log_opt_values /opt/stack/data/venv/lib/python3.12/site-packages/oslo_config/cfg.py:3534}}
Aug 04 07:11:38.708009 np0000006389 devstack@n-api-meta.service[96092]: DEBUG nova.api.openstack.wsgi_app [None req-5b6aa0dc-7aba-45a2-b588-47c676c53976 None None] cell_worker_thread_pool_size = 5 {{(pid=96092) log_opt_values /opt/stack/data/venv/lib/python3.12/site-packages/oslo_config/cfg.py:3534}}
Aug 04 07:11:38.708155 np0000006389 devstack@n-api-meta.service[96092]: DEBUG nova.api.openstack.wsgi_app [None req-5b6aa0dc-7aba-45a2-b588-47c676c53976 None None] cert = self.pem {{(pid=96092) log_opt_values /opt/stack/data/venv/lib/python3.12/site-packages/oslo_config/cfg.py:3534}}
Aug 04 07:11:38.708279 np0000006389 devstack@n-api-meta.service[96092]: DEBUG nova.api.openstack.wsgi_app [None req-5b6aa0dc-7aba-45a2-b588-47c676c53976 None None] compute_driver = libvirt.LibvirtDriver {{(pid=96092) log_opt_values /opt/stack/data/venv/lib/python3.12/site-packages/oslo_config/cfg.py:3534}}
Aug 04 07:11:38.708400 np0000006389 devstack@n-api-meta.service[96092]: DEBUG nova.api.openstack.wsgi_app [None req-5b6aa0dc-7aba-45a2-b588-47c676c53976 None None] compute_monitors = [] {{(pid=96092) log_opt_values /opt/stack/data/venv/lib/python3.12/site-packages/oslo_config/cfg.py:3534}}
Aug 04 07:11:38.708527 np0000006389 devstack@n-api-meta.service[96092]: DEBUG nova.api.openstack.wsgi_app [None req-5b6aa0dc-7aba-45a2-b588-47c676c53976 None None] concurrency_backend = auto {{(pid=96092) log_opt_values /opt/stack/data/venv/lib/python3.12/site-packages/oslo_config/cfg.py:3534}}
Aug 04 07:11:38.708653 np0000006389 devstack@n-api-meta.service[96092]: DEBUG nova.api.openstack.wsgi_app [None req-5b6aa0dc-7aba-45a2-b588-47c676c53976 None None] config_dir = [] {{(pid=96092) log_opt_values /opt/stack/data/venv/lib/python3.12/site-packages/oslo_config/cfg.py:3534}}
Aug 04 07:11:38.708788 np0000006389 devstack@n-api-meta.service[96092]: DEBUG nova.api.openstack.wsgi_app [None req-5b6aa0dc-7aba-45a2-b588-47c676c53976 None None] config_drive_format = iso9660 {{(pid=96092) log_opt_values /opt/stack/data/venv/lib/python3.12/site-packages/oslo_config/cfg.py:3534}}
Aug 04 07:11:38.708920 np0000006389 devstack@n-api-meta.service[96092]: DEBUG nova.api.openstack.wsgi_app [None req-5b6aa0dc-7aba-45a2-b588-47c676c53976 None None] config_file = ['/etc/nova/api-paste.ini', '/etc/nova/nova.conf'] {{(pid=96092) log_opt_values /opt/stack/data/venv/lib/python3.12/site-packages/oslo_config/cfg.py:3534}}
Aug 04 07:11:38.709067 np0000006389 devstack@n-api-meta.service[96092]: DEBUG nova.api.openstack.wsgi_app [None req-5b6aa0dc-7aba-45a2-b588-47c676c53976 None None] config_source = [] {{(pid=96092) log_opt_values /opt/stack/data/venv/lib/python3.12/site-packages/oslo_config/cfg.py:3534}}
Aug 04 07:11:38.709198 np0000006389 devstack@n-api-meta.service[96092]: DEBUG nova.api.openstack.wsgi_app [None req-5b6aa0dc-7aba-45a2-b588-47c676c53976 None None] console_host = np0000006389 {{(pid=96092) log_opt_values /opt/stack/data/venv/lib/python3.12/site-packages/oslo_config/cfg.py:3534}}
Aug 04 07:11:38.709324 np0000006389 devstack@n-api-meta.service[96092]: DEBUG nova.api.openstack.wsgi_app [None req-5b6aa0dc-7aba-45a2-b588-47c676c53976 None None] control_exchange = nova {{(pid=96092) log_opt_values /opt/stack/data/venv/lib/python3.12/site-packages/oslo_config/cfg.py:3534}}
Aug 04 07:11:38.709431 np0000006389 devstack@n-api-meta.service[96094]: DEBUG oslo_db.sqlalchemy.engines [None req-14f39db6-1e70-4525-8b0d-f5a2f60006cb None None] MySQL server mode set to STRICT_TRANS_TABLES,STRICT_ALL_TABLES,NO_ZERO_IN_DATE,NO_ZERO_DATE,ERROR_FOR_DIVISION_BY_ZERO,TRADITIONAL,NO_ENGINE_SUBSTITUTION {{(pid=96094) _check_effective_sql_mode /opt/stack/data/venv/lib/python3.12/site-packages/oslo_db/sqlalchemy/engines.py:325}}
Aug 04 07:11:38.709473 np0000006389 devstack@n-api-meta.service[96092]: DEBUG nova.api.openstack.wsgi_app [None req-5b6aa0dc-7aba-45a2-b588-47c676c53976 None None] cpu_allocation_ratio = None {{(pid=96092) log_opt_values /opt/stack/data/venv/lib/python3.12/site-packages/oslo_config/cfg.py:3534}}
Aug 04 07:11:38.709561 np0000006389 devstack@n-api-meta.service[96092]: DEBUG nova.api.openstack.wsgi_app [None req-5b6aa0dc-7aba-45a2-b588-47c676c53976 None None] daemon = False {{(pid=96092) log_opt_values /opt/stack/data/venv/lib/python3.12/site-packages/oslo_config/cfg.py:3534}}
Aug 04 07:11:38.709692 np0000006389 devstack@n-api-meta.service[96092]: DEBUG nova.api.openstack.wsgi_app [None req-5b6aa0dc-7aba-45a2-b588-47c676c53976 None None] debug = True {{(pid=96092) log_opt_values /opt/stack/data/venv/lib/python3.12/site-packages/oslo_config/cfg.py:3534}}
Aug 04 07:11:38.709805 np0000006389 devstack@n-api-meta.service[96092]: DEBUG nova.api.openstack.wsgi_app [None req-5b6aa0dc-7aba-45a2-b588-47c676c53976 None None] default_access_ip_network_name = None {{(pid=96092) log_opt_values /opt/stack/data/venv/lib/python3.12/site-packages/oslo_config/cfg.py:3534}}
Aug 04 07:11:38.710007 np0000006389 devstack@n-api-meta.service[96092]: DEBUG nova.api.openstack.wsgi_app [None req-5b6aa0dc-7aba-45a2-b588-47c676c53976 None None] default_availability_zone = nova {{(pid=96092) log_opt_values /opt/stack/data/venv/lib/python3.12/site-packages/oslo_config/cfg.py:3534}}
Aug 04 07:11:38.710097 np0000006389 devstack@n-api-meta.service[96092]: DEBUG nova.api.openstack.wsgi_app [None req-5b6aa0dc-7aba-45a2-b588-47c676c53976 None None] default_ephemeral_format = ext4 {{(pid=96092) log_opt_values /opt/stack/data/venv/lib/python3.12/site-packages/oslo_config/cfg.py:3534}}
Aug 04 07:11:38.710220 np0000006389 devstack@n-api-meta.service[96092]: DEBUG nova.api.openstack.wsgi_app [None req-5b6aa0dc-7aba-45a2-b588-47c676c53976 None None] default_green_pool_size = 1000 {{(pid=96092) log_opt_values /opt/stack/data/venv/lib/python3.12/site-packages/oslo_config/cfg.py:3534}}
Aug 04 07:11:38.710405 np0000006389 devstack@n-api-meta.service[96092]: DEBUG nova.api.openstack.wsgi_app [None req-5b6aa0dc-7aba-45a2-b588-47c676c53976 None None] default_log_levels = ['amqp=WARN', 'boto=WARN', 'sqlalchemy=WARN', 'suds=INFO', 'oslo.messaging=INFO', 'oslo_messaging=INFO', 'iso8601=WARN', 'requests.packages.urllib3.connectionpool=WARN', 'urllib3.connectionpool=WARN', 'websocket=WARN', 'requests.packages.urllib3.util.retry=WARN', 'urllib3.util.retry=WARN', 'keystonemiddleware=WARN', 'routes.middleware=WARN', 'stevedore=WARN', 'taskflow=WARN', 'keystoneauth=WARN', 'oslo.cache=INFO', 'oslo_policy=INFO', 'dogpile.core.dogpile=INFO', 'glanceclient=WARN', 'oslo.privsep.daemon=INFO'] {{(pid=96092) log_opt_values /opt/stack/data/venv/lib/python3.12/site-packages/oslo_config/cfg.py:3534}}
Aug 04 07:11:38.710533 np0000006389 devstack@n-api-meta.service[96092]: DEBUG nova.api.openstack.wsgi_app [None req-5b6aa0dc-7aba-45a2-b588-47c676c53976 None None] default_schedule_zone = None {{(pid=96092) log_opt_values /opt/stack/data/venv/lib/python3.12/site-packages/oslo_config/cfg.py:3534}}
Aug 04 07:11:38.710658 np0000006389 devstack@n-api-meta.service[96092]: DEBUG nova.api.openstack.wsgi_app [None req-5b6aa0dc-7aba-45a2-b588-47c676c53976 None None] default_thread_pool_size = 10 {{(pid=96092) log_opt_values /opt/stack/data/venv/lib/python3.12/site-packages/oslo_config/cfg.py:3534}}
Aug 04 07:11:38.710774 np0000006389 devstack@n-api-meta.service[96092]: DEBUG nova.api.openstack.wsgi_app [None req-5b6aa0dc-7aba-45a2-b588-47c676c53976 None None] disk_allocation_ratio = None {{(pid=96092) log_opt_values /opt/stack/data/venv/lib/python3.12/site-packages/oslo_config/cfg.py:3534}}
Aug 04 07:11:38.710902 np0000006389 devstack@n-api-meta.service[96092]: DEBUG nova.api.openstack.wsgi_app [None req-5b6aa0dc-7aba-45a2-b588-47c676c53976 None None] enable_new_services = True {{(pid=96092) log_opt_values /opt/stack/data/venv/lib/python3.12/site-packages/oslo_config/cfg.py:3534}}
Aug 04 07:11:38.711039 np0000006389 devstack@n-api-meta.service[96092]: DEBUG nova.api.openstack.wsgi_app [None req-5b6aa0dc-7aba-45a2-b588-47c676c53976 None None] flat_injected = False {{(pid=96092) log_opt_values /opt/stack/data/venv/lib/python3.12/site-packages/oslo_config/cfg.py:3534}}
Aug 04 07:11:38.711175 np0000006389 devstack@n-api-meta.service[96092]: DEBUG nova.api.openstack.wsgi_app [None req-5b6aa0dc-7aba-45a2-b588-47c676c53976 None None] force_config_drive = True {{(pid=96092) log_opt_values /opt/stack/data/venv/lib/python3.12/site-packages/oslo_config/cfg.py:3534}}
Aug 04 07:11:38.711295 np0000006389 devstack@n-api-meta.service[96092]: DEBUG nova.api.openstack.wsgi_app [None req-5b6aa0dc-7aba-45a2-b588-47c676c53976 None None] force_raw_images = True {{(pid=96092) log_opt_values /opt/stack/data/venv/lib/python3.12/site-packages/oslo_config/cfg.py:3534}}
Aug 04 07:11:38.711427 np0000006389 devstack@n-api-meta.service[96092]: DEBUG nova.api.openstack.wsgi_app [None req-5b6aa0dc-7aba-45a2-b588-47c676c53976 None None] graceful_shutdown_timeout = 5 {{(pid=96092) log_opt_values /opt/stack/data/venv/lib/python3.12/site-packages/oslo_config/cfg.py:3534}}
Aug 04 07:11:38.711560 np0000006389 devstack@n-api-meta.service[96092]: DEBUG nova.api.openstack.wsgi_app [None req-5b6aa0dc-7aba-45a2-b588-47c676c53976 None None] heal_instance_info_cache_interval = -1 {{(pid=96092) log_opt_values /opt/stack/data/venv/lib/python3.12/site-packages/oslo_config/cfg.py:3534}}
Aug 04 07:11:38.711724 np0000006389 devstack@n-api-meta.service[96092]: DEBUG nova.api.openstack.wsgi_app [None req-5b6aa0dc-7aba-45a2-b588-47c676c53976 None None] host = np0000006389 {{(pid=96092) log_opt_values /opt/stack/data/venv/lib/python3.12/site-packages/oslo_config/cfg.py:3534}}
Aug 04 07:11:38.711847 np0000006389 devstack@n-api-meta.service[96092]: DEBUG nova.api.openstack.wsgi_app [None req-5b6aa0dc-7aba-45a2-b588-47c676c53976 None None] initial_cpu_allocation_ratio = 4.0 {{(pid=96092) log_opt_values /opt/stack/data/venv/lib/python3.12/site-packages/oslo_config/cfg.py:3534}}
Aug 04 07:11:38.711982 np0000006389 devstack@n-api-meta.service[96092]: DEBUG nova.api.openstack.wsgi_app [None req-5b6aa0dc-7aba-45a2-b588-47c676c53976 None None] initial_disk_allocation_ratio = 1.0 {{(pid=96092) log_opt_values /opt/stack/data/venv/lib/python3.12/site-packages/oslo_config/cfg.py:3534}}
Aug 04 07:11:38.712126 np0000006389 devstack@n-api-meta.service[96092]: DEBUG nova.api.openstack.wsgi_app [None req-5b6aa0dc-7aba-45a2-b588-47c676c53976 None None] initial_ram_allocation_ratio = 1.0 {{(pid=96092) log_opt_values /opt/stack/data/venv/lib/python3.12/site-packages/oslo_config/cfg.py:3534}}
Aug 04 07:11:38.712297 np0000006389 devstack@n-api-meta.service[96092]: DEBUG nova.api.openstack.wsgi_app [None req-5b6aa0dc-7aba-45a2-b588-47c676c53976 None None] injected_network_template = /opt/stack/nova/nova/virt/interfaces.template {{(pid=96092) log_opt_values /opt/stack/data/venv/lib/python3.12/site-packages/oslo_config/cfg.py:3534}}
Aug 04 07:11:38.712419 np0000006389 devstack@n-api-meta.service[96092]: DEBUG nova.api.openstack.wsgi_app [None req-5b6aa0dc-7aba-45a2-b588-47c676c53976 None None] instance_build_timeout = 0 {{(pid=96092) log_opt_values /opt/stack/data/venv/lib/python3.12/site-packages/oslo_config/cfg.py:3534}}
Aug 04 07:11:38.712537 np0000006389 devstack@n-api-meta.service[96092]: DEBUG nova.api.openstack.wsgi_app [None req-5b6aa0dc-7aba-45a2-b588-47c676c53976 None None] instance_delete_interval = 300 {{(pid=96092) log_opt_values /opt/stack/data/venv/lib/python3.12/site-packages/oslo_config/cfg.py:3534}}
Aug 04 07:11:38.712669 np0000006389 devstack@n-api-meta.service[96092]: DEBUG nova.api.openstack.wsgi_app [None req-5b6aa0dc-7aba-45a2-b588-47c676c53976 None None] instance_format = [instance: %(uuid)s] {{(pid=96092) log_opt_values /opt/stack/data/venv/lib/python3.12/site-packages/oslo_config/cfg.py:3534}}
Aug 04 07:11:38.712788 np0000006389 devstack@n-api-meta.service[96092]: DEBUG nova.api.openstack.wsgi_app [None req-5b6aa0dc-7aba-45a2-b588-47c676c53976 None None] instance_name_template = instance-%08x {{(pid=96092) log_opt_values /opt/stack/data/venv/lib/python3.12/site-packages/oslo_config/cfg.py:3534}}
Aug 04 07:11:38.712915 np0000006389 devstack@n-api-meta.service[96092]: DEBUG nova.api.openstack.wsgi_app [None req-5b6aa0dc-7aba-45a2-b588-47c676c53976 None None] instance_usage_audit = False {{(pid=96092) log_opt_values /opt/stack/data/venv/lib/python3.12/site-packages/oslo_config/cfg.py:3534}}
Aug 04 07:11:38.713065 np0000006389 devstack@n-api-meta.service[96092]: DEBUG nova.api.openstack.wsgi_app [None req-5b6aa0dc-7aba-45a2-b588-47c676c53976 None None] instance_usage_audit_period = month {{(pid=96092) log_opt_values /opt/stack/data/venv/lib/python3.12/site-packages/oslo_config/cfg.py:3534}}
Aug 04 07:11:38.713193 np0000006389 devstack@n-api-meta.service[96092]: DEBUG nova.api.openstack.wsgi_app [None req-5b6aa0dc-7aba-45a2-b588-47c676c53976 None None] instance_uuid_format = [instance: %(uuid)s] {{(pid=96092) log_opt_values /opt/stack/data/venv/lib/python3.12/site-packages/oslo_config/cfg.py:3534}}
Aug 04 07:11:38.713316 np0000006389 devstack@n-api-meta.service[96092]: DEBUG nova.api.openstack.wsgi_app [None req-5b6aa0dc-7aba-45a2-b588-47c676c53976 None None] instances_path = /opt/stack/data/nova/instances {{(pid=96092) log_opt_values /opt/stack/data/venv/lib/python3.12/site-packages/oslo_config/cfg.py:3534}}
Aug 04 07:11:38.713438 np0000006389 devstack@n-api-meta.service[96092]: DEBUG nova.api.openstack.wsgi_app [None req-5b6aa0dc-7aba-45a2-b588-47c676c53976 None None] internal_service_availability_zone = internal {{(pid=96092) log_opt_values /opt/stack/data/venv/lib/python3.12/site-packages/oslo_config/cfg.py:3534}}
Aug 04 07:11:38.713554 np0000006389 devstack@n-api-meta.service[96092]: DEBUG nova.api.openstack.wsgi_app [None req-5b6aa0dc-7aba-45a2-b588-47c676c53976 None None] key = None {{(pid=96092) log_opt_values /opt/stack/data/venv/lib/python3.12/site-packages/oslo_config/cfg.py:3534}}
Aug 04 07:11:38.713670 np0000006389 devstack@n-api-meta.service[96092]: DEBUG nova.api.openstack.wsgi_app [None req-5b6aa0dc-7aba-45a2-b588-47c676c53976 None None] live_migration_retry_count = 30 {{(pid=96092) log_opt_values /opt/stack/data/venv/lib/python3.12/site-packages/oslo_config/cfg.py:3534}}
Aug 04 07:11:38.713796 np0000006389 devstack@n-api-meta.service[96092]: DEBUG nova.api.openstack.wsgi_app [None req-5b6aa0dc-7aba-45a2-b588-47c676c53976 None None] log_color = False {{(pid=96092) log_opt_values /opt/stack/data/venv/lib/python3.12/site-packages/oslo_config/cfg.py:3534}}
Aug 04 07:11:38.713929 np0000006389 devstack@n-api-meta.service[96092]: DEBUG nova.api.openstack.wsgi_app [None req-5b6aa0dc-7aba-45a2-b588-47c676c53976 None None] log_config_append = None {{(pid=96092) log_opt_values /opt/stack/data/venv/lib/python3.12/site-packages/oslo_config/cfg.py:3534}}
Aug 04 07:11:38.714075 np0000006389 devstack@n-api-meta.service[96092]: DEBUG nova.api.openstack.wsgi_app [None req-5b6aa0dc-7aba-45a2-b588-47c676c53976 None None] log_date_format = %Y-%m-%d %H:%M:%S {{(pid=96092) log_opt_values /opt/stack/data/venv/lib/python3.12/site-packages/oslo_config/cfg.py:3534}}
Aug 04 07:11:38.714198 np0000006389 devstack@n-api-meta.service[96092]: DEBUG nova.api.openstack.wsgi_app [None req-5b6aa0dc-7aba-45a2-b588-47c676c53976 None None] log_dir = None {{(pid=96092) log_opt_values /opt/stack/data/venv/lib/python3.12/site-packages/oslo_config/cfg.py:3534}}
Aug 04 07:11:38.714317 np0000006389 devstack@n-api-meta.service[96092]: DEBUG nova.api.openstack.wsgi_app [None req-5b6aa0dc-7aba-45a2-b588-47c676c53976 None None] log_file = None {{(pid=96092) log_opt_values /opt/stack/data/venv/lib/python3.12/site-packages/oslo_config/cfg.py:3534}}
Aug 04 07:11:38.714414 np0000006389 devstack@n-api-meta.service[96092]: DEBUG nova.api.openstack.wsgi_app [None req-5b6aa0dc-7aba-45a2-b588-47c676c53976 None None] log_options = True {{(pid=96092) log_opt_values /opt/stack/data/venv/lib/python3.12/site-packages/oslo_config/cfg.py:3534}}
Aug 04 07:11:38.714532 np0000006389 devstack@n-api-meta.service[96092]: DEBUG nova.api.openstack.wsgi_app [None req-5b6aa0dc-7aba-45a2-b588-47c676c53976 None None] log_rotate_interval = 1 {{(pid=96092) log_opt_values /opt/stack/data/venv/lib/python3.12/site-packages/oslo_config/cfg.py:3534}}
Aug 04 07:11:38.714564 np0000006389 devstack@n-api-meta.service[96093]: WARNING nova.api.metadata.handler [None req-48b50cee-cce2-4458-b071-bd4508225572 None None] metadata_proxy_shared_secret is not configured, the metadata information returned by the proxy cannot be trusted
Aug 04 07:11:38.714656 np0000006389 devstack@n-api-meta.service[96092]: DEBUG nova.api.openstack.wsgi_app [None req-5b6aa0dc-7aba-45a2-b588-47c676c53976 None None] log_rotate_interval_type = days {{(pid=96092) log_opt_values /opt/stack/data/venv/lib/python3.12/site-packages/oslo_config/cfg.py:3534}}
Aug 04 07:11:38.714778 np0000006389 devstack@n-api-meta.service[96092]: DEBUG nova.api.openstack.wsgi_app [None req-5b6aa0dc-7aba-45a2-b588-47c676c53976 None None] log_rotation_type = none {{(pid=96092) log_opt_values /opt/stack/data/venv/lib/python3.12/site-packages/oslo_config/cfg.py:3534}}
Aug 04 07:11:38.714884 np0000006389 devstack@n-api-meta.service[96092]: DEBUG nova.api.openstack.wsgi_app [None req-5b6aa0dc-7aba-45a2-b588-47c676c53976 None None] logging_context_format_string = %(color)s%(levelname)s %(name)s [%(global_request_id)s %(request_id)s %(project_name)s %(user_name)s%(color)s] %(instance)s%(color)s%(message)s {{(pid=96092) log_opt_values /opt/stack/data/venv/lib/python3.12/site-packages/oslo_config/cfg.py:3534}}
