Jul 17 18:25:58.996143 np0000005369 systemd[1]: Starting devstack@n-api-meta.service - Devstack devstack@n-api-meta.service...
Jul 17 18:25:59.001659 np0000005369 devstack@n-api-meta.service[95919]: [uWSGI] getting INI configuration from /etc/nova/nova-metadata-uwsgi.ini
Jul 17 18:25:59.003994 np0000005369 devstack@n-api-meta.service[95919]: *** Starting uWSGI 2.0.24-debian (64bit) on [Fri Jul 17 18:25:59 2026] ***
Jul 17 18:25:59.003994 np0000005369 devstack@n-api-meta.service[95919]: compiled with version: 13.2.0 on 17 April 2024 16:23:48
Jul 17 18:25:59.003994 np0000005369 devstack@n-api-meta.service[95919]: os: Linux-6.8.0-100-generic #100-Ubuntu SMP PREEMPT_DYNAMIC Tue Jan 13 16:40:06 UTC 2026
Jul 17 18:25:59.003994 np0000005369 devstack@n-api-meta.service[95919]: nodename: np0000005369
Jul 17 18:25:59.003994 np0000005369 devstack@n-api-meta.service[95919]: machine: x86_64
Jul 17 18:25:59.003994 np0000005369 devstack@n-api-meta.service[95919]: clock source: unix
Jul 17 18:25:59.003994 np0000005369 devstack@n-api-meta.service[95919]: pcre jit disabled
Jul 17 18:25:59.003994 np0000005369 devstack@n-api-meta.service[95919]: detected number of CPU cores: 16
Jul 17 18:25:59.003994 np0000005369 devstack@n-api-meta.service[95919]: current working directory: /
Jul 17 18:25:59.003994 np0000005369 devstack@n-api-meta.service[95919]: detected binary path: /usr/bin/uwsgi-core
Jul 17 18:25:59.003994 np0000005369 devstack@n-api-meta.service[95919]: your processes number limit is 257052
Jul 17 18:25:59.003994 np0000005369 devstack@n-api-meta.service[95919]: your memory page size is 4096 bytes
Jul 17 18:25:59.003994 np0000005369 devstack@n-api-meta.service[95919]: detected max file descriptor number: 2048
Jul 17 18:25:59.003994 np0000005369 devstack@n-api-meta.service[95919]: lock engine: pthread robust mutexes
Jul 17 18:25:59.004489 np0000005369 devstack@n-api-meta.service[95919]: thunder lock: enabled
Jul 17 18:25:59.004489 np0000005369 devstack@n-api-meta.service[95919]: uWSGI http bound on 0.0.0.0:8775 fd 5
Jul 17 18:25:59.004489 np0000005369 devstack@n-api-meta.service[95919]: uwsgi socket 0 bound to TCP address 127.0.0.1:33973 (port auto-assigned) fd 4
Jul 17 18:25:59.004489 np0000005369 devstack@n-api-meta.service[95919]: Python version: 3.12.3 (main, Jun 19 2026, 12:46:00) [GCC 13.3.0]
Jul 17 18:25:59.004489 np0000005369 devstack@n-api-meta.service[95919]: PEP 405 virtualenv detected: /opt/stack/data/venv
Jul 17 18:25:59.004489 np0000005369 devstack@n-api-meta.service[95919]: Set PythonHome to /opt/stack/data/venv
Jul 17 18:25:59.040218 np0000005369 devstack@n-api-meta.service[95919]: Python main interpreter initialized at 0x7653f8aa4668
Jul 17 18:25:59.040218 np0000005369 devstack@n-api-meta.service[95919]: python threads support enabled
Jul 17 18:25:59.040218 np0000005369 devstack@n-api-meta.service[95919]: your server socket listen backlog is limited to 100 connections
Jul 17 18:25:59.040335 np0000005369 devstack@n-api-meta.service[95919]: your mercy for graceful operations on workers is 80 seconds
Jul 17 18:25:59.040850 np0000005369 devstack@n-api-meta.service[95919]: mapped 671795 bytes (656 KB) for 4 cores
Jul 17 18:25:59.041043 np0000005369 devstack@n-api-meta.service[95919]: *** Operational MODE: preforking ***
Jul 17 18:25:59.041264 np0000005369 devstack@n-api-meta.service[95919]: *** uWSGI is running in multiple interpreter mode ***
Jul 17 18:25:59.041264 np0000005369 devstack@n-api-meta.service[95919]: spawned uWSGI master process (pid: 95919)
Jul 17 18:25:59.041438 np0000005369 systemd[1]: Started devstack@n-api-meta.service - Devstack devstack@n-api-meta.service.
Jul 17 18:25:59.041943 np0000005369 devstack@n-api-meta.service[95919]: spawned uWSGI worker 1 (pid: 95921, cores: 1)
Jul 17 18:25:59.042445 np0000005369 devstack@n-api-meta.service[95919]: spawned uWSGI worker 2 (pid: 95923, cores: 1)
Jul 17 18:25:59.042910 np0000005369 devstack@n-api-meta.service[95919]: spawned uWSGI worker 3 (pid: 95924, cores: 1)
Jul 17 18:25:59.043278 np0000005369 devstack@n-api-meta.service[95919]: spawned uWSGI worker 4 (pid: 95925, cores: 1)
Jul 17 18:25:59.043700 np0000005369 devstack@n-api-meta.service[95919]: spawned uWSGI http 1 (pid: 95926)
Jul 17 18:25:59.043700 np0000005369 devstack@n-api-meta.service[95919]: running "unix_signal:15 gracefully_kill_them_all" (master-start)...
Jul 17 18:26:00.884595 np0000005369 devstack@n-api-meta.service[95921]: INFO dbcounter [None req-3b99bb2c-3551-4980-9f47-f5022126e004 None None] Registered counter for database nova_api
Jul 17 18:26:00.900554 np0000005369 devstack@n-api-meta.service[95923]: INFO dbcounter [None req-06ed9464-0124-4a95-a3d0-8e175de8f729 None None] Registered counter for database nova_api
Jul 17 18:26:00.932132 np0000005369 devstack@n-api-meta.service[95921]: DEBUG oslo_db.sqlalchemy.engines [None req-3b99bb2c-3551-4980-9f47-f5022126e004 None None] MySQL server mode set to STRICT_TRANS_TABLES,STRICT_ALL_TABLES,NO_ZERO_IN_DATE,NO_ZERO_DATE,ERROR_FOR_DIVISION_BY_ZERO,TRADITIONAL,NO_ENGINE_SUBSTITUTION {{(pid=95921) _check_effective_sql_mode /opt/stack/data/venv/lib/python3.12/site-packages/oslo_db/sqlalchemy/engines.py:325}}
Jul 17 18:26:00.948078 np0000005369 devstack@n-api-meta.service[95925]: INFO dbcounter [None req-700bbe75-5a37-4702-9bc7-e8b39ed6a88c None None] Registered counter for database nova_api
Jul 17 18:26:00.957396 np0000005369 devstack@n-api-meta.service[95923]: DEBUG oslo_db.sqlalchemy.engines [None req-06ed9464-0124-4a95-a3d0-8e175de8f729 None None] MySQL server mode set to STRICT_TRANS_TABLES,STRICT_ALL_TABLES,NO_ZERO_IN_DATE,NO_ZERO_DATE,ERROR_FOR_DIVISION_BY_ZERO,TRADITIONAL,NO_ENGINE_SUBSTITUTION {{(pid=95923) _check_effective_sql_mode /opt/stack/data/venv/lib/python3.12/site-packages/oslo_db/sqlalchemy/engines.py:325}}
Jul 17 18:26:00.963815 np0000005369 devstack@n-api-meta.service[95921]: DEBUG dbcounter [-] [95921] Writer thread running {{(pid=95921) stat_writer /opt/stack/data/venv/lib/python3.12/site-packages/dbcounter.py:102}}
Jul 17 18:26:00.966286 np0000005369 devstack@n-api-meta.service[95921]: DEBUG nova.context [None req-3b99bb2c-3551-4980-9f47-f5022126e004 None None] Found 2 cells: 00000000-0000-0000-0000-000000000000(cell0),21048dd8-b10b-4ced-99d4-f689ac57aa60(cell1) {{(pid=95921) load_cells /opt/stack/nova/nova/context.py:509}}
Jul 17 18:26:00.966451 np0000005369 devstack@n-api-meta.service[95924]: INFO dbcounter [None req-1e7489fd-c86a-470c-a6c2-bf1f042be5c3 None None] Registered counter for database nova_api
Jul 17 18:26:00.966801 np0000005369 devstack@n-api-meta.service[95921]: INFO nova.utils [None req-3b99bb2c-3551-4980-9f47-f5022126e004 None None] The cell worker thread pool MainProcess.cell_worker is initialized
Jul 17 18:26:00.968478 np0000005369 devstack@n-api-meta.service[95921]: DEBUG oslo_concurrency.lockutils [None req-3b99bb2c-3551-4980-9f47-f5022126e004 None None] Acquiring lock "00000000-0000-0000-0000-000000000000" by "nova.context.set_target_cell..get_or_set_cached_cell_and_set_connections" {{(pid=95921) inner /opt/stack/data/venv/lib/python3.12/site-packages/oslo_concurrency/lockutils.py:512}}
Jul 17 18:26:00.968478 np0000005369 devstack@n-api-meta.service[95921]: DEBUG oslo_concurrency.lockutils [None req-3b99bb2c-3551-4980-9f47-f5022126e004 None None] Lock "00000000-0000-0000-0000-000000000000" acquired by "nova.context.set_target_cell..get_or_set_cached_cell_and_set_connections" :: waited 0.000s {{(pid=95921) inner /opt/stack/data/venv/lib/python3.12/site-packages/oslo_concurrency/lockutils.py:525}}
Jul 17 18:26:00.968697 np0000005369 devstack@n-api-meta.service[95921]: DEBUG oslo_concurrency.lockutils [None req-3b99bb2c-3551-4980-9f47-f5022126e004 None None] Lock "00000000-0000-0000-0000-000000000000" "released" by "nova.context.set_target_cell..get_or_set_cached_cell_and_set_connections" :: held 0.000s {{(pid=95921) inner /opt/stack/data/venv/lib/python3.12/site-packages/oslo_concurrency/lockutils.py:544}}
Jul 17 18:26:00.969347 np0000005369 devstack@n-api-meta.service[95921]: DEBUG oslo_concurrency.lockutils [None req-3b99bb2c-3551-4980-9f47-f5022126e004 None None] Acquiring lock "21048dd8-b10b-4ced-99d4-f689ac57aa60" by "nova.context.set_target_cell..get_or_set_cached_cell_and_set_connections" {{(pid=95921) inner /opt/stack/data/venv/lib/python3.12/site-packages/oslo_concurrency/lockutils.py:512}}
Jul 17 18:26:00.969478 np0000005369 devstack@n-api-meta.service[95921]: DEBUG oslo_concurrency.lockutils [None req-3b99bb2c-3551-4980-9f47-f5022126e004 None None] Lock "21048dd8-b10b-4ced-99d4-f689ac57aa60" acquired by "nova.context.set_target_cell..get_or_set_cached_cell_and_set_connections" :: waited 0.000s {{(pid=95921) inner /opt/stack/data/venv/lib/python3.12/site-packages/oslo_concurrency/lockutils.py:525}}
Jul 17 18:26:00.970338 np0000005369 devstack@n-api-meta.service[95921]: DEBUG oslo_concurrency.lockutils [None req-3b99bb2c-3551-4980-9f47-f5022126e004 None None] Lock "21048dd8-b10b-4ced-99d4-f689ac57aa60" "released" by "nova.context.set_target_cell..get_or_set_cached_cell_and_set_connections" :: held 0.001s {{(pid=95921) inner /opt/stack/data/venv/lib/python3.12/site-packages/oslo_concurrency/lockutils.py:544}}
Jul 17 18:26:00.971852 np0000005369 devstack@n-api-meta.service[95921]: INFO dbcounter [None req-3b99bb2c-3551-4980-9f47-f5022126e004 None None] Registered counter for database nova_cell0
Jul 17 18:26:00.975064 np0000005369 devstack@n-api-meta.service[95921]: INFO dbcounter [None req-3b99bb2c-3551-4980-9f47-f5022126e004 None None] Registered counter for database nova_cell1
Jul 17 18:26:00.992133 np0000005369 devstack@n-api-meta.service[95923]: DEBUG dbcounter [-] [95923] Writer thread running {{(pid=95923) stat_writer /opt/stack/data/venv/lib/python3.12/site-packages/dbcounter.py:102}}
Jul 17 18:26:00.995093 np0000005369 devstack@n-api-meta.service[95923]: DEBUG nova.context [None req-06ed9464-0124-4a95-a3d0-8e175de8f729 None None] Found 2 cells: 00000000-0000-0000-0000-000000000000(cell0),21048dd8-b10b-4ced-99d4-f689ac57aa60(cell1) {{(pid=95923) load_cells /opt/stack/nova/nova/context.py:509}}
Jul 17 18:26:00.995413 np0000005369 devstack@n-api-meta.service[95923]: INFO nova.utils [None req-06ed9464-0124-4a95-a3d0-8e175de8f729 None None] The cell worker thread pool MainProcess.cell_worker is initialized
Jul 17 18:26:00.997214 np0000005369 devstack@n-api-meta.service[95923]: DEBUG oslo_concurrency.lockutils [None req-06ed9464-0124-4a95-a3d0-8e175de8f729 None None] Acquiring lock "00000000-0000-0000-0000-000000000000" by "nova.context.set_target_cell..get_or_set_cached_cell_and_set_connections" {{(pid=95923) inner /opt/stack/data/venv/lib/python3.12/site-packages/oslo_concurrency/lockutils.py:512}}
Jul 17 18:26:00.997383 np0000005369 devstack@n-api-meta.service[95923]: DEBUG oslo_concurrency.lockutils [None req-06ed9464-0124-4a95-a3d0-8e175de8f729 None None] Lock "00000000-0000-0000-0000-000000000000" acquired by "nova.context.set_target_cell..get_or_set_cached_cell_and_set_connections" :: waited 0.000s {{(pid=95923) inner /opt/stack/data/venv/lib/python3.12/site-packages/oslo_concurrency/lockutils.py:525}}
Jul 17 18:26:00.997969 np0000005369 devstack@n-api-meta.service[95923]: DEBUG oslo_concurrency.lockutils [None req-06ed9464-0124-4a95-a3d0-8e175de8f729 None None] Lock "00000000-0000-0000-0000-000000000000" "released" by "nova.context.set_target_cell..get_or_set_cached_cell_and_set_connections" :: held 0.000s {{(pid=95923) inner /opt/stack/data/venv/lib/python3.12/site-packages/oslo_concurrency/lockutils.py:544}}
Jul 17 18:26:00.999029 np0000005369 devstack@n-api-meta.service[95923]: DEBUG oslo_concurrency.lockutils [None req-06ed9464-0124-4a95-a3d0-8e175de8f729 None None] Acquiring lock "21048dd8-b10b-4ced-99d4-f689ac57aa60" by "nova.context.set_target_cell..get_or_set_cached_cell_and_set_connections" {{(pid=95923) inner /opt/stack/data/venv/lib/python3.12/site-packages/oslo_concurrency/lockutils.py:512}}
Jul 17 18:26:00.999029 np0000005369 devstack@n-api-meta.service[95923]: DEBUG oslo_concurrency.lockutils [None req-06ed9464-0124-4a95-a3d0-8e175de8f729 None None] Lock "21048dd8-b10b-4ced-99d4-f689ac57aa60" acquired by "nova.context.set_target_cell..get_or_set_cached_cell_and_set_connections" :: waited 0.000s {{(pid=95923) inner /opt/stack/data/venv/lib/python3.12/site-packages/oslo_concurrency/lockutils.py:525}}
Jul 17 18:26:00.999834 np0000005369 devstack@n-api-meta.service[95923]: DEBUG oslo_concurrency.lockutils [None req-06ed9464-0124-4a95-a3d0-8e175de8f729 None None] Lock "21048dd8-b10b-4ced-99d4-f689ac57aa60" "released" by "nova.context.set_target_cell..get_or_set_cached_cell_and_set_connections" :: held 0.001s {{(pid=95923) inner /opt/stack/data/venv/lib/python3.12/site-packages/oslo_concurrency/lockutils.py:544}}
Jul 17 18:26:01.002118 np0000005369 devstack@n-api-meta.service[95923]: INFO dbcounter [None req-06ed9464-0124-4a95-a3d0-8e175de8f729 None None] Registered counter for database nova_cell0
Jul 17 18:26:01.005614 np0000005369 devstack@n-api-meta.service[95923]: INFO dbcounter [None req-06ed9464-0124-4a95-a3d0-8e175de8f729 None None] Registered counter for database nova_cell1
Jul 17 18:26:01.014832 np0000005369 devstack@n-api-meta.service[95925]: DEBUG oslo_db.sqlalchemy.engines [None req-700bbe75-5a37-4702-9bc7-e8b39ed6a88c None None] MySQL server mode set to STRICT_TRANS_TABLES,STRICT_ALL_TABLES,NO_ZERO_IN_DATE,NO_ZERO_DATE,ERROR_FOR_DIVISION_BY_ZERO,TRADITIONAL,NO_ENGINE_SUBSTITUTION {{(pid=95925) _check_effective_sql_mode /opt/stack/data/venv/lib/python3.12/site-packages/oslo_db/sqlalchemy/engines.py:325}}
Jul 17 18:26:01.019332 np0000005369 devstack@n-api-meta.service[95924]: DEBUG oslo_db.sqlalchemy.engines [None req-1e7489fd-c86a-470c-a6c2-bf1f042be5c3 None None] MySQL server mode set to STRICT_TRANS_TABLES,STRICT_ALL_TABLES,NO_ZERO_IN_DATE,NO_ZERO_DATE,ERROR_FOR_DIVISION_BY_ZERO,TRADITIONAL,NO_ENGINE_SUBSTITUTION {{(pid=95924) _check_effective_sql_mode /opt/stack/data/venv/lib/python3.12/site-packages/oslo_db/sqlalchemy/engines.py:325}}
Jul 17 18:26:01.025211 np0000005369 devstack@n-api-meta.service[95921]: DEBUG oslo_db.sqlalchemy.engines [None req-3b99bb2c-3551-4980-9f47-f5022126e004 None None] MySQL server mode set to STRICT_TRANS_TABLES,STRICT_ALL_TABLES,NO_ZERO_IN_DATE,NO_ZERO_DATE,ERROR_FOR_DIVISION_BY_ZERO,TRADITIONAL,NO_ENGINE_SUBSTITUTION {{(pid=95921) _check_effective_sql_mode /opt/stack/data/venv/lib/python3.12/site-packages/oslo_db/sqlalchemy/engines.py:325}}
Jul 17 18:26:01.030131 np0000005369 devstack@n-api-meta.service[95921]: DEBUG oslo_db.sqlalchemy.engines [None req-3b99bb2c-3551-4980-9f47-f5022126e004 None None] MySQL server mode set to STRICT_TRANS_TABLES,STRICT_ALL_TABLES,NO_ZERO_IN_DATE,NO_ZERO_DATE,ERROR_FOR_DIVISION_BY_ZERO,TRADITIONAL,NO_ENGINE_SUBSTITUTION {{(pid=95921) _check_effective_sql_mode /opt/stack/data/venv/lib/python3.12/site-packages/oslo_db/sqlalchemy/engines.py:325}}
Jul 17 18:26:01.048437 np0000005369 devstack@n-api-meta.service[95925]: DEBUG dbcounter [-] [95925] Writer thread running {{(pid=95925) stat_writer /opt/stack/data/venv/lib/python3.12/site-packages/dbcounter.py:102}}
Jul 17 18:26:01.052774 np0000005369 devstack@n-api-meta.service[95925]: DEBUG nova.context [None req-700bbe75-5a37-4702-9bc7-e8b39ed6a88c None None] Found 2 cells: 00000000-0000-0000-0000-000000000000(cell0),21048dd8-b10b-4ced-99d4-f689ac57aa60(cell1) {{(pid=95925) load_cells /opt/stack/nova/nova/context.py:509}}
Jul 17 18:26:01.052774 np0000005369 devstack@n-api-meta.service[95925]: INFO nova.utils [None req-700bbe75-5a37-4702-9bc7-e8b39ed6a88c None None] The cell worker thread pool MainProcess.cell_worker is initialized
Jul 17 18:26:01.053033 np0000005369 devstack@n-api-meta.service[95924]: DEBUG dbcounter [-] [95924] Writer thread running {{(pid=95924) stat_writer /opt/stack/data/venv/lib/python3.12/site-packages/dbcounter.py:102}}
Jul 17 18:26:01.054769 np0000005369 devstack@n-api-meta.service[95925]: DEBUG oslo_concurrency.lockutils [None req-700bbe75-5a37-4702-9bc7-e8b39ed6a88c None None] Acquiring lock "00000000-0000-0000-0000-000000000000" by "nova.context.set_target_cell..get_or_set_cached_cell_and_set_connections" {{(pid=95925) inner /opt/stack/data/venv/lib/python3.12/site-packages/oslo_concurrency/lockutils.py:512}}
Jul 17 18:26:01.055048 np0000005369 devstack@n-api-meta.service[95925]: DEBUG oslo_concurrency.lockutils [None req-700bbe75-5a37-4702-9bc7-e8b39ed6a88c None None] Lock "00000000-0000-0000-0000-000000000000" acquired by "nova.context.set_target_cell..get_or_set_cached_cell_and_set_connections" :: waited 0.000s {{(pid=95925) inner /opt/stack/data/venv/lib/python3.12/site-packages/oslo_concurrency/lockutils.py:525}}
Jul 17 18:26:01.055556 np0000005369 devstack@n-api-meta.service[95925]: DEBUG oslo_concurrency.lockutils [None req-700bbe75-5a37-4702-9bc7-e8b39ed6a88c None None] Lock "00000000-0000-0000-0000-000000000000" "released" by "nova.context.set_target_cell..get_or_set_cached_cell_and_set_connections" :: held 0.001s {{(pid=95925) inner /opt/stack/data/venv/lib/python3.12/site-packages/oslo_concurrency/lockutils.py:544}}
Jul 17 18:26:01.055694 np0000005369 devstack@n-api-meta.service[95924]: DEBUG nova.context [None req-1e7489fd-c86a-470c-a6c2-bf1f042be5c3 None None] Found 2 cells: 00000000-0000-0000-0000-000000000000(cell0),21048dd8-b10b-4ced-99d4-f689ac57aa60(cell1) {{(pid=95924) load_cells /opt/stack/nova/nova/context.py:509}}
Jul 17 18:26:01.055998 np0000005369 devstack@n-api-meta.service[95924]: INFO nova.utils [None req-1e7489fd-c86a-470c-a6c2-bf1f042be5c3 None None] The cell worker thread pool MainProcess.cell_worker is initialized
Jul 17 18:26:01.056478 np0000005369 devstack@n-api-meta.service[95925]: DEBUG oslo_concurrency.lockutils [None req-700bbe75-5a37-4702-9bc7-e8b39ed6a88c None None] Acquiring lock "21048dd8-b10b-4ced-99d4-f689ac57aa60" by "nova.context.set_target_cell..get_or_set_cached_cell_and_set_connections" {{(pid=95925) inner /opt/stack/data/venv/lib/python3.12/site-packages/oslo_concurrency/lockutils.py:512}}
Jul 17 18:26:01.056704 np0000005369 devstack@n-api-meta.service[95925]: DEBUG oslo_concurrency.lockutils [None req-700bbe75-5a37-4702-9bc7-e8b39ed6a88c None None] Lock "21048dd8-b10b-4ced-99d4-f689ac57aa60" acquired by "nova.context.set_target_cell..get_or_set_cached_cell_and_set_connections" :: waited 0.000s {{(pid=95925) inner /opt/stack/data/venv/lib/python3.12/site-packages/oslo_concurrency/lockutils.py:525}}
Jul 17 18:26:01.057790 np0000005369 devstack@n-api-meta.service[95924]: DEBUG oslo_concurrency.lockutils [None req-1e7489fd-c86a-470c-a6c2-bf1f042be5c3 None None] Acquiring lock "00000000-0000-0000-0000-000000000000" by "nova.context.set_target_cell..get_or_set_cached_cell_and_set_connections" {{(pid=95924) inner /opt/stack/data/venv/lib/python3.12/site-packages/oslo_concurrency/lockutils.py:512}}
Jul 17 18:26:01.057991 np0000005369 devstack@n-api-meta.service[95924]: DEBUG oslo_concurrency.lockutils [None req-1e7489fd-c86a-470c-a6c2-bf1f042be5c3 None None] Lock "00000000-0000-0000-0000-000000000000" acquired by "nova.context.set_target_cell..get_or_set_cached_cell_and_set_connections" :: waited 0.000s {{(pid=95924) inner /opt/stack/data/venv/lib/python3.12/site-packages/oslo_concurrency/lockutils.py:525}}
Jul 17 18:26:01.058060 np0000005369 devstack@n-api-meta.service[95925]: DEBUG oslo_concurrency.lockutils [None req-700bbe75-5a37-4702-9bc7-e8b39ed6a88c None None] Lock "21048dd8-b10b-4ced-99d4-f689ac57aa60" "released" by "nova.context.set_target_cell..get_or_set_cached_cell_and_set_connections" :: held 0.001s {{(pid=95925) inner /opt/stack/data/venv/lib/python3.12/site-packages/oslo_concurrency/lockutils.py:544}}
Jul 17 18:26:01.058327 np0000005369 devstack@n-api-meta.service[95924]: DEBUG oslo_concurrency.lockutils [None req-1e7489fd-c86a-470c-a6c2-bf1f042be5c3 None None] Lock "00000000-0000-0000-0000-000000000000" "released" by "nova.context.set_target_cell..get_or_set_cached_cell_and_set_connections" :: held 0.000s {{(pid=95924) inner /opt/stack/data/venv/lib/python3.12/site-packages/oslo_concurrency/lockutils.py:544}}
Jul 17 18:26:01.058967 np0000005369 devstack@n-api-meta.service[95924]: DEBUG oslo_concurrency.lockutils [None req-1e7489fd-c86a-470c-a6c2-bf1f042be5c3 None None] Acquiring lock "21048dd8-b10b-4ced-99d4-f689ac57aa60" by "nova.context.set_target_cell..get_or_set_cached_cell_and_set_connections" {{(pid=95924) inner /opt/stack/data/venv/lib/python3.12/site-packages/oslo_concurrency/lockutils.py:512}}
Jul 17 18:26:01.059096 np0000005369 devstack@n-api-meta.service[95924]: DEBUG oslo_concurrency.lockutils [None req-1e7489fd-c86a-470c-a6c2-bf1f042be5c3 None None] Lock "21048dd8-b10b-4ced-99d4-f689ac57aa60" acquired by "nova.context.set_target_cell..get_or_set_cached_cell_and_set_connections" :: waited 0.000s {{(pid=95924) inner /opt/stack/data/venv/lib/python3.12/site-packages/oslo_concurrency/lockutils.py:525}}
Jul 17 18:26:01.060121 np0000005369 devstack@n-api-meta.service[95925]: INFO dbcounter [None req-700bbe75-5a37-4702-9bc7-e8b39ed6a88c None None] Registered counter for database nova_cell0
Jul 17 18:26:01.062118 np0000005369 devstack@n-api-meta.service[95924]: INFO dbcounter [None req-1e7489fd-c86a-470c-a6c2-bf1f042be5c3 None None] Registered counter for database nova_cell0
Jul 17 18:26:01.063910 np0000005369 devstack@n-api-meta.service[95925]: INFO dbcounter [None req-700bbe75-5a37-4702-9bc7-e8b39ed6a88c None None] Registered counter for database nova_cell1
Jul 17 18:26:01.064738 np0000005369 devstack@n-api-meta.service[95924]: DEBUG oslo_concurrency.lockutils [None req-1e7489fd-c86a-470c-a6c2-bf1f042be5c3 None None] Lock "21048dd8-b10b-4ced-99d4-f689ac57aa60" "released" by "nova.context.set_target_cell..get_or_set_cached_cell_and_set_connections" :: held 0.003s {{(pid=95924) inner /opt/stack/data/venv/lib/python3.12/site-packages/oslo_concurrency/lockutils.py:544}}
Jul 17 18:26:01.066979 np0000005369 devstack@n-api-meta.service[95924]: INFO dbcounter [None req-1e7489fd-c86a-470c-a6c2-bf1f042be5c3 None None] Registered counter for database nova_cell1
Jul 17 18:26:01.069866 np0000005369 devstack@n-api-meta.service[95923]: DEBUG oslo_db.sqlalchemy.engines [None req-06ed9464-0124-4a95-a3d0-8e175de8f729 None None] MySQL server mode set to STRICT_TRANS_TABLES,STRICT_ALL_TABLES,NO_ZERO_IN_DATE,NO_ZERO_DATE,ERROR_FOR_DIVISION_BY_ZERO,TRADITIONAL,NO_ENGINE_SUBSTITUTION {{(pid=95923) _check_effective_sql_mode /opt/stack/data/venv/lib/python3.12/site-packages/oslo_db/sqlalchemy/engines.py:325}}
Jul 17 18:26:01.082125 np0000005369 devstack@n-api-meta.service[95923]: DEBUG oslo_db.sqlalchemy.engines [None req-06ed9464-0124-4a95-a3d0-8e175de8f729 None None] MySQL server mode set to STRICT_TRANS_TABLES,STRICT_ALL_TABLES,NO_ZERO_IN_DATE,NO_ZERO_DATE,ERROR_FOR_DIVISION_BY_ZERO,TRADITIONAL,NO_ENGINE_SUBSTITUTION {{(pid=95923) _check_effective_sql_mode /opt/stack/data/venv/lib/python3.12/site-packages/oslo_db/sqlalchemy/engines.py:325}}
Jul 17 18:26:01.116650 np0000005369 devstack@n-api-meta.service[95924]: DEBUG oslo_db.sqlalchemy.engines [None req-1e7489fd-c86a-470c-a6c2-bf1f042be5c3 None None] MySQL server mode set to STRICT_TRANS_TABLES,STRICT_ALL_TABLES,NO_ZERO_IN_DATE,NO_ZERO_DATE,ERROR_FOR_DIVISION_BY_ZERO,TRADITIONAL,NO_ENGINE_SUBSTITUTION {{(pid=95924) _check_effective_sql_mode /opt/stack/data/venv/lib/python3.12/site-packages/oslo_db/sqlalchemy/engines.py:325}}
Jul 17 18:26:01.120041 np0000005369 devstack@n-api-meta.service[95924]: DEBUG oslo_db.sqlalchemy.engines [None req-1e7489fd-c86a-470c-a6c2-bf1f042be5c3 None None] MySQL server mode set to STRICT_TRANS_TABLES,STRICT_ALL_TABLES,NO_ZERO_IN_DATE,NO_ZERO_DATE,ERROR_FOR_DIVISION_BY_ZERO,TRADITIONAL,NO_ENGINE_SUBSTITUTION {{(pid=95924) _check_effective_sql_mode /opt/stack/data/venv/lib/python3.12/site-packages/oslo_db/sqlalchemy/engines.py:325}}
Jul 17 18:26:01.124671 np0000005369 devstack@n-api-meta.service[95921]: DEBUG dbcounter [-] [95921] Writer thread running {{(pid=95921) stat_writer /opt/stack/data/venv/lib/python3.12/site-packages/dbcounter.py:102}}
Jul 17 18:26:01.133602 np0000005369 devstack@n-api-meta.service[95925]: DEBUG oslo_db.sqlalchemy.engines [None req-700bbe75-5a37-4702-9bc7-e8b39ed6a88c None None] MySQL server mode set to STRICT_TRANS_TABLES,STRICT_ALL_TABLES,NO_ZERO_IN_DATE,NO_ZERO_DATE,ERROR_FOR_DIVISION_BY_ZERO,TRADITIONAL,NO_ENGINE_SUBSTITUTION {{(pid=95925) _check_effective_sql_mode /opt/stack/data/venv/lib/python3.12/site-packages/oslo_db/sqlalchemy/engines.py:325}}
Jul 17 18:26:01.134768 np0000005369 devstack@n-api-meta.service[95921]: DEBUG dbcounter [-] [95921] Writer thread running {{(pid=95921) stat_writer /opt/stack/data/venv/lib/python3.12/site-packages/dbcounter.py:102}}
Jul 17 18:26:01.135952 np0000005369 devstack@n-api-meta.service[95925]: DEBUG oslo_db.sqlalchemy.engines [None req-700bbe75-5a37-4702-9bc7-e8b39ed6a88c None None] MySQL server mode set to STRICT_TRANS_TABLES,STRICT_ALL_TABLES,NO_ZERO_IN_DATE,NO_ZERO_DATE,ERROR_FOR_DIVISION_BY_ZERO,TRADITIONAL,NO_ENGINE_SUBSTITUTION {{(pid=95925) _check_effective_sql_mode /opt/stack/data/venv/lib/python3.12/site-packages/oslo_db/sqlalchemy/engines.py:325}}
Jul 17 18:26:01.139294 np0000005369 devstack@n-api-meta.service[95921]: INFO dbcounter [None req-3b99bb2c-3551-4980-9f47-f5022126e004 None None] Registered counter for database nova_cell0
Jul 17 18:26:01.173623 np0000005369 devstack@n-api-meta.service[95923]: DEBUG dbcounter [-] [95923] Writer thread running {{(pid=95923) stat_writer /opt/stack/data/venv/lib/python3.12/site-packages/dbcounter.py:102}}
Jul 17 18:26:01.180780 np0000005369 devstack@n-api-meta.service[95923]: DEBUG dbcounter [-] [95923] Writer thread running {{(pid=95923) stat_writer /opt/stack/data/venv/lib/python3.12/site-packages/dbcounter.py:102}}
Jul 17 18:26:01.183579 np0000005369 devstack@n-api-meta.service[95921]: DEBUG oslo_db.sqlalchemy.engines [None req-3b99bb2c-3551-4980-9f47-f5022126e004 None None] MySQL server mode set to STRICT_TRANS_TABLES,STRICT_ALL_TABLES,NO_ZERO_IN_DATE,NO_ZERO_DATE,ERROR_FOR_DIVISION_BY_ZERO,TRADITIONAL,NO_ENGINE_SUBSTITUTION {{(pid=95921) _check_effective_sql_mode /opt/stack/data/venv/lib/python3.12/site-packages/oslo_db/sqlalchemy/engines.py:325}}
Jul 17 18:26:01.184549 np0000005369 devstack@n-api-meta.service[95923]: INFO dbcounter [None req-06ed9464-0124-4a95-a3d0-8e175de8f729 None None] Registered counter for database nova_cell0
Jul 17 18:26:01.192560 np0000005369 devstack@n-api-meta.service[95921]: DEBUG dbcounter [-] [95921] Writer thread running {{(pid=95921) stat_writer /opt/stack/data/venv/lib/python3.12/site-packages/dbcounter.py:102}}
Jul 17 18:26:01.226032 np0000005369 devstack@n-api-meta.service[95923]: DEBUG oslo_db.sqlalchemy.engines [None req-06ed9464-0124-4a95-a3d0-8e175de8f729 None None] MySQL server mode set to STRICT_TRANS_TABLES,STRICT_ALL_TABLES,NO_ZERO_IN_DATE,NO_ZERO_DATE,ERROR_FOR_DIVISION_BY_ZERO,TRADITIONAL,NO_ENGINE_SUBSTITUTION {{(pid=95923) _check_effective_sql_mode /opt/stack/data/venv/lib/python3.12/site-packages/oslo_db/sqlalchemy/engines.py:325}}
Jul 17 18:26:01.233245 np0000005369 devstack@n-api-meta.service[95923]: DEBUG dbcounter [-] [95923] Writer thread running {{(pid=95923) stat_writer /opt/stack/data/venv/lib/python3.12/site-packages/dbcounter.py:102}}
Jul 17 18:26:01.241620 np0000005369 devstack@n-api-meta.service[95924]: DEBUG dbcounter [-] [95924] Writer thread running {{(pid=95924) stat_writer /opt/stack/data/venv/lib/python3.12/site-packages/dbcounter.py:102}}
Jul 17 18:26:01.242017 np0000005369 devstack@n-api-meta.service[95921]: WARNING nova.api.metadata.handler [None req-3b99bb2c-3551-4980-9f47-f5022126e004 None None] metadata_proxy_shared_secret is not configured, the metadata information returned by the proxy cannot be trusted
Jul 17 18:26:01.242329 np0000005369 devstack@n-api-meta.service[95924]: DEBUG dbcounter [-] [95924] Writer thread running {{(pid=95924) stat_writer /opt/stack/data/venv/lib/python3.12/site-packages/dbcounter.py:102}}
Jul 17 18:26:01.244464 np0000005369 devstack@n-api-meta.service[95921]: DEBUG nova.api.openstack.wsgi_app [None req-3b99bb2c-3551-4980-9f47-f5022126e004 None None] ******************************************************************************** {{(pid=95921) log_opt_values /opt/stack/data/venv/lib/python3.12/site-packages/oslo_config/cfg.py:3226}}
Jul 17 18:26:01.244827 np0000005369 devstack@n-api-meta.service[95921]: DEBUG nova.api.openstack.wsgi_app [None req-3b99bb2c-3551-4980-9f47-f5022126e004 None None] Configuration options gathered from: {{(pid=95921) log_opt_values /opt/stack/data/venv/lib/python3.12/site-packages/oslo_config/cfg.py:3227}}
Jul 17 18:26:01.244827 np0000005369 devstack@n-api-meta.service[95921]: DEBUG nova.api.openstack.wsgi_app [None req-3b99bb2c-3551-4980-9f47-f5022126e004 None None] command line args: [] {{(pid=95921) log_opt_values /opt/stack/data/venv/lib/python3.12/site-packages/oslo_config/cfg.py:3228}}
Jul 17 18:26:01.244966 np0000005369 devstack@n-api-meta.service[95921]: DEBUG nova.api.openstack.wsgi_app [None req-3b99bb2c-3551-4980-9f47-f5022126e004 None None] config files: ['/etc/nova/api-paste.ini', '/etc/nova/nova.conf'] {{(pid=95921) log_opt_values /opt/stack/data/venv/lib/python3.12/site-packages/oslo_config/cfg.py:3229}}
Jul 17 18:26:01.245146 np0000005369 devstack@n-api-meta.service[95921]: DEBUG nova.api.openstack.wsgi_app [None req-3b99bb2c-3551-4980-9f47-f5022126e004 None None] ================================================================================ {{(pid=95921) log_opt_values /opt/stack/data/venv/lib/python3.12/site-packages/oslo_config/cfg.py:3234}}
Jul 17 18:26:01.245341 np0000005369 devstack@n-api-meta.service[95921]: DEBUG nova.api.openstack.wsgi_app [None req-3b99bb2c-3551-4980-9f47-f5022126e004 None None] allow_resize_to_same_host = True {{(pid=95921) log_opt_values /opt/stack/data/venv/lib/python3.12/site-packages/oslo_config/cfg.py:3242}}
Jul 17 18:26:01.245498 np0000005369 devstack@n-api-meta.service[95921]: DEBUG nova.api.openstack.wsgi_app [None req-3b99bb2c-3551-4980-9f47-f5022126e004 None None] arq_binding_timeout = 300 {{(pid=95921) log_opt_values /opt/stack/data/venv/lib/python3.12/site-packages/oslo_config/cfg.py:3242}}
Jul 17 18:26:01.245625 np0000005369 devstack@n-api-meta.service[95921]: DEBUG nova.api.openstack.wsgi_app [None req-3b99bb2c-3551-4980-9f47-f5022126e004 None None] block_device_allocate_retries = 60 {{(pid=95921) log_opt_values /opt/stack/data/venv/lib/python3.12/site-packages/oslo_config/cfg.py:3242}}
Jul 17 18:26:01.245826 np0000005369 devstack@n-api-meta.service[95921]: DEBUG nova.api.openstack.wsgi_app [None req-3b99bb2c-3551-4980-9f47-f5022126e004 None None] block_device_allocate_retries_interval = 3 {{(pid=95921) log_opt_values /opt/stack/data/venv/lib/python3.12/site-packages/oslo_config/cfg.py:3242}}
Jul 17 18:26:01.245977 np0000005369 devstack@n-api-meta.service[95921]: DEBUG nova.api.openstack.wsgi_app [None req-3b99bb2c-3551-4980-9f47-f5022126e004 None None] cell_worker_thread_pool_size = 5 {{(pid=95921) log_opt_values /opt/stack/data/venv/lib/python3.12/site-packages/oslo_config/cfg.py:3242}}
Jul 17 18:26:01.246174 np0000005369 devstack@n-api-meta.service[95921]: DEBUG nova.api.openstack.wsgi_app [None req-3b99bb2c-3551-4980-9f47-f5022126e004 None None] cert = self.pem {{(pid=95921) log_opt_values /opt/stack/data/venv/lib/python3.12/site-packages/oslo_config/cfg.py:3242}}
Jul 17 18:26:01.246337 np0000005369 devstack@n-api-meta.service[95921]: DEBUG nova.api.openstack.wsgi_app [None req-3b99bb2c-3551-4980-9f47-f5022126e004 None None] compute_driver = libvirt.LibvirtDriver {{(pid=95921) log_opt_values /opt/stack/data/venv/lib/python3.12/site-packages/oslo_config/cfg.py:3242}}
Jul 17 18:26:01.246466 np0000005369 devstack@n-api-meta.service[95921]: DEBUG nova.api.openstack.wsgi_app [None req-3b99bb2c-3551-4980-9f47-f5022126e004 None None] compute_monitors = [] {{(pid=95921) log_opt_values /opt/stack/data/venv/lib/python3.12/site-packages/oslo_config/cfg.py:3242}}
Jul 17 18:26:01.246595 np0000005369 devstack@n-api-meta.service[95921]: DEBUG nova.api.openstack.wsgi_app [None req-3b99bb2c-3551-4980-9f47-f5022126e004 None None] concurrency_backend = auto {{(pid=95921) log_opt_values /opt/stack/data/venv/lib/python3.12/site-packages/oslo_config/cfg.py:3242}}
Jul 17 18:26:01.246796 np0000005369 devstack@n-api-meta.service[95924]: INFO dbcounter [None req-1e7489fd-c86a-470c-a6c2-bf1f042be5c3 None None] Registered counter for database nova_cell0
Jul 17 18:26:01.246849 np0000005369 devstack@n-api-meta.service[95921]: DEBUG nova.api.openstack.wsgi_app [None req-3b99bb2c-3551-4980-9f47-f5022126e004 None None] config_dir = [] {{(pid=95921) log_opt_values /opt/stack/data/venv/lib/python3.12/site-packages/oslo_config/cfg.py:3242}}
Jul 17 18:26:01.246989 np0000005369 devstack@n-api-meta.service[95921]: DEBUG nova.api.openstack.wsgi_app [None req-3b99bb2c-3551-4980-9f47-f5022126e004 None None] config_drive_format = iso9660 {{(pid=95921) log_opt_values /opt/stack/data/venv/lib/python3.12/site-packages/oslo_config/cfg.py:3242}}
Jul 17 18:26:01.247135 np0000005369 devstack@n-api-meta.service[95921]: DEBUG nova.api.openstack.wsgi_app [None req-3b99bb2c-3551-4980-9f47-f5022126e004 None None] config_file = ['/etc/nova/api-paste.ini', '/etc/nova/nova.conf'] {{(pid=95921) log_opt_values /opt/stack/data/venv/lib/python3.12/site-packages/oslo_config/cfg.py:3242}}
Jul 17 18:26:01.247280 np0000005369 devstack@n-api-meta.service[95921]: DEBUG nova.api.openstack.wsgi_app [None req-3b99bb2c-3551-4980-9f47-f5022126e004 None None] config_source = [] {{(pid=95921) log_opt_values /opt/stack/data/venv/lib/python3.12/site-packages/oslo_config/cfg.py:3242}}
Jul 17 18:26:01.247409 np0000005369 devstack@n-api-meta.service[95921]: DEBUG nova.api.openstack.wsgi_app [None req-3b99bb2c-3551-4980-9f47-f5022126e004 None None] console_host = np0000005369 {{(pid=95921) log_opt_values /opt/stack/data/venv/lib/python3.12/site-packages/oslo_config/cfg.py:3242}}
Jul 17 18:26:01.247532 np0000005369 devstack@n-api-meta.service[95921]: DEBUG nova.api.openstack.wsgi_app [None req-3b99bb2c-3551-4980-9f47-f5022126e004 None None] control_exchange = nova {{(pid=95921) log_opt_values /opt/stack/data/venv/lib/python3.12/site-packages/oslo_config/cfg.py:3242}}
Jul 17 18:26:01.247877 np0000005369 devstack@n-api-meta.service[95921]: DEBUG nova.api.openstack.wsgi_app [None req-3b99bb2c-3551-4980-9f47-f5022126e004 None None] cpu_allocation_ratio = None {{(pid=95921) log_opt_values /opt/stack/data/venv/lib/python3.12/site-packages/oslo_config/cfg.py:3242}}
Jul 17 18:26:01.247949 np0000005369 devstack@n-api-meta.service[95921]: DEBUG nova.api.openstack.wsgi_app [None req-3b99bb2c-3551-4980-9f47-f5022126e004 None None] daemon = False {{(pid=95921) log_opt_values /opt/stack/data/venv/lib/python3.12/site-packages/oslo_config/cfg.py:3242}}
Jul 17 18:26:01.248079 np0000005369 devstack@n-api-meta.service[95921]: DEBUG nova.api.openstack.wsgi_app [None req-3b99bb2c-3551-4980-9f47-f5022126e004 None None] debug = True {{(pid=95921) log_opt_values /opt/stack/data/venv/lib/python3.12/site-packages/oslo_config/cfg.py:3242}}
Jul 17 18:26:01.248253 np0000005369 devstack@n-api-meta.service[95921]: DEBUG nova.api.openstack.wsgi_app [None req-3b99bb2c-3551-4980-9f47-f5022126e004 None None] default_access_ip_network_name = None {{(pid=95921) log_opt_values /opt/stack/data/venv/lib/python3.12/site-packages/oslo_config/cfg.py:3242}}
Jul 17 18:26:01.248438 np0000005369 devstack@n-api-meta.service[95921]: DEBUG nova.api.openstack.wsgi_app [None req-3b99bb2c-3551-4980-9f47-f5022126e004 None None] default_availability_zone = nova {{(pid=95921) log_opt_values /opt/stack/data/venv/lib/python3.12/site-packages/oslo_config/cfg.py:3242}}
Jul 17 18:26:01.248626 np0000005369 devstack@n-api-meta.service[95921]: DEBUG nova.api.openstack.wsgi_app [None req-3b99bb2c-3551-4980-9f47-f5022126e004 None None] default_ephemeral_format = ext4 {{(pid=95921) log_opt_values /opt/stack/data/venv/lib/python3.12/site-packages/oslo_config/cfg.py:3242}}
Jul 17 18:26:01.248780 np0000005369 devstack@n-api-meta.service[95921]: DEBUG nova.api.openstack.wsgi_app [None req-3b99bb2c-3551-4980-9f47-f5022126e004 None None] default_green_pool_size = 1000 {{(pid=95921) log_opt_values /opt/stack/data/venv/lib/python3.12/site-packages/oslo_config/cfg.py:3242}}
Jul 17 18:26:01.248984 np0000005369 devstack@n-api-meta.service[95921]: DEBUG nova.api.openstack.wsgi_app [None req-3b99bb2c-3551-4980-9f47-f5022126e004 None None] default_log_levels = ['amqp=WARN', 'boto=WARN', 'sqlalchemy=WARN', 'suds=INFO', 'oslo.messaging=INFO', 'oslo_messaging=INFO', 'iso8601=WARN', 'requests.packages.urllib3.connectionpool=WARN', 'urllib3.connectionpool=WARN', 'websocket=WARN', 'requests.packages.urllib3.util.retry=WARN', 'urllib3.util.retry=WARN', 'keystonemiddleware=WARN', 'routes.middleware=WARN', 'stevedore=WARN', 'taskflow=WARN', 'keystoneauth=WARN', 'oslo.cache=INFO', 'oslo_policy=INFO', 'dogpile.core.dogpile=INFO', 'glanceclient=WARN', 'oslo.privsep.daemon=INFO'] {{(pid=95921) log_opt_values /opt/stack/data/venv/lib/python3.12/site-packages/oslo_config/cfg.py:3242}}
Jul 17 18:26:01.249104 np0000005369 devstack@n-api-meta.service[95921]: DEBUG nova.api.openstack.wsgi_app [None req-3b99bb2c-3551-4980-9f47-f5022126e004 None None] default_schedule_zone = None {{(pid=95921) log_opt_values /opt/stack/data/venv/lib/python3.12/site-packages/oslo_config/cfg.py:3242}}
Jul 17 18:26:01.249224 np0000005369 devstack@n-api-meta.service[95921]: DEBUG nova.api.openstack.wsgi_app [None req-3b99bb2c-3551-4980-9f47-f5022126e004 None None] default_thread_pool_size = 10 {{(pid=95921) log_opt_values /opt/stack/data/venv/lib/python3.12/site-packages/oslo_config/cfg.py:3242}}
Jul 17 18:26:01.249353 np0000005369 devstack@n-api-meta.service[95921]: DEBUG nova.api.openstack.wsgi_app [None req-3b99bb2c-3551-4980-9f47-f5022126e004 None None] disk_allocation_ratio = None {{(pid=95921) log_opt_values /opt/stack/data/venv/lib/python3.12/site-packages/oslo_config/cfg.py:3242}}
Jul 17 18:26:01.249473 np0000005369 devstack@n-api-meta.service[95921]: DEBUG nova.api.openstack.wsgi_app [None req-3b99bb2c-3551-4980-9f47-f5022126e004 None None] enable_new_services = True {{(pid=95921) log_opt_values /opt/stack/data/venv/lib/python3.12/site-packages/oslo_config/cfg.py:3242}}
Jul 17 18:26:01.249600 np0000005369 devstack@n-api-meta.service[95921]: DEBUG nova.api.openstack.wsgi_app [None req-3b99bb2c-3551-4980-9f47-f5022126e004 None None] flat_injected = False {{(pid=95921) log_opt_values /opt/stack/data/venv/lib/python3.12/site-packages/oslo_config/cfg.py:3242}}
Jul 17 18:26:01.249740 np0000005369 devstack@n-api-meta.service[95921]: DEBUG nova.api.openstack.wsgi_app [None req-3b99bb2c-3551-4980-9f47-f5022126e004 None None] force_config_drive = True {{(pid=95921) log_opt_values /opt/stack/data/venv/lib/python3.12/site-packages/oslo_config/cfg.py:3242}}
Jul 17 18:26:01.249896 np0000005369 devstack@n-api-meta.service[95921]: DEBUG nova.api.openstack.wsgi_app [None req-3b99bb2c-3551-4980-9f47-f5022126e004 None None] force_raw_images = True {{(pid=95921) log_opt_values /opt/stack/data/venv/lib/python3.12/site-packages/oslo_config/cfg.py:3242}}
Jul 17 18:26:01.250025 np0000005369 devstack@n-api-meta.service[95921]: DEBUG nova.api.openstack.wsgi_app [None req-3b99bb2c-3551-4980-9f47-f5022126e004 None None] graceful_shutdown_timeout = 5 {{(pid=95921) log_opt_values /opt/stack/data/venv/lib/python3.12/site-packages/oslo_config/cfg.py:3242}}
Jul 17 18:26:01.250151 np0000005369 devstack@n-api-meta.service[95921]: DEBUG nova.api.openstack.wsgi_app [None req-3b99bb2c-3551-4980-9f47-f5022126e004 None None] heal_instance_info_cache_interval = -1 {{(pid=95921) log_opt_values /opt/stack/data/venv/lib/python3.12/site-packages/oslo_config/cfg.py:3242}}
Jul 17 18:26:01.250358 np0000005369 devstack@n-api-meta.service[95921]: DEBUG nova.api.openstack.wsgi_app [None req-3b99bb2c-3551-4980-9f47-f5022126e004 None None] host = np0000005369 {{(pid=95921) log_opt_values /opt/stack/data/venv/lib/python3.12/site-packages/oslo_config/cfg.py:3242}}
Jul 17 18:26:01.250496 np0000005369 devstack@n-api-meta.service[95921]: DEBUG nova.api.openstack.wsgi_app [None req-3b99bb2c-3551-4980-9f47-f5022126e004 None None] initial_cpu_allocation_ratio = 4.0 {{(pid=95921) log_opt_values /opt/stack/data/venv/lib/python3.12/site-packages/oslo_config/cfg.py:3242}}
Jul 17 18:26:01.250614 np0000005369 devstack@n-api-meta.service[95921]: DEBUG nova.api.openstack.wsgi_app [None req-3b99bb2c-3551-4980-9f47-f5022126e004 None None] initial_disk_allocation_ratio = 1.0 {{(pid=95921) log_opt_values /opt/stack/data/venv/lib/python3.12/site-packages/oslo_config/cfg.py:3242}}
Jul 17 18:26:01.250765 np0000005369 devstack@n-api-meta.service[95921]: DEBUG nova.api.openstack.wsgi_app [None req-3b99bb2c-3551-4980-9f47-f5022126e004 None None] initial_ram_allocation_ratio = 1.0 {{(pid=95921) log_opt_values /opt/stack/data/venv/lib/python3.12/site-packages/oslo_config/cfg.py:3242}}
Jul 17 18:26:01.250969 np0000005369 devstack@n-api-meta.service[95921]: DEBUG nova.api.openstack.wsgi_app [None req-3b99bb2c-3551-4980-9f47-f5022126e004 None None] injected_network_template = /opt/stack/nova/nova/virt/interfaces.template {{(pid=95921) log_opt_values /opt/stack/data/venv/lib/python3.12/site-packages/oslo_config/cfg.py:3242}}
Jul 17 18:26:01.251093 np0000005369 devstack@n-api-meta.service[95921]: DEBUG nova.api.openstack.wsgi_app [None req-3b99bb2c-3551-4980-9f47-f5022126e004 None None] instance_build_timeout = 0 {{(pid=95921) log_opt_values /opt/stack/data/venv/lib/python3.12/site-packages/oslo_config/cfg.py:3242}}
Jul 17 18:26:01.251235 np0000005369 devstack@n-api-meta.service[95921]: DEBUG nova.api.openstack.wsgi_app [None req-3b99bb2c-3551-4980-9f47-f5022126e004 None None] instance_delete_interval = 300 {{(pid=95921) log_opt_values /opt/stack/data/venv/lib/python3.12/site-packages/oslo_config/cfg.py:3242}}
Jul 17 18:26:01.251391 np0000005369 devstack@n-api-meta.service[95921]: DEBUG nova.api.openstack.wsgi_app [None req-3b99bb2c-3551-4980-9f47-f5022126e004 None None] instance_format = [instance: %(uuid)s] {{(pid=95921) log_opt_values /opt/stack/data/venv/lib/python3.12/site-packages/oslo_config/cfg.py:3242}}
Jul 17 18:26:01.251537 np0000005369 devstack@n-api-meta.service[95921]: DEBUG nova.api.openstack.wsgi_app [None req-3b99bb2c-3551-4980-9f47-f5022126e004 None None] instance_name_template = instance-%08x {{(pid=95921) log_opt_values /opt/stack/data/venv/lib/python3.12/site-packages/oslo_config/cfg.py:3242}}
Jul 17 18:26:01.251669 np0000005369 devstack@n-api-meta.service[95921]: DEBUG nova.api.openstack.wsgi_app [None req-3b99bb2c-3551-4980-9f47-f5022126e004 None None] instance_usage_audit = False {{(pid=95921) log_opt_values /opt/stack/data/venv/lib/python3.12/site-packages/oslo_config/cfg.py:3242}}
Jul 17 18:26:01.251872 np0000005369 devstack@n-api-meta.service[95921]: DEBUG nova.api.openstack.wsgi_app [None req-3b99bb2c-3551-4980-9f47-f5022126e004 None None] instance_usage_audit_period = month {{(pid=95921) log_opt_values /opt/stack/data/venv/lib/python3.12/site-packages/oslo_config/cfg.py:3242}}
Jul 17 18:26:01.252058 np0000005369 devstack@n-api-meta.service[95921]: DEBUG nova.api.openstack.wsgi_app [None req-3b99bb2c-3551-4980-9f47-f5022126e004 None None] instance_uuid_format = [instance: %(uuid)s] {{(pid=95921) log_opt_values /opt/stack/data/venv/lib/python3.12/site-packages/oslo_config/cfg.py:3242}}
Jul 17 18:26:01.252237 np0000005369 devstack@n-api-meta.service[95921]: DEBUG nova.api.openstack.wsgi_app [None req-3b99bb2c-3551-4980-9f47-f5022126e004 None None] instances_path = /opt/stack/data/nova/instances {{(pid=95921) log_opt_values /opt/stack/data/venv/lib/python3.12/site-packages/oslo_config/cfg.py:3242}}
Jul 17 18:26:01.252398 np0000005369 devstack@n-api-meta.service[95921]: DEBUG nova.api.openstack.wsgi_app [None req-3b99bb2c-3551-4980-9f47-f5022126e004 None None] internal_service_availability_zone = internal {{(pid=95921) log_opt_values /opt/stack/data/venv/lib/python3.12/site-packages/oslo_config/cfg.py:3242}}
Jul 17 18:26:01.252541 np0000005369 devstack@n-api-meta.service[95921]: DEBUG nova.api.openstack.wsgi_app [None req-3b99bb2c-3551-4980-9f47-f5022126e004 None None] key = None {{(pid=95921) log_opt_values /opt/stack/data/venv/lib/python3.12/site-packages/oslo_config/cfg.py:3242}}
Jul 17 18:26:01.252715 np0000005369 devstack@n-api-meta.service[95921]: DEBUG nova.api.openstack.wsgi_app [None req-3b99bb2c-3551-4980-9f47-f5022126e004 None None] live_migration_retry_count = 30 {{(pid=95921) log_opt_values /opt/stack/data/venv/lib/python3.12/site-packages/oslo_config/cfg.py:3242}}
Jul 17 18:26:01.252934 np0000005369 devstack@n-api-meta.service[95921]: DEBUG nova.api.openstack.wsgi_app [None req-3b99bb2c-3551-4980-9f47-f5022126e004 None None] log_color = False {{(pid=95921) log_opt_values /opt/stack/data/venv/lib/python3.12/site-packages/oslo_config/cfg.py:3242}}
Jul 17 18:26:01.253061 np0000005369 devstack@n-api-meta.service[95921]: DEBUG nova.api.openstack.wsgi_app [None req-3b99bb2c-3551-4980-9f47-f5022126e004 None None] log_config_append = None {{(pid=95921) log_opt_values /opt/stack/data/venv/lib/python3.12/site-packages/oslo_config/cfg.py:3242}}
Jul 17 18:26:01.253183 np0000005369 devstack@n-api-meta.service[95921]: DEBUG nova.api.openstack.wsgi_app [None req-3b99bb2c-3551-4980-9f47-f5022126e004 None None] log_date_format = %Y-%m-%d %H:%M:%S {{(pid=95921) log_opt_values /opt/stack/data/venv/lib/python3.12/site-packages/oslo_config/cfg.py:3242}}
Jul 17 18:26:01.253342 np0000005369 devstack@n-api-meta.service[95921]: DEBUG nova.api.openstack.wsgi_app [None req-3b99bb2c-3551-4980-9f47-f5022126e004 None None] log_dir = None {{(pid=95921) log_opt_values /opt/stack/data/venv/lib/python3.12/site-packages/oslo_config/cfg.py:3242}}
Jul 17 18:26:01.253412 np0000005369 devstack@n-api-meta.service[95921]: DEBUG nova.api.openstack.wsgi_app [None req-3b99bb2c-3551-4980-9f47-f5022126e004 None None] log_file = None {{(pid=95921) log_opt_values /opt/stack/data/venv/lib/python3.12/site-packages/oslo_config/cfg.py:3242}}
Jul 17 18:26:01.253506 np0000005369 devstack@n-api-meta.service[95921]: DEBUG nova.api.openstack.wsgi_app [None req-3b99bb2c-3551-4980-9f47-f5022126e004 None None] log_options = True {{(pid=95921) log_opt_values /opt/stack/data/venv/lib/python3.12/site-packages/oslo_config/cfg.py:3242}}
Jul 17 18:26:01.253634 np0000005369 devstack@n-api-meta.service[95921]: DEBUG nova.api.openstack.wsgi_app [None req-3b99bb2c-3551-4980-9f47-f5022126e004 None None] log_rotate_interval = 1 {{(pid=95921) log_opt_values /opt/stack/data/venv/lib/python3.12/site-packages/oslo_config/cfg.py:3242}}
Jul 17 18:26:01.253791 np0000005369 devstack@n-api-meta.service[95921]: DEBUG nova.api.openstack.wsgi_app [None req-3b99bb2c-3551-4980-9f47-f5022126e004 None None] log_rotate_interval_type = days {{(pid=95921) log_opt_values /opt/stack/data/venv/lib/python3.12/site-packages/oslo_config/cfg.py:3242}}
Jul 17 18:26:01.253966 np0000005369 devstack@n-api-meta.service[95921]: DEBUG nova.api.openstack.wsgi_app [None req-3b99bb2c-3551-4980-9f47-f5022126e004 None None] log_rotation_type = none {{(pid=95921) log_opt_values /opt/stack/data/venv/lib/python3.12/site-packages/oslo_config/cfg.py:3242}}
Jul 17 18:26:01.254064 np0000005369 devstack@n-api-meta.service[95921]: DEBUG nova.api.openstack.wsgi_app [None req-3b99bb2c-3551-4980-9f47-f5022126e004 None None] logging_context_format_string = %(color)s%(levelname)s %(name)s [%(global_request_id)s %(request_id)s %(project_name)s %(user_name)s%(color)s] %(instance)s%(color)s%(message)s {{(pid=95921) log_opt_values /opt/stack/data/venv/lib/python3.12/site-packages/oslo_config/cfg.py:3242}}
Jul 17 18:26:01.254181 np0000005369 devstack@n-api-meta.service[95921]: DEBUG nova.api.openstack.wsgi_app [None req-3b99bb2c-3551-4980-9f47-f5022126e004 None None] logging_debug_format_suffix = {{(pid=%(process)d) %(funcName)s %(pathname)s:%(lineno)d}} {{(pid=95921) log_opt_values /opt/stack/data/venv/lib/python3.12/site-packages/oslo_config/cfg.py:3242}}
Jul 17 18:26:01.254320 np0000005369 devstack@n-api-meta.service[95921]: DEBUG nova.api.openstack.wsgi_app [None req-3b99bb2c-3551-4980-9f47-f5022126e004 None None] logging_default_format_string = %(color)s%(levelname)s %(name)s [-%(color)s] %(instance)s%(color)s%(message)s {{(pid=95921) log_opt_values /opt/stack/data/venv/lib/python3.12/site-packages/oslo_config/cfg.py:3242}}
Jul 17 18:26:01.254439 np0000005369 devstack@n-api-meta.service[95921]: DEBUG nova.api.openstack.wsgi_app [None req-3b99bb2c-3551-4980-9f47-f5022126e004 None None] logging_exception_prefix = ERROR %(name)s %(instance)s {{(pid=95921) log_opt_values /opt/stack/data/venv/lib/python3.12/site-packages/oslo_config/cfg.py:3242}}
Jul 17 18:26:01.254587 np0000005369 devstack@n-api-meta.service[95921]: DEBUG nova.api.openstack.wsgi_app [None req-3b99bb2c-3551-4980-9f47-f5022126e004 None None] logging_user_identity_format = %(user)s %(project)s %(domain)s %(system_scope)s %(user_domain)s %(project_domain)s {{(pid=95921) log_opt_values /opt/stack/data/venv/lib/python3.12/site-packages/oslo_config/cfg.py:3242}}
Jul 17 18:26:01.254661 np0000005369 devstack@n-api-meta.service[95921]: DEBUG nova.api.openstack.wsgi_app [None req-3b99bb2c-3551-4980-9f47-f5022126e004 None None] long_rpc_timeout = 1800 {{(pid=95921) log_opt_values /opt/stack/data/venv/lib/python3.12/site-packages/oslo_config/cfg.py:3242}}
Jul 17 18:26:01.254833 np0000005369 devstack@n-api-meta.service[95921]: DEBUG nova.api.openstack.wsgi_app [None req-3b99bb2c-3551-4980-9f47-f5022126e004 None None] manager_shutdown_timeout = 160 {{(pid=95921) log_opt_values /opt/stack/data/venv/lib/python3.12/site-packages/oslo_config/cfg.py:3242}}
