Jun 25 21:20:52.542739 np0000003650 devstack@c-api.service[96719]: INFO cinder.api.openstack.wsgi [None req-6c32c5f2-b196-444d-acb9-223302637bf9 tempest-QosSpecsTestJSON-1027143194 tempest-QosSpecsTestJSON-1027143194-project-admin] GET https://10.4.3.253/volume/v3/qos-specs/bd9f7724-7655-4b90-88b7-5654176bfd0a
Jun 25 21:20:52.542995 np0000003650 devstack@c-api.service[96719]: DEBUG cinder.api.openstack.wsgi [None req-6c32c5f2-b196-444d-acb9-223302637bf9 tempest-QosSpecsTestJSON-1027143194 tempest-QosSpecsTestJSON-1027143194-project-admin] Empty body provided in request {{(pid=96719) get_body /opt/stack/cinder/cinder/api/openstack/wsgi.py:725}}
Jun 25 21:20:52.543269 np0000003650 devstack@c-api.service[96719]: DEBUG cinder.api.openstack.wsgi [None req-6c32c5f2-b196-444d-acb9-223302637bf9 tempest-QosSpecsTestJSON-1027143194 tempest-QosSpecsTestJSON-1027143194-project-admin] Calling method 'show' {{(pid=96719) _process_stack /opt/stack/cinder/cinder/api/openstack/wsgi.py:878}}
Jun 25 21:20:52.548501 np0000003650 devstack@c-api.service[96719]: INFO cinder.api.openstack.wsgi [None req-6c32c5f2-b196-444d-acb9-223302637bf9 tempest-QosSpecsTestJSON-1027143194 tempest-QosSpecsTestJSON-1027143194-project-admin] https://10.4.3.253/volume/v3/qos-specs/bd9f7724-7655-4b90-88b7-5654176bfd0a returned with HTTP 404
Jun 25 21:20:52.549097 np0000003650 devstack@c-api.service[96719]: [pid: 96719|app: 0|req: 68/194] 10.4.3.253 () {66 vars in 1354 bytes} [Thu Jun 25 21:20:52 2026] GET /volume/v3/qos-specs/bd9f7724-7655-4b90-88b7-5654176bfd0a => generated 100 bytes in 9 msecs (HTTP/1.1 404) 7 headers in 292 bytes (1 switches on core 0)
Jun 25 21:20:52.553292 np0000003650 devstack@c-api.service[96717]: DEBUG cinder.api.middleware.request_id [req-0312fae0-1143-420a-8bcc-1c4b785252a6 req-43ada5a3-e71d-4a91-b3e4-9dd30a2f6f7d None None] RequestId filter calling following filter/app {{(pid=96717) _context_setter /opt/stack/cinder/cinder/api/middleware/request_id.py:62}}
Jun 25 21:20:52.557277 np0000003650 devstack@c-api.service[96717]: INFO cinder.api.openstack.wsgi [req-0312fae0-1143-420a-8bcc-1c4b785252a6 req-43ada5a3-e71d-4a91-b3e4-9dd30a2f6f7d tempest-AttachSCSIVolumeTestJSON-815326239 tempest-AttachSCSIVolumeTestJSON-815326239-project-member] GET https://10.4.3.253/volume/v3/volumes/c2584454-861d-47ec-9adc-1f784f9589a2
Jun 25 21:20:52.557497 np0000003650 devstack@c-api.service[96717]: DEBUG cinder.api.openstack.wsgi [req-0312fae0-1143-420a-8bcc-1c4b785252a6 req-43ada5a3-e71d-4a91-b3e4-9dd30a2f6f7d tempest-AttachSCSIVolumeTestJSON-815326239 tempest-AttachSCSIVolumeTestJSON-815326239-project-member] Empty body provided in request {{(pid=96717) get_body /opt/stack/cinder/cinder/api/openstack/wsgi.py:725}}
Jun 25 21:20:52.557600 np0000003650 devstack@c-api.service[96718]: DEBUG cinder.api.middleware.request_id [None req-1b8e103e-68e8-4d35-a27f-34fa6d5e03dd None None] RequestId filter calling following filter/app {{(pid=96718) _context_setter /opt/stack/cinder/cinder/api/middleware/request_id.py:62}}
Jun 25 21:20:52.557755 np0000003650 devstack@c-api.service[96717]: DEBUG cinder.api.openstack.wsgi [req-0312fae0-1143-420a-8bcc-1c4b785252a6 req-43ada5a3-e71d-4a91-b3e4-9dd30a2f6f7d tempest-AttachSCSIVolumeTestJSON-815326239 tempest-AttachSCSIVolumeTestJSON-815326239-project-member] Calling method 'show' {{(pid=96717) _process_stack /opt/stack/cinder/cinder/api/openstack/wsgi.py:878}}
Jun 25 21:20:52.559489 np0000003650 devstack@c-api.service[96718]: INFO cinder.api.openstack.wsgi [None req-1b8e103e-68e8-4d35-a27f-34fa6d5e03dd tempest-QosSpecsTestJSON-1027143194 tempest-QosSpecsTestJSON-1027143194-project-admin] POST https://10.4.3.253/volume/v3/qos-specs
Jun 25 21:20:52.559814 np0000003650 devstack@c-api.service[96718]: DEBUG cinder.api.openstack.wsgi [None req-1b8e103e-68e8-4d35-a27f-34fa6d5e03dd tempest-QosSpecsTestJSON-1027143194 tempest-QosSpecsTestJSON-1027143194-project-admin] Action: 'create', calling method: create, body: {"qos_specs": {"name": "tempest-QosSpecsTestJSON-qos-709611784", "consumer": "both"}} {{(pid=96718) _process_stack /opt/stack/cinder/cinder/api/openstack/wsgi.py:876}}
Jun 25 21:20:52.561518 np0000003650 devstack@c-api.service[96718]: DEBUG cinder.volume.qos_specs [None req-1b8e103e-68e8-4d35-a27f-34fa6d5e03dd tempest-QosSpecsTestJSON-1027143194 tempest-QosSpecsTestJSON-1027143194-project-admin] Dict for qos_specs: {'name': 'tempest-QosSpecsTestJSON-qos-709611784', 'consumer': 'both', 'specs': {}} {{(pid=96718) create /opt/stack/cinder/cinder/volume/qos_specs.py:64}}
Jun 25 21:20:52.566634 np0000003650 devstack@c-api.service[96718]: DEBUG cinder.db.api [None req-1b8e103e-68e8-4d35-a27f-34fa6d5e03dd tempest-QosSpecsTestJSON-1027143194 tempest-QosSpecsTestJSON-1027143194-project-admin] DB qos_specs_create(): root {'id': 'bbf7e368-b4af-442d-bafa-236e7dcda358', 'key': 'QoS_Specs_Name', 'value': 'tempest-QosSpecsTestJSON-qos-709611784'} {{(pid=96718) qos_specs_create /opt/stack/cinder/cinder/db/api.py:5654}}
Jun 25 21:20:52.566874 np0000003650 devstack@c-api.service[96717]: /opt/stack/data/venv/lib/python3.12/site-packages/oslo_context/context.py:102: DeprecationWarning: Policy enforcement is depending on the value of is_admin. This key is deprecated. Please update your policy file to use the standard policy values.
Jun 25 21:20:52.566874 np0000003650 devstack@c-api.service[96717]: warnings.warn(
Jun 25 21:20:52.570954 np0000003650 devstack@c-api.service[96717]: INFO cinder.volume.api [req-0312fae0-1143-420a-8bcc-1c4b785252a6 req-43ada5a3-e71d-4a91-b3e4-9dd30a2f6f7d tempest-AttachSCSIVolumeTestJSON-815326239 tempest-AttachSCSIVolumeTestJSON-815326239-project-member] Volume info retrieved successfully.
Jun 25 21:20:52.575849 np0000003650 devstack@c-api.service[96717]: INFO cinder.api.openstack.wsgi [req-0312fae0-1143-420a-8bcc-1c4b785252a6 req-43ada5a3-e71d-4a91-b3e4-9dd30a2f6f7d tempest-AttachSCSIVolumeTestJSON-815326239 tempest-AttachSCSIVolumeTestJSON-815326239-project-member] https://10.4.3.253/volume/v3/volumes/c2584454-861d-47ec-9adc-1f784f9589a2 returned with HTTP 200
Jun 25 21:20:52.576320 np0000003650 devstack@c-api.service[96717]: [pid: 96717|app: 0|req: 64/195] 10.4.3.253 () {68 vars in 1598 bytes} [Thu Jun 25 21:20:52 2026] GET /volume/v3/volumes/c2584454-861d-47ec-9adc-1f784f9589a2 => generated 1140 bytes in 23 msecs (HTTP/1.1 200) 7 headers in 286 bytes (1 switches on core 0)
Jun 25 21:20:52.581528 np0000003650 devstack@c-api.service[96718]: INFO cinder.api.openstack.wsgi [None req-1b8e103e-68e8-4d35-a27f-34fa6d5e03dd tempest-QosSpecsTestJSON-1027143194 tempest-QosSpecsTestJSON-1027143194-project-admin] https://10.4.3.253/volume/v3/qos-specs returned with HTTP 200
Jun 25 21:20:52.582820 np0000003650 devstack@c-api.service[96718]: [pid: 96718|app: 0|req: 64/196] 10.4.3.253 () {68 vars in 1264 bytes} [Thu Jun 25 21:20:52 2026] POST /volume/v3/qos-specs => generated 364 bytes in 25 msecs (HTTP/1.1 200) 7 headers in 285 bytes (1 switches on core 0)
Jun 25 21:20:52.591956 np0000003650 devstack@c-api.service[96719]: DEBUG cinder.api.middleware.request_id [None req-7881c71f-35c8-4289-a48a-e350e5262589 None None] RequestId filter calling following filter/app {{(pid=96719) _context_setter /opt/stack/cinder/cinder/api/middleware/request_id.py:62}}
Jun 25 21:20:52.594307 np0000003650 devstack@c-api.service[96719]: INFO cinder.api.openstack.wsgi [None req-7881c71f-35c8-4289-a48a-e350e5262589 tempest-QosSpecsTestJSON-1027143194 tempest-QosSpecsTestJSON-1027143194-project-admin] DELETE https://10.4.3.253/volume/v3/qos-specs/bbf7e368-b4af-442d-bafa-236e7dcda358?force=False
Jun 25 21:20:52.594617 np0000003650 devstack@c-api.service[96719]: DEBUG cinder.api.openstack.wsgi [None req-7881c71f-35c8-4289-a48a-e350e5262589 tempest-QosSpecsTestJSON-1027143194 tempest-QosSpecsTestJSON-1027143194-project-admin] Empty body provided in request {{(pid=96719) get_body /opt/stack/cinder/cinder/api/openstack/wsgi.py:725}}
Jun 25 21:20:52.594907 np0000003650 devstack@c-api.service[96719]: DEBUG cinder.api.openstack.wsgi [None req-7881c71f-35c8-4289-a48a-e350e5262589 tempest-QosSpecsTestJSON-1027143194 tempest-QosSpecsTestJSON-1027143194-project-admin] Calling method 'delete' {{(pid=96719) _process_stack /opt/stack/cinder/cinder/api/openstack/wsgi.py:878}}
Jun 25 21:20:52.595722 np0000003650 devstack@c-api.service[96719]: DEBUG cinder.api.contrib.qos_specs_manage [None req-7881c71f-35c8-4289-a48a-e350e5262589 tempest-QosSpecsTestJSON-1027143194 tempest-QosSpecsTestJSON-1027143194-project-admin] Delete qos_spec: bbf7e368-b4af-442d-bafa-236e7dcda358, force: False {{(pid=96719) delete /opt/stack/cinder/cinder/api/contrib/qos_specs_manage.py:169}}
Jun 25 21:20:52.624629 np0000003650 devstack@c-api.service[96717]: DEBUG cinder.api.middleware.request_id [req-0312fae0-1143-420a-8bcc-1c4b785252a6 req-ecbffe6b-2eec-4fbd-aa27-d9feabe1f37d None None] RequestId filter calling following filter/app {{(pid=96717) _context_setter /opt/stack/cinder/cinder/api/middleware/request_id.py:62}}
Jun 25 21:20:52.628421 np0000003650 devstack@c-api.service[96717]: INFO cinder.api.openstack.wsgi [req-0312fae0-1143-420a-8bcc-1c4b785252a6 req-ecbffe6b-2eec-4fbd-aa27-d9feabe1f37d tempest-AttachSCSIVolumeTestJSON-815326239 tempest-AttachSCSIVolumeTestJSON-815326239-project-member] POST https://10.4.3.253/volume/v3/volumes/c2584454-861d-47ec-9adc-1f784f9589a2/action
Jun 25 21:20:52.628902 np0000003650 devstack@c-api.service[96717]: DEBUG cinder.api.openstack.wsgi [req-0312fae0-1143-420a-8bcc-1c4b785252a6 req-ecbffe6b-2eec-4fbd-aa27-d9feabe1f37d tempest-AttachSCSIVolumeTestJSON-815326239 tempest-AttachSCSIVolumeTestJSON-815326239-project-member] Action body: b'{"os-begin_detaching": null}' {{(pid=96717) get_method /opt/stack/cinder/cinder/api/openstack/wsgi.py:993}}
Jun 25 21:20:52.628968 np0000003650 devstack@c-api.service[96719]: INFO cinder.api.openstack.wsgi [None req-7881c71f-35c8-4289-a48a-e350e5262589 tempest-QosSpecsTestJSON-1027143194 tempest-QosSpecsTestJSON-1027143194-project-admin] https://10.4.3.253/volume/v3/qos-specs/bbf7e368-b4af-442d-bafa-236e7dcda358?force=False returned with HTTP 202
Jun 25 21:20:52.629046 np0000003650 devstack@c-api.service[96717]: DEBUG cinder.api.openstack.wsgi [req-0312fae0-1143-420a-8bcc-1c4b785252a6 req-ecbffe6b-2eec-4fbd-aa27-d9feabe1f37d tempest-AttachSCSIVolumeTestJSON-815326239 tempest-AttachSCSIVolumeTestJSON-815326239-project-member] Action: 'action', calling method: _begin_detaching, body: {"os-begin_detaching": null} {{(pid=96717) _process_stack /opt/stack/cinder/cinder/api/openstack/wsgi.py:876}}
Jun 25 21:20:52.629497 np0000003650 devstack@c-api.service[96719]: [pid: 96719|app: 0|req: 69/197] 10.4.3.253 () {66 vars in 1380 bytes} [Thu Jun 25 21:20:52 2026] DELETE /volume/v3/qos-specs/bbf7e368-b4af-442d-bafa-236e7dcda358?force=False => generated 0 bytes in 38 msecs (HTTP/1.1 202) 6 headers in 233 bytes (1 switches on core 0)
Jun 25 21:20:52.638767 np0000003650 devstack@c-api.service[96718]: DEBUG cinder.api.middleware.request_id [None req-3e44e3cf-ad79-4ceb-a45b-3c7b241b4eb6 None None] RequestId filter calling following filter/app {{(pid=96718) _context_setter /opt/stack/cinder/cinder/api/middleware/request_id.py:62}}
Jun 25 21:20:52.641261 np0000003650 devstack@c-api.service[96718]: INFO cinder.api.openstack.wsgi [None req-3e44e3cf-ad79-4ceb-a45b-3c7b241b4eb6 tempest-QosSpecsTestJSON-1027143194 tempest-QosSpecsTestJSON-1027143194-project-admin] GET https://10.4.3.253/volume/v3/qos-specs/bbf7e368-b4af-442d-bafa-236e7dcda358
Jun 25 21:20:52.641539 np0000003650 devstack@c-api.service[96718]: DEBUG cinder.api.openstack.wsgi [None req-3e44e3cf-ad79-4ceb-a45b-3c7b241b4eb6 tempest-QosSpecsTestJSON-1027143194 tempest-QosSpecsTestJSON-1027143194-project-admin] Empty body provided in request {{(pid=96718) get_body /opt/stack/cinder/cinder/api/openstack/wsgi.py:725}}
Jun 25 21:20:52.641821 np0000003650 devstack@c-api.service[96718]: DEBUG cinder.api.openstack.wsgi [None req-3e44e3cf-ad79-4ceb-a45b-3c7b241b4eb6 tempest-QosSpecsTestJSON-1027143194 tempest-QosSpecsTestJSON-1027143194-project-admin] Calling method 'show' {{(pid=96718) _process_stack /opt/stack/cinder/cinder/api/openstack/wsgi.py:878}}
Jun 25 21:20:52.642152 np0000003650 devstack@c-api.service[96718]: /opt/stack/data/venv/lib/python3.12/site-packages/oslo_context/context.py:102: DeprecationWarning: Policy enforcement is depending on the value of is_admin. This key is deprecated. Please update your policy file to use the standard policy values.
Jun 25 21:20:52.642152 np0000003650 devstack@c-api.service[96718]: warnings.warn(
Jun 25 21:20:52.646311 np0000003650 devstack@c-api.service[96718]: INFO cinder.api.openstack.wsgi [None req-3e44e3cf-ad79-4ceb-a45b-3c7b241b4eb6 tempest-QosSpecsTestJSON-1027143194 tempest-QosSpecsTestJSON-1027143194-project-admin] https://10.4.3.253/volume/v3/qos-specs/bbf7e368-b4af-442d-bafa-236e7dcda358 returned with HTTP 404
Jun 25 21:20:52.647020 np0000003650 devstack@c-api.service[96718]: [pid: 96718|app: 0|req: 65/198] 10.4.3.253 () {66 vars in 1354 bytes} [Thu Jun 25 21:20:52 2026] GET /volume/v3/qos-specs/bbf7e368-b4af-442d-bafa-236e7dcda358 => generated 100 bytes in 9 msecs (HTTP/1.1 404) 7 headers in 292 bytes (1 switches on core 0)
Jun 25 21:20:52.649119 np0000003650 devstack@c-api.service[96717]: /opt/stack/data/venv/lib/python3.12/site-packages/oslo_context/context.py:102: DeprecationWarning: Policy enforcement is depending on the value of is_admin. This key is deprecated. Please update your policy file to use the standard policy values.
Jun 25 21:20:52.649119 np0000003650 devstack@c-api.service[96717]: warnings.warn(
Jun 25 21:20:52.649778 np0000003650 devstack@c-api.service[96717]: INFO cinder.volume.api [req-0312fae0-1143-420a-8bcc-1c4b785252a6 req-ecbffe6b-2eec-4fbd-aa27-d9feabe1f37d tempest-AttachSCSIVolumeTestJSON-815326239 tempest-AttachSCSIVolumeTestJSON-815326239-project-member] Volume info retrieved successfully.
Jun 25 21:20:52.654275 np0000003650 devstack@c-api.service[96719]: DEBUG cinder.api.middleware.request_id [None req-60d04a38-40b3-4048-8fb8-bb73a87e53cc None None] RequestId filter calling following filter/app {{(pid=96719) _context_setter /opt/stack/cinder/cinder/api/middleware/request_id.py:62}}
Jun 25 21:20:52.655969 np0000003650 devstack@c-api.service[96719]: INFO cinder.api.openstack.wsgi [None req-60d04a38-40b3-4048-8fb8-bb73a87e53cc tempest-QosSpecsTestJSON-1027143194 tempest-QosSpecsTestJSON-1027143194-project-admin] GET https://10.4.3.253/volume/v3/qos-specs
Jun 25 21:20:52.656949 np0000003650 devstack@c-api.service[96719]: DEBUG cinder.api.openstack.wsgi [None req-60d04a38-40b3-4048-8fb8-bb73a87e53cc tempest-QosSpecsTestJSON-1027143194 tempest-QosSpecsTestJSON-1027143194-project-admin] Empty body provided in request {{(pid=96719) get_body /opt/stack/cinder/cinder/api/openstack/wsgi.py:725}}
Jun 25 21:20:52.656949 np0000003650 devstack@c-api.service[96719]: DEBUG cinder.api.openstack.wsgi [None req-60d04a38-40b3-4048-8fb8-bb73a87e53cc tempest-QosSpecsTestJSON-1027143194 tempest-QosSpecsTestJSON-1027143194-project-admin] Calling method 'index' {{(pid=96719) _process_stack /opt/stack/cinder/cinder/api/openstack/wsgi.py:878}}
Jun 25 21:20:52.656949 np0000003650 devstack@c-api.service[96719]: /opt/stack/data/venv/lib/python3.12/site-packages/oslo_context/context.py:102: DeprecationWarning: Policy enforcement is depending on the value of is_admin. This key is deprecated. Please update your policy file to use the standard policy values.
Jun 25 21:20:52.656949 np0000003650 devstack@c-api.service[96719]: warnings.warn(
Jun 25 21:20:52.659333 np0000003650 devstack@c-api.service[96717]: INFO cinder.volume.api [req-0312fae0-1143-420a-8bcc-1c4b785252a6 req-ecbffe6b-2eec-4fbd-aa27-d9feabe1f37d tempest-AttachSCSIVolumeTestJSON-815326239 tempest-AttachSCSIVolumeTestJSON-815326239-project-member] Begin detaching volume completed successfully.
Jun 25 21:20:52.659570 np0000003650 devstack@c-api.service[96717]: INFO cinder.api.openstack.wsgi [req-0312fae0-1143-420a-8bcc-1c4b785252a6 req-ecbffe6b-2eec-4fbd-aa27-d9feabe1f37d tempest-AttachSCSIVolumeTestJSON-815326239 tempest-AttachSCSIVolumeTestJSON-815326239-project-member] https://10.4.3.253/volume/v3/volumes/c2584454-861d-47ec-9adc-1f784f9589a2/action returned with HTTP 202
Jun 25 21:20:52.660007 np0000003650 devstack@c-api.service[96717]: [pid: 96717|app: 0|req: 65/199] 10.4.3.253 () {72 vars in 1672 bytes} [Thu Jun 25 21:20:52 2026] POST /volume/v3/volumes/c2584454-861d-47ec-9adc-1f784f9589a2/action => generated 0 bytes in 36 msecs (HTTP/1.1 202) 7 headers in 289 bytes (1 switches on core 0)
Jun 25 21:20:52.665639 np0000003650 devstack@c-api.service[96719]: INFO cinder.api.openstack.wsgi [None req-60d04a38-40b3-4048-8fb8-bb73a87e53cc tempest-QosSpecsTestJSON-1027143194 tempest-QosSpecsTestJSON-1027143194-project-admin] https://10.4.3.253/volume/v3/qos-specs returned with HTTP 200
Jun 25 21:20:52.666057 np0000003650 devstack@c-api.service[96719]: [pid: 96719|app: 0|req: 70/200] 10.4.3.253 () {66 vars in 1243 bytes} [Thu Jun 25 21:20:52 2026] GET /volume/v3/qos-specs => generated 175 bytes in 12 msecs (HTTP/1.1 200) 7 headers in 285 bytes (1 switches on core 0)
Jun 25 21:20:52.675157 np0000003650 devstack@c-api.service[96718]: DEBUG cinder.api.middleware.request_id [None req-7c778744-a3f6-412e-bf29-888d01f5370c None None] RequestId filter calling following filter/app {{(pid=96718) _context_setter /opt/stack/cinder/cinder/api/middleware/request_id.py:62}}
Jun 25 21:20:52.677432 np0000003650 devstack@c-api.service[96718]: INFO cinder.api.openstack.wsgi [None req-7c778744-a3f6-412e-bf29-888d01f5370c tempest-QosSpecsTestJSON-1027143194 tempest-QosSpecsTestJSON-1027143194-project-admin] DELETE https://10.4.3.253/volume/v3/qos-specs/bbf7e368-b4af-442d-bafa-236e7dcda358?force=False
Jun 25 21:20:52.677874 np0000003650 devstack@c-api.service[96718]: DEBUG cinder.api.openstack.wsgi [None req-7c778744-a3f6-412e-bf29-888d01f5370c tempest-QosSpecsTestJSON-1027143194 tempest-QosSpecsTestJSON-1027143194-project-admin] Empty body provided in request {{(pid=96718) get_body /opt/stack/cinder/cinder/api/openstack/wsgi.py:725}}
Jun 25 21:20:52.678135 np0000003650 devstack@c-api.service[96718]: DEBUG cinder.api.openstack.wsgi [None req-7c778744-a3f6-412e-bf29-888d01f5370c tempest-QosSpecsTestJSON-1027143194 tempest-QosSpecsTestJSON-1027143194-project-admin] Calling method 'delete' {{(pid=96718) _process_stack /opt/stack/cinder/cinder/api/openstack/wsgi.py:878}}
Jun 25 21:20:52.678903 np0000003650 devstack@c-api.service[96718]: DEBUG cinder.api.contrib.qos_specs_manage [None req-7c778744-a3f6-412e-bf29-888d01f5370c tempest-QosSpecsTestJSON-1027143194 tempest-QosSpecsTestJSON-1027143194-project-admin] Delete qos_spec: bbf7e368-b4af-442d-bafa-236e7dcda358, force: False {{(pid=96718) delete /opt/stack/cinder/cinder/api/contrib/qos_specs_manage.py:169}}
Jun 25 21:20:52.682548 np0000003650 devstack@c-api.service[96717]: DEBUG cinder.api.middleware.request_id [None req-1e957e28-199e-4ef1-9a50-5e49ae7b5dda None None] RequestId filter calling following filter/app {{(pid=96717) _context_setter /opt/stack/cinder/cinder/api/middleware/request_id.py:62}}
Jun 25 21:20:52.683102 np0000003650 devstack@c-api.service[96718]: INFO cinder.api.openstack.wsgi [None req-7c778744-a3f6-412e-bf29-888d01f5370c tempest-QosSpecsTestJSON-1027143194 tempest-QosSpecsTestJSON-1027143194-project-admin] https://10.4.3.253/volume/v3/qos-specs/bbf7e368-b4af-442d-bafa-236e7dcda358?force=False returned with HTTP 404
Jun 25 21:20:52.683757 np0000003650 devstack@c-api.service[96718]: [pid: 96718|app: 0|req: 66/201] 10.4.3.253 () {66 vars in 1380 bytes} [Thu Jun 25 21:20:52 2026] DELETE /volume/v3/qos-specs/bbf7e368-b4af-442d-bafa-236e7dcda358?force=False => generated 100 bytes in 9 msecs (HTTP/1.1 404) 7 headers in 292 bytes (1 switches on core 0)
Jun 25 21:20:52.685352 np0000003650 devstack@c-api.service[96717]: INFO cinder.api.openstack.wsgi [None req-1e957e28-199e-4ef1-9a50-5e49ae7b5dda tempest-AttachSCSIVolumeTestJSON-815326239 tempest-AttachSCSIVolumeTestJSON-815326239-project-reader] GET https://10.4.3.253/volume/v3/volumes/c2584454-861d-47ec-9adc-1f784f9589a2
Jun 25 21:20:52.687724 np0000003650 devstack@c-api.service[96717]: DEBUG cinder.api.openstack.wsgi [None req-1e957e28-199e-4ef1-9a50-5e49ae7b5dda tempest-AttachSCSIVolumeTestJSON-815326239 tempest-AttachSCSIVolumeTestJSON-815326239-project-reader] Empty body provided in request {{(pid=96717) get_body /opt/stack/cinder/cinder/api/openstack/wsgi.py:725}}
Jun 25 21:20:52.687962 np0000003650 devstack@c-api.service[96717]: DEBUG cinder.api.openstack.wsgi [None req-1e957e28-199e-4ef1-9a50-5e49ae7b5dda tempest-AttachSCSIVolumeTestJSON-815326239 tempest-AttachSCSIVolumeTestJSON-815326239-project-reader] Calling method 'show' {{(pid=96717) _process_stack /opt/stack/cinder/cinder/api/openstack/wsgi.py:878}}
Jun 25 21:20:52.690193 np0000003650 devstack@c-api.service[96719]: DEBUG cinder.api.middleware.request_id [None req-b8d92d24-aee1-4b96-9e19-73e62ab0628b None None] RequestId filter calling following filter/app {{(pid=96719) _context_setter /opt/stack/cinder/cinder/api/middleware/request_id.py:62}}
Jun 25 21:20:52.692006 np0000003650 devstack@c-api.service[96719]: INFO cinder.api.openstack.wsgi [None req-b8d92d24-aee1-4b96-9e19-73e62ab0628b tempest-QosSpecsTestJSON-1027143194 tempest-QosSpecsTestJSON-1027143194-project-admin] GET https://10.4.3.253/volume/v3/qos-specs/bbf7e368-b4af-442d-bafa-236e7dcda358
Jun 25 21:20:52.692202 np0000003650 devstack@c-api.service[96719]: DEBUG cinder.api.openstack.wsgi [None req-b8d92d24-aee1-4b96-9e19-73e62ab0628b tempest-QosSpecsTestJSON-1027143194 tempest-QosSpecsTestJSON-1027143194-project-admin] Empty body provided in request {{(pid=96719) get_body /opt/stack/cinder/cinder/api/openstack/wsgi.py:725}}
Jun 25 21:20:52.692384 np0000003650 devstack@c-api.service[96719]: DEBUG cinder.api.openstack.wsgi [None req-b8d92d24-aee1-4b96-9e19-73e62ab0628b tempest-QosSpecsTestJSON-1027143194 tempest-QosSpecsTestJSON-1027143194-project-admin] Calling method 'show' {{(pid=96719) _process_stack /opt/stack/cinder/cinder/api/openstack/wsgi.py:878}}
Jun 25 21:20:52.692662 np0000003650 devstack@c-api.service[96719]: /opt/stack/data/venv/lib/python3.12/site-packages/oslo_context/context.py:102: DeprecationWarning: Policy enforcement is depending on the value of is_admin. This key is deprecated. Please update your policy file to use the standard policy values.
Jun 25 21:20:52.692662 np0000003650 devstack@c-api.service[96719]: warnings.warn(
Jun 25 21:20:52.696029 np0000003650 devstack@c-api.service[96719]: INFO cinder.api.openstack.wsgi [None req-b8d92d24-aee1-4b96-9e19-73e62ab0628b tempest-QosSpecsTestJSON-1027143194 tempest-QosSpecsTestJSON-1027143194-project-admin] https://10.4.3.253/volume/v3/qos-specs/bbf7e368-b4af-442d-bafa-236e7dcda358 returned with HTTP 404
Jun 25 21:20:52.696481 np0000003650 devstack@c-api.service[96719]: [pid: 96719|app: 0|req: 71/202] 10.4.3.253 () {66 vars in 1354 bytes} [Thu Jun 25 21:20:52 2026] GET /volume/v3/qos-specs/bbf7e368-b4af-442d-bafa-236e7dcda358 => generated 100 bytes in 7 msecs (HTTP/1.1 404) 7 headers in 292 bytes (1 switches on core 0)
Jun 25 21:20:52.705722 np0000003650 devstack@c-api.service[96717]: /opt/stack/data/venv/lib/python3.12/site-packages/oslo_context/context.py:102: DeprecationWarning: Policy enforcement is depending on the value of is_admin. This key is deprecated. Please update your policy file to use the standard policy values.
Jun 25 21:20:52.705722 np0000003650 devstack@c-api.service[96717]: warnings.warn(
Jun 25 21:20:52.706149 np0000003650 devstack@c-api.service[96718]: DEBUG cinder.api.middleware.request_id [None req-28eb1647-57f3-4181-a286-4b31cb8e571b None None] RequestId filter calling following filter/app {{(pid=96718) _context_setter /opt/stack/cinder/cinder/api/middleware/request_id.py:62}}
Jun 25 21:20:52.708038 np0000003650 devstack@c-api.service[96718]: INFO cinder.api.openstack.wsgi [None req-28eb1647-57f3-4181-a286-4b31cb8e571b tempest-QosSpecsTestJSON-1027143194 tempest-QosSpecsTestJSON-1027143194-project-admin] POST https://10.4.3.253/volume/v3/qos-specs
Jun 25 21:20:52.708340 np0000003650 devstack@c-api.service[96718]: DEBUG cinder.api.openstack.wsgi [None req-28eb1647-57f3-4181-a286-4b31cb8e571b tempest-QosSpecsTestJSON-1027143194 tempest-QosSpecsTestJSON-1027143194-project-admin] Action: 'create', calling method: create, body: {"qos_specs": {"name": "tempest-QosSpecsTestJSON-qos-1537275866", "consumer": "front-end"}} {{(pid=96718) _process_stack /opt/stack/cinder/cinder/api/openstack/wsgi.py:876}}
Jun 25 21:20:52.709364 np0000003650 devstack@c-api.service[96717]: INFO cinder.volume.api [None req-1e957e28-199e-4ef1-9a50-5e49ae7b5dda tempest-AttachSCSIVolumeTestJSON-815326239 tempest-AttachSCSIVolumeTestJSON-815326239-project-reader] Volume info retrieved successfully.
Jun 25 21:20:52.713272 np0000003650 devstack@c-api.service[96717]: INFO cinder.api.openstack.wsgi [None req-1e957e28-199e-4ef1-9a50-5e49ae7b5dda tempest-AttachSCSIVolumeTestJSON-815326239 tempest-AttachSCSIVolumeTestJSON-815326239-project-reader] https://10.4.3.253/volume/v3/volumes/c2584454-861d-47ec-9adc-1f784f9589a2 returned with HTTP 200
Jun 25 21:20:52.713726 np0000003650 devstack@c-api.service[96717]: [pid: 96717|app: 0|req: 66/203] 10.4.3.253 () {66 vars in 1348 bytes} [Thu Jun 25 21:20:52 2026] GET /volume/v3/volumes/c2584454-861d-47ec-9adc-1f784f9589a2 => generated 1143 bytes in 31 msecs (HTTP/1.1 200) 7 headers in 286 bytes (1 switches on core 0)
Jun 25 21:20:52.714055 np0000003650 devstack@c-api.service[96718]: DEBUG cinder.volume.qos_specs [None req-28eb1647-57f3-4181-a286-4b31cb8e571b tempest-QosSpecsTestJSON-1027143194 tempest-QosSpecsTestJSON-1027143194-project-admin] Dict for qos_specs: {'name': 'tempest-QosSpecsTestJSON-qos-1537275866', 'consumer': 'front-end', 'specs': {}} {{(pid=96718) create /opt/stack/cinder/cinder/volume/qos_specs.py:64}}
Jun 25 21:20:52.716968 np0000003650 devstack@c-api.service[96718]: DEBUG cinder.db.api [None req-28eb1647-57f3-4181-a286-4b31cb8e571b tempest-QosSpecsTestJSON-1027143194 tempest-QosSpecsTestJSON-1027143194-project-admin] DB qos_specs_create(): root {'id': '55872348-553b-4dc9-b268-ebbf50c844c7', 'key': 'QoS_Specs_Name', 'value': 'tempest-QosSpecsTestJSON-qos-1537275866'} {{(pid=96718) qos_specs_create /opt/stack/cinder/cinder/db/api.py:5654}}
Jun 25 21:20:52.724690 np0000003650 devstack@c-api.service[96718]: INFO cinder.api.openstack.wsgi [None req-28eb1647-57f3-4181-a286-4b31cb8e571b tempest-QosSpecsTestJSON-1027143194 tempest-QosSpecsTestJSON-1027143194-project-admin] https://10.4.3.253/volume/v3/qos-specs returned with HTTP 200
Jun 25 21:20:52.725606 np0000003650 devstack@c-api.service[96718]: [pid: 96718|app: 0|req: 67/204] 10.4.3.253 () {68 vars in 1264 bytes} [Thu Jun 25 21:20:52 2026] POST /volume/v3/qos-specs => generated 370 bytes in 20 msecs (HTTP/1.1 200) 7 headers in 285 bytes (1 switches on core 0)
Jun 25 21:20:52.733925 np0000003650 devstack@c-api.service[96719]: DEBUG cinder.api.middleware.request_id [None req-5c560047-1e79-4531-bdfa-c46f55ac710f None None] RequestId filter calling following filter/app {{(pid=96719) _context_setter /opt/stack/cinder/cinder/api/middleware/request_id.py:62}}
Jun 25 21:20:52.736228 np0000003650 devstack@c-api.service[96719]: INFO cinder.api.openstack.wsgi [None req-5c560047-1e79-4531-bdfa-c46f55ac710f tempest-QosSpecsTestJSON-1027143194 tempest-QosSpecsTestJSON-1027143194-project-admin] DELETE https://10.4.3.253/volume/v3/qos-specs/55872348-553b-4dc9-b268-ebbf50c844c7?force=False
Jun 25 21:20:52.736486 np0000003650 devstack@c-api.service[96719]: DEBUG cinder.api.openstack.wsgi [None req-5c560047-1e79-4531-bdfa-c46f55ac710f tempest-QosSpecsTestJSON-1027143194 tempest-QosSpecsTestJSON-1027143194-project-admin] Empty body provided in request {{(pid=96719) get_body /opt/stack/cinder/cinder/api/openstack/wsgi.py:725}}
Jun 25 21:20:52.736773 np0000003650 devstack@c-api.service[96719]: DEBUG cinder.api.openstack.wsgi [None req-5c560047-1e79-4531-bdfa-c46f55ac710f tempest-QosSpecsTestJSON-1027143194 tempest-QosSpecsTestJSON-1027143194-project-admin] Calling method 'delete' {{(pid=96719) _process_stack /opt/stack/cinder/cinder/api/openstack/wsgi.py:878}}
Jun 25 21:20:52.737513 np0000003650 devstack@c-api.service[96719]: DEBUG cinder.api.contrib.qos_specs_manage [None req-5c560047-1e79-4531-bdfa-c46f55ac710f tempest-QosSpecsTestJSON-1027143194 tempest-QosSpecsTestJSON-1027143194-project-admin] Delete qos_spec: 55872348-553b-4dc9-b268-ebbf50c844c7, force: False {{(pid=96719) delete /opt/stack/cinder/cinder/api/contrib/qos_specs_manage.py:169}}
Jun 25 21:20:52.764439 np0000003650 devstack@c-api.service[96719]: INFO cinder.api.openstack.wsgi [None req-5c560047-1e79-4531-bdfa-c46f55ac710f tempest-QosSpecsTestJSON-1027143194 tempest-QosSpecsTestJSON-1027143194-project-admin] https://10.4.3.253/volume/v3/qos-specs/55872348-553b-4dc9-b268-ebbf50c844c7?force=False returned with HTTP 202
Jun 25 21:20:52.764875 np0000003650 devstack@c-api.service[96719]: [pid: 96719|app: 0|req: 72/205] 10.4.3.253 () {66 vars in 1380 bytes} [Thu Jun 25 21:20:52 2026] DELETE /volume/v3/qos-specs/55872348-553b-4dc9-b268-ebbf50c844c7?force=False => generated 0 bytes in 32 msecs (HTTP/1.1 202) 6 headers in 233 bytes (1 switches on core 0)
Jun 25 21:20:52.770826 np0000003650 devstack@c-api.service[96717]: DEBUG cinder.api.middleware.request_id [None req-1486a644-d8e4-4bc7-af35-8e80ca0f293c None None] RequestId filter calling following filter/app {{(pid=96717) _context_setter /opt/stack/cinder/cinder/api/middleware/request_id.py:62}}
Jun 25 21:20:52.774396 np0000003650 devstack@c-api.service[96717]: INFO cinder.api.openstack.wsgi [None req-1486a644-d8e4-4bc7-af35-8e80ca0f293c tempest-QosSpecsTestJSON-1027143194 tempest-QosSpecsTestJSON-1027143194-project-admin] GET https://10.4.3.253/volume/v3/qos-specs/55872348-553b-4dc9-b268-ebbf50c844c7
Jun 25 21:20:52.776748 np0000003650 devstack@c-api.service[96717]: DEBUG cinder.api.openstack.wsgi [None req-1486a644-d8e4-4bc7-af35-8e80ca0f293c tempest-QosSpecsTestJSON-1027143194 tempest-QosSpecsTestJSON-1027143194-project-admin] Empty body provided in request {{(pid=96717) get_body /opt/stack/cinder/cinder/api/openstack/wsgi.py:725}}
Jun 25 21:20:52.777007 np0000003650 devstack@c-api.service[96717]: DEBUG cinder.api.openstack.wsgi [None req-1486a644-d8e4-4bc7-af35-8e80ca0f293c tempest-QosSpecsTestJSON-1027143194 tempest-QosSpecsTestJSON-1027143194-project-admin] Calling method 'show' {{(pid=96717) _process_stack /opt/stack/cinder/cinder/api/openstack/wsgi.py:878}}
Jun 25 21:20:52.780237 np0000003650 devstack@c-api.service[96717]: INFO cinder.api.openstack.wsgi [None req-1486a644-d8e4-4bc7-af35-8e80ca0f293c tempest-QosSpecsTestJSON-1027143194 tempest-QosSpecsTestJSON-1027143194-project-admin] https://10.4.3.253/volume/v3/qos-specs/55872348-553b-4dc9-b268-ebbf50c844c7 returned with HTTP 404
Jun 25 21:20:52.780821 np0000003650 devstack@c-api.service[96717]: [pid: 96717|app: 0|req: 67/206] 10.4.3.253 () {66 vars in 1354 bytes} [Thu Jun 25 21:20:52 2026] GET /volume/v3/qos-specs/55872348-553b-4dc9-b268-ebbf50c844c7 => generated 100 bytes in 10 msecs (HTTP/1.1 404) 7 headers in 292 bytes (1 switches on core 0)
Jun 25 21:20:52.786777 np0000003650 devstack@c-api.service[96718]: DEBUG cinder.api.middleware.request_id [None req-44f6d017-0362-4854-bf4c-7a7f97c80785 None None] RequestId filter calling following filter/app {{(pid=96718) _context_setter /opt/stack/cinder/cinder/api/middleware/request_id.py:62}}
Jun 25 21:20:52.788334 np0000003650 devstack@c-api.service[96718]: INFO cinder.api.openstack.wsgi [None req-44f6d017-0362-4854-bf4c-7a7f97c80785 tempest-QosSpecsTestJSON-1027143194 tempest-QosSpecsTestJSON-1027143194-project-admin] GET https://10.4.3.253/volume/v3/qos-specs
Jun 25 21:20:52.788536 np0000003650 devstack@c-api.service[96718]: DEBUG cinder.api.openstack.wsgi [None req-44f6d017-0362-4854-bf4c-7a7f97c80785 tempest-QosSpecsTestJSON-1027143194 tempest-QosSpecsTestJSON-1027143194-project-admin] Empty body provided in request {{(pid=96718) get_body /opt/stack/cinder/cinder/api/openstack/wsgi.py:725}}
Jun 25 21:20:52.788755 np0000003650 devstack@c-api.service[96718]: DEBUG cinder.api.openstack.wsgi [None req-44f6d017-0362-4854-bf4c-7a7f97c80785 tempest-QosSpecsTestJSON-1027143194 tempest-QosSpecsTestJSON-1027143194-project-admin] Calling method 'index' {{(pid=96718) _process_stack /opt/stack/cinder/cinder/api/openstack/wsgi.py:878}}
Jun 25 21:20:52.788977 np0000003650 devstack@c-api.service[96718]: /opt/stack/data/venv/lib/python3.12/site-packages/oslo_context/context.py:102: DeprecationWarning: Policy enforcement is depending on the value of is_admin. This key is deprecated. Please update your policy file to use the standard policy values.
Jun 25 21:20:52.788977 np0000003650 devstack@c-api.service[96718]: warnings.warn(
Jun 25 21:20:52.797920 np0000003650 devstack@c-api.service[96718]: INFO cinder.api.openstack.wsgi [None req-44f6d017-0362-4854-bf4c-7a7f97c80785 tempest-QosSpecsTestJSON-1027143194 tempest-QosSpecsTestJSON-1027143194-project-admin] https://10.4.3.253/volume/v3/qos-specs returned with HTTP 200
Jun 25 21:20:52.798232 np0000003650 devstack@c-api.service[96718]: [pid: 96718|app: 0|req: 68/207] 10.4.3.253 () {66 vars in 1243 bytes} [Thu Jun 25 21:20:52 2026] GET /volume/v3/qos-specs => generated 175 bytes in 12 msecs (HTTP/1.1 200) 7 headers in 285 bytes (1 switches on core 0)
Jun 25 21:20:52.805386 np0000003650 devstack@c-api.service[96719]: DEBUG cinder.api.middleware.request_id [None req-04323e46-61f9-4d37-8ca5-d95375693314 None None] RequestId filter calling following filter/app {{(pid=96719) _context_setter /opt/stack/cinder/cinder/api/middleware/request_id.py:62}}
Jun 25 21:20:52.807397 np0000003650 devstack@c-api.service[96719]: INFO cinder.api.openstack.wsgi [None req-04323e46-61f9-4d37-8ca5-d95375693314 tempest-QosSpecsTestJSON-1027143194 tempest-QosSpecsTestJSON-1027143194-project-admin] DELETE https://10.4.3.253/volume/v3/qos-specs/55872348-553b-4dc9-b268-ebbf50c844c7?force=False
Jun 25 21:20:52.807838 np0000003650 devstack@c-api.service[96719]: DEBUG cinder.api.openstack.wsgi [None req-04323e46-61f9-4d37-8ca5-d95375693314 tempest-QosSpecsTestJSON-1027143194 tempest-QosSpecsTestJSON-1027143194-project-admin] Empty body provided in request {{(pid=96719) get_body /opt/stack/cinder/cinder/api/openstack/wsgi.py:725}}
Jun 25 21:20:52.808077 np0000003650 devstack@c-api.service[96719]: DEBUG cinder.api.openstack.wsgi [None req-04323e46-61f9-4d37-8ca5-d95375693314 tempest-QosSpecsTestJSON-1027143194 tempest-QosSpecsTestJSON-1027143194-project-admin] Calling method 'delete' {{(pid=96719) _process_stack /opt/stack/cinder/cinder/api/openstack/wsgi.py:878}}
Jun 25 21:20:52.808378 np0000003650 devstack@c-api.service[96719]: /opt/stack/data/venv/lib/python3.12/site-packages/oslo_context/context.py:102: DeprecationWarning: Policy enforcement is depending on the value of is_admin. This key is deprecated. Please update your policy file to use the standard policy values.
Jun 25 21:20:52.808378 np0000003650 devstack@c-api.service[96719]: warnings.warn(
Jun 25 21:20:52.808798 np0000003650 devstack@c-api.service[96719]: DEBUG cinder.api.contrib.qos_specs_manage [None req-04323e46-61f9-4d37-8ca5-d95375693314 tempest-QosSpecsTestJSON-1027143194 tempest-QosSpecsTestJSON-1027143194-project-admin] Delete qos_spec: 55872348-553b-4dc9-b268-ebbf50c844c7, force: False {{(pid=96719) delete /opt/stack/cinder/cinder/api/contrib/qos_specs_manage.py:169}}
Jun 25 21:20:52.812028 np0000003650 devstack@c-api.service[96719]: INFO cinder.api.openstack.wsgi [None req-04323e46-61f9-4d37-8ca5-d95375693314 tempest-QosSpecsTestJSON-1027143194 tempest-QosSpecsTestJSON-1027143194-project-admin] https://10.4.3.253/volume/v3/qos-specs/55872348-553b-4dc9-b268-ebbf50c844c7?force=False returned with HTTP 404
Jun 25 21:20:52.812535 np0000003650 devstack@c-api.service[96719]: [pid: 96719|app: 0|req: 73/208] 10.4.3.253 () {66 vars in 1380 bytes} [Thu Jun 25 21:20:52 2026] DELETE /volume/v3/qos-specs/55872348-553b-4dc9-b268-ebbf50c844c7?force=False => generated 100 bytes in 8 msecs (HTTP/1.1 404) 7 headers in 292 bytes (1 switches on core 0)
Jun 25 21:20:52.819445 np0000003650 devstack@c-api.service[96717]: DEBUG cinder.api.middleware.request_id [None req-7bc5df57-6926-4290-81a6-c556862d767f None None] RequestId filter calling following filter/app {{(pid=96717) _context_setter /opt/stack/cinder/cinder/api/middleware/request_id.py:62}}
Jun 25 21:20:52.821177 np0000003650 devstack@c-api.service[96717]: INFO cinder.api.openstack.wsgi [None req-7bc5df57-6926-4290-81a6-c556862d767f tempest-QosSpecsTestJSON-1027143194 tempest-QosSpecsTestJSON-1027143194-project-admin] GET https://10.4.3.253/volume/v3/qos-specs/55872348-553b-4dc9-b268-ebbf50c844c7
Jun 25 21:20:52.821356 np0000003650 devstack@c-api.service[96717]: DEBUG cinder.api.openstack.wsgi [None req-7bc5df57-6926-4290-81a6-c556862d767f tempest-QosSpecsTestJSON-1027143194 tempest-QosSpecsTestJSON-1027143194-project-admin] Empty body provided in request {{(pid=96717) get_body /opt/stack/cinder/cinder/api/openstack/wsgi.py:725}}
Jun 25 21:20:52.821525 np0000003650 devstack@c-api.service[96717]: DEBUG cinder.api.openstack.wsgi [None req-7bc5df57-6926-4290-81a6-c556862d767f tempest-QosSpecsTestJSON-1027143194 tempest-QosSpecsTestJSON-1027143194-project-admin] Calling method 'show' {{(pid=96717) _process_stack /opt/stack/cinder/cinder/api/openstack/wsgi.py:878}}
Jun 25 21:20:52.824704 np0000003650 devstack@c-api.service[96717]: INFO cinder.api.openstack.wsgi [None req-7bc5df57-6926-4290-81a6-c556862d767f tempest-QosSpecsTestJSON-1027143194 tempest-QosSpecsTestJSON-1027143194-project-admin] https://10.4.3.253/volume/v3/qos-specs/55872348-553b-4dc9-b268-ebbf50c844c7 returned with HTTP 404
Jun 25 21:20:52.825221 np0000003650 devstack@c-api.service[96717]: [pid: 96717|app: 0|req: 68/209] 10.4.3.253 () {66 vars in 1354 bytes} [Thu Jun 25 21:20:52 2026] GET /volume/v3/qos-specs/55872348-553b-4dc9-b268-ebbf50c844c7 => generated 100 bytes in 6 msecs (HTTP/1.1 404) 7 headers in 292 bytes (1 switches on core 0)
Jun 25 21:20:52.832642 np0000003650 devstack@c-api.service[96718]: DEBUG cinder.api.middleware.request_id [None req-2c136e4b-848e-4067-abc6-c485534b38b0 None None] RequestId filter calling following filter/app {{(pid=96718) _context_setter /opt/stack/cinder/cinder/api/middleware/request_id.py:62}}
Jun 25 21:20:52.836297 np0000003650 devstack@c-api.service[96718]: INFO cinder.api.openstack.wsgi [None req-2c136e4b-848e-4067-abc6-c485534b38b0 tempest-QosSpecsTestJSON-1027143194 tempest-QosSpecsTestJSON-1027143194-project-admin] GET https://10.4.3.253/volume/v3/qos-specs/81151f61-c06a-4da9-ac63-da15e4be1d95
Jun 25 21:20:52.836459 np0000003650 devstack@c-api.service[96718]: DEBUG cinder.api.openstack.wsgi [None req-2c136e4b-848e-4067-abc6-c485534b38b0 tempest-QosSpecsTestJSON-1027143194 tempest-QosSpecsTestJSON-1027143194-project-admin] Empty body provided in request {{(pid=96718) get_body /opt/stack/cinder/cinder/api/openstack/wsgi.py:725}}
Jun 25 21:20:52.836646 np0000003650 devstack@c-api.service[96718]: DEBUG cinder.api.openstack.wsgi [None req-2c136e4b-848e-4067-abc6-c485534b38b0 tempest-QosSpecsTestJSON-1027143194 tempest-QosSpecsTestJSON-1027143194-project-admin] Calling method 'show' {{(pid=96718) _process_stack /opt/stack/cinder/cinder/api/openstack/wsgi.py:878}}
Jun 25 21:20:52.836878 np0000003650 devstack@c-api.service[96718]: /opt/stack/data/venv/lib/python3.12/site-packages/oslo_context/context.py:102: DeprecationWarning: Policy enforcement is depending on the value of is_admin. This key is deprecated. Please update your policy file to use the standard policy values.
Jun 25 21:20:52.836878 np0000003650 devstack@c-api.service[96718]: warnings.warn(
Jun 25 21:20:52.847775 np0000003650 devstack@c-api.service[96718]: INFO cinder.api.openstack.wsgi [None req-2c136e4b-848e-4067-abc6-c485534b38b0 tempest-QosSpecsTestJSON-1027143194 tempest-QosSpecsTestJSON-1027143194-project-admin] https://10.4.3.253/volume/v3/qos-specs/81151f61-c06a-4da9-ac63-da15e4be1d95 returned with HTTP 200
Jun 25 21:20:52.849814 np0000003650 devstack@c-api.service[96718]: [pid: 96718|app: 0|req: 69/210] 10.4.3.253 () {66 vars in 1354 bytes} [Thu Jun 25 21:20:52 2026] GET /volume/v3/qos-specs/81151f61-c06a-4da9-ac63-da15e4be1d95 => generated 393 bytes in 17 msecs (HTTP/1.1 200) 7 headers in 285 bytes (1 switches on core 0)
Jun 25 21:20:52.858078 np0000003650 devstack@c-api.service[96719]: DEBUG cinder.api.middleware.request_id [None req-d39389d7-e607-40cc-b42d-fa268351c615 None None] RequestId filter calling following filter/app {{(pid=96719) _context_setter /opt/stack/cinder/cinder/api/middleware/request_id.py:62}}
Jun 25 21:20:52.859727 np0000003650 devstack@c-api.service[96719]: INFO cinder.api.openstack.wsgi [None req-d39389d7-e607-40cc-b42d-fa268351c615 tempest-QosSpecsTestJSON-1027143194 tempest-QosSpecsTestJSON-1027143194-project-admin] GET https://10.4.3.253/volume/v3/qos-specs
Jun 25 21:20:52.859936 np0000003650 devstack@c-api.service[96719]: DEBUG cinder.api.openstack.wsgi [None req-d39389d7-e607-40cc-b42d-fa268351c615 tempest-QosSpecsTestJSON-1027143194 tempest-QosSpecsTestJSON-1027143194-project-admin] Empty body provided in request {{(pid=96719) get_body /opt/stack/cinder/cinder/api/openstack/wsgi.py:725}}
Jun 25 21:20:52.860122 np0000003650 devstack@c-api.service[96719]: DEBUG cinder.api.openstack.wsgi [None req-d39389d7-e607-40cc-b42d-fa268351c615 tempest-QosSpecsTestJSON-1027143194 tempest-QosSpecsTestJSON-1027143194-project-admin] Calling method 'index' {{(pid=96719) _process_stack /opt/stack/cinder/cinder/api/openstack/wsgi.py:878}}
Jun 25 21:20:52.864573 np0000003650 devstack@c-api.service[96719]: INFO cinder.api.openstack.wsgi [None req-d39389d7-e607-40cc-b42d-fa268351c615 tempest-QosSpecsTestJSON-1027143194 tempest-QosSpecsTestJSON-1027143194-project-admin] https://10.4.3.253/volume/v3/qos-specs returned with HTTP 200
Jun 25 21:20:52.864985 np0000003650 devstack@c-api.service[96719]: [pid: 96719|app: 0|req: 74/211] 10.4.3.253 () {66 vars in 1243 bytes} [Thu Jun 25 21:20:52 2026] GET /volume/v3/qos-specs => generated 175 bytes in 8 msecs (HTTP/1.1 200) 7 headers in 285 bytes (1 switches on core 0)
Jun 25 21:20:52.873969 np0000003650 devstack@c-api.service[96717]: DEBUG cinder.api.middleware.request_id [None req-a6c33ec3-e1d2-4fc0-b014-d7dfe0ca84ec None None] RequestId filter calling following filter/app {{(pid=96717) _context_setter /opt/stack/cinder/cinder/api/middleware/request_id.py:62}}
Jun 25 21:20:52.876504 np0000003650 devstack@c-api.service[96717]: INFO cinder.api.openstack.wsgi [None req-a6c33ec3-e1d2-4fc0-b014-d7dfe0ca84ec tempest-QosSpecsTestJSON-1027143194 tempest-QosSpecsTestJSON-1027143194-project-admin] PUT https://10.4.3.253/volume/v3/qos-specs/81151f61-c06a-4da9-ac63-da15e4be1d95
Jun 25 21:20:52.876504 np0000003650 devstack@c-api.service[96717]: DEBUG cinder.api.openstack.wsgi [None req-a6c33ec3-e1d2-4fc0-b014-d7dfe0ca84ec tempest-QosSpecsTestJSON-1027143194 tempest-QosSpecsTestJSON-1027143194-project-admin] Action: 'update', calling method: update, body: {"qos_specs": {"iops_bytes": "500"}} {{(pid=96717) _process_stack /opt/stack/cinder/cinder/api/openstack/wsgi.py:876}}
Jun 25 21:20:52.880883 np0000003650 devstack@c-api.service[96717]: DEBUG cinder.volume.qos_specs [None req-a6c33ec3-e1d2-4fc0-b014-d7dfe0ca84ec tempest-QosSpecsTestJSON-1027143194 tempest-QosSpecsTestJSON-1027143194-project-admin] qos_specs.update(): specs {'iops_bytes': '500'} {{(pid=96717) update /opt/stack/cinder/cinder/volume/qos_specs.py:79}}
Jun 25 21:20:52.886788 np0000003650 devstack@c-api.service[96717]: DEBUG cinder.db.api [None req-a6c33ec3-e1d2-4fc0-b014-d7dfe0ca84ec tempest-QosSpecsTestJSON-1027143194 tempest-QosSpecsTestJSON-1027143194-project-admin] qos_specs_update() value: {'id': '1f0b4102-2a34-4e56-9c89-7860fce28830', 'key': 'iops_bytes', 'value': '500', 'specs_id': '81151f61-c06a-4da9-ac63-da15e4be1d95', 'deleted': False} {{(pid=96717) qos_specs_update /opt/stack/cinder/cinder/db/api.py:6017}}
Jun 25 21:20:52.892762 np0000003650 devstack@c-api.service[96717]: INFO cinder.api.openstack.wsgi [None req-a6c33ec3-e1d2-4fc0-b014-d7dfe0ca84ec tempest-QosSpecsTestJSON-1027143194 tempest-QosSpecsTestJSON-1027143194-project-admin] https://10.4.3.253/volume/v3/qos-specs/81151f61-c06a-4da9-ac63-da15e4be1d95 returned with HTTP 200
Jun 25 21:20:52.893202 np0000003650 devstack@c-api.service[96717]: [pid: 96717|app: 0|req: 69/212] 10.4.3.253 () {68 vars in 1374 bytes} [Thu Jun 25 21:20:52 2026] PUT /volume/v3/qos-specs/81151f61-c06a-4da9-ac63-da15e4be1d95 => generated 36 bytes in 20 msecs (HTTP/1.1 200) 7 headers in 284 bytes (1 switches on core 0)
Jun 25 21:20:52.900518 np0000003650 devstack@c-api.service[96718]: DEBUG cinder.api.middleware.request_id [None req-4c676a77-721c-4be2-aa8b-b95d369a13f1 None None] RequestId filter calling following filter/app {{(pid=96718) _context_setter /opt/stack/cinder/cinder/api/middleware/request_id.py:62}}
Jun 25 21:20:52.902027 np0000003650 devstack@c-api.service[96718]: INFO cinder.api.openstack.wsgi [None req-4c676a77-721c-4be2-aa8b-b95d369a13f1 tempest-QosSpecsTestJSON-1027143194 tempest-QosSpecsTestJSON-1027143194-project-admin] GET https://10.4.3.253/volume/v3/qos-specs/81151f61-c06a-4da9-ac63-da15e4be1d95
Jun 25 21:20:52.902186 np0000003650 devstack@c-api.service[96718]: DEBUG cinder.api.openstack.wsgi [None req-4c676a77-721c-4be2-aa8b-b95d369a13f1 tempest-QosSpecsTestJSON-1027143194 tempest-QosSpecsTestJSON-1027143194-project-admin] Empty body provided in request {{(pid=96718) get_body /opt/stack/cinder/cinder/api/openstack/wsgi.py:725}}
Jun 25 21:20:52.902355 np0000003650 devstack@c-api.service[96718]: DEBUG cinder.api.openstack.wsgi [None req-4c676a77-721c-4be2-aa8b-b95d369a13f1 tempest-QosSpecsTestJSON-1027143194 tempest-QosSpecsTestJSON-1027143194-project-admin] Calling method 'show' {{(pid=96718) _process_stack /opt/stack/cinder/cinder/api/openstack/wsgi.py:878}}
Jun 25 21:20:52.902568 np0000003650 devstack@c-api.service[96718]: /opt/stack/data/venv/lib/python3.12/site-packages/oslo_context/context.py:102: DeprecationWarning: Policy enforcement is depending on the value of is_admin. This key is deprecated. Please update your policy file to use the standard policy values.
Jun 25 21:20:52.902568 np0000003650 devstack@c-api.service[96718]: warnings.warn(
Jun 25 21:20:52.906277 np0000003650 devstack@c-api.service[96718]: INFO cinder.api.openstack.wsgi [None req-4c676a77-721c-4be2-aa8b-b95d369a13f1 tempest-QosSpecsTestJSON-1027143194 tempest-QosSpecsTestJSON-1027143194-project-admin] https://10.4.3.253/volume/v3/qos-specs/81151f61-c06a-4da9-ac63-da15e4be1d95 returned with HTTP 200
Jun 25 21:20:52.906896 np0000003650 devstack@c-api.service[96718]: [pid: 96718|app: 0|req: 70/213] 10.4.3.253 () {66 vars in 1354 bytes} [Thu Jun 25 21:20:52 2026] GET /volume/v3/qos-specs/81151f61-c06a-4da9-ac63-da15e4be1d95 => generated 414 bytes in 7 msecs (HTTP/1.1 200) 7 headers in 285 bytes (1 switches on core 0)
Jun 25 21:20:52.915150 np0000003650 devstack@c-api.service[96719]: DEBUG cinder.api.middleware.request_id [None req-ed31b3e7-8615-4aed-8b56-40fbd72b7b14 None None] RequestId filter calling following filter/app {{(pid=96719) _context_setter /opt/stack/cinder/cinder/api/middleware/request_id.py:62}}
Jun 25 21:20:52.916888 np0000003650 devstack@c-api.service[96719]: INFO cinder.api.openstack.wsgi [None req-ed31b3e7-8615-4aed-8b56-40fbd72b7b14 tempest-QosSpecsTestJSON-1027143194 tempest-QosSpecsTestJSON-1027143194-project-admin] PUT https://10.4.3.253/volume/v3/qos-specs/81151f61-c06a-4da9-ac63-da15e4be1d95/delete_keys
Jun 25 21:20:52.917311 np0000003650 devstack@c-api.service[96719]: DEBUG cinder.api.openstack.wsgi [None req-ed31b3e7-8615-4aed-8b56-40fbd72b7b14 tempest-QosSpecsTestJSON-1027143194 tempest-QosSpecsTestJSON-1027143194-project-admin] Action: 'delete_keys', calling method: delete_keys, body: {"keys": ["iops_bytes"]} {{(pid=96719) _process_stack /opt/stack/cinder/cinder/api/openstack/wsgi.py:876}}
Jun 25 21:20:52.918865 np0000003650 devstack@c-api.service[96719]: /opt/stack/data/venv/lib/python3.12/site-packages/oslo_context/context.py:102: DeprecationWarning: Policy enforcement is depending on the value of is_admin. This key is deprecated. Please update your policy file to use the standard policy values.
Jun 25 21:20:52.918865 np0000003650 devstack@c-api.service[96719]: warnings.warn(
Jun 25 21:20:52.919178 np0000003650 devstack@c-api.service[96719]: DEBUG cinder.api.contrib.qos_specs_manage [None req-ed31b3e7-8615-4aed-8b56-40fbd72b7b14 tempest-QosSpecsTestJSON-1027143194 tempest-QosSpecsTestJSON-1027143194-project-admin] Delete_key spec: 81151f61-c06a-4da9-ac63-da15e4be1d95, keys: ['iops_bytes'] {{(pid=96719) delete_keys /opt/stack/cinder/cinder/api/contrib/qos_specs_manage.py:208}}
Jun 25 21:20:52.939577 np0000003650 devstack@c-api.service[96719]: INFO cinder.api.openstack.wsgi [None req-ed31b3e7-8615-4aed-8b56-40fbd72b7b14 tempest-QosSpecsTestJSON-1027143194 tempest-QosSpecsTestJSON-1027143194-project-admin] https://10.4.3.253/volume/v3/qos-specs/81151f61-c06a-4da9-ac63-da15e4be1d95/delete_keys returned with HTTP 202
Jun 25 21:20:52.940048 np0000003650 devstack@c-api.service[96719]: [pid: 96719|app: 0|req: 75/214] 10.4.3.253 () {68 vars in 1410 bytes} [Thu Jun 25 21:20:52 2026] PUT /volume/v3/qos-specs/81151f61-c06a-4da9-ac63-da15e4be1d95/delete_keys => generated 0 bytes in 25 msecs (HTTP/1.1 202) 6 headers in 233 bytes (1 switches on core 0)
