Jun 25 21:23:13.563494 np0000003650 devstack@g-api.service[99462]: DEBUG glance.api.middleware.version_negotiation [None req-de963044-7114-4d8c-8001-35b59e8861df tempest-VolumesCloneTest-32518664 tempest-VolumesCloneTest-32518664-project-member] Determining version of request: GET /v2/schemas/image Accept: */* {{(pid=99462) process_request /opt/stack/glance/glance/api/middleware/version_negotiation.py:44}}
Jun 25 21:23:13.563723 np0000003650 devstack@g-api.service[99462]: DEBUG glance.api.middleware.version_negotiation [None req-de963044-7114-4d8c-8001-35b59e8861df tempest-VolumesCloneTest-32518664 tempest-VolumesCloneTest-32518664-project-member] Using url versioning {{(pid=99462) process_request /opt/stack/glance/glance/api/middleware/version_negotiation.py:57}}
Jun 25 21:23:13.563896 np0000003650 devstack@g-api.service[99462]: DEBUG glance.api.middleware.version_negotiation [None req-de963044-7114-4d8c-8001-35b59e8861df tempest-VolumesCloneTest-32518664 tempest-VolumesCloneTest-32518664-project-member] Matched version: v2 {{(pid=99462) process_request /opt/stack/glance/glance/api/middleware/version_negotiation.py:69}}
Jun 25 21:23:13.564019 np0000003650 devstack@g-api.service[99462]: DEBUG glance.api.middleware.version_negotiation [None req-de963044-7114-4d8c-8001-35b59e8861df tempest-VolumesCloneTest-32518664 tempest-VolumesCloneTest-32518664-project-member] new path /v2/schemas/image {{(pid=99462) process_request /opt/stack/glance/glance/api/middleware/version_negotiation.py:70}}
Jun 25 21:23:13.566649 np0000003650 devstack@g-api.service[99462]: [pid: 99462|app: 0|req: 103/298] 127.0.0.1 () {44 vars in 1055 bytes} [Thu Jun 25 21:23:13 2026] GET /v2/schemas/image => generated 6083 bytes in 3 msecs (HTTP/1.1 200) 4 headers in 158 bytes (1 switches on core 0)
Jun 25 21:23:13.574390 np0000003650 devstack@g-api.service[99464]: DEBUG glance.api.middleware.version_negotiation [None req-de963044-7114-4d8c-8001-35b59e8861df service glance] Determining version of request: GET /v2/schemas/image Accept: */* {{(pid=99464) process_request /opt/stack/glance/glance/api/middleware/version_negotiation.py:44}}
Jun 25 21:23:13.574523 np0000003650 devstack@g-api.service[99464]: DEBUG glance.api.middleware.version_negotiation [None req-de963044-7114-4d8c-8001-35b59e8861df service glance] Using url versioning {{(pid=99464) process_request /opt/stack/glance/glance/api/middleware/version_negotiation.py:57}}
Jun 25 21:23:13.574718 np0000003650 devstack@g-api.service[99464]: DEBUG glance.api.middleware.version_negotiation [None req-de963044-7114-4d8c-8001-35b59e8861df service glance] Matched version: v2 {{(pid=99464) process_request /opt/stack/glance/glance/api/middleware/version_negotiation.py:69}}
Jun 25 21:23:13.574812 np0000003650 devstack@g-api.service[99464]: DEBUG glance.api.middleware.version_negotiation [None req-de963044-7114-4d8c-8001-35b59e8861df service glance] new path /v2/schemas/image {{(pid=99464) process_request /opt/stack/glance/glance/api/middleware/version_negotiation.py:70}}
Jun 25 21:23:13.578296 np0000003650 devstack@g-api.service[99464]: [pid: 99464|app: 0|req: 101/299] 127.0.0.1 () {44 vars in 1055 bytes} [Thu Jun 25 21:23:13 2026] GET /v2/schemas/image => generated 6083 bytes in 4 msecs (HTTP/1.1 200) 4 headers in 158 bytes (1 switches on core 0)
Jun 25 21:23:13.998183 np0000003650 devstack@g-api.service[99463]: DEBUG glance.api.middleware.version_negotiation [None req-de963044-7114-4d8c-8001-35b59e8861df tempest-VolumesCloneTest-32518664 tempest-VolumesCloneTest-32518664-project-member] Determining version of request: GET /v2/images/6d46f523-c71d-48ce-aaa6-938d6001e93c Accept: */* {{(pid=99463) process_request /opt/stack/glance/glance/api/middleware/version_negotiation.py:44}}
Jun 25 21:23:13.998366 np0000003650 devstack@g-api.service[99463]: DEBUG glance.api.middleware.version_negotiation [None req-de963044-7114-4d8c-8001-35b59e8861df tempest-VolumesCloneTest-32518664 tempest-VolumesCloneTest-32518664-project-member] Using url versioning {{(pid=99463) process_request /opt/stack/glance/glance/api/middleware/version_negotiation.py:57}}
Jun 25 21:23:13.998366 np0000003650 devstack@g-api.service[99463]: DEBUG glance.api.middleware.version_negotiation [None req-de963044-7114-4d8c-8001-35b59e8861df tempest-VolumesCloneTest-32518664 tempest-VolumesCloneTest-32518664-project-member] Matched version: v2 {{(pid=99463) process_request /opt/stack/glance/glance/api/middleware/version_negotiation.py:69}}
Jun 25 21:23:13.998466 np0000003650 devstack@g-api.service[99463]: DEBUG glance.api.middleware.version_negotiation [None req-de963044-7114-4d8c-8001-35b59e8861df tempest-VolumesCloneTest-32518664 tempest-VolumesCloneTest-32518664-project-member] new path /v2/images/6d46f523-c71d-48ce-aaa6-938d6001e93c {{(pid=99463) process_request /opt/stack/glance/glance/api/middleware/version_negotiation.py:70}}
Jun 25 21:23:14.010473 np0000003650 devstack@g-api.service[99463]: [pid: 99463|app: 0|req: 96/300] 127.0.0.1 () {44 vars in 1115 bytes} [Thu Jun 25 21:23:13 2026] GET /v2/images/6d46f523-c71d-48ce-aaa6-938d6001e93c => generated 1333 bytes in 12 msecs (HTTP/1.1 200) 4 headers in 158 bytes (1 switches on core 0)
Jun 25 21:23:14.050280 np0000003650 devstack@g-api.service[99462]: DEBUG glance.api.middleware.version_negotiation [None req-de963044-7114-4d8c-8001-35b59e8861df tempest-VolumesCloneTest-32518664 tempest-VolumesCloneTest-32518664-project-member] Determining version of request: GET /v2/schemas/image Accept: */* {{(pid=99462) process_request /opt/stack/glance/glance/api/middleware/version_negotiation.py:44}}
Jun 25 21:23:14.050467 np0000003650 devstack@g-api.service[99462]: DEBUG glance.api.middleware.version_negotiation [None req-de963044-7114-4d8c-8001-35b59e8861df tempest-VolumesCloneTest-32518664 tempest-VolumesCloneTest-32518664-project-member] Using url versioning {{(pid=99462) process_request /opt/stack/glance/glance/api/middleware/version_negotiation.py:57}}
Jun 25 21:23:14.050654 np0000003650 devstack@g-api.service[99462]: DEBUG glance.api.middleware.version_negotiation [None req-de963044-7114-4d8c-8001-35b59e8861df tempest-VolumesCloneTest-32518664 tempest-VolumesCloneTest-32518664-project-member] Matched version: v2 {{(pid=99462) process_request /opt/stack/glance/glance/api/middleware/version_negotiation.py:69}}
Jun 25 21:23:14.050790 np0000003650 devstack@g-api.service[99462]: DEBUG glance.api.middleware.version_negotiation [None req-de963044-7114-4d8c-8001-35b59e8861df tempest-VolumesCloneTest-32518664 tempest-VolumesCloneTest-32518664-project-member] new path /v2/schemas/image {{(pid=99462) process_request /opt/stack/glance/glance/api/middleware/version_negotiation.py:70}}
Jun 25 21:23:14.053091 np0000003650 devstack@g-api.service[99462]: [pid: 99462|app: 0|req: 104/301] 127.0.0.1 () {44 vars in 1055 bytes} [Thu Jun 25 21:23:14 2026] GET /v2/schemas/image => generated 6083 bytes in 3 msecs (HTTP/1.1 200) 4 headers in 158 bytes (1 switches on core 0)
Jun 25 21:23:14.088280 np0000003650 devstack@g-api.service[99464]: DEBUG glance.api.middleware.version_negotiation [None req-de963044-7114-4d8c-8001-35b59e8861df tempest-VolumesCloneTest-32518664 tempest-VolumesCloneTest-32518664-project-member] Determining version of request: GET /v2/schemas/image Accept: */* {{(pid=99464) process_request /opt/stack/glance/glance/api/middleware/version_negotiation.py:44}}
Jun 25 21:23:14.088280 np0000003650 devstack@g-api.service[99464]: DEBUG glance.api.middleware.version_negotiation [None req-de963044-7114-4d8c-8001-35b59e8861df tempest-VolumesCloneTest-32518664 tempest-VolumesCloneTest-32518664-project-member] Using url versioning {{(pid=99464) process_request /opt/stack/glance/glance/api/middleware/version_negotiation.py:57}}
Jun 25 21:23:14.088653 np0000003650 devstack@g-api.service[99464]: DEBUG glance.api.middleware.version_negotiation [None req-de963044-7114-4d8c-8001-35b59e8861df tempest-VolumesCloneTest-32518664 tempest-VolumesCloneTest-32518664-project-member] Matched version: v2 {{(pid=99464) process_request /opt/stack/glance/glance/api/middleware/version_negotiation.py:69}}
Jun 25 21:23:14.088653 np0000003650 devstack@g-api.service[99464]: DEBUG glance.api.middleware.version_negotiation [None req-de963044-7114-4d8c-8001-35b59e8861df tempest-VolumesCloneTest-32518664 tempest-VolumesCloneTest-32518664-project-member] new path /v2/schemas/image {{(pid=99464) process_request /opt/stack/glance/glance/api/middleware/version_negotiation.py:70}}
Jun 25 21:23:14.093294 np0000003650 devstack@g-api.service[99464]: [pid: 99464|app: 0|req: 102/302] 127.0.0.1 () {44 vars in 1055 bytes} [Thu Jun 25 21:23:14 2026] GET /v2/schemas/image => generated 6083 bytes in 5 msecs (HTTP/1.1 200) 4 headers in 158 bytes (1 switches on core 0)
Jun 25 21:23:14.132576 np0000003650 devstack@g-api.service[99463]: DEBUG glance.api.middleware.version_negotiation [None req-4e14c0a4-fa6c-4e35-922c-39c75fd8eded tempest-ServerStableDeviceRescueTest-907113924 tempest-ServerStableDeviceRescueTest-907113924-project-member] Determining version of request: PATCH /v2/images/6d46f523-c71d-48ce-aaa6-938d6001e93c Accept: */* {{(pid=99463) process_request /opt/stack/glance/glance/api/middleware/version_negotiation.py:44}}
Jun 25 21:23:14.132846 np0000003650 devstack@g-api.service[99463]: DEBUG glance.api.middleware.version_negotiation [None req-4e14c0a4-fa6c-4e35-922c-39c75fd8eded tempest-ServerStableDeviceRescueTest-907113924 tempest-ServerStableDeviceRescueTest-907113924-project-member] Using url versioning {{(pid=99463) process_request /opt/stack/glance/glance/api/middleware/version_negotiation.py:57}}
Jun 25 21:23:14.132910 np0000003650 devstack@g-api.service[99463]: DEBUG glance.api.middleware.version_negotiation [None req-4e14c0a4-fa6c-4e35-922c-39c75fd8eded tempest-ServerStableDeviceRescueTest-907113924 tempest-ServerStableDeviceRescueTest-907113924-project-member] Matched version: v2 {{(pid=99463) process_request /opt/stack/glance/glance/api/middleware/version_negotiation.py:69}}
Jun 25 21:23:14.133021 np0000003650 devstack@g-api.service[99463]: DEBUG glance.api.middleware.version_negotiation [None req-4e14c0a4-fa6c-4e35-922c-39c75fd8eded tempest-ServerStableDeviceRescueTest-907113924 tempest-ServerStableDeviceRescueTest-907113924-project-member] new path /v2/images/6d46f523-c71d-48ce-aaa6-938d6001e93c {{(pid=99463) process_request /opt/stack/glance/glance/api/middleware/version_negotiation.py:70}}
Jun 25 21:23:14.321271 np0000003650 devstack@g-api.service[99463]: [pid: 99463|app: 0|req: 97/303] 127.0.0.1 () {46 vars in 1158 bytes} [Thu Jun 25 21:23:14 2026] PATCH /v2/images/6d46f523-c71d-48ce-aaa6-938d6001e93c => generated 1444 bytes in 189 msecs (HTTP/1.1 200) 4 headers in 158 bytes (1 switches on core 0)
Jun 25 21:23:14.360991 np0000003650 devstack@g-api.service[99462]: DEBUG glance.api.middleware.version_negotiation [None req-4e14c0a4-fa6c-4e35-922c-39c75fd8eded tempest-ServerStableDeviceRescueTest-907113924 tempest-ServerStableDeviceRescueTest-907113924-project-member] Determining version of request: GET /v2/images/6d46f523-c71d-48ce-aaa6-938d6001e93c Accept: */* {{(pid=99462) process_request /opt/stack/glance/glance/api/middleware/version_negotiation.py:44}}
Jun 25 21:23:14.361137 np0000003650 devstack@g-api.service[99462]: DEBUG glance.api.middleware.version_negotiation [None req-4e14c0a4-fa6c-4e35-922c-39c75fd8eded tempest-ServerStableDeviceRescueTest-907113924 tempest-ServerStableDeviceRescueTest-907113924-project-member] Using url versioning {{(pid=99462) process_request /opt/stack/glance/glance/api/middleware/version_negotiation.py:57}}
Jun 25 21:23:14.361669 np0000003650 devstack@g-api.service[99462]: DEBUG glance.api.middleware.version_negotiation [None req-4e14c0a4-fa6c-4e35-922c-39c75fd8eded tempest-ServerStableDeviceRescueTest-907113924 tempest-ServerStableDeviceRescueTest-907113924-project-member] Matched version: v2 {{(pid=99462) process_request /opt/stack/glance/glance/api/middleware/version_negotiation.py:69}}
Jun 25 21:23:14.361669 np0000003650 devstack@g-api.service[99462]: DEBUG glance.api.middleware.version_negotiation [None req-4e14c0a4-fa6c-4e35-922c-39c75fd8eded tempest-ServerStableDeviceRescueTest-907113924 tempest-ServerStableDeviceRescueTest-907113924-project-member] new path /v2/images/6d46f523-c71d-48ce-aaa6-938d6001e93c {{(pid=99462) process_request /opt/stack/glance/glance/api/middleware/version_negotiation.py:70}}
Jun 25 21:23:14.374810 np0000003650 devstack@g-api.service[99464]: DEBUG glance.api.middleware.version_negotiation [None req-4e14c0a4-fa6c-4e35-922c-39c75fd8eded tempest-ServerStableDeviceRescueTest-907113924 tempest-ServerStableDeviceRescueTest-907113924-project-member] Determining version of request: GET /v2/images/6d46f523-c71d-48ce-aaa6-938d6001e93c Accept: */* {{(pid=99464) process_request /opt/stack/glance/glance/api/middleware/version_negotiation.py:44}}
Jun 25 21:23:14.374920 np0000003650 devstack@g-api.service[99464]: DEBUG glance.api.middleware.version_negotiation [None req-4e14c0a4-fa6c-4e35-922c-39c75fd8eded tempest-ServerStableDeviceRescueTest-907113924 tempest-ServerStableDeviceRescueTest-907113924-project-member] Using url versioning {{(pid=99464) process_request /opt/stack/glance/glance/api/middleware/version_negotiation.py:57}}
Jun 25 21:23:14.375029 np0000003650 devstack@g-api.service[99464]: DEBUG glance.api.middleware.version_negotiation [None req-4e14c0a4-fa6c-4e35-922c-39c75fd8eded tempest-ServerStableDeviceRescueTest-907113924 tempest-ServerStableDeviceRescueTest-907113924-project-member] Matched version: v2 {{(pid=99464) process_request /opt/stack/glance/glance/api/middleware/version_negotiation.py:69}}
Jun 25 21:23:14.375151 np0000003650 devstack@g-api.service[99464]: DEBUG glance.api.middleware.version_negotiation [None req-4e14c0a4-fa6c-4e35-922c-39c75fd8eded tempest-ServerStableDeviceRescueTest-907113924 tempest-ServerStableDeviceRescueTest-907113924-project-member] new path /v2/images/6d46f523-c71d-48ce-aaa6-938d6001e93c {{(pid=99464) process_request /opt/stack/glance/glance/api/middleware/version_negotiation.py:70}}
Jun 25 21:23:14.375817 np0000003650 devstack@g-api.service[99462]: [pid: 99462|app: 0|req: 105/304] 127.0.0.1 () {44 vars in 1115 bytes} [Thu Jun 25 21:23:14 2026] GET /v2/images/6d46f523-c71d-48ce-aaa6-938d6001e93c => generated 1444 bytes in 15 msecs (HTTP/1.1 200) 4 headers in 158 bytes (1 switches on core 0)
Jun 25 21:23:14.388955 np0000003650 devstack@g-api.service[99464]: [pid: 99464|app: 0|req: 103/305] 127.0.0.1 () {44 vars in 1115 bytes} [Thu Jun 25 21:23:14 2026] GET /v2/images/6d46f523-c71d-48ce-aaa6-938d6001e93c => generated 1444 bytes in 14 msecs (HTTP/1.1 200) 4 headers in 158 bytes (1 switches on core 0)
Jun 25 21:23:14.422275 np0000003650 devstack@g-api.service[99463]: DEBUG glance.api.middleware.version_negotiation [None req-4e14c0a4-fa6c-4e35-922c-39c75fd8eded tempest-ServerStableDeviceRescueTest-907113924 tempest-ServerStableDeviceRescueTest-907113924-project-member] Determining version of request: GET /v2/schemas/image Accept: */* {{(pid=99463) process_request /opt/stack/glance/glance/api/middleware/version_negotiation.py:44}}
Jun 25 21:23:14.422465 np0000003650 devstack@g-api.service[99463]: DEBUG glance.api.middleware.version_negotiation [None req-4e14c0a4-fa6c-4e35-922c-39c75fd8eded tempest-ServerStableDeviceRescueTest-907113924 tempest-ServerStableDeviceRescueTest-907113924-project-member] Using url versioning {{(pid=99463) process_request /opt/stack/glance/glance/api/middleware/version_negotiation.py:57}}
Jun 25 21:23:14.422669 np0000003650 devstack@g-api.service[99463]: DEBUG glance.api.middleware.version_negotiation [None req-4e14c0a4-fa6c-4e35-922c-39c75fd8eded tempest-ServerStableDeviceRescueTest-907113924 tempest-ServerStableDeviceRescueTest-907113924-project-member] Matched version: v2 {{(pid=99463) process_request /opt/stack/glance/glance/api/middleware/version_negotiation.py:69}}
Jun 25 21:23:14.422787 np0000003650 devstack@g-api.service[99463]: DEBUG glance.api.middleware.version_negotiation [None req-4e14c0a4-fa6c-4e35-922c-39c75fd8eded tempest-ServerStableDeviceRescueTest-907113924 tempest-ServerStableDeviceRescueTest-907113924-project-member] new path /v2/schemas/image {{(pid=99463) process_request /opt/stack/glance/glance/api/middleware/version_negotiation.py:70}}
Jun 25 21:23:14.425465 np0000003650 devstack@g-api.service[99463]: [pid: 99463|app: 0|req: 98/306] 127.0.0.1 () {44 vars in 1055 bytes} [Thu Jun 25 21:23:14 2026] GET /v2/schemas/image => generated 6083 bytes in 3 msecs (HTTP/1.1 200) 4 headers in 158 bytes (1 switches on core 0)
Jun 25 21:23:14.444162 np0000003650 devstack@g-api.service[99462]: DEBUG glance.api.middleware.version_negotiation [None req-4e14c0a4-fa6c-4e35-922c-39c75fd8eded tempest-ServerStableDeviceRescueTest-907113924 tempest-ServerStableDeviceRescueTest-907113924-project-member] Determining version of request: PUT /v2/images/6d46f523-c71d-48ce-aaa6-938d6001e93c/file Accept: */* {{(pid=99462) process_request /opt/stack/glance/glance/api/middleware/version_negotiation.py:44}}
Jun 25 21:23:14.445722 np0000003650 devstack@g-api.service[99462]: DEBUG glance.api.middleware.version_negotiation [None req-4e14c0a4-fa6c-4e35-922c-39c75fd8eded tempest-ServerStableDeviceRescueTest-907113924 tempest-ServerStableDeviceRescueTest-907113924-project-member] Using url versioning {{(pid=99462) process_request /opt/stack/glance/glance/api/middleware/version_negotiation.py:57}}
Jun 25 21:23:14.445950 np0000003650 devstack@g-api.service[99462]: DEBUG glance.api.middleware.version_negotiation [None req-4e14c0a4-fa6c-4e35-922c-39c75fd8eded tempest-ServerStableDeviceRescueTest-907113924 tempest-ServerStableDeviceRescueTest-907113924-project-member] Matched version: v2 {{(pid=99462) process_request /opt/stack/glance/glance/api/middleware/version_negotiation.py:69}}
Jun 25 21:23:14.446414 np0000003650 devstack@g-api.service[99462]: DEBUG glance.api.middleware.version_negotiation [None req-4e14c0a4-fa6c-4e35-922c-39c75fd8eded tempest-ServerStableDeviceRescueTest-907113924 tempest-ServerStableDeviceRescueTest-907113924-project-member] new path /v2/images/6d46f523-c71d-48ce-aaa6-938d6001e93c/file {{(pid=99462) process_request /opt/stack/glance/glance/api/middleware/version_negotiation.py:70}}
Jun 25 21:23:14.959858 np0000003650 devstack@g-api.service[99462]: INFO glance.api.v2.image_data [None req-4e14c0a4-fa6c-4e35-922c-39c75fd8eded tempest-ServerStableDeviceRescueTest-907113924 tempest-ServerStableDeviceRescueTest-907113924-project-member] Unable to create trust: no such option collect_timing in group [keystone_authtoken] Use the existing user token.
Jun 25 21:23:15.511093 np0000003650 devstack@g-api.service[99464]: DEBUG glance.api.middleware.version_negotiation [None req-d400b9f0-1d8b-41a5-9719-33c0ffd7a377 tempest-ServerStableDeviceRescueTest-907113924 tempest-ServerStableDeviceRescueTest-907113924-project-member] Determining version of request: GET /v2/images/6d46f523-c71d-48ce-aaa6-938d6001e93c Accept: */* {{(pid=99464) process_request /opt/stack/glance/glance/api/middleware/version_negotiation.py:44}}
Jun 25 21:23:15.511372 np0000003650 devstack@g-api.service[99464]: DEBUG glance.api.middleware.version_negotiation [None req-d400b9f0-1d8b-41a5-9719-33c0ffd7a377 tempest-ServerStableDeviceRescueTest-907113924 tempest-ServerStableDeviceRescueTest-907113924-project-member] Using url versioning {{(pid=99464) process_request /opt/stack/glance/glance/api/middleware/version_negotiation.py:57}}
Jun 25 21:23:15.511451 np0000003650 devstack@g-api.service[99464]: DEBUG glance.api.middleware.version_negotiation [None req-d400b9f0-1d8b-41a5-9719-33c0ffd7a377 tempest-ServerStableDeviceRescueTest-907113924 tempest-ServerStableDeviceRescueTest-907113924-project-member] Matched version: v2 {{(pid=99464) process_request /opt/stack/glance/glance/api/middleware/version_negotiation.py:69}}
Jun 25 21:23:15.511611 np0000003650 devstack@g-api.service[99464]: DEBUG glance.api.middleware.version_negotiation [None req-d400b9f0-1d8b-41a5-9719-33c0ffd7a377 tempest-ServerStableDeviceRescueTest-907113924 tempest-ServerStableDeviceRescueTest-907113924-project-member] new path /v2/images/6d46f523-c71d-48ce-aaa6-938d6001e93c {{(pid=99464) process_request /opt/stack/glance/glance/api/middleware/version_negotiation.py:70}}
Jun 25 21:23:15.519456 np0000003650 devstack@g-api.service[99462]: DEBUG glance.location [None req-4e14c0a4-fa6c-4e35-922c-39c75fd8eded tempest-ServerStableDeviceRescueTest-907113924 tempest-ServerStableDeviceRescueTest-907113924-project-member] Enabling in-flight format inspection for qcow2 {{(pid=99462) set_data /opt/stack/glance/glance/location.py:616}}
Jun 25 21:23:15.520111 np0000003650 devstack@g-api.service[99462]: DEBUG glance_store.backend [None req-4e14c0a4-fa6c-4e35-922c-39c75fd8eded tempest-ServerStableDeviceRescueTest-907113924 tempest-ServerStableDeviceRescueTest-907113924-project-member] Attempting to import store swift {{(pid=99462) _load_store /opt/stack/data/venv/lib/python3.12/site-packages/glance_store/backend.py:215}}
Jun 25 21:23:15.521932 np0000003650 devstack@g-api.service[99462]: DEBUG glance_store.capabilities [None req-4e14c0a4-fa6c-4e35-922c-39c75fd8eded tempest-ServerStableDeviceRescueTest-907113924 tempest-ServerStableDeviceRescueTest-907113924-project-member] Store glance_store._drivers.swift.store.SingleTenantStore doesn't support updating dynamic storage capabilities. Please overwrite 'update_capabilities' method of the store to implement updating logics if needed. {{(pid=99462) update_capabilities /opt/stack/data/venv/lib/python3.12/site-packages/glance_store/capabilities.py:91}}
Jun 25 21:23:15.522057 np0000003650 devstack@g-api.service[99462]: DEBUG glance_store.driver [None req-4e14c0a4-fa6c-4e35-922c-39c75fd8eded tempest-ServerStableDeviceRescueTest-907113924 tempest-ServerStableDeviceRescueTest-907113924-project-member] Late loading location class glance_store._drivers.swift.store.StoreLocation {{(pid=99462) get_store_location_class /opt/stack/data/venv/lib/python3.12/site-packages/glance_store/driver.py:134}}
Jun 25 21:23:15.523089 np0000003650 devstack@g-api.service[99462]: DEBUG glance_store.location [None req-4e14c0a4-fa6c-4e35-922c-39c75fd8eded tempest-ServerStableDeviceRescueTest-907113924 tempest-ServerStableDeviceRescueTest-907113924-project-member] Registering scheme swift+https with {'store': , 'location_class': , 'store_entry': 'swift'} {{(pid=99462) register_scheme_map /opt/stack/data/venv/lib/python3.12/site-packages/glance_store/location.py:146}}
Jun 25 21:23:15.523089 np0000003650 devstack@g-api.service[99462]: DEBUG glance_store.location [None req-4e14c0a4-fa6c-4e35-922c-39c75fd8eded tempest-ServerStableDeviceRescueTest-907113924 tempest-ServerStableDeviceRescueTest-907113924-project-member] Registering scheme swift+https with {'store': , 'location_class': , 'store_entry': 'swift'} {{(pid=99462) register_scheme_map /opt/stack/data/venv/lib/python3.12/site-packages/glance_store/location.py:146}}
Jun 25 21:23:15.523089 np0000003650 devstack@g-api.service[99462]: DEBUG glance_store.location [None req-4e14c0a4-fa6c-4e35-922c-39c75fd8eded tempest-ServerStableDeviceRescueTest-907113924 tempest-ServerStableDeviceRescueTest-907113924-project-member] Registering scheme swift with {'store': , 'location_class': , 'store_entry': 'swift'} {{(pid=99462) register_scheme_map /opt/stack/data/venv/lib/python3.12/site-packages/glance_store/location.py:146}}
Jun 25 21:23:15.523089 np0000003650 devstack@g-api.service[99462]: DEBUG glance_store.location [None req-4e14c0a4-fa6c-4e35-922c-39c75fd8eded tempest-ServerStableDeviceRescueTest-907113924 tempest-ServerStableDeviceRescueTest-907113924-project-member] Registering scheme swift+https with {'store': , 'location_class': , 'store_entry': 'swift'} {{(pid=99462) register_scheme_map /opt/stack/data/venv/lib/python3.12/site-packages/glance_store/location.py:146}}
Jun 25 21:23:15.523089 np0000003650 devstack@g-api.service[99462]: DEBUG glance_store.location [None req-4e14c0a4-fa6c-4e35-922c-39c75fd8eded tempest-ServerStableDeviceRescueTest-907113924 tempest-ServerStableDeviceRescueTest-907113924-project-member] Registering scheme swift with {'store': , 'location_class': , 'store_entry': 'swift'} {{(pid=99462) register_scheme_map /opt/stack/data/venv/lib/python3.12/site-packages/glance_store/location.py:146}}
Jun 25 21:23:15.523089 np0000003650 devstack@g-api.service[99462]: DEBUG glance_store.location [None req-4e14c0a4-fa6c-4e35-922c-39c75fd8eded tempest-ServerStableDeviceRescueTest-907113924 tempest-ServerStableDeviceRescueTest-907113924-project-member] Registering scheme swift+http with {'store': , 'location_class': , 'store_entry': 'swift'} {{(pid=99462) register_scheme_map /opt/stack/data/venv/lib/python3.12/site-packages/glance_store/location.py:146}}
Jun 25 21:23:15.523405 np0000003650 devstack@g-api.service[99462]: DEBUG glance_store.location [None req-4e14c0a4-fa6c-4e35-922c-39c75fd8eded tempest-ServerStableDeviceRescueTest-907113924 tempest-ServerStableDeviceRescueTest-907113924-project-member] Registering scheme swift+https with {'store': , 'location_class': , 'store_entry': 'swift'} {{(pid=99462) register_scheme_map /opt/stack/data/venv/lib/python3.12/site-packages/glance_store/location.py:146}}
Jun 25 21:23:15.523458 np0000003650 devstack@g-api.service[99464]: [pid: 99464|app: 0|req: 104/307] 127.0.0.1 () {44 vars in 1115 bytes} [Thu Jun 25 21:23:15 2026] GET /v2/images/6d46f523-c71d-48ce-aaa6-938d6001e93c => generated 1444 bytes in 12 msecs (HTTP/1.1 200) 4 headers in 158 bytes (1 switches on core 0)
Jun 25 21:23:15.523499 np0000003650 devstack@g-api.service[99462]: DEBUG glance_store.location [None req-4e14c0a4-fa6c-4e35-922c-39c75fd8eded tempest-ServerStableDeviceRescueTest-907113924 tempest-ServerStableDeviceRescueTest-907113924-project-member] Registering scheme swift with {'store': , 'location_class': , 'store_entry': 'swift'} {{(pid=99462) register_scheme_map /opt/stack/data/venv/lib/python3.12/site-packages/glance_store/location.py:146}}
Jun 25 21:23:15.523499 np0000003650 devstack@g-api.service[99462]: DEBUG glance_store.location [None req-4e14c0a4-fa6c-4e35-922c-39c75fd8eded tempest-ServerStableDeviceRescueTest-907113924 tempest-ServerStableDeviceRescueTest-907113924-project-member] Registering scheme swift+http with {'store': , 'location_class': , 'store_entry': 'swift'} {{(pid=99462) register_scheme_map /opt/stack/data/venv/lib/python3.12/site-packages/glance_store/location.py:146}}
Jun 25 21:23:15.523499 np0000003650 devstack@g-api.service[99462]: DEBUG glance_store.location [None req-4e14c0a4-fa6c-4e35-922c-39c75fd8eded tempest-ServerStableDeviceRescueTest-907113924 tempest-ServerStableDeviceRescueTest-907113924-project-member] Registering scheme swift+config with {'store': , 'location_class': , 'store_entry': 'swift'} {{(pid=99462) register_scheme_map /opt/stack/data/venv/lib/python3.12/site-packages/glance_store/location.py:146}}
Jun 25 21:23:15.559739 np0000003650 devstack@g-api.service[99463]: DEBUG glance.api.middleware.version_negotiation [None req-d400b9f0-1d8b-41a5-9719-33c0ffd7a377 tempest-ServerStableDeviceRescueTest-907113924 tempest-ServerStableDeviceRescueTest-907113924-project-member] Determining version of request: GET /v2/schemas/image Accept: */* {{(pid=99463) process_request /opt/stack/glance/glance/api/middleware/version_negotiation.py:44}}
Jun 25 21:23:15.560158 np0000003650 devstack@g-api.service[99463]: DEBUG glance.api.middleware.version_negotiation [None req-d400b9f0-1d8b-41a5-9719-33c0ffd7a377 tempest-ServerStableDeviceRescueTest-907113924 tempest-ServerStableDeviceRescueTest-907113924-project-member] Using url versioning {{(pid=99463) process_request /opt/stack/glance/glance/api/middleware/version_negotiation.py:57}}
Jun 25 21:23:15.560158 np0000003650 devstack@g-api.service[99463]: DEBUG glance.api.middleware.version_negotiation [None req-d400b9f0-1d8b-41a5-9719-33c0ffd7a377 tempest-ServerStableDeviceRescueTest-907113924 tempest-ServerStableDeviceRescueTest-907113924-project-member] Matched version: v2 {{(pid=99463) process_request /opt/stack/glance/glance/api/middleware/version_negotiation.py:69}}
Jun 25 21:23:15.560272 np0000003650 devstack@g-api.service[99463]: DEBUG glance.api.middleware.version_negotiation [None req-d400b9f0-1d8b-41a5-9719-33c0ffd7a377 tempest-ServerStableDeviceRescueTest-907113924 tempest-ServerStableDeviceRescueTest-907113924-project-member] new path /v2/schemas/image {{(pid=99463) process_request /opt/stack/glance/glance/api/middleware/version_negotiation.py:70}}
Jun 25 21:23:15.565524 np0000003650 devstack@g-api.service[99463]: [pid: 99463|app: 0|req: 99/308] 127.0.0.1 () {44 vars in 1055 bytes} [Thu Jun 25 21:23:15 2026] GET /v2/schemas/image => generated 6083 bytes in 6 msecs (HTTP/1.1 200) 4 headers in 158 bytes (1 switches on core 0)
Jun 25 21:23:15.787162 np0000003650 devstack@g-api.service[99462]: DEBUG swiftclient [None req-4e14c0a4-fa6c-4e35-922c-39c75fd8eded tempest-ServerStableDeviceRescueTest-907113924 tempest-ServerStableDeviceRescueTest-907113924-project-member] REQ: curl -i https://10.4.3.253:8080/v1/AUTH_f604a29e3cfe41fb96fe7664347aba95/glance -I -H "X-Auth-Token: gAAAAABqPZxDmnA7..." {{(pid=99462) http_log /opt/stack/data/venv/lib/python3.12/site-packages/swiftclient/client.py:160}}
Jun 25 21:23:15.787471 np0000003650 devstack@g-api.service[99462]: DEBUG swiftclient [None req-4e14c0a4-fa6c-4e35-922c-39c75fd8eded tempest-ServerStableDeviceRescueTest-907113924 tempest-ServerStableDeviceRescueTest-907113924-project-member] RESP STATUS: 204 No Content {{(pid=99462) http_log /opt/stack/data/venv/lib/python3.12/site-packages/swiftclient/client.py:161}}
Jun 25 21:23:15.787756 np0000003650 devstack@g-api.service[99462]: DEBUG swiftclient [None req-4e14c0a4-fa6c-4e35-922c-39c75fd8eded tempest-ServerStableDeviceRescueTest-907113924 tempest-ServerStableDeviceRescueTest-907113924-project-member] RESP HEADERS: {'Date': 'Thu, 25 Jun 2026 21:23:15 GMT', 'Server': 'Apache/2.4.58 (Ubuntu)', 'Content-Type': 'text/plain; charset=utf-8', 'X-Container-Object-Count': '5', 'X-Container-Bytes-Used': '117964800', 'X-Timestamp': '1782422248.98883', 'Last-Modified': 'Thu, 25 Jun 2026 21:17:29 GMT', 'Accept-Ranges': 'bytes', 'X-Storage-Policy': 'Policy-0', 'X-Container-Sharding': 'False', 'Vary': 'Accept', 'X-Trans-Id': 'tx7fdfe1b439fa4f9fa0939-006a3d9c43', 'X-Openstack-Request-Id': 'tx7fdfe1b439fa4f9fa0939-006a3d9c43', 'Connection': 'close'} {{(pid=99462) http_log /opt/stack/data/venv/lib/python3.12/site-packages/swiftclient/client.py:162}}
Jun 25 21:23:15.788151 np0000003650 devstack@g-api.service[99462]: DEBUG glance_store._drivers.swift.store [None req-4e14c0a4-fa6c-4e35-922c-39c75fd8eded tempest-ServerStableDeviceRescueTest-907113924 tempest-ServerStableDeviceRescueTest-907113924-project-member] Adding image object '6d46f523-c71d-48ce-aaa6-938d6001e93c' to Swift {{(pid=99462) add /opt/stack/data/venv/lib/python3.12/site-packages/glance_store/_drivers/swift/store.py:970}}
Jun 25 21:23:15.788341 np0000003650 devstack@g-api.service[99462]: DEBUG glance_store._drivers.swift.store [None req-4e14c0a4-fa6c-4e35-922c-39c75fd8eded tempest-ServerStableDeviceRescueTest-907113924 tempest-ServerStableDeviceRescueTest-907113924-project-member] Cannot determine image size because it is either not provided in the request or chunked-transfer encoding is used. Adding image as a segmented object to Swift. {{(pid=99462) add /opt/stack/data/venv/lib/python3.12/site-packages/glance_store/_drivers/swift/store.py:994}}
Jun 25 21:23:15.806129 np0000003650 devstack@g-api.service[99462]: DEBUG oslo_utils.imageutils.format_inspector [None req-4e14c0a4-fa6c-4e35-922c-39c75fd8eded tempest-ServerStableDeviceRescueTest-907113924 tempest-ServerStableDeviceRescueTest-907113924-project-member] Format inspector for vmdk does not match, excluding from consideration (Signature KDMV not found: b'QFI\xfb') {{(pid=99462) _process_chunk /opt/stack/data/venv/lib/python3.12/site-packages/oslo_utils/imageutils/format_inspector.py:1758}}
Jun 25 21:23:15.810854 np0000003650 devstack@g-api.service[99462]: DEBUG oslo_utils.imageutils.format_inspector [None req-4e14c0a4-fa6c-4e35-922c-39c75fd8eded tempest-ServerStableDeviceRescueTest-907113924 tempest-ServerStableDeviceRescueTest-907113924-project-member] Format inspector for vhdx does not match, excluding from consideration (Region signature not found at 30000) {{(pid=99462) _process_chunk /opt/stack/data/venv/lib/python3.12/site-packages/oslo_utils/imageutils/format_inspector.py:1758}}
Jun 25 21:23:16.382724 np0000003650 devstack@g-api.service[99462]: DEBUG swiftclient [None req-4e14c0a4-fa6c-4e35-922c-39c75fd8eded tempest-ServerStableDeviceRescueTest-907113924 tempest-ServerStableDeviceRescueTest-907113924-project-member] REQ: curl -i https://10.4.3.253:8080/v1/AUTH_f604a29e3cfe41fb96fe7664347aba95/glance/6d46f523-c71d-48ce-aaa6-938d6001e93c-00001 -X PUT -H "X-Auth-Token: gAAAAABqPZxDmnA7..." {{(pid=99462) http_log /opt/stack/data/venv/lib/python3.12/site-packages/swiftclient/client.py:160}}
Jun 25 21:23:16.383078 np0000003650 devstack@g-api.service[99462]: DEBUG swiftclient [None req-4e14c0a4-fa6c-4e35-922c-39c75fd8eded tempest-ServerStableDeviceRescueTest-907113924 tempest-ServerStableDeviceRescueTest-907113924-project-member] RESP STATUS: 201 Created {{(pid=99462) http_log /opt/stack/data/venv/lib/python3.12/site-packages/swiftclient/client.py:161}}
Jun 25 21:23:16.383078 np0000003650 devstack@g-api.service[99462]: DEBUG swiftclient [None req-4e14c0a4-fa6c-4e35-922c-39c75fd8eded tempest-ServerStableDeviceRescueTest-907113924 tempest-ServerStableDeviceRescueTest-907113924-project-member] RESP HEADERS: {'Date': 'Thu, 25 Jun 2026 21:23:16 GMT', 'Server': 'Apache/2.4.58 (Ubuntu)', 'Content-Type': 'text/html; charset=UTF-8', 'Content-Length': '0', 'Etag': '2809d792beeeb411fd19225ae8a2dbdd', 'Last-Modified': 'Thu, 25 Jun 2026 21:23:16 GMT', 'X-Trans-Id': 'txe0c7e69a35a3442cb9f64-006a3d9c43', 'X-Openstack-Request-Id': 'txe0c7e69a35a3442cb9f64-006a3d9c43', 'Connection': 'close'} {{(pid=99462) http_log /opt/stack/data/venv/lib/python3.12/site-packages/swiftclient/client.py:162}}
Jun 25 21:23:16.383078 np0000003650 devstack@g-api.service[99462]: DEBUG glance_store._drivers.swift.store [None req-4e14c0a4-fa6c-4e35-922c-39c75fd8eded tempest-ServerStableDeviceRescueTest-907113924 tempest-ServerStableDeviceRescueTest-907113924-project-member] Wrote chunk 6d46f523-c71d-48ce-aaa6-938d6001e93c-00001 (1/?) of length 53608448 to Swift returning MD5 of content: 2809d792beeeb411fd19225ae8a2dbdd {{(pid=99462) add /opt/stack/data/venv/lib/python3.12/site-packages/glance_store/_drivers/swift/store.py:1059}}
Jun 25 21:23:16.383778 np0000003650 devstack@g-api.service[99462]: DEBUG glance_store._drivers.swift.store [None req-4e14c0a4-fa6c-4e35-922c-39c75fd8eded tempest-ServerStableDeviceRescueTest-907113924 tempest-ServerStableDeviceRescueTest-907113924-project-member] Not writing zero-length chunk. {{(pid=99462) add /opt/stack/data/venv/lib/python3.12/site-packages/glance_store/_drivers/swift/store.py:1028}}
Jun 25 21:23:16.403663 np0000003650 devstack@g-api.service[99462]: DEBUG swiftclient [None req-4e14c0a4-fa6c-4e35-922c-39c75fd8eded tempest-ServerStableDeviceRescueTest-907113924 tempest-ServerStableDeviceRescueTest-907113924-project-member] REQ: curl -i https://10.4.3.253:8080/v1/AUTH_f604a29e3cfe41fb96fe7664347aba95/glance/6d46f523-c71d-48ce-aaa6-938d6001e93c -X PUT -H "X-Object-Manifest: glance/6d46f523-c71d-48ce-aaa6-938d6001e93c-" -H "X-Auth-Token: gAAAAABqPZxDmnA7..." -H "Content-Length: 0" {{(pid=99462) http_log /opt/stack/data/venv/lib/python3.12/site-packages/swiftclient/client.py:160}}
Jun 25 21:23:16.404039 np0000003650 devstack@g-api.service[99462]: DEBUG swiftclient [None req-4e14c0a4-fa6c-4e35-922c-39c75fd8eded tempest-ServerStableDeviceRescueTest-907113924 tempest-ServerStableDeviceRescueTest-907113924-project-member] RESP STATUS: 201 Created {{(pid=99462) http_log /opt/stack/data/venv/lib/python3.12/site-packages/swiftclient/client.py:161}}
Jun 25 21:23:16.404198 np0000003650 devstack@g-api.service[99462]: DEBUG swiftclient [None req-4e14c0a4-fa6c-4e35-922c-39c75fd8eded tempest-ServerStableDeviceRescueTest-907113924 tempest-ServerStableDeviceRescueTest-907113924-project-member] RESP HEADERS: {'Date': 'Thu, 25 Jun 2026 21:23:16 GMT', 'Server': 'Apache/2.4.58 (Ubuntu)', 'Content-Type': 'text/html; charset=UTF-8', 'Content-Length': '0', 'Etag': 'd41d8cd98f00b204e9800998ecf8427e', 'Last-Modified': 'Thu, 25 Jun 2026 21:23:17 GMT', 'X-Trans-Id': 'tx3412715b8be64ae18ecec-006a3d9c44', 'X-Openstack-Request-Id': 'tx3412715b8be64ae18ecec-006a3d9c44', 'Connection': 'close'} {{(pid=99462) http_log /opt/stack/data/venv/lib/python3.12/site-packages/swiftclient/client.py:162}}
Jun 25 21:23:16.404684 np0000003650 devstack@g-api.service[99462]: INFO glance.location [None req-4e14c0a4-fa6c-4e35-922c-39c75fd8eded tempest-ServerStableDeviceRescueTest-907113924 tempest-ServerStableDeviceRescueTest-907113924-project-member] Image format matched and virtual size computed: 1073741824
Jun 25 21:23:16.445148 np0000003650 devstack@g-api.service[99462]: DEBUG glance_store.backend [None req-4e14c0a4-fa6c-4e35-922c-39c75fd8eded tempest-ServerStableDeviceRescueTest-907113924 tempest-ServerStableDeviceRescueTest-907113924-project-member] Attempting to import store swift {{(pid=99462) _load_store /opt/stack/data/venv/lib/python3.12/site-packages/glance_store/backend.py:215}}
Jun 25 21:23:16.446512 np0000003650 devstack@g-api.service[99462]: DEBUG glance_store.capabilities [None req-4e14c0a4-fa6c-4e35-922c-39c75fd8eded tempest-ServerStableDeviceRescueTest-907113924 tempest-ServerStableDeviceRescueTest-907113924-project-member] Store glance_store._drivers.swift.store.SingleTenantStore doesn't support updating dynamic storage capabilities. Please overwrite 'update_capabilities' method of the store to implement updating logics if needed. {{(pid=99462) update_capabilities /opt/stack/data/venv/lib/python3.12/site-packages/glance_store/capabilities.py:91}}
Jun 25 21:23:16.446640 np0000003650 devstack@g-api.service[99462]: DEBUG glance_store.driver [None req-4e14c0a4-fa6c-4e35-922c-39c75fd8eded tempest-ServerStableDeviceRescueTest-907113924 tempest-ServerStableDeviceRescueTest-907113924-project-member] Late loading location class glance_store._drivers.swift.store.StoreLocation {{(pid=99462) get_store_location_class /opt/stack/data/venv/lib/python3.12/site-packages/glance_store/driver.py:134}}
Jun 25 21:23:16.446723 np0000003650 devstack@g-api.service[99462]: DEBUG glance_store.location [None req-4e14c0a4-fa6c-4e35-922c-39c75fd8eded tempest-ServerStableDeviceRescueTest-907113924 tempest-ServerStableDeviceRescueTest-907113924-project-member] Registering scheme swift+https with {'store': , 'location_class': , 'store_entry': 'swift'} {{(pid=99462) register_scheme_map /opt/stack/data/venv/lib/python3.12/site-packages/glance_store/location.py:146}}
Jun 25 21:23:16.447028 np0000003650 devstack@g-api.service[99462]: DEBUG glance_store.location [None req-4e14c0a4-fa6c-4e35-922c-39c75fd8eded tempest-ServerStableDeviceRescueTest-907113924 tempest-ServerStableDeviceRescueTest-907113924-project-member] Registering scheme swift+https with {'store': , 'location_class': , 'store_entry': 'swift'} {{(pid=99462) register_scheme_map /opt/stack/data/venv/lib/python3.12/site-packages/glance_store/location.py:146}}
Jun 25 21:23:16.447028 np0000003650 devstack@g-api.service[99462]: DEBUG glance_store.location [None req-4e14c0a4-fa6c-4e35-922c-39c75fd8eded tempest-ServerStableDeviceRescueTest-907113924 tempest-ServerStableDeviceRescueTest-907113924-project-member] Registering scheme swift with {'store': , 'location_class': , 'store_entry': 'swift'} {{(pid=99462) register_scheme_map /opt/stack/data/venv/lib/python3.12/site-packages/glance_store/location.py:146}}
Jun 25 21:23:16.447028 np0000003650 devstack@g-api.service[99462]: DEBUG glance_store.location [None req-4e14c0a4-fa6c-4e35-922c-39c75fd8eded tempest-ServerStableDeviceRescueTest-907113924 tempest-ServerStableDeviceRescueTest-907113924-project-member] Registering scheme swift+https with {'store': , 'location_class': , 'store_entry': 'swift'} {{(pid=99462) register_scheme_map /opt/stack/data/venv/lib/python3.12/site-packages/glance_store/location.py:146}}
Jun 25 21:23:16.447413 np0000003650 devstack@g-api.service[99462]: DEBUG glance_store.location [None req-4e14c0a4-fa6c-4e35-922c-39c75fd8eded tempest-ServerStableDeviceRescueTest-907113924 tempest-ServerStableDeviceRescueTest-907113924-project-member] Registering scheme swift with {'store': , 'location_class': , 'store_entry': 'swift'} {{(pid=99462) register_scheme_map /opt/stack/data/venv/lib/python3.12/site-packages/glance_store/location.py:146}}
Jun 25 21:23:16.447413 np0000003650 devstack@g-api.service[99462]: DEBUG glance_store.location [None req-4e14c0a4-fa6c-4e35-922c-39c75fd8eded tempest-ServerStableDeviceRescueTest-907113924 tempest-ServerStableDeviceRescueTest-907113924-project-member] Registering scheme swift+http with {'store': , 'location_class': , 'store_entry': 'swift'} {{(pid=99462) register_scheme_map /opt/stack/data/venv/lib/python3.12/site-packages/glance_store/location.py:146}}
Jun 25 21:23:16.447413 np0000003650 devstack@g-api.service[99462]: DEBUG glance_store.location [None req-4e14c0a4-fa6c-4e35-922c-39c75fd8eded tempest-ServerStableDeviceRescueTest-907113924 tempest-ServerStableDeviceRescueTest-907113924-project-member] Registering scheme swift+https with {'store': , 'location_class': , 'store_entry': 'swift'} {{(pid=99462) register_scheme_map /opt/stack/data/venv/lib/python3.12/site-packages/glance_store/location.py:146}}
Jun 25 21:23:16.447413 np0000003650 devstack@g-api.service[99462]: DEBUG glance_store.location [None req-4e14c0a4-fa6c-4e35-922c-39c75fd8eded tempest-ServerStableDeviceRescueTest-907113924 tempest-ServerStableDeviceRescueTest-907113924-project-member] Registering scheme swift with {'store': , 'location_class': , 'store_entry': 'swift'} {{(pid=99462) register_scheme_map /opt/stack/data/venv/lib/python3.12/site-packages/glance_store/location.py:146}}
Jun 25 21:23:16.447413 np0000003650 devstack@g-api.service[99462]: DEBUG glance_store.location [None req-4e14c0a4-fa6c-4e35-922c-39c75fd8eded tempest-ServerStableDeviceRescueTest-907113924 tempest-ServerStableDeviceRescueTest-907113924-project-member] Registering scheme swift+http with {'store': , 'location_class': , 'store_entry': 'swift'} {{(pid=99462) register_scheme_map /opt/stack/data/venv/lib/python3.12/site-packages/glance_store/location.py:146}}
Jun 25 21:23:16.447736 np0000003650 devstack@g-api.service[99462]: DEBUG glance_store.location [None req-4e14c0a4-fa6c-4e35-922c-39c75fd8eded tempest-ServerStableDeviceRescueTest-907113924 tempest-ServerStableDeviceRescueTest-907113924-project-member] Registering scheme swift+config with {'store': , 'location_class': , 'store_entry': 'swift'} {{(pid=99462) register_scheme_map /opt/stack/data/venv/lib/python3.12/site-packages/glance_store/location.py:146}}
Jun 25 21:23:16.447736 np0000003650 devstack@g-api.service[99462]: DEBUG glance_store.backend [None req-4e14c0a4-fa6c-4e35-922c-39c75fd8eded tempest-ServerStableDeviceRescueTest-907113924 tempest-ServerStableDeviceRescueTest-907113924-project-member] Skipping store.set_acls... not implemented. {{(pid=99462) set_acls /opt/stack/data/venv/lib/python3.12/site-packages/glance_store/backend.py:507}}
Jun 25 21:23:16.449456 np0000003650 devstack@g-api.service[99462]: [pid: 99462|app: 0|req: 106/309] 127.0.0.1 () {46 vars in 1158 bytes} [Thu Jun 25 21:23:14 2026] PUT /v2/images/6d46f523-c71d-48ce-aaa6-938d6001e93c/file => generated 0 bytes in 2005 msecs (HTTP/1.1 204) 4 headers in 171 bytes (1 switches on core 0)
Jun 25 21:23:16.492258 np0000003650 devstack@g-api.service[99464]: DEBUG glance.api.middleware.version_negotiation [None req-2ddb8c91-f928-4880-af11-f4f6deb3e2c7 tempest-ServerStableDeviceRescueTest-907113924 tempest-ServerStableDeviceRescueTest-907113924-project-member] Determining version of request: GET /v2/images/6d46f523-c71d-48ce-aaa6-938d6001e93c Accept: */* {{(pid=99464) process_request /opt/stack/glance/glance/api/middleware/version_negotiation.py:44}}
Jun 25 21:23:16.492258 np0000003650 devstack@g-api.service[99464]: DEBUG glance.api.middleware.version_negotiation [None req-2ddb8c91-f928-4880-af11-f4f6deb3e2c7 tempest-ServerStableDeviceRescueTest-907113924 tempest-ServerStableDeviceRescueTest-907113924-project-member] Using url versioning {{(pid=99464) process_request /opt/stack/glance/glance/api/middleware/version_negotiation.py:57}}
Jun 25 21:23:16.492258 np0000003650 devstack@g-api.service[99464]: DEBUG glance.api.middleware.version_negotiation [None req-2ddb8c91-f928-4880-af11-f4f6deb3e2c7 tempest-ServerStableDeviceRescueTest-907113924 tempest-ServerStableDeviceRescueTest-907113924-project-member] Matched version: v2 {{(pid=99464) process_request /opt/stack/glance/glance/api/middleware/version_negotiation.py:69}}
Jun 25 21:23:16.492258 np0000003650 devstack@g-api.service[99464]: DEBUG glance.api.middleware.version_negotiation [None req-2ddb8c91-f928-4880-af11-f4f6deb3e2c7 tempest-ServerStableDeviceRescueTest-907113924 tempest-ServerStableDeviceRescueTest-907113924-project-member] new path /v2/images/6d46f523-c71d-48ce-aaa6-938d6001e93c {{(pid=99464) process_request /opt/stack/glance/glance/api/middleware/version_negotiation.py:70}}
Jun 25 21:23:16.503346 np0000003650 devstack@g-api.service[99464]: [pid: 99464|app: 0|req: 105/310] 127.0.0.1 () {44 vars in 1115 bytes} [Thu Jun 25 21:23:16 2026] GET /v2/images/6d46f523-c71d-48ce-aaa6-938d6001e93c => generated 1614 bytes in 13 msecs (HTTP/1.1 200) 4 headers in 158 bytes (1 switches on core 0)
Jun 25 21:23:16.537739 np0000003650 devstack@g-api.service[99463]: DEBUG glance.api.middleware.version_negotiation [None req-2ddb8c91-f928-4880-af11-f4f6deb3e2c7 tempest-ServerStableDeviceRescueTest-907113924 tempest-ServerStableDeviceRescueTest-907113924-project-member] Determining version of request: GET /v2/schemas/image Accept: */* {{(pid=99463) process_request /opt/stack/glance/glance/api/middleware/version_negotiation.py:44}}
Jun 25 21:23:16.538627 np0000003650 devstack@g-api.service[99463]: DEBUG glance.api.middleware.version_negotiation [None req-2ddb8c91-f928-4880-af11-f4f6deb3e2c7 tempest-ServerStableDeviceRescueTest-907113924 tempest-ServerStableDeviceRescueTest-907113924-project-member] Using url versioning {{(pid=99463) process_request /opt/stack/glance/glance/api/middleware/version_negotiation.py:57}}
Jun 25 21:23:16.538627 np0000003650 devstack@g-api.service[99463]: DEBUG glance.api.middleware.version_negotiation [None req-2ddb8c91-f928-4880-af11-f4f6deb3e2c7 tempest-ServerStableDeviceRescueTest-907113924 tempest-ServerStableDeviceRescueTest-907113924-project-member] Matched version: v2 {{(pid=99463) process_request /opt/stack/glance/glance/api/middleware/version_negotiation.py:69}}
Jun 25 21:23:16.538627 np0000003650 devstack@g-api.service[99463]: DEBUG glance.api.middleware.version_negotiation [None req-2ddb8c91-f928-4880-af11-f4f6deb3e2c7 tempest-ServerStableDeviceRescueTest-907113924 tempest-ServerStableDeviceRescueTest-907113924-project-member] new path /v2/schemas/image {{(pid=99463) process_request /opt/stack/glance/glance/api/middleware/version_negotiation.py:70}}
Jun 25 21:23:16.540729 np0000003650 devstack@g-api.service[99463]: [pid: 99463|app: 0|req: 100/311] 127.0.0.1 () {44 vars in 1055 bytes} [Thu Jun 25 21:23:16 2026] GET /v2/schemas/image => generated 6083 bytes in 3 msecs (HTTP/1.1 200) 4 headers in 158 bytes (1 switches on core 0)
Jun 25 21:23:16.654016 np0000003650 devstack@g-api.service[99462]: DEBUG glance.api.middleware.version_negotiation [None req-4e14c0a4-fa6c-4e35-922c-39c75fd8eded tempest-ServerStableDeviceRescueTest-907113924 tempest-ServerStableDeviceRescueTest-907113924-project-member] Determining version of request: GET /v2/images/6d46f523-c71d-48ce-aaa6-938d6001e93c Accept: */* {{(pid=99462) process_request /opt/stack/glance/glance/api/middleware/version_negotiation.py:44}}
Jun 25 21:23:16.654016 np0000003650 devstack@g-api.service[99462]: DEBUG glance.api.middleware.version_negotiation [None req-4e14c0a4-fa6c-4e35-922c-39c75fd8eded tempest-ServerStableDeviceRescueTest-907113924 tempest-ServerStableDeviceRescueTest-907113924-project-member] Using url versioning {{(pid=99462) process_request /opt/stack/glance/glance/api/middleware/version_negotiation.py:57}}
Jun 25 21:23:16.654016 np0000003650 devstack@g-api.service[99462]: DEBUG glance.api.middleware.version_negotiation [None req-4e14c0a4-fa6c-4e35-922c-39c75fd8eded tempest-ServerStableDeviceRescueTest-907113924 tempest-ServerStableDeviceRescueTest-907113924-project-member] Matched version: v2 {{(pid=99462) process_request /opt/stack/glance/glance/api/middleware/version_negotiation.py:69}}
Jun 25 21:23:16.654388 np0000003650 devstack@g-api.service[99462]: DEBUG glance.api.middleware.version_negotiation [None req-4e14c0a4-fa6c-4e35-922c-39c75fd8eded tempest-ServerStableDeviceRescueTest-907113924 tempest-ServerStableDeviceRescueTest-907113924-project-member] new path /v2/images/6d46f523-c71d-48ce-aaa6-938d6001e93c {{(pid=99462) process_request /opt/stack/glance/glance/api/middleware/version_negotiation.py:70}}
Jun 25 21:23:16.674288 np0000003650 devstack@g-api.service[99462]: [pid: 99462|app: 0|req: 107/312] 127.0.0.1 () {44 vars in 1115 bytes} [Thu Jun 25 21:23:16 2026] GET /v2/images/6d46f523-c71d-48ce-aaa6-938d6001e93c => generated 1614 bytes in 21 msecs (HTTP/1.1 200) 4 headers in 158 bytes (1 switches on core 0)
