Jun 25 21:17:00.442596 np0000003650 nova-scheduler[93190]: DEBUG cotyledon.oslo_config_glue [-] oslo_limit.connect_retries = None {{(pid=93190) log_opt_values /opt/stack/data/venv/lib/python3.12/site-packages/oslo_config/cfg.py:3253}}
Jun 25 21:17:00.442596 np0000003650 nova-scheduler[93190]: DEBUG cotyledon.oslo_config_glue [-] oslo_limit.connect_retry_delay = None {{(pid=93190) log_opt_values /opt/stack/data/venv/lib/python3.12/site-packages/oslo_config/cfg.py:3253}}
Jun 25 21:17:00.442596 np0000003650 nova-scheduler[93190]: DEBUG cotyledon.oslo_config_glue [-] oslo_limit.endpoint_id = None {{(pid=93190) log_opt_values /opt/stack/data/venv/lib/python3.12/site-packages/oslo_config/cfg.py:3253}}
Jun 25 21:17:00.442596 np0000003650 nova-scheduler[93190]: DEBUG cotyledon.oslo_config_glue [-] oslo_limit.endpoint_interface = public {{(pid=93190) log_opt_values /opt/stack/data/venv/lib/python3.12/site-packages/oslo_config/cfg.py:3253}}
Jun 25 21:17:00.442596 np0000003650 nova-scheduler[93190]: DEBUG cotyledon.oslo_config_glue [-] oslo_limit.endpoint_override = None {{(pid=93190) log_opt_values /opt/stack/data/venv/lib/python3.12/site-packages/oslo_config/cfg.py:3253}}
Jun 25 21:17:00.442596 np0000003650 nova-scheduler[93190]: DEBUG cotyledon.oslo_config_glue [-] oslo_limit.endpoint_region_name = None {{(pid=93190) log_opt_values /opt/stack/data/venv/lib/python3.12/site-packages/oslo_config/cfg.py:3253}}
Jun 25 21:17:00.442779 np0000003650 nova-scheduler[93190]: DEBUG cotyledon.oslo_config_glue [-] oslo_limit.endpoint_service_name = None {{(pid=93190) log_opt_values /opt/stack/data/venv/lib/python3.12/site-packages/oslo_config/cfg.py:3253}}
Jun 25 21:17:00.442779 np0000003650 nova-scheduler[93190]: DEBUG cotyledon.oslo_config_glue [-] oslo_limit.endpoint_service_type = None {{(pid=93190) log_opt_values /opt/stack/data/venv/lib/python3.12/site-packages/oslo_config/cfg.py:3253}}
Jun 25 21:17:00.443154 np0000003650 nova-scheduler[93186]: INFO dbcounter [None req-ae5f1f46-dc61-4c90-a80a-3012282cb08b None None] Registered counter for database nova_cell0
Jun 25 21:17:00.443185 np0000003650 nova-scheduler[93190]: DEBUG cotyledon.oslo_config_glue [-] oslo_limit.insecure = False {{(pid=93190) log_opt_values /opt/stack/data/venv/lib/python3.12/site-packages/oslo_config/cfg.py:3253}}
Jun 25 21:17:00.443185 np0000003650 nova-scheduler[93190]: DEBUG cotyledon.oslo_config_glue [-] oslo_limit.keyfile = None {{(pid=93190) log_opt_values /opt/stack/data/venv/lib/python3.12/site-packages/oslo_config/cfg.py:3253}}
Jun 25 21:17:00.443185 np0000003650 nova-scheduler[93190]: DEBUG cotyledon.oslo_config_glue [-] oslo_limit.max_version = None {{(pid=93190) log_opt_values /opt/stack/data/venv/lib/python3.12/site-packages/oslo_config/cfg.py:3253}}
Jun 25 21:17:00.443185 np0000003650 nova-scheduler[93190]: DEBUG cotyledon.oslo_config_glue [-] oslo_limit.min_version = None {{(pid=93190) log_opt_values /opt/stack/data/venv/lib/python3.12/site-packages/oslo_config/cfg.py:3253}}
Jun 25 21:17:00.443185 np0000003650 nova-scheduler[93190]: DEBUG cotyledon.oslo_config_glue [-] oslo_limit.region_name = None {{(pid=93190) log_opt_values /opt/stack/data/venv/lib/python3.12/site-packages/oslo_config/cfg.py:3253}}
Jun 25 21:17:00.443185 np0000003650 nova-scheduler[93190]: DEBUG cotyledon.oslo_config_glue [-] oslo_limit.retriable_status_codes = None {{(pid=93190) log_opt_values /opt/stack/data/venv/lib/python3.12/site-packages/oslo_config/cfg.py:3253}}
Jun 25 21:17:00.443185 np0000003650 nova-scheduler[93190]: DEBUG cotyledon.oslo_config_glue [-] oslo_limit.service_name = None {{(pid=93190) log_opt_values /opt/stack/data/venv/lib/python3.12/site-packages/oslo_config/cfg.py:3253}}
Jun 25 21:17:00.443185 np0000003650 nova-scheduler[93190]: DEBUG cotyledon.oslo_config_glue [-] oslo_limit.service_type = None {{(pid=93190) log_opt_values /opt/stack/data/venv/lib/python3.12/site-packages/oslo_config/cfg.py:3253}}
Jun 25 21:17:00.443185 np0000003650 nova-scheduler[93190]: DEBUG cotyledon.oslo_config_glue [-] oslo_limit.split_loggers = False {{(pid=93190) log_opt_values /opt/stack/data/venv/lib/python3.12/site-packages/oslo_config/cfg.py:3253}}
Jun 25 21:17:00.443374 np0000003650 nova-scheduler[93190]: DEBUG cotyledon.oslo_config_glue [-] oslo_limit.status_code_retries = None {{(pid=93190) log_opt_values /opt/stack/data/venv/lib/python3.12/site-packages/oslo_config/cfg.py:3253}}
Jun 25 21:17:00.443374 np0000003650 nova-scheduler[93190]: DEBUG cotyledon.oslo_config_glue [-] oslo_limit.status_code_retry_delay = None {{(pid=93190) log_opt_values /opt/stack/data/venv/lib/python3.12/site-packages/oslo_config/cfg.py:3253}}
Jun 25 21:17:00.443374 np0000003650 nova-scheduler[93190]: DEBUG cotyledon.oslo_config_glue [-] oslo_limit.timeout = None {{(pid=93190) log_opt_values /opt/stack/data/venv/lib/python3.12/site-packages/oslo_config/cfg.py:3253}}
Jun 25 21:17:00.443374 np0000003650 nova-scheduler[93190]: DEBUG cotyledon.oslo_config_glue [-] oslo_limit.valid_interfaces = None {{(pid=93190) log_opt_values /opt/stack/data/venv/lib/python3.12/site-packages/oslo_config/cfg.py:3253}}
Jun 25 21:17:00.443374 np0000003650 nova-scheduler[93190]: DEBUG cotyledon.oslo_config_glue [-] oslo_limit.version = None {{(pid=93190) log_opt_values /opt/stack/data/venv/lib/python3.12/site-packages/oslo_config/cfg.py:3253}}
Jun 25 21:17:00.443374 np0000003650 nova-scheduler[93190]: DEBUG cotyledon.oslo_config_glue [-] oslo_reports.file_event_handler = None {{(pid=93190) log_opt_values /opt/stack/data/venv/lib/python3.12/site-packages/oslo_config/cfg.py:3253}}
Jun 25 21:17:00.443374 np0000003650 nova-scheduler[93190]: DEBUG cotyledon.oslo_config_glue [-] oslo_reports.file_event_handler_interval = 1 {{(pid=93190) log_opt_values /opt/stack/data/venv/lib/python3.12/site-packages/oslo_config/cfg.py:3253}}
Jun 25 21:17:00.443374 np0000003650 nova-scheduler[93190]: DEBUG cotyledon.oslo_config_glue [-] oslo_reports.log_dir = None {{(pid=93190) log_opt_values /opt/stack/data/venv/lib/python3.12/site-packages/oslo_config/cfg.py:3253}}
Jun 25 21:17:00.443374 np0000003650 nova-scheduler[93190]: DEBUG cotyledon.oslo_config_glue [-] ******************************************************************************** {{(pid=93190) log_opt_values /opt/stack/data/venv/lib/python3.12/site-packages/oslo_config/cfg.py:3260}}
Jun 25 21:17:00.443537 np0000003650 nova-scheduler[93190]: DEBUG cotyledon._service_worker [-] Run service ServiceWrapper(2) [93190] {{(pid=93190) wait_forever /opt/stack/data/venv/lib/python3.12/site-packages/cotyledon/_service_worker.py:218}}
Jun 25 21:17:00.443537 np0000003650 nova-scheduler[93190]: INFO nova.service [-] Starting scheduler node (version 33.1.0)
Jun 25 21:17:00.446018 np0000003650 nova-scheduler[93190]: INFO dbcounter [None req-0b71fb38-361f-4453-bc15-3bb2e38570ac None None] Registered counter for database nova_cell0
Jun 25 21:17:00.454221 np0000003650 nova-scheduler[93188]: DEBUG oslo_db.sqlalchemy.engines [None req-21a04e3d-d8c5-4f23-8821-b485441b70ba None None] MySQL server mode set to STRICT_TRANS_TABLES,STRICT_ALL_TABLES,NO_ZERO_IN_DATE,NO_ZERO_DATE,ERROR_FOR_DIVISION_BY_ZERO,TRADITIONAL,NO_ENGINE_SUBSTITUTION {{(pid=93188) _check_effective_sql_mode /opt/stack/data/venv/lib/python3.12/site-packages/oslo_db/sqlalchemy/engines.py:325}}
Jun 25 21:17:00.464029 np0000003650 nova-scheduler[93188]: DEBUG dbcounter [-] [93188] Writer thread running {{(pid=93188) stat_writer /opt/stack/data/venv/lib/python3.12/site-packages/dbcounter.py:102}}
Jun 25 21:17:00.466305 np0000003650 nova-scheduler[93186]: DEBUG oslo_db.sqlalchemy.engines [None req-ae5f1f46-dc61-4c90-a80a-3012282cb08b None None] MySQL server mode set to STRICT_TRANS_TABLES,STRICT_ALL_TABLES,NO_ZERO_IN_DATE,NO_ZERO_DATE,ERROR_FOR_DIVISION_BY_ZERO,TRADITIONAL,NO_ENGINE_SUBSTITUTION {{(pid=93186) _check_effective_sql_mode /opt/stack/data/venv/lib/python3.12/site-packages/oslo_db/sqlalchemy/engines.py:325}}
Jun 25 21:17:00.478035 np0000003650 nova-scheduler[93186]: DEBUG dbcounter [-] [93186] Writer thread running {{(pid=93186) stat_writer /opt/stack/data/venv/lib/python3.12/site-packages/dbcounter.py:102}}
Jun 25 21:17:00.479511 np0000003650 nova-scheduler[93190]: DEBUG oslo_db.sqlalchemy.engines [None req-0b71fb38-361f-4453-bc15-3bb2e38570ac None None] MySQL server mode set to STRICT_TRANS_TABLES,STRICT_ALL_TABLES,NO_ZERO_IN_DATE,NO_ZERO_DATE,ERROR_FOR_DIVISION_BY_ZERO,TRADITIONAL,NO_ENGINE_SUBSTITUTION {{(pid=93190) _check_effective_sql_mode /opt/stack/data/venv/lib/python3.12/site-packages/oslo_db/sqlalchemy/engines.py:325}}
Jun 25 21:17:00.482094 np0000003650 nova-scheduler[93188]: DEBUG nova.service [None req-21a04e3d-d8c5-4f23-8821-b485441b70ba None None] Creating RPC server for service: nova-scheduler on topic: scheduler {{(pid=93188) start /opt/stack/nova/nova/service.py:196}}
Jun 25 21:17:00.488727 np0000003650 nova-scheduler[93190]: DEBUG dbcounter [-] [93190] Writer thread running {{(pid=93190) stat_writer /opt/stack/data/venv/lib/python3.12/site-packages/dbcounter.py:102}}
Jun 25 21:17:00.493587 np0000003650 nova-scheduler[93190]: DEBUG nova.service [None req-0b71fb38-361f-4453-bc15-3bb2e38570ac None None] Creating RPC server for service: nova-scheduler on topic: scheduler {{(pid=93190) start /opt/stack/nova/nova/service.py:196}}
Jun 25 21:17:00.496122 np0000003650 nova-scheduler[93186]: DEBUG nova.service [None req-ae5f1f46-dc61-4c90-a80a-3012282cb08b None None] Creating RPC server for service: nova-scheduler on topic: scheduler {{(pid=93186) start /opt/stack/nova/nova/service.py:196}}
Jun 25 21:17:00.512276 np0000003650 nova-scheduler[93188]: DEBUG nova.service [None req-21a04e3d-d8c5-4f23-8821-b485441b70ba None None] Join ServiceGroup membership for this service scheduler {{(pid=93188) start /opt/stack/nova/nova/service.py:222}}
Jun 25 21:17:00.512447 np0000003650 nova-scheduler[93188]: DEBUG nova.servicegroup.drivers.db [None req-21a04e3d-d8c5-4f23-8821-b485441b70ba None None] DB_Driver: join new ServiceGroup member np0000003650 to the scheduler group, service = {{(pid=93188) join /opt/stack/nova/nova/servicegroup/drivers/db.py:44}}
Jun 25 21:17:00.512904 np0000003650 nova-scheduler[93190]: DEBUG nova.service [None req-0b71fb38-361f-4453-bc15-3bb2e38570ac None None] Join ServiceGroup membership for this service scheduler {{(pid=93190) start /opt/stack/nova/nova/service.py:222}}
Jun 25 21:17:00.513353 np0000003650 nova-scheduler[93190]: DEBUG nova.servicegroup.drivers.db [None req-0b71fb38-361f-4453-bc15-3bb2e38570ac None None] DB_Driver: join new ServiceGroup member np0000003650 to the scheduler group, service = {{(pid=93190) join /opt/stack/nova/nova/servicegroup/drivers/db.py:44}}
Jun 25 21:17:00.515434 np0000003650 nova-scheduler[93186]: DEBUG nova.service [None req-ae5f1f46-dc61-4c90-a80a-3012282cb08b None None] Join ServiceGroup membership for this service scheduler {{(pid=93186) start /opt/stack/nova/nova/service.py:222}}
Jun 25 21:17:00.515673 np0000003650 nova-scheduler[93186]: DEBUG nova.servicegroup.drivers.db [None req-ae5f1f46-dc61-4c90-a80a-3012282cb08b None None] DB_Driver: join new ServiceGroup member np0000003650 to the scheduler group, service = {{(pid=93186) join /opt/stack/nova/nova/servicegroup/drivers/db.py:44}}
Jun 25 21:17:05.529683 np0000003650 nova-scheduler[93186]: DEBUG oslo.service.backend._threading.loopingcall [-] Fixed interval looping call 'nova.servicegroup.drivers.db.DbDriver._report_state' sleeping for 119.99 seconds {{(pid=93186) _run_loop /opt/stack/data/venv/lib/python3.12/site-packages/oslo_service/backend/_threading/loopingcall.py:125}}
Jun 25 21:17:05.530578 np0000003650 nova-scheduler[93190]: DEBUG oslo.service.backend._threading.loopingcall [-] Fixed interval looping call 'nova.servicegroup.drivers.db.DbDriver._report_state' sleeping for 119.99 seconds {{(pid=93190) _run_loop /opt/stack/data/venv/lib/python3.12/site-packages/oslo_service/backend/_threading/loopingcall.py:125}}
Jun 25 21:17:05.531935 np0000003650 nova-scheduler[93188]: DEBUG oslo.service.backend._threading.loopingcall [-] Fixed interval looping call 'nova.servicegroup.drivers.db.DbDriver._report_state' sleeping for 119.98 seconds {{(pid=93188) _run_loop /opt/stack/data/venv/lib/python3.12/site-packages/oslo_service/backend/_threading/loopingcall.py:125}}
Jun 25 21:17:09.104386 np0000003650 nova-scheduler[91982]: DEBUG dbcounter [-] [91982] Writing DB stats nova_api:SELECT=3 {{(pid=91982) stat_writer /opt/stack/data/venv/lib/python3.12/site-packages/dbcounter.py:115}}
Jun 25 21:17:09.229089 np0000003650 nova-scheduler[91982]: DEBUG dbcounter [-] [91982] Writing DB stats nova_cell0:SELECT=1 {{(pid=91982) stat_writer /opt/stack/data/venv/lib/python3.12/site-packages/dbcounter.py:115}}
Jun 25 21:17:09.234373 np0000003650 nova-scheduler[91982]: DEBUG dbcounter [-] [91982] Writing DB stats nova_cell1:SELECT=1 {{(pid=91982) stat_writer /opt/stack/data/venv/lib/python3.12/site-packages/dbcounter.py:115}}
Jun 25 21:17:15.517711 np0000003650 nova-scheduler[93186]: DEBUG oslo.service.backend._threading.loopingcall [None req-cf14ad6f-d08e-478c-aedb-bcf2cf7ee20a None None] Dynamic interval looping call 'nova.service.Service.periodic_tasks' sleeping for 60.00 seconds {{(pid=93186) _run_loop /opt/stack/data/venv/lib/python3.12/site-packages/oslo_service/backend/_threading/loopingcall.py:125}}
Jun 25 21:17:15.523022 np0000003650 nova-scheduler[93186]: DEBUG dbcounter [-] [93186] Writing DB stats nova_cell0:SELECT=4,nova_cell0:INSERT=1,nova_cell0:UPDATE=1 {{(pid=93186) stat_writer /opt/stack/data/venv/lib/python3.12/site-packages/dbcounter.py:115}}
Jun 25 21:17:15.526362 np0000003650 nova-scheduler[93190]: DEBUG dbcounter [-] [93190] Writing DB stats nova_cell0:SELECT=3,nova_cell0:UPDATE=1 {{(pid=93190) stat_writer /opt/stack/data/venv/lib/python3.12/site-packages/dbcounter.py:115}}
Jun 25 21:17:15.528796 np0000003650 nova-scheduler[93188]: DEBUG dbcounter [-] [93188] Writing DB stats nova_cell0:SELECT=4,nova_cell0:INSERT=1,nova_cell0:UPDATE=1 {{(pid=93188) stat_writer /opt/stack/data/venv/lib/python3.12/site-packages/dbcounter.py:115}}
Jun 25 21:17:25.514666 np0000003650 nova-scheduler[93188]: DEBUG oslo.service.backend._threading.loopingcall [None req-5f1d002e-ed82-4a10-913d-e22e01bcd30a None None] Dynamic interval looping call 'nova.service.Service.periodic_tasks' sleeping for 60.00 seconds {{(pid=93188) _run_loop /opt/stack/data/venv/lib/python3.12/site-packages/oslo_service/backend/_threading/loopingcall.py:125}}
Jun 25 21:17:43.517136 np0000003650 nova-scheduler[93190]: DEBUG oslo.service.backend._threading.loopingcall [None req-f7d3078a-d0ed-42a2-903b-1af44ccdd73c None None] Dynamic interval looping call 'nova.service.Service.periodic_tasks' sleeping for 60.00 seconds {{(pid=93190) _run_loop /opt/stack/data/venv/lib/python3.12/site-packages/oslo_service/backend/_threading/loopingcall.py:125}}
Jun 25 21:18:15.518301 np0000003650 nova-scheduler[93186]: DEBUG oslo.service.backend._threading.loopingcall [None req-cf14ad6f-d08e-478c-aedb-bcf2cf7ee20a None None] Dynamic interval looping call 'nova.service.Service.periodic_tasks' sleeping for 60.00 seconds {{(pid=93186) _run_loop /opt/stack/data/venv/lib/python3.12/site-packages/oslo_service/backend/_threading/loopingcall.py:125}}
Jun 25 21:18:25.515194 np0000003650 nova-scheduler[93188]: DEBUG oslo.service.backend._threading.loopingcall [None req-5f1d002e-ed82-4a10-913d-e22e01bcd30a None None] Dynamic interval looping call 'nova.service.Service.periodic_tasks' sleeping for 60.00 seconds {{(pid=93188) _run_loop /opt/stack/data/venv/lib/python3.12/site-packages/oslo_service/backend/_threading/loopingcall.py:125}}
Jun 25 21:18:43.517551 np0000003650 nova-scheduler[93190]: DEBUG oslo.service.backend._threading.loopingcall [None req-f7d3078a-d0ed-42a2-903b-1af44ccdd73c None None] Dynamic interval looping call 'nova.service.Service.periodic_tasks' sleeping for 60.00 seconds {{(pid=93190) _run_loop /opt/stack/data/venv/lib/python3.12/site-packages/oslo_service/backend/_threading/loopingcall.py:125}}
Jun 25 21:19:05.517666 np0000003650 nova-scheduler[93188]: DEBUG oslo.service.backend._threading.loopingcall [-] Fixed interval looping call 'nova.servicegroup.drivers.db.DbDriver._report_state' sleeping for 119.99 seconds {{(pid=93188) _run_loop /opt/stack/data/venv/lib/python3.12/site-packages/oslo_service/backend/_threading/loopingcall.py:125}}
Jun 25 21:19:05.523182 np0000003650 nova-scheduler[93186]: DEBUG oslo.service.backend._threading.loopingcall [-] Fixed interval looping call 'nova.servicegroup.drivers.db.DbDriver._report_state' sleeping for 120.00 seconds {{(pid=93186) _run_loop /opt/stack/data/venv/lib/python3.12/site-packages/oslo_service/backend/_threading/loopingcall.py:125}}
Jun 25 21:19:05.524528 np0000003650 nova-scheduler[93190]: DEBUG oslo.service.backend._threading.loopingcall [-] Fixed interval looping call 'nova.servicegroup.drivers.db.DbDriver._report_state' sleeping for 120.00 seconds {{(pid=93190) _run_loop /opt/stack/data/venv/lib/python3.12/site-packages/oslo_service/backend/_threading/loopingcall.py:125}}
Jun 25 21:19:15.514163 np0000003650 nova-scheduler[93188]: DEBUG dbcounter [-] [93188] Writing DB stats nova_cell0:SELECT=1,nova_cell0:UPDATE=1 {{(pid=93188) stat_writer /opt/stack/data/venv/lib/python3.12/site-packages/dbcounter.py:115}}
Jun 25 21:19:15.521008 np0000003650 nova-scheduler[93186]: DEBUG oslo.service.backend._threading.loopingcall [None req-cf14ad6f-d08e-478c-aedb-bcf2cf7ee20a None None] Dynamic interval looping call 'nova.service.Service.periodic_tasks' sleeping for 60.00 seconds {{(pid=93186) _run_loop /opt/stack/data/venv/lib/python3.12/site-packages/oslo_service/backend/_threading/loopingcall.py:125}}
Jun 25 21:19:15.522406 np0000003650 nova-scheduler[93190]: DEBUG dbcounter [-] [93190] Writing DB stats nova_cell0:SELECT=1 {{(pid=93190) stat_writer /opt/stack/data/venv/lib/python3.12/site-packages/dbcounter.py:115}}
Jun 25 21:19:15.522813 np0000003650 nova-scheduler[93186]: DEBUG dbcounter [-] [93186] Writing DB stats nova_cell0:SELECT=1 {{(pid=93186) stat_writer /opt/stack/data/venv/lib/python3.12/site-packages/dbcounter.py:115}}
Jun 25 21:19:25.515600 np0000003650 nova-scheduler[93188]: DEBUG oslo.service.backend._threading.loopingcall [None req-5f1d002e-ed82-4a10-913d-e22e01bcd30a None None] Dynamic interval looping call 'nova.service.Service.periodic_tasks' sleeping for 60.00 seconds {{(pid=93188) _run_loop /opt/stack/data/venv/lib/python3.12/site-packages/oslo_service/backend/_threading/loopingcall.py:125}}
Jun 25 21:19:28.841984 np0000003650 nova-scheduler[93188]: DEBUG nova.scheduler.manager [None req-09cfbba9-0f72-4302-934d-a95176c6d223 tempest-DeleteServersTestJSON-1988462720 tempest-DeleteServersTestJSON-1988462720-project-member] Starting to schedule for instances: ['5b0aea03-6da0-4732-a2a6-a4fdbff8839e'] {{(pid=93188) select_destinations /opt/stack/nova/nova/scheduler/manager.py:210}}
Jun 25 21:19:28.842697 np0000003650 nova-scheduler[93188]: DEBUG nova.scheduler.request_filter [None req-09cfbba9-0f72-4302-934d-a95176c6d223 tempest-DeleteServersTestJSON-1988462720 tempest-DeleteServersTestJSON-1988462720-project-member] compute_status_filter request filter added forbidden trait COMPUTE_STATUS_DISABLED {{(pid=93188) compute_status_filter /opt/stack/nova/nova/scheduler/request_filter.py:253}}
Jun 25 21:19:28.843221 np0000003650 nova-scheduler[93188]: DEBUG nova.scheduler.request_filter [None req-09cfbba9-0f72-4302-934d-a95176c6d223 tempest-DeleteServersTestJSON-1988462720 tempest-DeleteServersTestJSON-1988462720-project-member] Request filter 'compute_status_filter' took 0.0 seconds {{(pid=93188) wrapper /opt/stack/nova/nova/scheduler/request_filter.py:46}}
Jun 25 21:19:28.843221 np0000003650 nova-scheduler[93188]: DEBUG nova.scheduler.request_filter [None req-09cfbba9-0f72-4302-934d-a95176c6d223 tempest-DeleteServersTestJSON-1988462720 tempest-DeleteServersTestJSON-1988462720-project-member] Request filter 'accelerators_filter' took 0.0 seconds {{(pid=93188) wrapper /opt/stack/nova/nova/scheduler/request_filter.py:46}}
Jun 25 21:19:28.843347 np0000003650 nova-scheduler[93188]: DEBUG nova.scheduler.request_filter [None req-09cfbba9-0f72-4302-934d-a95176c6d223 tempest-DeleteServersTestJSON-1988462720 tempest-DeleteServersTestJSON-1988462720-project-member] Request filter 'packed_virtqueue_filter' took 0.0 seconds {{(pid=93188) wrapper /opt/stack/nova/nova/scheduler/request_filter.py:46}}
Jun 25 21:19:28.843706 np0000003650 nova-scheduler[93188]: DEBUG nova.scheduler.request_filter [None req-09cfbba9-0f72-4302-934d-a95176c6d223 tempest-DeleteServersTestJSON-1988462720 tempest-DeleteServersTestJSON-1988462720-project-member] Request filter 'remote_managed_ports_filter' took 0.0 seconds {{(pid=93188) wrapper /opt/stack/nova/nova/scheduler/request_filter.py:46}}
Jun 25 21:19:28.843894 np0000003650 nova-scheduler[93188]: DEBUG nova.scheduler.request_filter [None req-09cfbba9-0f72-4302-934d-a95176c6d223 tempest-DeleteServersTestJSON-1988462720 tempest-DeleteServersTestJSON-1988462720-project-member] ephemeral_encryption_filter skipped {{(pid=93188) ephemeral_encryption_filter /opt/stack/nova/nova/scheduler/request_filter.py:426}}
Jun 25 21:19:28.844027 np0000003650 nova-scheduler[93188]: DEBUG nova.scheduler.request_filter [None req-09cfbba9-0f72-4302-934d-a95176c6d223 tempest-DeleteServersTestJSON-1988462720 tempest-DeleteServersTestJSON-1988462720-project-member] virtio_sound_filter skipped {{(pid=93188) virtio_sound_filter /opt/stack/nova/nova/scheduler/request_filter.py:460}}
Jun 25 21:19:28.844151 np0000003650 nova-scheduler[93188]: DEBUG nova.scheduler.request_filter [None req-09cfbba9-0f72-4302-934d-a95176c6d223 tempest-DeleteServersTestJSON-1988462720 tempest-DeleteServersTestJSON-1988462720-project-member] tpm_secret_security_filter skipped {{(pid=93188) tpm_secret_security_filter /opt/stack/nova/nova/scheduler/request_filter.py:477}}
Jun 25 21:19:29.425943 np0000003650 nova-scheduler[93188]: INFO nova.utils [None req-09cfbba9-0f72-4302-934d-a95176c6d223 tempest-DeleteServersTestJSON-1988462720 tempest-DeleteServersTestJSON-1988462720-project-member] The cell worker thread pool ForkProcess-2.cell_worker is initialized
Jun 25 21:19:29.426342 np0000003650 nova-scheduler[93188]: DEBUG oslo_concurrency.lockutils [None req-09cfbba9-0f72-4302-934d-a95176c6d223 tempest-DeleteServersTestJSON-1988462720 tempest-DeleteServersTestJSON-1988462720-project-member] Acquiring lock "d2efb36b-29c3-461a-8c3d-57025700df53" by "nova.context.set_target_cell..get_or_set_cached_cell_and_set_connections" {{(pid=93188) inner /opt/stack/data/venv/lib/python3.12/site-packages/oslo_concurrency/lockutils.py:511}}
Jun 25 21:19:29.426571 np0000003650 nova-scheduler[93188]: DEBUG oslo_concurrency.lockutils [None req-09cfbba9-0f72-4302-934d-a95176c6d223 tempest-DeleteServersTestJSON-1988462720 tempest-DeleteServersTestJSON-1988462720-project-member] Lock "d2efb36b-29c3-461a-8c3d-57025700df53" acquired by "nova.context.set_target_cell..get_or_set_cached_cell_and_set_connections" :: waited 0.000s {{(pid=93188) inner /opt/stack/data/venv/lib/python3.12/site-packages/oslo_concurrency/lockutils.py:524}}
Jun 25 21:19:29.428002 np0000003650 nova-scheduler[93188]: DEBUG oslo_concurrency.lockutils [None req-09cfbba9-0f72-4302-934d-a95176c6d223 tempest-DeleteServersTestJSON-1988462720 tempest-DeleteServersTestJSON-1988462720-project-member] Lock "d2efb36b-29c3-461a-8c3d-57025700df53" "released" by "nova.context.set_target_cell..get_or_set_cached_cell_and_set_connections" :: held 0.001s {{(pid=93188) inner /opt/stack/data/venv/lib/python3.12/site-packages/oslo_concurrency/lockutils.py:543}}
Jun 25 21:19:29.429638 np0000003650 nova-scheduler[93188]: INFO dbcounter [None req-09cfbba9-0f72-4302-934d-a95176c6d223 tempest-DeleteServersTestJSON-1988462720 tempest-DeleteServersTestJSON-1988462720-project-member] Registered counter for database nova_cell1
Jun 25 21:19:29.467922 np0000003650 nova-scheduler[93188]: DEBUG oslo_db.sqlalchemy.engines [None req-09cfbba9-0f72-4302-934d-a95176c6d223 tempest-DeleteServersTestJSON-1988462720 tempest-DeleteServersTestJSON-1988462720-project-member] MySQL server mode set to STRICT_TRANS_TABLES,STRICT_ALL_TABLES,NO_ZERO_IN_DATE,NO_ZERO_DATE,ERROR_FOR_DIVISION_BY_ZERO,TRADITIONAL,NO_ENGINE_SUBSTITUTION {{(pid=93188) _check_effective_sql_mode /opt/stack/data/venv/lib/python3.12/site-packages/oslo_db/sqlalchemy/engines.py:325}}
Jun 25 21:19:29.472895 np0000003650 nova-scheduler[93188]: DEBUG dbcounter [-] [93188] Writer thread running {{(pid=93188) stat_writer /opt/stack/data/venv/lib/python3.12/site-packages/dbcounter.py:102}}
Jun 25 21:19:29.487655 np0000003650 nova-scheduler[93188]: DEBUG oslo_db.sqlalchemy.engines [None req-09cfbba9-0f72-4302-934d-a95176c6d223 tempest-DeleteServersTestJSON-1988462720 tempest-DeleteServersTestJSON-1988462720-project-member] Parent process 91982 forked (93188) with an open database connection, which is being discarded and recreated. {{(pid=93188) checkout /opt/stack/data/venv/lib/python3.12/site-packages/oslo_db/sqlalchemy/engines.py:402}}
Jun 25 21:19:29.534328 np0000003650 nova-scheduler[93188]: DEBUG dbcounter [-] [93188] Writer thread running {{(pid=93188) stat_writer /opt/stack/data/venv/lib/python3.12/site-packages/dbcounter.py:102}}
Jun 25 21:19:29.536939 np0000003650 nova-scheduler[93188]: DEBUG oslo_concurrency.lockutils [None req-09cfbba9-0f72-4302-934d-a95176c6d223 tempest-DeleteServersTestJSON-1988462720 tempest-DeleteServersTestJSON-1988462720-project-member] Acquiring lock "d2efb36b-29c3-461a-8c3d-57025700df53" by "nova.context.set_target_cell..get_or_set_cached_cell_and_set_connections" {{(pid=93188) inner /opt/stack/data/venv/lib/python3.12/site-packages/oslo_concurrency/lockutils.py:511}}
Jun 25 21:19:29.537109 np0000003650 nova-scheduler[93188]: DEBUG oslo_concurrency.lockutils [None req-09cfbba9-0f72-4302-934d-a95176c6d223 tempest-DeleteServersTestJSON-1988462720 tempest-DeleteServersTestJSON-1988462720-project-member] Lock "d2efb36b-29c3-461a-8c3d-57025700df53" acquired by "nova.context.set_target_cell..get_or_set_cached_cell_and_set_connections" :: waited 0.000s {{(pid=93188) inner /opt/stack/data/venv/lib/python3.12/site-packages/oslo_concurrency/lockutils.py:524}}
Jun 25 21:19:29.537220 np0000003650 nova-scheduler[93188]: DEBUG oslo_concurrency.lockutils [None req-09cfbba9-0f72-4302-934d-a95176c6d223 tempest-DeleteServersTestJSON-1988462720 tempest-DeleteServersTestJSON-1988462720-project-member] Lock "d2efb36b-29c3-461a-8c3d-57025700df53" "released" by "nova.context.set_target_cell..get_or_set_cached_cell_and_set_connections" :: held 0.000s {{(pid=93188) inner /opt/stack/data/venv/lib/python3.12/site-packages/oslo_concurrency/lockutils.py:543}}
Jun 25 21:19:29.541597 np0000003650 nova-scheduler[93188]: DEBUG oslo_concurrency.lockutils [None req-09cfbba9-0f72-4302-934d-a95176c6d223 tempest-DeleteServersTestJSON-1988462720 tempest-DeleteServersTestJSON-1988462720-project-member] Acquiring lock "('np0000003650', 'np0000003650')" by "nova.scheduler.host_manager.HostState.update.._locked_update" {{(pid=93188) inner /opt/stack/data/venv/lib/python3.12/site-packages/oslo_concurrency/lockutils.py:511}}
Jun 25 21:19:29.541780 np0000003650 nova-scheduler[93188]: DEBUG oslo_concurrency.lockutils [None req-09cfbba9-0f72-4302-934d-a95176c6d223 tempest-DeleteServersTestJSON-1988462720 tempest-DeleteServersTestJSON-1988462720-project-member] Lock "('np0000003650', 'np0000003650')" acquired by "nova.scheduler.host_manager.HostState.update.._locked_update" :: waited 0.001s {{(pid=93188) inner /opt/stack/data/venv/lib/python3.12/site-packages/oslo_concurrency/lockutils.py:524}}
Jun 25 21:19:29.543015 np0000003650 nova-scheduler[93188]: DEBUG nova.scheduler.host_manager [None req-09cfbba9-0f72-4302-934d-a95176c6d223 tempest-DeleteServersTestJSON-1988462720 tempest-DeleteServersTestJSON-1988462720-project-member] Update host state from compute node: ComputeNode(cpu_allocation_ratio=4.0,cpu_info='{"arch": "x86_64", "model": "EPYC-Milan", "vendor": "AMD", "topology": {"cells": 1, "sockets": 16, "cores": 1, "threads": 1}, "maxphysaddr": {"mode": "emulate", "bits": 40}, "features": ["xsave", "ssbd", "vmcb-clean", "pku", "virt-ssbd", "fsgsbase", "fsrm", "fpu", "flushbyasid", "mds-no", "svm", "pschange-mc-no", "pni", "nx", "vpclmulqdq", "xsaveerptr", "gds-no", "xgetbv1", "cr8legacy", "misalignsse", "npt", "lbrv", "amd-ssbd", "abm", "amd-psfd", "arch-capabilities", "cx8", "tsc-deadline", "sha-ni", "x2apic", "rdctl-no", "pause-filter", "sse4.1", "clflushopt", "ssse3", "vgif", "vme", "topoext", "umip", "pae", "bmi2", "aes", "ibrs", "osvw", "syscall", "mmx", "fxsr", "perfctr_core", "cmp_legacy", "fxsr_opt", "rdseed", "clzero", "xsavec", "v-vmsave-vmload", "f16c", "wbnoinvd", "tsc", "mca", "cmov", "amd-stibp", "apic", "sse", "popcnt", "rdtscp", "msr", "arat", "pse36", "sse2", "mmxext", "de", "null-sel-clr-base", "fma", "smap", "pcid", "sse4.2", "invpcid", "rdpid", "lm", "vaes", "tsc_adjust", "clflush", "xsaveopt", "adx", "nrip-save", "stibp", "pdpe1gb", "pfthreshold", "pge", "svme-addr-chk", "rdrand", "sse4a", "pat", "pse", "avx2", "stibp-always-on", "tsc-scale", "mce", "movbe", "xsaves", "3dnowprefetch", "avx", "smep", "clwb", "lfence-always-serializing", "no-nested-data-bp", "ibpb", "skip-l1dfl-vmentry", "spec-ctrl", "mtrr", "sep", "erms", "cx16", "lahf_lm", "hypervisor", "pclmuldq", "bmi1"]}',created_at=2026-06-25T21:17:26Z,current_workload=0,deleted=False,deleted_at=None,disk_allocation_ratio=1.0,disk_available_least=73,free_disk_gb=95,free_ram_mb=62765,host='np0000003650',host_ip=10.4.3.253,hypervisor_hostname='np0000003650',hypervisor_type='QEMU',hypervisor_version=8002002,id=1,local_gb=95,local_gb_used=0,mapped=1,memory_mb=63277,memory_mb_used=512,metrics='[]',numa_topology='{"nova_object.name": "NUMATopology", "nova_object.namespace": "nova", "nova_object.version": "1.2", "nova_object.data": {"cells": [{"nova_object.name": "NUMACell", "nova_object.namespace": "nova", "nova_object.version": "1.5", "nova_object.data": {"id": 0, "cpuset": [0, 1, 2, 3, 4, 5, 6, 7, 8, 9, 10, 11, 12, 13, 14, 15], "pcpuset": [0, 1, 2, 3, 4, 5, 6, 7, 8, 9, 10, 11, 12, 13, 14, 15], "memory": 63277, "cpu_usage": 0, "memory_usage": 0, "pinned_cpus": [], "siblings": [[6], [12], [2], [15], [5], [11], [8], [14], [4], [1], [7], [10], [0], [13], [3], [9]], "mempages": [{"nova_object.name": "NUMAPagesTopology", "nova_object.namespace": "nova", "nova_object.version": "1.1", "nova_object.data": {"size_kb": 4, "total": 16177930, "used": 0, "reserved": 0}, "nova_object.changes": ["size_kb", "total", "used", "reserved"]}, {"nova_object.name": "NUMAPagesTopology", "nova_object.namespace": "nova", "nova_object.version": "1.1", "nova_object.data": {"size_kb": 2048, "total": 41, "used": 0, "reserved": 0}, "nova_object.changes": ["size_kb", "total", "used", "reserved"]}, {"nova_object.name": "NUMAPagesTopology", "nova_object.namespace": "nova", "nova_object.version": "1.1", "nova_object.data": {"size_kb": 1048576, "total": 0, "used": 0, "reserved": 0}, "nova_object.changes": ["size_kb", "total", "used", "reserved"]}], "network_metadata": {"nova_object.name": "NetworkMetadata", "nova_object.namespace": "nova", "nova_object.version": "1.0", "nova_object.data": {"physnets": [], "tunneled": false}, "nova_object.changes": ["physnets", "tunneled"]}, "socket": null}, "nova_object.changes": ["cpuset", "pcpuset", "socket", "network_metadata", "cpu_usage", "id", "pinned_cpus", "siblings", "memory", "mempages", "memory_usage"]}]}, "nova_object.changes": ["cells"]}',pci_device_pools=PciDevicePoolList,ram_allocation_ratio=1.0,running_vms=0,service_id=2,stats={failed_builds='0',uptime=' 21:19:11 up 13 min, 2 users, load average: 2.34, 1.71, 0.95
Jun 25 21:19:29.543015 np0000003650 nova-scheduler[93188]: '},supported_hv_specs=[HVSpec,HVSpec,HVSpec,HVSpec,HVSpec,HVSpec,HVSpec,HVSpec,HVSpec,HVSpec,HVSpec,HVSpec,HVSpec,HVSpec,HVSpec,HVSpec,HVSpec,HVSpec,HVSpec,HVSpec,HVSpec,HVSpec,HVSpec,HVSpec,HVSpec],updated_at=2026-06-25T21:19:13Z,uuid=efd8a8cd-0b8e-4c11-aef3-fb39d02ec37d,vcpus=16,vcpus_used=0) {{(pid=93188) _locked_update /opt/stack/nova/nova/scheduler/host_manager.py:168}}
Jun 25 21:19:29.543795 np0000003650 nova-scheduler[93188]: DEBUG nova.scheduler.host_manager [None req-09cfbba9-0f72-4302-934d-a95176c6d223 tempest-DeleteServersTestJSON-1988462720 tempest-DeleteServersTestJSON-1988462720-project-member] Update host state with aggregates: [] {{(pid=93188) _locked_update /opt/stack/nova/nova/scheduler/host_manager.py:171}}
Jun 25 21:19:29.543957 np0000003650 nova-scheduler[93188]: DEBUG nova.scheduler.host_manager [None req-09cfbba9-0f72-4302-934d-a95176c6d223 tempest-DeleteServersTestJSON-1988462720 tempest-DeleteServersTestJSON-1988462720-project-member] Update host state with service dict: {'id': 2, 'uuid': '60bb1dc0-8565-4796-95a5-2767764495d0', 'host': 'np0000003650', 'binary': 'nova-compute', 'topic': 'compute', 'report_count': 1, 'disabled': False, 'disabled_reason': None, 'last_seen_up': datetime.datetime(2026, 6, 25, 21, 17, 34, tzinfo=datetime.timezone.utc), 'forced_down': False, 'version': 72, 'created_at': datetime.datetime(2026, 6, 25, 21, 17, 24, tzinfo=datetime.timezone.utc), 'updated_at': datetime.datetime(2026, 6, 25, 21, 17, 34, tzinfo=datetime.timezone.utc), 'deleted_at': None, 'deleted': False} {{(pid=93188) _locked_update /opt/stack/nova/nova/scheduler/host_manager.py:174}}
Jun 25 21:19:29.544081 np0000003650 nova-scheduler[93188]: DEBUG nova.scheduler.host_manager [None req-09cfbba9-0f72-4302-934d-a95176c6d223 tempest-DeleteServersTestJSON-1988462720 tempest-DeleteServersTestJSON-1988462720-project-member] Update host state with instances: [] {{(pid=93188) _locked_update /opt/stack/nova/nova/scheduler/host_manager.py:177}}
Jun 25 21:19:29.544202 np0000003650 nova-scheduler[93188]: DEBUG oslo_concurrency.lockutils [None req-09cfbba9-0f72-4302-934d-a95176c6d223 tempest-DeleteServersTestJSON-1988462720 tempest-DeleteServersTestJSON-1988462720-project-member] Lock "('np0000003650', 'np0000003650')" "released" by "nova.scheduler.host_manager.HostState.update.._locked_update" :: held 0.002s {{(pid=93188) inner /opt/stack/data/venv/lib/python3.12/site-packages/oslo_concurrency/lockutils.py:543}}
Jun 25 21:19:29.544624 np0000003650 nova-scheduler[93188]: DEBUG nova.filters [None req-09cfbba9-0f72-4302-934d-a95176c6d223 tempest-DeleteServersTestJSON-1988462720 tempest-DeleteServersTestJSON-1988462720-project-member] Starting with 1 host(s) {{(pid=93188) get_filtered_objects /opt/stack/nova/nova/filters.py:70}}
Jun 25 21:19:29.544853 np0000003650 nova-scheduler[93188]: DEBUG nova.filters [None req-09cfbba9-0f72-4302-934d-a95176c6d223 tempest-DeleteServersTestJSON-1988462720 tempest-DeleteServersTestJSON-1988462720-project-member] Filter ComputeFilter returned 1 host(s) {{(pid=93188) get_filtered_objects /opt/stack/nova/nova/filters.py:102}}
Jun 25 21:19:29.544993 np0000003650 nova-scheduler[93188]: DEBUG nova.filters [None req-09cfbba9-0f72-4302-934d-a95176c6d223 tempest-DeleteServersTestJSON-1988462720 tempest-DeleteServersTestJSON-1988462720-project-member] Filter ComputeCapabilitiesFilter returned 1 host(s) {{(pid=93188) get_filtered_objects /opt/stack/nova/nova/filters.py:102}}
Jun 25 21:19:29.545240 np0000003650 nova-scheduler[93188]: DEBUG nova.filters [None req-09cfbba9-0f72-4302-934d-a95176c6d223 tempest-DeleteServersTestJSON-1988462720 tempest-DeleteServersTestJSON-1988462720-project-member] Filter ImagePropertiesFilter returned 1 host(s) {{(pid=93188) get_filtered_objects /opt/stack/nova/nova/filters.py:102}}
Jun 25 21:19:29.545332 np0000003650 nova-scheduler[93188]: DEBUG nova.filters [None req-09cfbba9-0f72-4302-934d-a95176c6d223 tempest-DeleteServersTestJSON-1988462720 tempest-DeleteServersTestJSON-1988462720-project-member] Filter ServerGroupAntiAffinityFilter returned 1 host(s) {{(pid=93188) get_filtered_objects /opt/stack/nova/nova/filters.py:102}}
Jun 25 21:19:29.545807 np0000003650 nova-scheduler[93188]: DEBUG nova.filters [None req-09cfbba9-0f72-4302-934d-a95176c6d223 tempest-DeleteServersTestJSON-1988462720 tempest-DeleteServersTestJSON-1988462720-project-member] Filter ServerGroupAffinityFilter returned 1 host(s) {{(pid=93188) get_filtered_objects /opt/stack/nova/nova/filters.py:102}}
Jun 25 21:19:29.545959 np0000003650 nova-scheduler[93188]: DEBUG nova.filters [None req-09cfbba9-0f72-4302-934d-a95176c6d223 tempest-DeleteServersTestJSON-1988462720 tempest-DeleteServersTestJSON-1988462720-project-member] Filter SameHostFilter returned 1 host(s) {{(pid=93188) get_filtered_objects /opt/stack/nova/nova/filters.py:102}}
Jun 25 21:19:29.546089 np0000003650 nova-scheduler[93188]: DEBUG nova.filters [None req-09cfbba9-0f72-4302-934d-a95176c6d223 tempest-DeleteServersTestJSON-1988462720 tempest-DeleteServersTestJSON-1988462720-project-member] Filter DifferentHostFilter returned 1 host(s) {{(pid=93188) get_filtered_objects /opt/stack/nova/nova/filters.py:102}}
Jun 25 21:19:29.546234 np0000003650 nova-scheduler[93188]: DEBUG nova.scheduler.manager [None req-09cfbba9-0f72-4302-934d-a95176c6d223 tempest-DeleteServersTestJSON-1988462720 tempest-DeleteServersTestJSON-1988462720-project-member] Filtered [(np0000003650, np0000003650) ram: 62765MB disk: 74752MB io_ops: 0 instances: 0, allocation_candidates: 1] {{(pid=93188) _get_sorted_hosts /opt/stack/nova/nova/scheduler/manager.py:743}}
Jun 25 21:19:29.546421 np0000003650 nova-scheduler[93188]: DEBUG nova.scheduler.manager [None req-09cfbba9-0f72-4302-934d-a95176c6d223 tempest-DeleteServersTestJSON-1988462720 tempest-DeleteServersTestJSON-1988462720-project-member] Weighed [WeighedHost [host: (np0000003650, np0000003650) ram: 62765MB disk: 74752MB io_ops: 0 instances: 0, allocation_candidates: 1, weight: 0.0]] {{(pid=93188) _get_sorted_hosts /opt/stack/nova/nova/scheduler/manager.py:765}}
Jun 25 21:19:29.546624 np0000003650 nova-scheduler[93188]: DEBUG nova.scheduler.utils [None req-09cfbba9-0f72-4302-934d-a95176c6d223 tempest-DeleteServersTestJSON-1988462720 tempest-DeleteServersTestJSON-1988462720-project-member] Attempting to claim resources in the placement API for instance 5b0aea03-6da0-4732-a2a6-a4fdbff8839e {{(pid=93188) claim_resources /opt/stack/nova/nova/scheduler/utils.py:1345}}
Jun 25 21:19:29.703916 np0000003650 nova-scheduler[93188]: DEBUG nova.scheduler.manager [None req-09cfbba9-0f72-4302-934d-a95176c6d223 tempest-DeleteServersTestJSON-1988462720 tempest-DeleteServersTestJSON-1988462720-project-member] [instance: 5b0aea03-6da0-4732-a2a6-a4fdbff8839e] Selected host: (np0000003650, np0000003650) ram: 62765MB disk: 74752MB io_ops: 0 instances: 0, allocation_candidates: 1 {{(pid=93188) _consume_selected_host /opt/stack/nova/nova/scheduler/manager.py:625}}
Jun 25 21:19:29.704209 np0000003650 nova-scheduler[93188]: DEBUG oslo_concurrency.lockutils [None req-09cfbba9-0f72-4302-934d-a95176c6d223 tempest-DeleteServersTestJSON-1988462720 tempest-DeleteServersTestJSON-1988462720-project-member] Acquiring lock "('np0000003650', 'np0000003650')" by "nova.scheduler.host_manager.HostState.consume_from_request.._locked" {{(pid=93188) inner /opt/stack/data/venv/lib/python3.12/site-packages/oslo_concurrency/lockutils.py:511}}
Jun 25 21:19:29.704418 np0000003650 nova-scheduler[93188]: DEBUG oslo_concurrency.lockutils [None req-09cfbba9-0f72-4302-934d-a95176c6d223 tempest-DeleteServersTestJSON-1988462720 tempest-DeleteServersTestJSON-1988462720-project-member] Lock "('np0000003650', 'np0000003650')" acquired by "nova.scheduler.host_manager.HostState.consume_from_request.._locked" :: waited 0.000s {{(pid=93188) inner /opt/stack/data/venv/lib/python3.12/site-packages/oslo_concurrency/lockutils.py:524}}
Jun 25 21:19:29.704816 np0000003650 nova-scheduler[93188]: DEBUG oslo_concurrency.lockutils [None req-09cfbba9-0f72-4302-934d-a95176c6d223 tempest-DeleteServersTestJSON-1988462720 tempest-DeleteServersTestJSON-1988462720-project-member] Lock "('np0000003650', 'np0000003650')" "released" by "nova.scheduler.host_manager.HostState.consume_from_request.._locked" :: held 0.000s {{(pid=93188) inner /opt/stack/data/venv/lib/python3.12/site-packages/oslo_concurrency/lockutils.py:543}}
Jun 25 21:19:32.688492 np0000003650 nova-scheduler[93190]: DEBUG nova.scheduler.manager [None req-8fdd7872-443a-4212-aea7-cd1ed47ad1e7 tempest-ServerBootFromVolumeStableRescueTest-1538910043 tempest-ServerBootFromVolumeStableRescueTest-1538910043-project-member] Starting to schedule for instances: ['78c540f7-0cf7-405e-8fe1-9dfc9dcc92b9'] {{(pid=93190) select_destinations /opt/stack/nova/nova/scheduler/manager.py:210}}
Jun 25 21:19:32.689159 np0000003650 nova-scheduler[93190]: DEBUG nova.scheduler.request_filter [None req-8fdd7872-443a-4212-aea7-cd1ed47ad1e7 tempest-ServerBootFromVolumeStableRescueTest-1538910043 tempest-ServerBootFromVolumeStableRescueTest-1538910043-project-member] compute_status_filter request filter added forbidden trait COMPUTE_STATUS_DISABLED {{(pid=93190) compute_status_filter /opt/stack/nova/nova/scheduler/request_filter.py:253}}
Jun 25 21:19:32.689159 np0000003650 nova-scheduler[93190]: DEBUG nova.scheduler.request_filter [None req-8fdd7872-443a-4212-aea7-cd1ed47ad1e7 tempest-ServerBootFromVolumeStableRescueTest-1538910043 tempest-ServerBootFromVolumeStableRescueTest-1538910043-project-member] Request filter 'compute_status_filter' took 0.0 seconds {{(pid=93190) wrapper /opt/stack/nova/nova/scheduler/request_filter.py:46}}
Jun 25 21:19:32.689358 np0000003650 nova-scheduler[93190]: DEBUG nova.scheduler.request_filter [None req-8fdd7872-443a-4212-aea7-cd1ed47ad1e7 tempest-ServerBootFromVolumeStableRescueTest-1538910043 tempest-ServerBootFromVolumeStableRescueTest-1538910043-project-member] Request filter 'accelerators_filter' took 0.0 seconds {{(pid=93190) wrapper /opt/stack/nova/nova/scheduler/request_filter.py:46}}
Jun 25 21:19:32.689526 np0000003650 nova-scheduler[93190]: DEBUG nova.scheduler.request_filter [None req-8fdd7872-443a-4212-aea7-cd1ed47ad1e7 tempest-ServerBootFromVolumeStableRescueTest-1538910043 tempest-ServerBootFromVolumeStableRescueTest-1538910043-project-member] Request filter 'packed_virtqueue_filter' took 0.0 seconds {{(pid=93190) wrapper /opt/stack/nova/nova/scheduler/request_filter.py:46}}
Jun 25 21:19:32.690268 np0000003650 nova-scheduler[93190]: DEBUG nova.scheduler.request_filter [None req-8fdd7872-443a-4212-aea7-cd1ed47ad1e7 tempest-ServerBootFromVolumeStableRescueTest-1538910043 tempest-ServerBootFromVolumeStableRescueTest-1538910043-project-member] Request filter 'remote_managed_ports_filter' took 0.0 seconds {{(pid=93190) wrapper /opt/stack/nova/nova/scheduler/request_filter.py:46}}
Jun 25 21:19:32.690268 np0000003650 nova-scheduler[93190]: DEBUG nova.scheduler.request_filter [None req-8fdd7872-443a-4212-aea7-cd1ed47ad1e7 tempest-ServerBootFromVolumeStableRescueTest-1538910043 tempest-ServerBootFromVolumeStableRescueTest-1538910043-project-member] ephemeral_encryption_filter skipped {{(pid=93190) ephemeral_encryption_filter /opt/stack/nova/nova/scheduler/request_filter.py:426}}
Jun 25 21:19:32.690900 np0000003650 nova-scheduler[93190]: DEBUG nova.scheduler.request_filter [None req-8fdd7872-443a-4212-aea7-cd1ed47ad1e7 tempest-ServerBootFromVolumeStableRescueTest-1538910043 tempest-ServerBootFromVolumeStableRescueTest-1538910043-project-member] virtio_sound_filter skipped {{(pid=93190) virtio_sound_filter /opt/stack/nova/nova/scheduler/request_filter.py:460}}
Jun 25 21:19:32.690900 np0000003650 nova-scheduler[93190]: DEBUG nova.scheduler.request_filter [None req-8fdd7872-443a-4212-aea7-cd1ed47ad1e7 tempest-ServerBootFromVolumeStableRescueTest-1538910043 tempest-ServerBootFromVolumeStableRescueTest-1538910043-project-member] tpm_secret_security_filter skipped {{(pid=93190) tpm_secret_security_filter /opt/stack/nova/nova/scheduler/request_filter.py:477}}
Jun 25 21:19:32.794594 np0000003650 nova-scheduler[93190]: INFO nova.utils [None req-8fdd7872-443a-4212-aea7-cd1ed47ad1e7 tempest-ServerBootFromVolumeStableRescueTest-1538910043 tempest-ServerBootFromVolumeStableRescueTest-1538910043-project-member] The cell worker thread pool ForkProcess-3.cell_worker is initialized
Jun 25 21:19:32.795001 np0000003650 nova-scheduler[93190]: DEBUG oslo_concurrency.lockutils [None req-8fdd7872-443a-4212-aea7-cd1ed47ad1e7 tempest-ServerBootFromVolumeStableRescueTest-1538910043 tempest-ServerBootFromVolumeStableRescueTest-1538910043-project-member] Acquiring lock "d2efb36b-29c3-461a-8c3d-57025700df53" by "nova.context.set_target_cell..get_or_set_cached_cell_and_set_connections" {{(pid=93190) inner /opt/stack/data/venv/lib/python3.12/site-packages/oslo_concurrency/lockutils.py:511}}
Jun 25 21:19:32.795226 np0000003650 nova-scheduler[93190]: DEBUG oslo_concurrency.lockutils [None req-8fdd7872-443a-4212-aea7-cd1ed47ad1e7 tempest-ServerBootFromVolumeStableRescueTest-1538910043 tempest-ServerBootFromVolumeStableRescueTest-1538910043-project-member] Lock "d2efb36b-29c3-461a-8c3d-57025700df53" acquired by "nova.context.set_target_cell..get_or_set_cached_cell_and_set_connections" :: waited 0.000s {{(pid=93190) inner /opt/stack/data/venv/lib/python3.12/site-packages/oslo_concurrency/lockutils.py:524}}
Jun 25 21:19:32.796883 np0000003650 nova-scheduler[93190]: DEBUG oslo_concurrency.lockutils [None req-8fdd7872-443a-4212-aea7-cd1ed47ad1e7 tempest-ServerBootFromVolumeStableRescueTest-1538910043 tempest-ServerBootFromVolumeStableRescueTest-1538910043-project-member] Lock "d2efb36b-29c3-461a-8c3d-57025700df53" "released" by "nova.context.set_target_cell..get_or_set_cached_cell_and_set_connections" :: held 0.002s {{(pid=93190) inner /opt/stack/data/venv/lib/python3.12/site-packages/oslo_concurrency/lockutils.py:543}}
Jun 25 21:19:32.799175 np0000003650 nova-scheduler[93190]: INFO dbcounter [None req-8fdd7872-443a-4212-aea7-cd1ed47ad1e7 tempest-ServerBootFromVolumeStableRescueTest-1538910043 tempest-ServerBootFromVolumeStableRescueTest-1538910043-project-member] Registered counter for database nova_cell1
Jun 25 21:19:32.838334 np0000003650 nova-scheduler[93190]: DEBUG oslo_db.sqlalchemy.engines [None req-8fdd7872-443a-4212-aea7-cd1ed47ad1e7 tempest-ServerBootFromVolumeStableRescueTest-1538910043 tempest-ServerBootFromVolumeStableRescueTest-1538910043-project-member] MySQL server mode set to STRICT_TRANS_TABLES,STRICT_ALL_TABLES,NO_ZERO_IN_DATE,NO_ZERO_DATE,ERROR_FOR_DIVISION_BY_ZERO,TRADITIONAL,NO_ENGINE_SUBSTITUTION {{(pid=93190) _check_effective_sql_mode /opt/stack/data/venv/lib/python3.12/site-packages/oslo_db/sqlalchemy/engines.py:325}}
Jun 25 21:19:32.849604 np0000003650 nova-scheduler[93190]: DEBUG dbcounter [-] [93190] Writer thread running {{(pid=93190) stat_writer /opt/stack/data/venv/lib/python3.12/site-packages/dbcounter.py:102}}
Jun 25 21:19:32.899493 np0000003650 nova-scheduler[93190]: DEBUG dbcounter [-] [93190] Writer thread running {{(pid=93190) stat_writer /opt/stack/data/venv/lib/python3.12/site-packages/dbcounter.py:102}}
Jun 25 21:19:32.903723 np0000003650 nova-scheduler[93190]: DEBUG oslo_concurrency.lockutils [None req-8fdd7872-443a-4212-aea7-cd1ed47ad1e7 tempest-ServerBootFromVolumeStableRescueTest-1538910043 tempest-ServerBootFromVolumeStableRescueTest-1538910043-project-member] Acquiring lock "d2efb36b-29c3-461a-8c3d-57025700df53" by "nova.context.set_target_cell..get_or_set_cached_cell_and_set_connections" {{(pid=93190) inner /opt/stack/data/venv/lib/python3.12/site-packages/oslo_concurrency/lockutils.py:511}}
Jun 25 21:19:32.903723 np0000003650 nova-scheduler[93190]: DEBUG oslo_concurrency.lockutils [None req-8fdd7872-443a-4212-aea7-cd1ed47ad1e7 tempest-ServerBootFromVolumeStableRescueTest-1538910043 tempest-ServerBootFromVolumeStableRescueTest-1538910043-project-member] Lock "d2efb36b-29c3-461a-8c3d-57025700df53" acquired by "nova.context.set_target_cell..get_or_set_cached_cell_and_set_connections" :: waited 0.000s {{(pid=93190) inner /opt/stack/data/venv/lib/python3.12/site-packages/oslo_concurrency/lockutils.py:524}}
Jun 25 21:19:32.903723 np0000003650 nova-scheduler[93190]: DEBUG oslo_concurrency.lockutils [None req-8fdd7872-443a-4212-aea7-cd1ed47ad1e7 tempest-ServerBootFromVolumeStableRescueTest-1538910043 tempest-ServerBootFromVolumeStableRescueTest-1538910043-project-member] Lock "d2efb36b-29c3-461a-8c3d-57025700df53" "released" by "nova.context.set_target_cell..get_or_set_cached_cell_and_set_connections" :: held 0.000s {{(pid=93190) inner /opt/stack/data/venv/lib/python3.12/site-packages/oslo_concurrency/lockutils.py:543}}
Jun 25 21:19:32.906613 np0000003650 nova-scheduler[93190]: DEBUG oslo_concurrency.lockutils [None req-8fdd7872-443a-4212-aea7-cd1ed47ad1e7 tempest-ServerBootFromVolumeStableRescueTest-1538910043 tempest-ServerBootFromVolumeStableRescueTest-1538910043-project-member] Acquiring lock "('np0000003650', 'np0000003650')" by "nova.scheduler.host_manager.HostState.update.._locked_update" {{(pid=93190) inner /opt/stack/data/venv/lib/python3.12/site-packages/oslo_concurrency/lockutils.py:511}}
Jun 25 21:19:32.906751 np0000003650 nova-scheduler[93190]: DEBUG oslo_concurrency.lockutils [None req-8fdd7872-443a-4212-aea7-cd1ed47ad1e7 tempest-ServerBootFromVolumeStableRescueTest-1538910043 tempest-ServerBootFromVolumeStableRescueTest-1538910043-project-member] Lock "('np0000003650', 'np0000003650')" acquired by "nova.scheduler.host_manager.HostState.update.._locked_update" :: waited 0.000s {{(pid=93190) inner /opt/stack/data/venv/lib/python3.12/site-packages/oslo_concurrency/lockutils.py:524}}
