Aug 26 15:01:30.257101 np0000008165 devstack@c-api.service[100199]: INFO cinder.api.openstack.wsgi [req-ef3926e7-d581-4d6f-ae16-055683b89485 req-71a1556d-9898-49a7-9f7b-d3db49af91ae tempest-ServerActionsTestOtherA-498568700 tempest-ServerActionsTestOtherA-498568700-project-member] DELETE https://10.4.3.64/volume/v3/attachments/be74a2d2-2f92-4435-b425-9e6eb3649ebe
Aug 26 15:01:30.257512 np0000008165 devstack@c-api.service[100199]: DEBUG cinder.api.openstack.wsgi [req-ef3926e7-d581-4d6f-ae16-055683b89485 req-71a1556d-9898-49a7-9f7b-d3db49af91ae tempest-ServerActionsTestOtherA-498568700 tempest-ServerActionsTestOtherA-498568700-project-member] Empty body provided in request {{(pid=100199) get_body /opt/stack/cinder/cinder/api/openstack/wsgi.py:725}}
Aug 26 15:01:30.257781 np0000008165 devstack@c-api.service[100199]: DEBUG cinder.api.openstack.wsgi [req-ef3926e7-d581-4d6f-ae16-055683b89485 req-71a1556d-9898-49a7-9f7b-d3db49af91ae tempest-ServerActionsTestOtherA-498568700 tempest-ServerActionsTestOtherA-498568700-project-member] Calling method 'version_select' {{(pid=100199) _process_stack /opt/stack/cinder/cinder/api/openstack/wsgi.py:878}}
Aug 26 15:01:30.276483 np0000008165 devstack@c-api.service[100199]: /opt/stack/data/venv/lib/python3.12/site-packages/oslo_context/context.py:102: DeprecationWarning: Policy enforcement is depending on the value of is_admin. This key is deprecated. Please update your policy file to use the standard policy values.
Aug 26 15:01:30.276483 np0000008165 devstack@c-api.service[100199]: warnings.warn(
Aug 26 15:01:30.389767 np0000008165 devstack@c-api.service[100199]: INFO cinder.api.openstack.wsgi [req-ef3926e7-d581-4d6f-ae16-055683b89485 req-71a1556d-9898-49a7-9f7b-d3db49af91ae tempest-ServerActionsTestOtherA-498568700 tempest-ServerActionsTestOtherA-498568700-project-member] https://10.4.3.64/volume/v3/attachments/be74a2d2-2f92-4435-b425-9e6eb3649ebe returned with HTTP 200
Aug 26 15:01:30.390460 np0000008165 devstack@c-api.service[100199]: [pid: 100199|app: 0|req: 80/321] 10.4.3.64 () {72 vars in 1666 bytes} [Wed Aug 26 15:01:30 2026] DELETE /volume/v3/attachments/be74a2d2-2f92-4435-b425-9e6eb3649ebe => generated 192 bytes in 143 msecs (HTTP/1.1 200) 7 headers in 286 bytes (1 switches on core 0)
Aug 26 15:01:30.549538 np0000008165 devstack@c-api.service[100198]: INFO cinder.api.openstack.wsgi [None req-b298fdeb-c76e-4023-9043-b0fcd19f286c tempest-VolumeQuotasAdminTestJSON-1730460474 tempest-VolumeQuotasAdminTestJSON-1730460474-project-member] POST https://10.4.3.64/volume/v3/volumes
Aug 26 15:01:30.551209 np0000008165 devstack@c-api.service[100198]: DEBUG cinder.api.openstack.wsgi [None req-b298fdeb-c76e-4023-9043-b0fcd19f286c tempest-VolumeQuotasAdminTestJSON-1730460474 tempest-VolumeQuotasAdminTestJSON-1730460474-project-member] Action: 'create', calling method: create, body: {"volume": {"size": 1, "name": "tempest-VolumeQuotasAdminTestJSON-Volume-1566981729"}} {{(pid=100198) _process_stack /opt/stack/cinder/cinder/api/openstack/wsgi.py:876}}
Aug 26 15:01:30.552804 np0000008165 devstack@c-api.service[100198]: DEBUG cinder.api.v3.volumes [None req-b298fdeb-c76e-4023-9043-b0fcd19f286c tempest-VolumeQuotasAdminTestJSON-1730460474 tempest-VolumeQuotasAdminTestJSON-1730460474-project-member] Create volume request body: {'volume': {'size': 1, 'name': 'tempest-VolumeQuotasAdminTestJSON-Volume-1566981729'}} {{(pid=100198) create /opt/stack/cinder/cinder/api/v3/volumes.py:368}}
Aug 26 15:01:30.553018 np0000008165 devstack@c-api.service[100198]: INFO cinder.api.v3.volumes [None req-b298fdeb-c76e-4023-9043-b0fcd19f286c tempest-VolumeQuotasAdminTestJSON-1730460474 tempest-VolumeQuotasAdminTestJSON-1730460474-project-member] Create volume of 1 GB
Aug 26 15:01:30.559416 np0000008165 devstack@c-api.service[100198]: INFO cinder.volume.api [None req-b298fdeb-c76e-4023-9043-b0fcd19f286c tempest-VolumeQuotasAdminTestJSON-1730460474 tempest-VolumeQuotasAdminTestJSON-1730460474-project-member] Availability Zones retrieved successfully.
Aug 26 15:01:30.573778 np0000008165 devstack@c-api.service[100198]: DEBUG cinder.volume.api [None req-b298fdeb-c76e-4023-9043-b0fcd19f286c tempest-VolumeQuotasAdminTestJSON-1730460474 tempest-VolumeQuotasAdminTestJSON-1730460474-project-member] Flow 'volume_create_api' (389605d9-ac20-4b39-b2fe-b1853ffb5da6) transitioned into state 'RUNNING' from state 'PENDING' {{(pid=100198) _flow_receiver /opt/stack/data/venv/lib/python3.12/site-packages/taskflow/listeners/logging.py:160}}
Aug 26 15:01:30.575252 np0000008165 devstack@c-api.service[100198]: DEBUG cinder.volume.api [None req-b298fdeb-c76e-4023-9043-b0fcd19f286c tempest-VolumeQuotasAdminTestJSON-1730460474 tempest-VolumeQuotasAdminTestJSON-1730460474-project-member] Task 'cinder.volume.flows.api.create_volume.ExtractVolumeRequestTask;volume:create' (e1ad3484-c161-457f-8807-c26b8fc5dd5b) transitioned into state 'RUNNING' from state 'PENDING' {{(pid=100198) _task_receiver /opt/stack/data/venv/lib/python3.12/site-packages/taskflow/listeners/logging.py:242}}
Aug 26 15:01:30.576848 np0000008165 devstack@c-api.service[100198]: DEBUG cinder.volume.flows.api.create_volume [None req-b298fdeb-c76e-4023-9043-b0fcd19f286c tempest-VolumeQuotasAdminTestJSON-1730460474 tempest-VolumeQuotasAdminTestJSON-1730460474-project-member] Validating volume size '1' using validate_int {{(pid=100198) _extract_size /opt/stack/cinder/cinder/volume/flows/api/create_volume.py:226}}
Aug 26 15:01:30.633304 np0000008165 devstack@c-api.service[100198]: DEBUG cinder.volume.api [None req-b298fdeb-c76e-4023-9043-b0fcd19f286c tempest-VolumeQuotasAdminTestJSON-1730460474 tempest-VolumeQuotasAdminTestJSON-1730460474-project-member] Task 'cinder.volume.flows.api.create_volume.ExtractVolumeRequestTask;volume:create' (e1ad3484-c161-457f-8807-c26b8fc5dd5b) transitioned into state 'SUCCESS' from state 'RUNNING' with result '{'size': 1, 'snapshot_id': None, 'source_volid': None, 'volume_type': VolumeType(created_at=2026-08-26T14:57:39Z,deleted=False,deleted_at=None,description=None,extra_specs={volume_backend_name='storpool'},id=adc4527f-422f-427c-951e-bc6b846bddee,is_public=True,name='storpool',projects=[],qos_specs=,qos_specs_id=None,updated_at=None), 'volume_type_id': 'adc4527f-422f-427c-951e-bc6b846bddee', 'encryption_key_id': None, 'qos_specs': None, 'consistencygroup_id': None, 'cgsnapshot_id': None, 'group_id': None, 'replication_status': 'disabled', 'refresh_az': False, 'backup_id': None, 'multiattach': False, 'availability_zones': ['nova']}' {{(pid=100198) _task_receiver /opt/stack/data/venv/lib/python3.12/site-packages/taskflow/listeners/logging.py:218}}
Aug 26 15:01:30.634515 np0000008165 devstack@c-api.service[100198]: DEBUG cinder.volume.api [None req-b298fdeb-c76e-4023-9043-b0fcd19f286c tempest-VolumeQuotasAdminTestJSON-1730460474 tempest-VolumeQuotasAdminTestJSON-1730460474-project-member] Task 'cinder.volume.flows.api.create_volume.QuotaReserveTask;volume:create' (025047a5-c8df-4c3a-b48e-974239173c67) transitioned into state 'RUNNING' from state 'PENDING' {{(pid=100198) _task_receiver /opt/stack/data/venv/lib/python3.12/site-packages/taskflow/listeners/logging.py:242}}
Aug 26 15:01:30.742230 np0000008165 devstack@c-api.service[100198]: DEBUG cinder.quota [None req-b298fdeb-c76e-4023-9043-b0fcd19f286c tempest-VolumeQuotasAdminTestJSON-1730460474 tempest-VolumeQuotasAdminTestJSON-1730460474-project-member] Created reservations ['37ee83ca-39a8-4b8b-8f20-e7f068841dbe', 'd90a3c6c-e382-47e9-9739-f24b4ebc650f', 'bfa6cf2c-8bad-46f3-9ad9-9f193b55237d', 'ca678dc5-b79d-486e-b7a0-7894bcdd75b0'] {{(pid=100198) reserve /opt/stack/cinder/cinder/quota.py:752}}
Aug 26 15:01:30.742230 np0000008165 devstack@c-api.service[100198]: DEBUG cinder.volume.api [None req-b298fdeb-c76e-4023-9043-b0fcd19f286c tempest-VolumeQuotasAdminTestJSON-1730460474 tempest-VolumeQuotasAdminTestJSON-1730460474-project-member] Task 'cinder.volume.flows.api.create_volume.QuotaReserveTask;volume:create' (025047a5-c8df-4c3a-b48e-974239173c67) transitioned into state 'SUCCESS' from state 'RUNNING' with result '{'reservations': ['37ee83ca-39a8-4b8b-8f20-e7f068841dbe', 'd90a3c6c-e382-47e9-9739-f24b4ebc650f', 'bfa6cf2c-8bad-46f3-9ad9-9f193b55237d', 'ca678dc5-b79d-486e-b7a0-7894bcdd75b0']}' {{(pid=100198) _task_receiver /opt/stack/data/venv/lib/python3.12/site-packages/taskflow/listeners/logging.py:218}}
Aug 26 15:01:30.742230 np0000008165 devstack@c-api.service[100198]: DEBUG cinder.volume.api [None req-b298fdeb-c76e-4023-9043-b0fcd19f286c tempest-VolumeQuotasAdminTestJSON-1730460474 tempest-VolumeQuotasAdminTestJSON-1730460474-project-member] Task 'cinder.volume.flows.api.create_volume.EntryCreateTask;volume:create' (c8dbd6dd-312a-467a-b56d-d65fdd8446d0) transitioned into state 'RUNNING' from state 'PENDING' {{(pid=100198) _task_receiver /opt/stack/data/venv/lib/python3.12/site-packages/taskflow/listeners/logging.py:242}}
Aug 26 15:01:30.786537 np0000008165 devstack@c-api.service[100198]: DEBUG cinder.volume.api [None req-b298fdeb-c76e-4023-9043-b0fcd19f286c tempest-VolumeQuotasAdminTestJSON-1730460474 tempest-VolumeQuotasAdminTestJSON-1730460474-project-member] Task 'cinder.volume.flows.api.create_volume.EntryCreateTask;volume:create' (c8dbd6dd-312a-467a-b56d-d65fdd8446d0) transitioned into state 'SUCCESS' from state 'RUNNING' with result '{'volume_id': 'a485aca2-ffb8-4a65-8141-e429361b09f4', 'volume_properties': VolumeProperties(attach_status='detached',availability_zone='nova',cgsnapshot_id=None,consistencygroup_id=None,display_description=None,display_name='tempest-VolumeQuotasAdminTestJSON-Volume-1566981729',encryption_key_id=None,group_id=None,group_type_id=,metadata={},multiattach=False,project_id='419aeaba298d41d4ac03a8fdc5c8e881',qos_specs=None,replication_status=,reservations=['37ee83ca-39a8-4b8b-8f20-e7f068841dbe','d90a3c6c-e382-47e9-9739-f24b4ebc650f','bfa6cf2c-8bad-46f3-9ad9-9f193b55237d','ca678dc5-b79d-486e-b7a0-7894bcdd75b0'],size=1,snapshot_id=None,source_replicaid=,source_volid=None,status='creating',user_id='423081b942b3412eb1560540e6f8b2cd',volume_type_id=adc4527f-422f-427c-951e-bc6b846bddee), 'volume': Volume(_name_id=None,admin_metadata=,attach_status='detached',availability_zone='nova',bootable=False,cluster=,cluster_name=None,consistencygroup=,consistencygroup_id=None,created_at=2026-08-26T15:01:30Z,deleted=False,deleted_at=None,display_description=None,display_name='tempest-VolumeQuotasAdminTestJSON-Volume-1566981729',ec2_id=None,encryption_key_id=None,glance_metadata=,group=,group_id=None,host=None,id=a485aca2-ffb8-4a65-8141-e429361b09f4,launched_at=None,metadata={},migration_status=None,multiattach=False,previous_status=None,project_id='419aeaba298d41d4ac03a8fdc5c8e881',provider_auth=None,provider_geometry=None,provider_id=None,provider_location=None,replication_driver_data=None,replication_extended_status=None,replication_status=None,scheduled_at=None,service_uuid=None,shared_targets=True,size=1,snapshot_id=None,snapshots=,source_volid=None,status='creating',terminated_at=None,updated_at=None,use_quota=True,user_id='423081b942b3412eb1560540e6f8b2cd',volume_attachment=VolumeAttachmentList,volume_type=VolumeType(adc4527f-422f-427c-951e-bc6b846bddee),volume_type_id=adc4527f-422f-427c-951e-bc6b846bddee)}' {{(pid=100198) _task_receiver /opt/stack/data/venv/lib/python3.12/site-packages/taskflow/listeners/logging.py:218}}
Aug 26 15:01:30.788260 np0000008165 devstack@c-api.service[100198]: DEBUG cinder.volume.api [None req-b298fdeb-c76e-4023-9043-b0fcd19f286c tempest-VolumeQuotasAdminTestJSON-1730460474 tempest-VolumeQuotasAdminTestJSON-1730460474-project-member] Task 'cinder.volume.flows.api.create_volume.QuotaCommitTask;volume:create' (d9a5bcca-b053-4b6e-9ba8-13814c4fb14c) transitioned into state 'RUNNING' from state 'PENDING' {{(pid=100198) _task_receiver /opt/stack/data/venv/lib/python3.12/site-packages/taskflow/listeners/logging.py:242}}
Aug 26 15:01:30.837106 np0000008165 devstack@c-api.service[100198]: DEBUG cinder.volume.api [None req-b298fdeb-c76e-4023-9043-b0fcd19f286c tempest-VolumeQuotasAdminTestJSON-1730460474 tempest-VolumeQuotasAdminTestJSON-1730460474-project-member] Task 'cinder.volume.flows.api.create_volume.QuotaCommitTask;volume:create' (d9a5bcca-b053-4b6e-9ba8-13814c4fb14c) transitioned into state 'SUCCESS' from state 'RUNNING' with result '{'volume_properties': VolumeProperties(attach_status='detached',availability_zone='nova',cgsnapshot_id=None,consistencygroup_id=None,display_description=None,display_name='tempest-VolumeQuotasAdminTestJSON-Volume-1566981729',encryption_key_id=None,group_id=None,group_type_id=,metadata={},multiattach=False,project_id='419aeaba298d41d4ac03a8fdc5c8e881',qos_specs=None,replication_status=,reservations=['37ee83ca-39a8-4b8b-8f20-e7f068841dbe','d90a3c6c-e382-47e9-9739-f24b4ebc650f','bfa6cf2c-8bad-46f3-9ad9-9f193b55237d','ca678dc5-b79d-486e-b7a0-7894bcdd75b0'],size=1,snapshot_id=None,source_replicaid=,source_volid=None,status='creating',user_id='423081b942b3412eb1560540e6f8b2cd',volume_type_id=adc4527f-422f-427c-951e-bc6b846bddee)}' {{(pid=100198) _task_receiver /opt/stack/data/venv/lib/python3.12/site-packages/taskflow/listeners/logging.py:218}}
Aug 26 15:01:30.838620 np0000008165 devstack@c-api.service[100198]: DEBUG cinder.volume.api [None req-b298fdeb-c76e-4023-9043-b0fcd19f286c tempest-VolumeQuotasAdminTestJSON-1730460474 tempest-VolumeQuotasAdminTestJSON-1730460474-project-member] Task 'cinder.volume.flows.api.create_volume.VolumeCastTask;volume:create' (b8c15a96-2850-4de2-bc80-b945553b8a34) transitioned into state 'RUNNING' from state 'PENDING' {{(pid=100198) _task_receiver /opt/stack/data/venv/lib/python3.12/site-packages/taskflow/listeners/logging.py:242}}
Aug 26 15:01:30.858766 np0000008165 devstack@c-api.service[100198]: DEBUG cinder.volume.api [None req-b298fdeb-c76e-4023-9043-b0fcd19f286c tempest-VolumeQuotasAdminTestJSON-1730460474 tempest-VolumeQuotasAdminTestJSON-1730460474-project-member] Task 'cinder.volume.flows.api.create_volume.VolumeCastTask;volume:create' (b8c15a96-2850-4de2-bc80-b945553b8a34) transitioned into state 'SUCCESS' from state 'RUNNING' with result 'None' {{(pid=100198) _task_receiver /opt/stack/data/venv/lib/python3.12/site-packages/taskflow/listeners/logging.py:218}}
Aug 26 15:01:30.859929 np0000008165 devstack@c-api.service[100198]: DEBUG cinder.volume.api [None req-b298fdeb-c76e-4023-9043-b0fcd19f286c tempest-VolumeQuotasAdminTestJSON-1730460474 tempest-VolumeQuotasAdminTestJSON-1730460474-project-member] Flow 'volume_create_api' (389605d9-ac20-4b39-b2fe-b1853ffb5da6) transitioned into state 'SUCCESS' from state 'RUNNING' {{(pid=100198) _flow_receiver /opt/stack/data/venv/lib/python3.12/site-packages/taskflow/listeners/logging.py:160}}
Aug 26 15:01:30.861237 np0000008165 devstack@c-api.service[100198]: INFO cinder.volume.api [None req-b298fdeb-c76e-4023-9043-b0fcd19f286c tempest-VolumeQuotasAdminTestJSON-1730460474 tempest-VolumeQuotasAdminTestJSON-1730460474-project-member] Create volume request issued successfully.
Aug 26 15:01:30.863672 np0000008165 devstack@c-api.service[100198]: INFO cinder.api.openstack.wsgi [None req-b298fdeb-c76e-4023-9043-b0fcd19f286c tempest-VolumeQuotasAdminTestJSON-1730460474 tempest-VolumeQuotasAdminTestJSON-1730460474-project-member] https://10.4.3.64/volume/v3/volumes returned with HTTP 202
Aug 26 15:01:30.864655 np0000008165 devstack@c-api.service[100198]: [pid: 100198|app: 0|req: 80/322] 10.4.3.64 () {68 vars in 1251 bytes} [Wed Aug 26 15:01:30 2026] POST /volume/v3/volumes => generated 754 bytes in 727 msecs (HTTP/1.1 202) 7 headers in 291 bytes (1 switches on core 0)
Aug 26 15:01:30.880253 np0000008165 devstack@c-api.service[100196]: DEBUG cinder.api.middleware.request_id [None req-006794d5-9dda-4227-acea-a5beb5d91e45 None None] RequestId filter calling following filter/app {{(pid=100196) _context_setter /opt/stack/cinder/cinder/api/middleware/request_id.py:62}}
Aug 26 15:01:30.884407 np0000008165 devstack@c-api.service[100196]: INFO cinder.api.openstack.wsgi [None req-006794d5-9dda-4227-acea-a5beb5d91e45 tempest-VolumeQuotasAdminTestJSON-1730460474 tempest-VolumeQuotasAdminTestJSON-1730460474-project-member] GET https://10.4.3.64/volume/v3/volumes/a485aca2-ffb8-4a65-8141-e429361b09f4
Aug 26 15:01:30.884407 np0000008165 devstack@c-api.service[100196]: DEBUG cinder.api.openstack.wsgi [None req-006794d5-9dda-4227-acea-a5beb5d91e45 tempest-VolumeQuotasAdminTestJSON-1730460474 tempest-VolumeQuotasAdminTestJSON-1730460474-project-member] Empty body provided in request {{(pid=100196) get_body /opt/stack/cinder/cinder/api/openstack/wsgi.py:725}}
Aug 26 15:01:30.885030 np0000008165 devstack@c-api.service[100196]: DEBUG cinder.api.openstack.wsgi [None req-006794d5-9dda-4227-acea-a5beb5d91e45 tempest-VolumeQuotasAdminTestJSON-1730460474 tempest-VolumeQuotasAdminTestJSON-1730460474-project-member] Calling method 'show' {{(pid=100196) _process_stack /opt/stack/cinder/cinder/api/openstack/wsgi.py:878}}
Aug 26 15:01:30.906925 np0000008165 devstack@c-api.service[100196]: /opt/stack/data/venv/lib/python3.12/site-packages/oslo_context/context.py:102: DeprecationWarning: Policy enforcement is depending on the value of is_admin. This key is deprecated. Please update your policy file to use the standard policy values.
Aug 26 15:01:30.906925 np0000008165 devstack@c-api.service[100196]: warnings.warn(
Aug 26 15:01:30.908525 np0000008165 devstack@c-api.service[100197]: DEBUG cinder.api.middleware.request_id [None req-4bef1c4c-9a98-475b-b07f-70b4ebe3fbbe None None] RequestId filter calling following filter/app {{(pid=100197) _context_setter /opt/stack/cinder/cinder/api/middleware/request_id.py:62}}
Aug 26 15:01:30.909387 np0000008165 devstack@c-api.service[100197]: INFO cinder.api.openstack.wsgi [None req-4bef1c4c-9a98-475b-b07f-70b4ebe3fbbe None None] GET https://10.4.3.64/volume//
Aug 26 15:01:30.909598 np0000008165 devstack@c-api.service[100197]: DEBUG cinder.api.openstack.wsgi [None req-4bef1c4c-9a98-475b-b07f-70b4ebe3fbbe None None] Empty body provided in request {{(pid=100197) get_body /opt/stack/cinder/cinder/api/openstack/wsgi.py:725}}
Aug 26 15:01:30.909975 np0000008165 devstack@c-api.service[100197]: DEBUG cinder.api.openstack.wsgi [None req-4bef1c4c-9a98-475b-b07f-70b4ebe3fbbe None None] Calling method 'all' {{(pid=100197) _process_stack /opt/stack/cinder/cinder/api/openstack/wsgi.py:878}}
Aug 26 15:01:30.915051 np0000008165 devstack@c-api.service[100196]: INFO cinder.volume.api [None req-006794d5-9dda-4227-acea-a5beb5d91e45 tempest-VolumeQuotasAdminTestJSON-1730460474 tempest-VolumeQuotasAdminTestJSON-1730460474-project-member] Volume info retrieved successfully.
Aug 26 15:01:30.916061 np0000008165 devstack@c-api.service[100197]: INFO cinder.api.openstack.wsgi [None req-4bef1c4c-9a98-475b-b07f-70b4ebe3fbbe None None] https://10.4.3.64/volume// returned with HTTP 300
Aug 26 15:01:30.916586 np0000008165 devstack@c-api.service[100197]: [pid: 100197|app: 0|req: 80/323] 10.4.3.64 () {66 vars in 1419 bytes} [Wed Aug 26 15:01:30 2026] GET /volume/ => generated 385 bytes in 9 msecs (HTTP/1.1 300) 7 headers in 299 bytes (1 switches on core 0)
Aug 26 15:01:30.923252 np0000008165 devstack@c-api.service[100196]: INFO cinder.api.openstack.wsgi [None req-006794d5-9dda-4227-acea-a5beb5d91e45 tempest-VolumeQuotasAdminTestJSON-1730460474 tempest-VolumeQuotasAdminTestJSON-1730460474-project-member] https://10.4.3.64/volume/v3/volumes/a485aca2-ffb8-4a65-8141-e429361b09f4 returned with HTTP 200
Aug 26 15:01:30.925846 np0000008165 devstack@c-api.service[100196]: [pid: 100196|app: 0|req: 84/324] 10.4.3.64 () {66 vars in 1341 bytes} [Wed Aug 26 15:01:30 2026] GET /volume/v3/volumes/a485aca2-ffb8-4a65-8141-e429361b09f4 => generated 822 bytes in 45 msecs (HTTP/1.1 200) 7 headers in 285 bytes (1 switches on core 0)
Aug 26 15:01:30.930481 np0000008165 devstack@c-api.service[100199]: DEBUG cinder.api.middleware.request_id [req-e644b74d-4ea2-490a-8bd2-2f6d24fec4f7 req-5bcb4088-fdc6-4075-9c05-9398fe692b95 None None] RequestId filter calling following filter/app {{(pid=100199) _context_setter /opt/stack/cinder/cinder/api/middleware/request_id.py:62}}
Aug 26 15:01:30.936236 np0000008165 devstack@c-api.service[100199]: INFO cinder.api.openstack.wsgi [req-e644b74d-4ea2-490a-8bd2-2f6d24fec4f7 req-5bcb4088-fdc6-4075-9c05-9398fe692b95 tempest-TaggedBootDevicesTest_v242-1013914930 tempest-TaggedBootDevicesTest_v242-1013914930-project-member] GET https://10.4.3.64/volume/v3/volumes/33e2a687-13dc-41f5-a3dd-4cf5cfb4c510
Aug 26 15:01:30.936236 np0000008165 devstack@c-api.service[100199]: DEBUG cinder.api.openstack.wsgi [req-e644b74d-4ea2-490a-8bd2-2f6d24fec4f7 req-5bcb4088-fdc6-4075-9c05-9398fe692b95 tempest-TaggedBootDevicesTest_v242-1013914930 tempest-TaggedBootDevicesTest_v242-1013914930-project-member] Empty body provided in request {{(pid=100199) get_body /opt/stack/cinder/cinder/api/openstack/wsgi.py:725}}
Aug 26 15:01:30.936236 np0000008165 devstack@c-api.service[100199]: DEBUG cinder.api.openstack.wsgi [req-e644b74d-4ea2-490a-8bd2-2f6d24fec4f7 req-5bcb4088-fdc6-4075-9c05-9398fe692b95 tempest-TaggedBootDevicesTest_v242-1013914930 tempest-TaggedBootDevicesTest_v242-1013914930-project-member] Calling method 'show' {{(pid=100199) _process_stack /opt/stack/cinder/cinder/api/openstack/wsgi.py:878}}
Aug 26 15:01:30.950745 np0000008165 devstack@c-api.service[100199]: /opt/stack/data/venv/lib/python3.12/site-packages/oslo_context/context.py:102: DeprecationWarning: Policy enforcement is depending on the value of is_admin. This key is deprecated. Please update your policy file to use the standard policy values.
Aug 26 15:01:30.950745 np0000008165 devstack@c-api.service[100199]: warnings.warn(
Aug 26 15:01:30.957530 np0000008165 devstack@c-api.service[100199]: INFO cinder.volume.api [req-e644b74d-4ea2-490a-8bd2-2f6d24fec4f7 req-5bcb4088-fdc6-4075-9c05-9398fe692b95 tempest-TaggedBootDevicesTest_v242-1013914930 tempest-TaggedBootDevicesTest_v242-1013914930-project-member] Volume info retrieved successfully.
Aug 26 15:01:30.965234 np0000008165 devstack@c-api.service[100198]: DEBUG cinder.api.middleware.request_id [req-ef3926e7-d581-4d6f-ae16-055683b89485 req-408e138f-bd82-48e9-827f-7f95ae3d3d2c None None] RequestId filter calling following filter/app {{(pid=100198) _context_setter /opt/stack/cinder/cinder/api/middleware/request_id.py:62}}
Aug 26 15:01:30.968501 np0000008165 devstack@c-api.service[100198]: INFO cinder.api.openstack.wsgi [req-ef3926e7-d581-4d6f-ae16-055683b89485 req-408e138f-bd82-48e9-827f-7f95ae3d3d2c tempest-ServerActionsTestOtherA-498568700 tempest-ServerActionsTestOtherA-498568700-project-member] GET https://10.4.3.64/volume/v3/volumes/9b4efc4b-a28c-4fdb-a6e2-6dbad6e44e9f
Aug 26 15:01:30.968964 np0000008165 devstack@c-api.service[100198]: DEBUG cinder.api.openstack.wsgi [req-ef3926e7-d581-4d6f-ae16-055683b89485 req-408e138f-bd82-48e9-827f-7f95ae3d3d2c tempest-ServerActionsTestOtherA-498568700 tempest-ServerActionsTestOtherA-498568700-project-member] Empty body provided in request {{(pid=100198) get_body /opt/stack/cinder/cinder/api/openstack/wsgi.py:725}}
Aug 26 15:01:30.969175 np0000008165 devstack@c-api.service[100198]: DEBUG cinder.api.openstack.wsgi [req-ef3926e7-d581-4d6f-ae16-055683b89485 req-408e138f-bd82-48e9-827f-7f95ae3d3d2c tempest-ServerActionsTestOtherA-498568700 tempest-ServerActionsTestOtherA-498568700-project-member] Calling method 'show' {{(pid=100198) _process_stack /opt/stack/cinder/cinder/api/openstack/wsgi.py:878}}
Aug 26 15:01:30.969336 np0000008165 devstack@c-api.service[100199]: INFO cinder.api.openstack.wsgi [req-e644b74d-4ea2-490a-8bd2-2f6d24fec4f7 req-5bcb4088-fdc6-4075-9c05-9398fe692b95 tempest-TaggedBootDevicesTest_v242-1013914930 tempest-TaggedBootDevicesTest_v242-1013914930-project-member] https://10.4.3.64/volume/v3/volumes/33e2a687-13dc-41f5-a3dd-4cf5cfb4c510 returned with HTTP 200
Aug 26 15:01:30.970855 np0000008165 devstack@c-api.service[100199]: [pid: 100199|app: 0|req: 81/325] 10.4.3.64 () {68 vars in 1591 bytes} [Wed Aug 26 15:01:30 2026] GET /volume/v3/volumes/33e2a687-13dc-41f5-a3dd-4cf5cfb4c510 => generated 1363 bytes in 40 msecs (HTTP/1.1 200) 7 headers in 286 bytes (1 switches on core 0)
Aug 26 15:01:30.984027 np0000008165 devstack@c-api.service[100197]: DEBUG cinder.api.middleware.request_id [req-e644b74d-4ea2-490a-8bd2-2f6d24fec4f7 req-13326464-5a01-4715-b902-50dfc8c80c93 None None] RequestId filter calling following filter/app {{(pid=100197) _context_setter /opt/stack/cinder/cinder/api/middleware/request_id.py:62}}
Aug 26 15:01:30.984203 np0000008165 devstack@c-api.service[100197]: INFO cinder.api.openstack.wsgi [req-e644b74d-4ea2-490a-8bd2-2f6d24fec4f7 req-13326464-5a01-4715-b902-50dfc8c80c93 tempest-TaggedBootDevicesTest_v242-1013914930 tempest-TaggedBootDevicesTest_v242-1013914930-project-member] GET https://10.4.3.64/volume/v3/volumes/f4f58e4c-30e6-4fd6-8809-98fc16ea0bfe
Aug 26 15:01:30.984464 np0000008165 devstack@c-api.service[100197]: DEBUG cinder.api.openstack.wsgi [req-e644b74d-4ea2-490a-8bd2-2f6d24fec4f7 req-13326464-5a01-4715-b902-50dfc8c80c93 tempest-TaggedBootDevicesTest_v242-1013914930 tempest-TaggedBootDevicesTest_v242-1013914930-project-member] Empty body provided in request {{(pid=100197) get_body /opt/stack/cinder/cinder/api/openstack/wsgi.py:725}}
Aug 26 15:01:30.985000 np0000008165 devstack@c-api.service[100197]: DEBUG cinder.api.openstack.wsgi [req-e644b74d-4ea2-490a-8bd2-2f6d24fec4f7 req-13326464-5a01-4715-b902-50dfc8c80c93 tempest-TaggedBootDevicesTest_v242-1013914930 tempest-TaggedBootDevicesTest_v242-1013914930-project-member] Calling method 'show' {{(pid=100197) _process_stack /opt/stack/cinder/cinder/api/openstack/wsgi.py:878}}
Aug 26 15:01:30.987433 np0000008165 devstack@c-api.service[100198]: /opt/stack/data/venv/lib/python3.12/site-packages/oslo_context/context.py:102: DeprecationWarning: Policy enforcement is depending on the value of is_admin. This key is deprecated. Please update your policy file to use the standard policy values.
Aug 26 15:01:30.987433 np0000008165 devstack@c-api.service[100198]: warnings.warn(
Aug 26 15:01:30.993354 np0000008165 devstack@c-api.service[100197]: /opt/stack/data/venv/lib/python3.12/site-packages/oslo_context/context.py:102: DeprecationWarning: Policy enforcement is depending on the value of is_admin. This key is deprecated. Please update your policy file to use the standard policy values.
Aug 26 15:01:30.993354 np0000008165 devstack@c-api.service[100197]: warnings.warn(
Aug 26 15:01:30.995700 np0000008165 devstack@c-api.service[100198]: INFO cinder.volume.api [req-ef3926e7-d581-4d6f-ae16-055683b89485 req-408e138f-bd82-48e9-827f-7f95ae3d3d2c tempest-ServerActionsTestOtherA-498568700 tempest-ServerActionsTestOtherA-498568700-project-member] Volume info retrieved successfully.
Aug 26 15:01:30.999738 np0000008165 devstack@c-api.service[100197]: INFO cinder.volume.api [req-e644b74d-4ea2-490a-8bd2-2f6d24fec4f7 req-13326464-5a01-4715-b902-50dfc8c80c93 tempest-TaggedBootDevicesTest_v242-1013914930 tempest-TaggedBootDevicesTest_v242-1013914930-project-member] Volume info retrieved successfully.
Aug 26 15:01:31.002495 np0000008165 devstack@c-api.service[100198]: INFO cinder.api.openstack.wsgi [req-ef3926e7-d581-4d6f-ae16-055683b89485 req-408e138f-bd82-48e9-827f-7f95ae3d3d2c tempest-ServerActionsTestOtherA-498568700 tempest-ServerActionsTestOtherA-498568700-project-member] https://10.4.3.64/volume/v3/volumes/9b4efc4b-a28c-4fdb-a6e2-6dbad6e44e9f returned with HTTP 200
Aug 26 15:01:31.003326 np0000008165 devstack@c-api.service[100198]: [pid: 100198|app: 0|req: 81/326] 10.4.3.64 () {70 vars in 1632 bytes} [Wed Aug 26 15:01:30 2026] GET /volume/v3/volumes/9b4efc4b-a28c-4fdb-a6e2-6dbad6e44e9f => generated 1024 bytes in 40 msecs (HTTP/1.1 200) 7 headers in 287 bytes (1 switches on core 0)
Aug 26 15:01:31.007640 np0000008165 devstack@c-api.service[100197]: INFO cinder.api.openstack.wsgi [req-e644b74d-4ea2-490a-8bd2-2f6d24fec4f7 req-13326464-5a01-4715-b902-50dfc8c80c93 tempest-TaggedBootDevicesTest_v242-1013914930 tempest-TaggedBootDevicesTest_v242-1013914930-project-member] https://10.4.3.64/volume/v3/volumes/f4f58e4c-30e6-4fd6-8809-98fc16ea0bfe returned with HTTP 200
Aug 26 15:01:31.009805 np0000008165 devstack@c-api.service[100197]: [pid: 100197|app: 0|req: 81/327] 10.4.3.64 () {68 vars in 1591 bytes} [Wed Aug 26 15:01:30 2026] GET /volume/v3/volumes/f4f58e4c-30e6-4fd6-8809-98fc16ea0bfe => generated 848 bytes in 27 msecs (HTTP/1.1 200) 7 headers in 285 bytes (1 switches on core 0)
Aug 26 15:01:31.022019 np0000008165 devstack@c-api.service[100196]: DEBUG cinder.api.middleware.request_id [req-e644b74d-4ea2-490a-8bd2-2f6d24fec4f7 req-55f21b25-439c-4a81-a98b-0a4c3205b094 None None] RequestId filter calling following filter/app {{(pid=100196) _context_setter /opt/stack/cinder/cinder/api/middleware/request_id.py:62}}
Aug 26 15:01:31.025641 np0000008165 devstack@c-api.service[100196]: INFO cinder.api.openstack.wsgi [req-e644b74d-4ea2-490a-8bd2-2f6d24fec4f7 req-55f21b25-439c-4a81-a98b-0a4c3205b094 tempest-TaggedBootDevicesTest_v242-1013914930 tempest-TaggedBootDevicesTest_v242-1013914930-project-member] GET https://10.4.3.64/volume/v3/volumes/c21b36e7-f1c7-4aad-83dc-d2aea06d8288
Aug 26 15:01:31.025952 np0000008165 devstack@c-api.service[100196]: DEBUG cinder.api.openstack.wsgi [req-e644b74d-4ea2-490a-8bd2-2f6d24fec4f7 req-55f21b25-439c-4a81-a98b-0a4c3205b094 tempest-TaggedBootDevicesTest_v242-1013914930 tempest-TaggedBootDevicesTest_v242-1013914930-project-member] Empty body provided in request {{(pid=100196) get_body /opt/stack/cinder/cinder/api/openstack/wsgi.py:725}}
Aug 26 15:01:31.026237 np0000008165 devstack@c-api.service[100196]: DEBUG cinder.api.openstack.wsgi [req-e644b74d-4ea2-490a-8bd2-2f6d24fec4f7 req-55f21b25-439c-4a81-a98b-0a4c3205b094 tempest-TaggedBootDevicesTest_v242-1013914930 tempest-TaggedBootDevicesTest_v242-1013914930-project-member] Calling method 'show' {{(pid=100196) _process_stack /opt/stack/cinder/cinder/api/openstack/wsgi.py:878}}
Aug 26 15:01:31.040009 np0000008165 devstack@c-api.service[100196]: /opt/stack/data/venv/lib/python3.12/site-packages/oslo_context/context.py:102: DeprecationWarning: Policy enforcement is depending on the value of is_admin. This key is deprecated. Please update your policy file to use the standard policy values.
Aug 26 15:01:31.040009 np0000008165 devstack@c-api.service[100196]: warnings.warn(
Aug 26 15:01:31.052956 np0000008165 devstack@c-api.service[100196]: INFO cinder.volume.api [req-e644b74d-4ea2-490a-8bd2-2f6d24fec4f7 req-55f21b25-439c-4a81-a98b-0a4c3205b094 tempest-TaggedBootDevicesTest_v242-1013914930 tempest-TaggedBootDevicesTest_v242-1013914930-project-member] Volume info retrieved successfully.
Aug 26 15:01:31.060663 np0000008165 devstack@c-api.service[100196]: INFO cinder.api.openstack.wsgi [req-e644b74d-4ea2-490a-8bd2-2f6d24fec4f7 req-55f21b25-439c-4a81-a98b-0a4c3205b094 tempest-TaggedBootDevicesTest_v242-1013914930 tempest-TaggedBootDevicesTest_v242-1013914930-project-member] https://10.4.3.64/volume/v3/volumes/c21b36e7-f1c7-4aad-83dc-d2aea06d8288 returned with HTTP 200
Aug 26 15:01:31.061326 np0000008165 devstack@c-api.service[100196]: [pid: 100196|app: 0|req: 85/328] 10.4.3.64 () {68 vars in 1591 bytes} [Wed Aug 26 15:01:31 2026] GET /volume/v3/volumes/c21b36e7-f1c7-4aad-83dc-d2aea06d8288 => generated 846 bytes in 40 msecs (HTTP/1.1 200) 7 headers in 285 bytes (1 switches on core 0)
Aug 26 15:01:31.077547 np0000008165 devstack@c-api.service[100199]: DEBUG cinder.api.middleware.request_id [None req-d3ae7c96-e48b-4b6f-9aca-a66fbae13f30 None None] RequestId filter calling following filter/app {{(pid=100199) _context_setter /opt/stack/cinder/cinder/api/middleware/request_id.py:62}}
Aug 26 15:01:31.078145 np0000008165 devstack@c-api.service[100199]: INFO cinder.api.openstack.wsgi [None req-d3ae7c96-e48b-4b6f-9aca-a66fbae13f30 None None] GET https://10.4.3.64/volume//
Aug 26 15:01:31.078432 np0000008165 devstack@c-api.service[100199]: DEBUG cinder.api.openstack.wsgi [None req-d3ae7c96-e48b-4b6f-9aca-a66fbae13f30 None None] Empty body provided in request {{(pid=100199) get_body /opt/stack/cinder/cinder/api/openstack/wsgi.py:725}}
Aug 26 15:01:31.078647 np0000008165 devstack@c-api.service[100199]: DEBUG cinder.api.openstack.wsgi [None req-d3ae7c96-e48b-4b6f-9aca-a66fbae13f30 None None] Calling method 'all' {{(pid=100199) _process_stack /opt/stack/cinder/cinder/api/openstack/wsgi.py:878}}
Aug 26 15:01:31.079262 np0000008165 devstack@c-api.service[100199]: INFO cinder.api.openstack.wsgi [None req-d3ae7c96-e48b-4b6f-9aca-a66fbae13f30 None None] https://10.4.3.64/volume// returned with HTTP 300
Aug 26 15:01:31.079718 np0000008165 devstack@c-api.service[100199]: [pid: 100199|app: 0|req: 82/329] 10.4.3.64 () {66 vars in 1412 bytes} [Wed Aug 26 15:01:31 2026] GET /volume/ => generated 385 bytes in 3 msecs (HTTP/1.1 300) 7 headers in 299 bytes (1 switches on core 0)
Aug 26 15:01:31.093558 np0000008165 devstack@c-api.service[100198]: DEBUG cinder.api.middleware.request_id [req-e644b74d-4ea2-490a-8bd2-2f6d24fec4f7 req-3109da98-9edf-409e-b898-2b77a1fbe43e None None] RequestId filter calling following filter/app {{(pid=100198) _context_setter /opt/stack/cinder/cinder/api/middleware/request_id.py:62}}
Aug 26 15:01:31.097675 np0000008165 devstack@c-api.service[100198]: INFO cinder.api.openstack.wsgi [req-e644b74d-4ea2-490a-8bd2-2f6d24fec4f7 req-3109da98-9edf-409e-b898-2b77a1fbe43e tempest-TaggedBootDevicesTest_v242-1013914930 tempest-TaggedBootDevicesTest_v242-1013914930-project-member] POST https://10.4.3.64/volume/v3/attachments
Aug 26 15:01:31.097675 np0000008165 devstack@c-api.service[100198]: DEBUG cinder.api.openstack.wsgi [req-e644b74d-4ea2-490a-8bd2-2f6d24fec4f7 req-3109da98-9edf-409e-b898-2b77a1fbe43e tempest-TaggedBootDevicesTest_v242-1013914930 tempest-TaggedBootDevicesTest_v242-1013914930-project-member] Action: 'create', calling method: version_select, body: {"attachment": {"volume_uuid": "33e2a687-13dc-41f5-a3dd-4cf5cfb4c510", "connector": null, "instance_uuid": "a3a39464-6d67-4f3a-82ae-c273d230ec7a"}} {{(pid=100198) _process_stack /opt/stack/cinder/cinder/api/openstack/wsgi.py:876}}
Aug 26 15:01:31.115199 np0000008165 devstack@c-api.service[100198]: /opt/stack/data/venv/lib/python3.12/site-packages/oslo_context/context.py:102: DeprecationWarning: Policy enforcement is depending on the value of is_admin. This key is deprecated. Please update your policy file to use the standard policy values.
Aug 26 15:01:31.115199 np0000008165 devstack@c-api.service[100198]: warnings.warn(
Aug 26 15:01:31.142748 np0000008165 devstack@c-api.service[100197]: DEBUG cinder.api.middleware.request_id [req-ef3926e7-d581-4d6f-ae16-055683b89485 req-338ddc66-6bda-4d01-a496-6ab21d4b86a2 None None] RequestId filter calling following filter/app {{(pid=100197) _context_setter /opt/stack/cinder/cinder/api/middleware/request_id.py:62}}
Aug 26 15:01:31.145758 np0000008165 devstack@c-api.service[100197]: INFO cinder.api.openstack.wsgi [req-ef3926e7-d581-4d6f-ae16-055683b89485 req-338ddc66-6bda-4d01-a496-6ab21d4b86a2 tempest-ServerActionsTestOtherA-498568700 tempest-ServerActionsTestOtherA-498568700-project-member] PUT https://10.4.3.64/volume/v3/attachments/4f40508b-91b5-46fc-b7ae-398f0e8cf9d1
Aug 26 15:01:31.146131 np0000008165 devstack@c-api.service[100197]: DEBUG cinder.api.openstack.wsgi [req-ef3926e7-d581-4d6f-ae16-055683b89485 req-338ddc66-6bda-4d01-a496-6ab21d4b86a2 tempest-ServerActionsTestOtherA-498568700 tempest-ServerActionsTestOtherA-498568700-project-member] Action: 'update', calling method: version_select, body: {"attachment": {"connector": {"platform": "x86_64", "os_type": "linux", "ip": "10.4.3.64", "host": "np0000008165", "multipath": true, "enforce_multipath": true, "initiator": "iqn.2016-04.com.open-iscsi:3a6cce838c43", "do_local_attach": false, "uuid": "8515de1c-ba7e-467b-adde-6d9f8a8dbc1f", "system uuid": "63b788e8-2abc-4504-b7e3-c12a6f62c338", "nvme_native_multipath": false, "mountpoint": "/dev/vdb"}}} {{(pid=100197) _process_stack /opt/stack/cinder/cinder/api/openstack/wsgi.py:876}}
Aug 26 15:01:31.159864 np0000008165 devstack@c-api.service[100197]: DEBUG cinder.coordination [req-ef3926e7-d581-4d6f-ae16-055683b89485 req-338ddc66-6bda-4d01-a496-6ab21d4b86a2 tempest-ServerActionsTestOtherA-498568700 tempest-ServerActionsTestOtherA-498568700-project-member] Acquiring lock "cinder-attachment_update-9b4efc4b-a28c-4fdb-a6e2-6dbad6e44e9f-np0000008165" by "attachment_update" {{(pid=100197) __acquire /opt/stack/cinder/cinder/coordination.py:138}}
Aug 26 15:01:31.171067 np0000008165 devstack@c-api.service[100197]: DEBUG cinder.coordination [req-ef3926e7-d581-4d6f-ae16-055683b89485 req-338ddc66-6bda-4d01-a496-6ab21d4b86a2 tempest-ServerActionsTestOtherA-498568700 tempest-ServerActionsTestOtherA-498568700-project-member] Lock "cinder-attachment_update-9b4efc4b-a28c-4fdb-a6e2-6dbad6e44e9f-np0000008165" acquired by "attachment_update" :: waited 0.011s {{(pid=100197) __acquire /opt/stack/cinder/cinder/coordination.py:141}}
Aug 26 15:01:31.172844 np0000008165 devstack@c-api.service[100197]: /opt/stack/data/venv/lib/python3.12/site-packages/oslo_context/context.py:102: DeprecationWarning: Policy enforcement is depending on the value of is_admin. This key is deprecated. Please update your policy file to use the standard policy values.
Aug 26 15:01:31.172844 np0000008165 devstack@c-api.service[100197]: warnings.warn(
Aug 26 15:01:31.182937 np0000008165 devstack@c-api.service[100198]: INFO cinder.api.openstack.wsgi [req-e644b74d-4ea2-490a-8bd2-2f6d24fec4f7 req-3109da98-9edf-409e-b898-2b77a1fbe43e tempest-TaggedBootDevicesTest_v242-1013914930 tempest-TaggedBootDevicesTest_v242-1013914930-project-member] https://10.4.3.64/volume/v3/attachments returned with HTTP 200
Aug 26 15:01:31.183571 np0000008165 devstack@c-api.service[100198]: [pid: 100198|app: 0|req: 82/330] 10.4.3.64 () {74 vars in 1587 bytes} [Wed Aug 26 15:01:31 2026] POST /volume/v3/attachments => generated 273 bytes in 91 msecs (HTTP/1.1 200) 7 headers in 286 bytes (1 switches on core 0)
Aug 26 15:01:31.204197 np0000008165 devstack@c-api.service[100196]: DEBUG cinder.api.middleware.request_id [None req-c831aef4-85e3-459b-b4a2-cddd57713243 None None] RequestId filter calling following filter/app {{(pid=100196) _context_setter /opt/stack/cinder/cinder/api/middleware/request_id.py:62}}
Aug 26 15:01:31.204720 np0000008165 devstack@c-api.service[100196]: INFO cinder.api.openstack.wsgi [None req-c831aef4-85e3-459b-b4a2-cddd57713243 None None] GET https://10.4.3.64/volume//
Aug 26 15:01:31.204938 np0000008165 devstack@c-api.service[100196]: DEBUG cinder.api.openstack.wsgi [None req-c831aef4-85e3-459b-b4a2-cddd57713243 None None] Empty body provided in request {{(pid=100196) get_body /opt/stack/cinder/cinder/api/openstack/wsgi.py:725}}
Aug 26 15:01:31.205280 np0000008165 devstack@c-api.service[100196]: DEBUG cinder.api.openstack.wsgi [None req-c831aef4-85e3-459b-b4a2-cddd57713243 None None] Calling method 'all' {{(pid=100196) _process_stack /opt/stack/cinder/cinder/api/openstack/wsgi.py:878}}
Aug 26 15:01:31.205575 np0000008165 devstack@c-api.service[100196]: INFO cinder.api.openstack.wsgi [None req-c831aef4-85e3-459b-b4a2-cddd57713243 None None] https://10.4.3.64/volume// returned with HTTP 300
Aug 26 15:01:31.205826 np0000008165 devstack@c-api.service[100196]: [pid: 100196|app: 0|req: 86/331] 10.4.3.64 () {66 vars in 1412 bytes} [Wed Aug 26 15:01:31 2026] GET /volume/ => generated 385 bytes in 2 msecs (HTTP/1.1 300) 7 headers in 299 bytes (1 switches on core 0)
Aug 26 15:01:31.216861 np0000008165 devstack@c-api.service[100199]: DEBUG cinder.api.middleware.request_id [req-e644b74d-4ea2-490a-8bd2-2f6d24fec4f7 req-a89ae9f0-7d4d-4bf6-b1ba-f6b6b77e2605 None None] RequestId filter calling following filter/app {{(pid=100199) _context_setter /opt/stack/cinder/cinder/api/middleware/request_id.py:62}}
Aug 26 15:01:31.223222 np0000008165 devstack@c-api.service[100199]: INFO cinder.api.openstack.wsgi [req-e644b74d-4ea2-490a-8bd2-2f6d24fec4f7 req-a89ae9f0-7d4d-4bf6-b1ba-f6b6b77e2605 tempest-TaggedBootDevicesTest_v242-1013914930 tempest-TaggedBootDevicesTest_v242-1013914930-project-member] POST https://10.4.3.64/volume/v3/attachments
Aug 26 15:01:31.223540 np0000008165 devstack@c-api.service[100199]: DEBUG cinder.api.openstack.wsgi [req-e644b74d-4ea2-490a-8bd2-2f6d24fec4f7 req-a89ae9f0-7d4d-4bf6-b1ba-f6b6b77e2605 tempest-TaggedBootDevicesTest_v242-1013914930 tempest-TaggedBootDevicesTest_v242-1013914930-project-member] Action: 'create', calling method: version_select, body: {"attachment": {"volume_uuid": "f4f58e4c-30e6-4fd6-8809-98fc16ea0bfe", "connector": null, "instance_uuid": "a3a39464-6d67-4f3a-82ae-c273d230ec7a"}} {{(pid=100199) _process_stack /opt/stack/cinder/cinder/api/openstack/wsgi.py:876}}
Aug 26 15:01:31.237224 np0000008165 devstack@c-api.service[100199]: /opt/stack/data/venv/lib/python3.12/site-packages/oslo_context/context.py:102: DeprecationWarning: Policy enforcement is depending on the value of is_admin. This key is deprecated. Please update your policy file to use the standard policy values.
Aug 26 15:01:31.237224 np0000008165 devstack@c-api.service[100199]: warnings.warn(
Aug 26 15:01:31.372112 np0000008165 devstack@c-api.service[100199]: INFO cinder.api.openstack.wsgi [req-e644b74d-4ea2-490a-8bd2-2f6d24fec4f7 req-a89ae9f0-7d4d-4bf6-b1ba-f6b6b77e2605 tempest-TaggedBootDevicesTest_v242-1013914930 tempest-TaggedBootDevicesTest_v242-1013914930-project-member] https://10.4.3.64/volume/v3/attachments returned with HTTP 200
Aug 26 15:01:31.373291 np0000008165 devstack@c-api.service[100199]: [pid: 100199|app: 0|req: 83/332] 10.4.3.64 () {74 vars in 1587 bytes} [Wed Aug 26 15:01:31 2026] POST /volume/v3/attachments => generated 273 bytes in 157 msecs (HTTP/1.1 200) 7 headers in 286 bytes (1 switches on core 0)
Aug 26 15:01:31.386932 np0000008165 devstack@c-api.service[100198]: DEBUG cinder.api.middleware.request_id [None req-8cdbe5ca-5ee2-49ff-b984-f20d112ba2ea None None] RequestId filter calling following filter/app {{(pid=100198) _context_setter /opt/stack/cinder/cinder/api/middleware/request_id.py:62}}
Aug 26 15:01:31.389081 np0000008165 devstack@c-api.service[100198]: INFO cinder.api.openstack.wsgi [None req-8cdbe5ca-5ee2-49ff-b984-f20d112ba2ea None None] GET https://10.4.3.64/volume//
Aug 26 15:01:31.389407 np0000008165 devstack@c-api.service[100198]: DEBUG cinder.api.openstack.wsgi [None req-8cdbe5ca-5ee2-49ff-b984-f20d112ba2ea None None] Empty body provided in request {{(pid=100198) get_body /opt/stack/cinder/cinder/api/openstack/wsgi.py:725}}
Aug 26 15:01:31.389713 np0000008165 devstack@c-api.service[100198]: DEBUG cinder.api.openstack.wsgi [None req-8cdbe5ca-5ee2-49ff-b984-f20d112ba2ea None None] Calling method 'all' {{(pid=100198) _process_stack /opt/stack/cinder/cinder/api/openstack/wsgi.py:878}}
Aug 26 15:01:31.392242 np0000008165 devstack@c-api.service[100198]: INFO cinder.api.openstack.wsgi [None req-8cdbe5ca-5ee2-49ff-b984-f20d112ba2ea None None] https://10.4.3.64/volume// returned with HTTP 300
Aug 26 15:01:31.392603 np0000008165 devstack@c-api.service[100197]: DEBUG cinder.coordination [req-ef3926e7-d581-4d6f-ae16-055683b89485 req-338ddc66-6bda-4d01-a496-6ab21d4b86a2 tempest-ServerActionsTestOtherA-498568700 tempest-ServerActionsTestOtherA-498568700-project-member] Lock "cinder-attachment_update-9b4efc4b-a28c-4fdb-a6e2-6dbad6e44e9f-np0000008165" released by "attachment_update" :: held 0.222s {{(pid=100197) __release /opt/stack/cinder/cinder/coordination.py:152}}
Aug 26 15:01:31.393072 np0000008165 devstack@c-api.service[100197]: INFO cinder.api.openstack.wsgi [req-ef3926e7-d581-4d6f-ae16-055683b89485 req-338ddc66-6bda-4d01-a496-6ab21d4b86a2 tempest-ServerActionsTestOtherA-498568700 tempest-ServerActionsTestOtherA-498568700-project-member] https://10.4.3.64/volume/v3/attachments/4f40508b-91b5-46fc-b7ae-398f0e8cf9d1 returned with HTTP 200
Aug 26 15:01:31.393895 np0000008165 devstack@c-api.service[100197]: [pid: 100197|app: 0|req: 82/333] 10.4.3.64 () {74 vars in 1697 bytes} [Wed Aug 26 15:01:31 2026] PUT /volume/v3/attachments/4f40508b-91b5-46fc-b7ae-398f0e8cf9d1 => generated 969 bytes in 252 msecs (HTTP/1.1 200) 7 headers in 286 bytes (1 switches on core 0)
Aug 26 15:01:31.394263 np0000008165 devstack@c-api.service[100198]: [pid: 100198|app: 0|req: 83/334] 10.4.3.64 () {66 vars in 1412 bytes} [Wed Aug 26 15:01:31 2026] GET /volume/ => generated 385 bytes in 8 msecs (HTTP/1.1 300) 7 headers in 299 bytes (1 switches on core 0)
Aug 26 15:01:31.407984 np0000008165 devstack@c-api.service[100196]: DEBUG cinder.api.middleware.request_id [req-e644b74d-4ea2-490a-8bd2-2f6d24fec4f7 req-d14dd286-9e4d-46c5-9de7-353085d0a406 None None] RequestId filter calling following filter/app {{(pid=100196) _context_setter /opt/stack/cinder/cinder/api/middleware/request_id.py:62}}
Aug 26 15:01:31.413909 np0000008165 devstack@c-api.service[100196]: INFO cinder.api.openstack.wsgi [req-e644b74d-4ea2-490a-8bd2-2f6d24fec4f7 req-d14dd286-9e4d-46c5-9de7-353085d0a406 tempest-TaggedBootDevicesTest_v242-1013914930 tempest-TaggedBootDevicesTest_v242-1013914930-project-member] POST https://10.4.3.64/volume/v3/attachments
Aug 26 15:01:31.413909 np0000008165 devstack@c-api.service[100196]: DEBUG cinder.api.openstack.wsgi [req-e644b74d-4ea2-490a-8bd2-2f6d24fec4f7 req-d14dd286-9e4d-46c5-9de7-353085d0a406 tempest-TaggedBootDevicesTest_v242-1013914930 tempest-TaggedBootDevicesTest_v242-1013914930-project-member] Action: 'create', calling method: version_select, body: {"attachment": {"volume_uuid": "c21b36e7-f1c7-4aad-83dc-d2aea06d8288", "connector": null, "instance_uuid": "a3a39464-6d67-4f3a-82ae-c273d230ec7a"}} {{(pid=100196) _process_stack /opt/stack/cinder/cinder/api/openstack/wsgi.py:876}}
Aug 26 15:01:31.429367 np0000008165 devstack@c-api.service[100196]: /opt/stack/data/venv/lib/python3.12/site-packages/oslo_context/context.py:102: DeprecationWarning: Policy enforcement is depending on the value of is_admin. This key is deprecated. Please update your policy file to use the standard policy values.
Aug 26 15:01:31.429367 np0000008165 devstack@c-api.service[100196]: warnings.warn(
Aug 26 15:01:31.440179 np0000008165 devstack@c-api.service[100199]: DEBUG cinder.api.middleware.request_id [req-ef3926e7-d581-4d6f-ae16-055683b89485 req-282204f0-716c-41b9-af04-ee7b12ab3797 None None] RequestId filter calling following filter/app {{(pid=100199) _context_setter /opt/stack/cinder/cinder/api/middleware/request_id.py:62}}
Aug 26 15:01:31.444581 np0000008165 devstack@c-api.service[100199]: INFO cinder.api.openstack.wsgi [req-ef3926e7-d581-4d6f-ae16-055683b89485 req-282204f0-716c-41b9-af04-ee7b12ab3797 tempest-ServerActionsTestOtherA-498568700 tempest-ServerActionsTestOtherA-498568700-project-member] POST https://10.4.3.64/volume/v3/attachments/4f40508b-91b5-46fc-b7ae-398f0e8cf9d1/action
Aug 26 15:01:31.445264 np0000008165 devstack@c-api.service[100199]: DEBUG cinder.api.openstack.wsgi [req-ef3926e7-d581-4d6f-ae16-055683b89485 req-282204f0-716c-41b9-af04-ee7b12ab3797 tempest-ServerActionsTestOtherA-498568700 tempest-ServerActionsTestOtherA-498568700-project-member] Action body: b'{"os-complete": null}' {{(pid=100199) get_method /opt/stack/cinder/cinder/api/openstack/wsgi.py:993}}
Aug 26 15:01:31.445353 np0000008165 devstack@c-api.service[100199]: DEBUG cinder.api.openstack.wsgi [req-ef3926e7-d581-4d6f-ae16-055683b89485 req-282204f0-716c-41b9-af04-ee7b12ab3797 tempest-ServerActionsTestOtherA-498568700 tempest-ServerActionsTestOtherA-498568700-project-member] Action: 'action', calling method: complete, body: {"os-complete": null} {{(pid=100199) _process_stack /opt/stack/cinder/cinder/api/openstack/wsgi.py:876}}
Aug 26 15:01:31.471598 np0000008165 devstack@c-api.service[100199]: /opt/stack/data/venv/lib/python3.12/site-packages/oslo_context/context.py:102: DeprecationWarning: Policy enforcement is depending on the value of is_admin. This key is deprecated. Please update your policy file to use the standard policy values.
Aug 26 15:01:31.471598 np0000008165 devstack@c-api.service[100199]: warnings.warn(
Aug 26 15:01:31.497780 np0000008165 devstack@c-api.service[100196]: INFO cinder.api.openstack.wsgi [req-e644b74d-4ea2-490a-8bd2-2f6d24fec4f7 req-d14dd286-9e4d-46c5-9de7-353085d0a406 tempest-TaggedBootDevicesTest_v242-1013914930 tempest-TaggedBootDevicesTest_v242-1013914930-project-member] https://10.4.3.64/volume/v3/attachments returned with HTTP 200
Aug 26 15:01:31.497992 np0000008165 devstack@c-api.service[100199]: INFO cinder.api.openstack.wsgi [req-ef3926e7-d581-4d6f-ae16-055683b89485 req-282204f0-716c-41b9-af04-ee7b12ab3797 tempest-ServerActionsTestOtherA-498568700 tempest-ServerActionsTestOtherA-498568700-project-member] https://10.4.3.64/volume/v3/attachments/4f40508b-91b5-46fc-b7ae-398f0e8cf9d1/action returned with HTTP 204
Aug 26 15:01:31.498499 np0000008165 devstack@c-api.service[100199]: [pid: 100199|app: 0|req: 84/335] 10.4.3.64 () {74 vars in 1718 bytes} [Wed Aug 26 15:01:31 2026] POST /volume/v3/attachments/4f40508b-91b5-46fc-b7ae-398f0e8cf9d1/action => generated 0 bytes in 59 msecs (HTTP/1.1 204) 7 headers in 292 bytes (1 switches on core 0)
Aug 26 15:01:31.498722 np0000008165 devstack@c-api.service[100196]: [pid: 100196|app: 0|req: 87/336] 10.4.3.64 () {74 vars in 1587 bytes} [Wed Aug 26 15:01:31 2026] POST /volume/v3/attachments => generated 273 bytes in 91 msecs (HTTP/1.1 200) 7 headers in 286 bytes (1 switches on core 0)
Aug 26 15:01:31.945940 np0000008165 devstack@c-api.service[100197]: DEBUG cinder.api.middleware.request_id [None req-551a6aff-925f-44e4-922b-69072705f35d None None] RequestId filter calling following filter/app {{(pid=100197) _context_setter /opt/stack/cinder/cinder/api/middleware/request_id.py:62}}
