Aug 26 14:57:18.447270 np0000008165 systemd[1]: Starting devstack@n-api-meta.service - Devstack devstack@n-api-meta.service...
Aug 26 14:57:18.454035 np0000008165 devstack@n-api-meta.service[95994]: [uWSGI] getting INI configuration from /etc/nova/nova-metadata-uwsgi.ini
Aug 26 14:57:18.457003 np0000008165 devstack@n-api-meta.service[95994]: *** Starting uWSGI 2.0.24-debian (64bit) on [Wed Aug 26 14:57:18 2026] ***
Aug 26 14:57:18.457003 np0000008165 devstack@n-api-meta.service[95994]: compiled with version: 13.2.0 on 17 April 2024 16:23:48
Aug 26 14:57:18.457003 np0000008165 devstack@n-api-meta.service[95994]: os: Linux-6.8.0-100-generic #100-Ubuntu SMP PREEMPT_DYNAMIC Tue Jan 13 16:40:06 UTC 2026
Aug 26 14:57:18.457003 np0000008165 devstack@n-api-meta.service[95994]: nodename: np0000008165
Aug 26 14:57:18.457003 np0000008165 devstack@n-api-meta.service[95994]: machine: x86_64
Aug 26 14:57:18.457003 np0000008165 devstack@n-api-meta.service[95994]: clock source: unix
Aug 26 14:57:18.457003 np0000008165 devstack@n-api-meta.service[95994]: pcre jit disabled
Aug 26 14:57:18.457003 np0000008165 devstack@n-api-meta.service[95994]: detected number of CPU cores: 16
Aug 26 14:57:18.457003 np0000008165 devstack@n-api-meta.service[95994]: current working directory: /
Aug 26 14:57:18.457003 np0000008165 devstack@n-api-meta.service[95994]: detected binary path: /usr/bin/uwsgi-core
Aug 26 14:57:18.457244 np0000008165 devstack@n-api-meta.service[95994]: your processes number limit is 257052
Aug 26 14:57:18.457244 np0000008165 devstack@n-api-meta.service[95994]: your memory page size is 4096 bytes
Aug 26 14:57:18.457244 np0000008165 devstack@n-api-meta.service[95994]: detected max file descriptor number: 2048
Aug 26 14:57:18.457244 np0000008165 devstack@n-api-meta.service[95994]: lock engine: pthread robust mutexes
Aug 26 14:57:18.457244 np0000008165 devstack@n-api-meta.service[95994]: thunder lock: enabled
Aug 26 14:57:18.457546 np0000008165 devstack@n-api-meta.service[95994]: uWSGI http bound on 0.0.0.0:8775 fd 5
Aug 26 14:57:18.457580 np0000008165 devstack@n-api-meta.service[95994]: uwsgi socket 0 bound to TCP address 127.0.0.1:36619 (port auto-assigned) fd 4
Aug 26 14:57:18.457610 np0000008165 devstack@n-api-meta.service[95994]: Python version: 3.12.3 (main, Jul 15 2026, 23:46:41) [GCC 13.3.0]
Aug 26 14:57:18.457635 np0000008165 devstack@n-api-meta.service[95994]: PEP 405 virtualenv detected: /opt/stack/data/venv
Aug 26 14:57:18.457635 np0000008165 devstack@n-api-meta.service[95994]: Set PythonHome to /opt/stack/data/venv
Aug 26 14:57:18.502690 np0000008165 devstack@n-api-meta.service[95994]: Python main interpreter initialized at 0x72dd1c4a4668
Aug 26 14:57:18.502690 np0000008165 devstack@n-api-meta.service[95994]: python threads support enabled
Aug 26 14:57:18.502690 np0000008165 devstack@n-api-meta.service[95994]: your server socket listen backlog is limited to 100 connections
Aug 26 14:57:18.502690 np0000008165 devstack@n-api-meta.service[95994]: your mercy for graceful operations on workers is 80 seconds
Aug 26 14:57:18.503206 np0000008165 devstack@n-api-meta.service[95994]: mapped 671795 bytes (656 KB) for 4 cores
Aug 26 14:57:18.503343 np0000008165 devstack@n-api-meta.service[95994]: *** Operational MODE: preforking ***
Aug 26 14:57:18.503530 np0000008165 devstack@n-api-meta.service[95994]: *** uWSGI is running in multiple interpreter mode ***
Aug 26 14:57:18.503530 np0000008165 devstack@n-api-meta.service[95994]: spawned uWSGI master process (pid: 95994)
Aug 26 14:57:18.503719 np0000008165 systemd[1]: Started devstack@n-api-meta.service - Devstack devstack@n-api-meta.service.
Aug 26 14:57:18.504090 np0000008165 devstack@n-api-meta.service[95994]: spawned uWSGI worker 1 (pid: 95998, cores: 1)
Aug 26 14:57:18.504598 np0000008165 devstack@n-api-meta.service[95994]: spawned uWSGI worker 2 (pid: 95999, cores: 1)
Aug 26 14:57:18.505062 np0000008165 devstack@n-api-meta.service[95994]: spawned uWSGI worker 3 (pid: 96000, cores: 1)
Aug 26 14:57:18.505495 np0000008165 devstack@n-api-meta.service[95994]: spawned uWSGI worker 4 (pid: 96001, cores: 1)
Aug 26 14:57:18.506053 np0000008165 devstack@n-api-meta.service[95994]: spawned uWSGI http 1 (pid: 96002)
Aug 26 14:57:18.506053 np0000008165 devstack@n-api-meta.service[95994]: running "unix_signal:15 gracefully_kill_them_all" (master-start)...
Aug 26 14:57:20.169449 np0000008165 devstack@n-api-meta.service[95999]: INFO dbcounter [None req-5b64c926-4148-4e9b-a1b3-6913a09813d3 None None] Registered counter for database nova_api
Aug 26 14:57:20.173564 np0000008165 devstack@n-api-meta.service[95998]: INFO dbcounter [None req-0631b619-b184-41b1-86b0-a83f3f194e04 None None] Registered counter for database nova_api
Aug 26 14:57:20.186565 np0000008165 devstack@n-api-meta.service[96000]: INFO dbcounter [None req-0488a4ae-ab94-4f34-bf8a-f57ba58ac0dd None None] Registered counter for database nova_api
Aug 26 14:57:20.204802 np0000008165 devstack@n-api-meta.service[96001]: INFO dbcounter [None req-a7ed3376-1d0f-4bb0-833e-0df89064efc5 None None] Registered counter for database nova_api
Aug 26 14:57:20.210248 np0000008165 devstack@n-api-meta.service[95999]: DEBUG oslo_db.sqlalchemy.engines [None req-5b64c926-4148-4e9b-a1b3-6913a09813d3 None None] MySQL server mode set to STRICT_TRANS_TABLES,STRICT_ALL_TABLES,NO_ZERO_IN_DATE,NO_ZERO_DATE,ERROR_FOR_DIVISION_BY_ZERO,TRADITIONAL,NO_ENGINE_SUBSTITUTION {{(pid=95999) _check_effective_sql_mode /opt/stack/data/venv/lib/python3.12/site-packages/oslo_db/sqlalchemy/engines.py:325}}
Aug 26 14:57:20.216428 np0000008165 devstack@n-api-meta.service[95998]: DEBUG oslo_db.sqlalchemy.engines [None req-0631b619-b184-41b1-86b0-a83f3f194e04 None None] MySQL server mode set to STRICT_TRANS_TABLES,STRICT_ALL_TABLES,NO_ZERO_IN_DATE,NO_ZERO_DATE,ERROR_FOR_DIVISION_BY_ZERO,TRADITIONAL,NO_ENGINE_SUBSTITUTION {{(pid=95998) _check_effective_sql_mode /opt/stack/data/venv/lib/python3.12/site-packages/oslo_db/sqlalchemy/engines.py:325}}
Aug 26 14:57:20.233518 np0000008165 devstack@n-api-meta.service[96000]: DEBUG oslo_db.sqlalchemy.engines [None req-0488a4ae-ab94-4f34-bf8a-f57ba58ac0dd None None] MySQL server mode set to STRICT_TRANS_TABLES,STRICT_ALL_TABLES,NO_ZERO_IN_DATE,NO_ZERO_DATE,ERROR_FOR_DIVISION_BY_ZERO,TRADITIONAL,NO_ENGINE_SUBSTITUTION {{(pid=96000) _check_effective_sql_mode /opt/stack/data/venv/lib/python3.12/site-packages/oslo_db/sqlalchemy/engines.py:325}}
Aug 26 14:57:20.239819 np0000008165 devstack@n-api-meta.service[95999]: DEBUG dbcounter [-] [95999] Writer thread running {{(pid=95999) stat_writer /opt/stack/data/venv/lib/python3.12/site-packages/dbcounter.py:102}}
Aug 26 14:57:20.242638 np0000008165 devstack@n-api-meta.service[95999]: DEBUG nova.context [None req-5b64c926-4148-4e9b-a1b3-6913a09813d3 None None] Found 2 cells: 00000000-0000-0000-0000-000000000000(cell0),f9ce75d6-b484-412c-886c-add94c4a8962(cell1) {{(pid=95999) load_cells /opt/stack/nova/nova/context.py:509}}
Aug 26 14:57:20.244921 np0000008165 devstack@n-api-meta.service[95999]: DEBUG oslo_concurrency.lockutils [None req-5b64c926-4148-4e9b-a1b3-6913a09813d3 None None] Acquiring lock "00000000-0000-0000-0000-000000000000" by "nova.context.set_target_cell..get_or_set_cached_cell_and_set_connections" {{(pid=95999) inner /opt/stack/data/venv/lib/python3.12/site-packages/oslo_concurrency/lockutils.py:512}}
Aug 26 14:57:20.245143 np0000008165 devstack@n-api-meta.service[95999]: DEBUG oslo_concurrency.lockutils [None req-5b64c926-4148-4e9b-a1b3-6913a09813d3 None None] Lock "00000000-0000-0000-0000-000000000000" acquired by "nova.context.set_target_cell..get_or_set_cached_cell_and_set_connections" :: waited 0.000s {{(pid=95999) inner /opt/stack/data/venv/lib/python3.12/site-packages/oslo_concurrency/lockutils.py:525}}
Aug 26 14:57:20.245538 np0000008165 devstack@n-api-meta.service[95999]: DEBUG oslo_concurrency.lockutils [None req-5b64c926-4148-4e9b-a1b3-6913a09813d3 None None] Lock "00000000-0000-0000-0000-000000000000" "released" by "nova.context.set_target_cell..get_or_set_cached_cell_and_set_connections" :: held 0.000s {{(pid=95999) inner /opt/stack/data/venv/lib/python3.12/site-packages/oslo_concurrency/lockutils.py:544}}
Aug 26 14:57:20.246174 np0000008165 devstack@n-api-meta.service[95999]: INFO nova.thread_pool_factory [None req-5b64c926-4148-4e9b-a1b3-6913a09813d3 None None] The cell_worker thread pool MainProcess.cell_worker is initialized
Aug 26 14:57:20.246242 np0000008165 devstack@n-api-meta.service[95998]: DEBUG dbcounter [-] [95998] Writer thread running {{(pid=95998) stat_writer /opt/stack/data/venv/lib/python3.12/site-packages/dbcounter.py:102}}
Aug 26 14:57:20.246566 np0000008165 devstack@n-api-meta.service[95999]: DEBUG oslo_concurrency.lockutils [None req-5b64c926-4148-4e9b-a1b3-6913a09813d3 None None] Acquiring lock "f9ce75d6-b484-412c-886c-add94c4a8962" by "nova.context.set_target_cell..get_or_set_cached_cell_and_set_connections" {{(pid=95999) inner /opt/stack/data/venv/lib/python3.12/site-packages/oslo_concurrency/lockutils.py:512}}
Aug 26 14:57:20.248022 np0000008165 devstack@n-api-meta.service[95999]: INFO dbcounter [None req-5b64c926-4148-4e9b-a1b3-6913a09813d3 None None] Registered counter for database nova_cell0
Aug 26 14:57:20.248462 np0000008165 devstack@n-api-meta.service[95998]: DEBUG nova.context [None req-0631b619-b184-41b1-86b0-a83f3f194e04 None None] Found 2 cells: 00000000-0000-0000-0000-000000000000(cell0),f9ce75d6-b484-412c-886c-add94c4a8962(cell1) {{(pid=95998) load_cells /opt/stack/nova/nova/context.py:509}}
Aug 26 14:57:20.249209 np0000008165 devstack@n-api-meta.service[95999]: DEBUG oslo_concurrency.lockutils [None req-5b64c926-4148-4e9b-a1b3-6913a09813d3 None None] Lock "f9ce75d6-b484-412c-886c-add94c4a8962" acquired by "nova.context.set_target_cell..get_or_set_cached_cell_and_set_connections" :: waited 0.001s {{(pid=95999) inner /opt/stack/data/venv/lib/python3.12/site-packages/oslo_concurrency/lockutils.py:525}}
Aug 26 14:57:20.249278 np0000008165 devstack@n-api-meta.service[96001]: DEBUG oslo_db.sqlalchemy.engines [None req-a7ed3376-1d0f-4bb0-833e-0df89064efc5 None None] MySQL server mode set to STRICT_TRANS_TABLES,STRICT_ALL_TABLES,NO_ZERO_IN_DATE,NO_ZERO_DATE,ERROR_FOR_DIVISION_BY_ZERO,TRADITIONAL,NO_ENGINE_SUBSTITUTION {{(pid=96001) _check_effective_sql_mode /opt/stack/data/venv/lib/python3.12/site-packages/oslo_db/sqlalchemy/engines.py:325}}
Aug 26 14:57:20.250178 np0000008165 devstack@n-api-meta.service[95998]: DEBUG oslo_concurrency.lockutils [None req-0631b619-b184-41b1-86b0-a83f3f194e04 None None] Acquiring lock "00000000-0000-0000-0000-000000000000" by "nova.context.set_target_cell..get_or_set_cached_cell_and_set_connections" {{(pid=95998) inner /opt/stack/data/venv/lib/python3.12/site-packages/oslo_concurrency/lockutils.py:512}}
Aug 26 14:57:20.250345 np0000008165 devstack@n-api-meta.service[95998]: DEBUG oslo_concurrency.lockutils [None req-0631b619-b184-41b1-86b0-a83f3f194e04 None None] Lock "00000000-0000-0000-0000-000000000000" acquired by "nova.context.set_target_cell..get_or_set_cached_cell_and_set_connections" :: waited 0.000s {{(pid=95998) inner /opt/stack/data/venv/lib/python3.12/site-packages/oslo_concurrency/lockutils.py:525}}
Aug 26 14:57:20.253912 np0000008165 devstack@n-api-meta.service[95999]: DEBUG oslo_concurrency.lockutils [None req-5b64c926-4148-4e9b-a1b3-6913a09813d3 None None] Lock "f9ce75d6-b484-412c-886c-add94c4a8962" "released" by "nova.context.set_target_cell..get_or_set_cached_cell_and_set_connections" :: held 0.003s {{(pid=95999) inner /opt/stack/data/venv/lib/python3.12/site-packages/oslo_concurrency/lockutils.py:544}}
Aug 26 14:57:20.253992 np0000008165 devstack@n-api-meta.service[95998]: DEBUG oslo_concurrency.lockutils [None req-0631b619-b184-41b1-86b0-a83f3f194e04 None None] Lock "00000000-0000-0000-0000-000000000000" "released" by "nova.context.set_target_cell..get_or_set_cached_cell_and_set_connections" :: held 0.000s {{(pid=95998) inner /opt/stack/data/venv/lib/python3.12/site-packages/oslo_concurrency/lockutils.py:544}}
Aug 26 14:57:20.253992 np0000008165 devstack@n-api-meta.service[95998]: INFO nova.thread_pool_factory [None req-0631b619-b184-41b1-86b0-a83f3f194e04 None None] The cell_worker thread pool MainProcess.cell_worker is initialized
Aug 26 14:57:20.253992 np0000008165 devstack@n-api-meta.service[95998]: DEBUG oslo_concurrency.lockutils [None req-0631b619-b184-41b1-86b0-a83f3f194e04 None None] Acquiring lock "f9ce75d6-b484-412c-886c-add94c4a8962" by "nova.context.set_target_cell..get_or_set_cached_cell_and_set_connections" {{(pid=95998) inner /opt/stack/data/venv/lib/python3.12/site-packages/oslo_concurrency/lockutils.py:512}}
Aug 26 14:57:20.253992 np0000008165 devstack@n-api-meta.service[95998]: DEBUG oslo_concurrency.lockutils [None req-0631b619-b184-41b1-86b0-a83f3f194e04 None None] Lock "f9ce75d6-b484-412c-886c-add94c4a8962" acquired by "nova.context.set_target_cell..get_or_set_cached_cell_and_set_connections" :: waited 0.000s {{(pid=95998) inner /opt/stack/data/venv/lib/python3.12/site-packages/oslo_concurrency/lockutils.py:525}}
Aug 26 14:57:20.253992 np0000008165 devstack@n-api-meta.service[95998]: DEBUG oslo_concurrency.lockutils [None req-0631b619-b184-41b1-86b0-a83f3f194e04 None None] Lock "f9ce75d6-b484-412c-886c-add94c4a8962" "released" by "nova.context.set_target_cell..get_or_set_cached_cell_and_set_connections" :: held 0.001s {{(pid=95998) inner /opt/stack/data/venv/lib/python3.12/site-packages/oslo_concurrency/lockutils.py:544}}
Aug 26 14:57:20.254206 np0000008165 devstack@n-api-meta.service[95999]: INFO dbcounter [None req-5b64c926-4148-4e9b-a1b3-6913a09813d3 None None] Registered counter for database nova_cell1
Aug 26 14:57:20.254246 np0000008165 devstack@n-api-meta.service[95998]: INFO dbcounter [None req-0631b619-b184-41b1-86b0-a83f3f194e04 None None] Registered counter for database nova_cell0
Aug 26 14:57:20.256850 np0000008165 devstack@n-api-meta.service[95998]: INFO dbcounter [None req-0631b619-b184-41b1-86b0-a83f3f194e04 None None] Registered counter for database nova_cell1
Aug 26 14:57:20.266713 np0000008165 devstack@n-api-meta.service[96000]: DEBUG dbcounter [-] [96000] Writer thread running {{(pid=96000) stat_writer /opt/stack/data/venv/lib/python3.12/site-packages/dbcounter.py:102}}
Aug 26 14:57:20.271584 np0000008165 devstack@n-api-meta.service[96000]: DEBUG nova.context [None req-0488a4ae-ab94-4f34-bf8a-f57ba58ac0dd None None] Found 2 cells: 00000000-0000-0000-0000-000000000000(cell0),f9ce75d6-b484-412c-886c-add94c4a8962(cell1) {{(pid=96000) load_cells /opt/stack/nova/nova/context.py:509}}
Aug 26 14:57:20.273480 np0000008165 devstack@n-api-meta.service[96000]: DEBUG oslo_concurrency.lockutils [None req-0488a4ae-ab94-4f34-bf8a-f57ba58ac0dd None None] Acquiring lock "00000000-0000-0000-0000-000000000000" by "nova.context.set_target_cell..get_or_set_cached_cell_and_set_connections" {{(pid=96000) inner /opt/stack/data/venv/lib/python3.12/site-packages/oslo_concurrency/lockutils.py:512}}
Aug 26 14:57:20.273685 np0000008165 devstack@n-api-meta.service[96000]: DEBUG oslo_concurrency.lockutils [None req-0488a4ae-ab94-4f34-bf8a-f57ba58ac0dd None None] Lock "00000000-0000-0000-0000-000000000000" acquired by "nova.context.set_target_cell..get_or_set_cached_cell_and_set_connections" :: waited 0.000s {{(pid=96000) inner /opt/stack/data/venv/lib/python3.12/site-packages/oslo_concurrency/lockutils.py:525}}
Aug 26 14:57:20.274048 np0000008165 devstack@n-api-meta.service[96000]: DEBUG oslo_concurrency.lockutils [None req-0488a4ae-ab94-4f34-bf8a-f57ba58ac0dd None None] Lock "00000000-0000-0000-0000-000000000000" "released" by "nova.context.set_target_cell..get_or_set_cached_cell_and_set_connections" :: held 0.000s {{(pid=96000) inner /opt/stack/data/venv/lib/python3.12/site-packages/oslo_concurrency/lockutils.py:544}}
Aug 26 14:57:20.274237 np0000008165 devstack@n-api-meta.service[96000]: INFO nova.thread_pool_factory [None req-0488a4ae-ab94-4f34-bf8a-f57ba58ac0dd None None] The cell_worker thread pool MainProcess.cell_worker is initialized
Aug 26 14:57:20.274937 np0000008165 devstack@n-api-meta.service[96000]: DEBUG oslo_concurrency.lockutils [None req-0488a4ae-ab94-4f34-bf8a-f57ba58ac0dd None None] Acquiring lock "f9ce75d6-b484-412c-886c-add94c4a8962" by "nova.context.set_target_cell..get_or_set_cached_cell_and_set_connections" {{(pid=96000) inner /opt/stack/data/venv/lib/python3.12/site-packages/oslo_concurrency/lockutils.py:512}}
Aug 26 14:57:20.277344 np0000008165 devstack@n-api-meta.service[96000]: INFO dbcounter [None req-0488a4ae-ab94-4f34-bf8a-f57ba58ac0dd None None] Registered counter for database nova_cell0
Aug 26 14:57:20.278614 np0000008165 devstack@n-api-meta.service[96000]: DEBUG oslo_concurrency.lockutils [None req-0488a4ae-ab94-4f34-bf8a-f57ba58ac0dd None None] Lock "f9ce75d6-b484-412c-886c-add94c4a8962" acquired by "nova.context.set_target_cell..get_or_set_cached_cell_and_set_connections" :: waited 0.002s {{(pid=96000) inner /opt/stack/data/venv/lib/python3.12/site-packages/oslo_concurrency/lockutils.py:525}}
Aug 26 14:57:20.279699 np0000008165 devstack@n-api-meta.service[96001]: DEBUG dbcounter [-] [96001] Writer thread running {{(pid=96001) stat_writer /opt/stack/data/venv/lib/python3.12/site-packages/dbcounter.py:102}}
Aug 26 14:57:20.279924 np0000008165 devstack@n-api-meta.service[96000]: DEBUG oslo_concurrency.lockutils [None req-0488a4ae-ab94-4f34-bf8a-f57ba58ac0dd None None] Lock "f9ce75d6-b484-412c-886c-add94c4a8962" "released" by "nova.context.set_target_cell..get_or_set_cached_cell_and_set_connections" :: held 0.003s {{(pid=96000) inner /opt/stack/data/venv/lib/python3.12/site-packages/oslo_concurrency/lockutils.py:544}}
Aug 26 14:57:20.282195 np0000008165 devstack@n-api-meta.service[96001]: DEBUG nova.context [None req-a7ed3376-1d0f-4bb0-833e-0df89064efc5 None None] Found 2 cells: 00000000-0000-0000-0000-000000000000(cell0),f9ce75d6-b484-412c-886c-add94c4a8962(cell1) {{(pid=96001) load_cells /opt/stack/nova/nova/context.py:509}}
Aug 26 14:57:20.282407 np0000008165 devstack@n-api-meta.service[96000]: INFO dbcounter [None req-0488a4ae-ab94-4f34-bf8a-f57ba58ac0dd None None] Registered counter for database nova_cell1
Aug 26 14:57:20.283918 np0000008165 devstack@n-api-meta.service[96001]: DEBUG oslo_concurrency.lockutils [None req-a7ed3376-1d0f-4bb0-833e-0df89064efc5 None None] Acquiring lock "00000000-0000-0000-0000-000000000000" by "nova.context.set_target_cell..get_or_set_cached_cell_and_set_connections" {{(pid=96001) inner /opt/stack/data/venv/lib/python3.12/site-packages/oslo_concurrency/lockutils.py:512}}
Aug 26 14:57:20.284105 np0000008165 devstack@n-api-meta.service[96001]: DEBUG oslo_concurrency.lockutils [None req-a7ed3376-1d0f-4bb0-833e-0df89064efc5 None None] Lock "00000000-0000-0000-0000-000000000000" acquired by "nova.context.set_target_cell..get_or_set_cached_cell_and_set_connections" :: waited 0.000s {{(pid=96001) inner /opt/stack/data/venv/lib/python3.12/site-packages/oslo_concurrency/lockutils.py:525}}
Aug 26 14:57:20.284520 np0000008165 devstack@n-api-meta.service[96001]: DEBUG oslo_concurrency.lockutils [None req-a7ed3376-1d0f-4bb0-833e-0df89064efc5 None None] Lock "00000000-0000-0000-0000-000000000000" "released" by "nova.context.set_target_cell..get_or_set_cached_cell_and_set_connections" :: held 0.000s {{(pid=96001) inner /opt/stack/data/venv/lib/python3.12/site-packages/oslo_concurrency/lockutils.py:544}}
Aug 26 14:57:20.284771 np0000008165 devstack@n-api-meta.service[96001]: INFO nova.thread_pool_factory [None req-a7ed3376-1d0f-4bb0-833e-0df89064efc5 None None] The cell_worker thread pool MainProcess.cell_worker is initialized
Aug 26 14:57:20.285508 np0000008165 devstack@n-api-meta.service[96001]: DEBUG oslo_concurrency.lockutils [None req-a7ed3376-1d0f-4bb0-833e-0df89064efc5 None None] Acquiring lock "f9ce75d6-b484-412c-886c-add94c4a8962" by "nova.context.set_target_cell..get_or_set_cached_cell_and_set_connections" {{(pid=96001) inner /opt/stack/data/venv/lib/python3.12/site-packages/oslo_concurrency/lockutils.py:512}}
Aug 26 14:57:20.285644 np0000008165 devstack@n-api-meta.service[96001]: DEBUG oslo_concurrency.lockutils [None req-a7ed3376-1d0f-4bb0-833e-0df89064efc5 None None] Lock "f9ce75d6-b484-412c-886c-add94c4a8962" acquired by "nova.context.set_target_cell..get_or_set_cached_cell_and_set_connections" :: waited 0.000s {{(pid=96001) inner /opt/stack/data/venv/lib/python3.12/site-packages/oslo_concurrency/lockutils.py:525}}
Aug 26 14:57:20.286467 np0000008165 devstack@n-api-meta.service[96001]: DEBUG oslo_concurrency.lockutils [None req-a7ed3376-1d0f-4bb0-833e-0df89064efc5 None None] Lock "f9ce75d6-b484-412c-886c-add94c4a8962" "released" by "nova.context.set_target_cell..get_or_set_cached_cell_and_set_connections" :: held 0.001s {{(pid=96001) inner /opt/stack/data/venv/lib/python3.12/site-packages/oslo_concurrency/lockutils.py:544}}
Aug 26 14:57:20.288486 np0000008165 devstack@n-api-meta.service[96001]: INFO dbcounter [None req-a7ed3376-1d0f-4bb0-833e-0df89064efc5 None None] Registered counter for database nova_cell0
Aug 26 14:57:20.291322 np0000008165 devstack@n-api-meta.service[96001]: INFO dbcounter [None req-a7ed3376-1d0f-4bb0-833e-0df89064efc5 None None] Registered counter for database nova_cell1
Aug 26 14:57:20.305922 np0000008165 devstack@n-api-meta.service[95999]: DEBUG oslo_db.sqlalchemy.engines [None req-5b64c926-4148-4e9b-a1b3-6913a09813d3 None None] MySQL server mode set to STRICT_TRANS_TABLES,STRICT_ALL_TABLES,NO_ZERO_IN_DATE,NO_ZERO_DATE,ERROR_FOR_DIVISION_BY_ZERO,TRADITIONAL,NO_ENGINE_SUBSTITUTION {{(pid=95999) _check_effective_sql_mode /opt/stack/data/venv/lib/python3.12/site-packages/oslo_db/sqlalchemy/engines.py:325}}
Aug 26 14:57:20.308083 np0000008165 devstack@n-api-meta.service[95999]: DEBUG oslo_db.sqlalchemy.engines [None req-5b64c926-4148-4e9b-a1b3-6913a09813d3 None None] MySQL server mode set to STRICT_TRANS_TABLES,STRICT_ALL_TABLES,NO_ZERO_IN_DATE,NO_ZERO_DATE,ERROR_FOR_DIVISION_BY_ZERO,TRADITIONAL,NO_ENGINE_SUBSTITUTION {{(pid=95999) _check_effective_sql_mode /opt/stack/data/venv/lib/python3.12/site-packages/oslo_db/sqlalchemy/engines.py:325}}
Aug 26 14:57:20.310582 np0000008165 devstack@n-api-meta.service[95998]: DEBUG oslo_db.sqlalchemy.engines [None req-0631b619-b184-41b1-86b0-a83f3f194e04 None None] MySQL server mode set to STRICT_TRANS_TABLES,STRICT_ALL_TABLES,NO_ZERO_IN_DATE,NO_ZERO_DATE,ERROR_FOR_DIVISION_BY_ZERO,TRADITIONAL,NO_ENGINE_SUBSTITUTION {{(pid=95998) _check_effective_sql_mode /opt/stack/data/venv/lib/python3.12/site-packages/oslo_db/sqlalchemy/engines.py:325}}
Aug 26 14:57:20.314870 np0000008165 devstack@n-api-meta.service[95998]: DEBUG oslo_db.sqlalchemy.engines [None req-0631b619-b184-41b1-86b0-a83f3f194e04 None None] MySQL server mode set to STRICT_TRANS_TABLES,STRICT_ALL_TABLES,NO_ZERO_IN_DATE,NO_ZERO_DATE,ERROR_FOR_DIVISION_BY_ZERO,TRADITIONAL,NO_ENGINE_SUBSTITUTION {{(pid=95998) _check_effective_sql_mode /opt/stack/data/venv/lib/python3.12/site-packages/oslo_db/sqlalchemy/engines.py:325}}
Aug 26 14:57:20.339908 np0000008165 devstack@n-api-meta.service[96000]: DEBUG oslo_db.sqlalchemy.engines [None req-0488a4ae-ab94-4f34-bf8a-f57ba58ac0dd None None] MySQL server mode set to STRICT_TRANS_TABLES,STRICT_ALL_TABLES,NO_ZERO_IN_DATE,NO_ZERO_DATE,ERROR_FOR_DIVISION_BY_ZERO,TRADITIONAL,NO_ENGINE_SUBSTITUTION {{(pid=96000) _check_effective_sql_mode /opt/stack/data/venv/lib/python3.12/site-packages/oslo_db/sqlalchemy/engines.py:325}}
Aug 26 14:57:20.342379 np0000008165 devstack@n-api-meta.service[96001]: DEBUG oslo_db.sqlalchemy.engines [None req-a7ed3376-1d0f-4bb0-833e-0df89064efc5 None None] MySQL server mode set to STRICT_TRANS_TABLES,STRICT_ALL_TABLES,NO_ZERO_IN_DATE,NO_ZERO_DATE,ERROR_FOR_DIVISION_BY_ZERO,TRADITIONAL,NO_ENGINE_SUBSTITUTION {{(pid=96001) _check_effective_sql_mode /opt/stack/data/venv/lib/python3.12/site-packages/oslo_db/sqlalchemy/engines.py:325}}
Aug 26 14:57:20.353102 np0000008165 devstack@n-api-meta.service[96001]: DEBUG oslo_db.sqlalchemy.engines [None req-a7ed3376-1d0f-4bb0-833e-0df89064efc5 None None] MySQL server mode set to STRICT_TRANS_TABLES,STRICT_ALL_TABLES,NO_ZERO_IN_DATE,NO_ZERO_DATE,ERROR_FOR_DIVISION_BY_ZERO,TRADITIONAL,NO_ENGINE_SUBSTITUTION {{(pid=96001) _check_effective_sql_mode /opt/stack/data/venv/lib/python3.12/site-packages/oslo_db/sqlalchemy/engines.py:325}}
Aug 26 14:57:20.394132 np0000008165 devstack@n-api-meta.service[95999]: DEBUG dbcounter [-] [95999] Writer thread running {{(pid=95999) stat_writer /opt/stack/data/venv/lib/python3.12/site-packages/dbcounter.py:102}}
Aug 26 14:57:20.398379 np0000008165 devstack@n-api-meta.service[95999]: DEBUG dbcounter [-] [95999] Writer thread running {{(pid=95999) stat_writer /opt/stack/data/venv/lib/python3.12/site-packages/dbcounter.py:102}}
Aug 26 14:57:20.401090 np0000008165 devstack@n-api-meta.service[95998]: DEBUG dbcounter [-] [95998] Writer thread running {{(pid=95998) stat_writer /opt/stack/data/venv/lib/python3.12/site-packages/dbcounter.py:102}}
Aug 26 14:57:20.403400 np0000008165 devstack@n-api-meta.service[95999]: INFO dbcounter [None req-5b64c926-4148-4e9b-a1b3-6913a09813d3 None None] Registered counter for database nova_cell0
Aug 26 14:57:20.405409 np0000008165 devstack@n-api-meta.service[95998]: DEBUG dbcounter [-] [95998] Writer thread running {{(pid=95998) stat_writer /opt/stack/data/venv/lib/python3.12/site-packages/dbcounter.py:102}}
Aug 26 14:57:20.408522 np0000008165 devstack@n-api-meta.service[95998]: INFO dbcounter [None req-0631b619-b184-41b1-86b0-a83f3f194e04 None None] Registered counter for database nova_cell0
Aug 26 14:57:20.428107 np0000008165 devstack@n-api-meta.service[96000]: DEBUG dbcounter [-] [96000] Writer thread running {{(pid=96000) stat_writer /opt/stack/data/venv/lib/python3.12/site-packages/dbcounter.py:102}}
Aug 26 14:57:20.433539 np0000008165 devstack@n-api-meta.service[96000]: DEBUG oslo_db.sqlalchemy.engines [None req-0488a4ae-ab94-4f34-bf8a-f57ba58ac0dd None None] MySQL server mode set to STRICT_TRANS_TABLES,STRICT_ALL_TABLES,NO_ZERO_IN_DATE,NO_ZERO_DATE,ERROR_FOR_DIVISION_BY_ZERO,TRADITIONAL,NO_ENGINE_SUBSTITUTION {{(pid=96000) _check_effective_sql_mode /opt/stack/data/venv/lib/python3.12/site-packages/oslo_db/sqlalchemy/engines.py:325}}
Aug 26 14:57:20.441947 np0000008165 devstack@n-api-meta.service[96000]: DEBUG dbcounter [-] [96000] Writer thread running {{(pid=96000) stat_writer /opt/stack/data/venv/lib/python3.12/site-packages/dbcounter.py:102}}
Aug 26 14:57:20.443475 np0000008165 devstack@n-api-meta.service[95998]: DEBUG oslo_db.sqlalchemy.engines [None req-0631b619-b184-41b1-86b0-a83f3f194e04 None None] MySQL server mode set to STRICT_TRANS_TABLES,STRICT_ALL_TABLES,NO_ZERO_IN_DATE,NO_ZERO_DATE,ERROR_FOR_DIVISION_BY_ZERO,TRADITIONAL,NO_ENGINE_SUBSTITUTION {{(pid=95998) _check_effective_sql_mode /opt/stack/data/venv/lib/python3.12/site-packages/oslo_db/sqlalchemy/engines.py:325}}
Aug 26 14:57:20.444702 np0000008165 devstack@n-api-meta.service[96001]: DEBUG dbcounter [-] [96001] Writer thread running {{(pid=96001) stat_writer /opt/stack/data/venv/lib/python3.12/site-packages/dbcounter.py:102}}
Aug 26 14:57:20.444995 np0000008165 devstack@n-api-meta.service[96000]: INFO dbcounter [None req-0488a4ae-ab94-4f34-bf8a-f57ba58ac0dd None None] Registered counter for database nova_cell0
Aug 26 14:57:20.445057 np0000008165 devstack@n-api-meta.service[96001]: DEBUG dbcounter [-] [96001] Writer thread running {{(pid=96001) stat_writer /opt/stack/data/venv/lib/python3.12/site-packages/dbcounter.py:102}}
Aug 26 14:57:20.448748 np0000008165 devstack@n-api-meta.service[96001]: INFO dbcounter [None req-a7ed3376-1d0f-4bb0-833e-0df89064efc5 None None] Registered counter for database nova_cell0
Aug 26 14:57:20.450075 np0000008165 devstack@n-api-meta.service[95998]: DEBUG dbcounter [-] [95998] Writer thread running {{(pid=95998) stat_writer /opt/stack/data/venv/lib/python3.12/site-packages/dbcounter.py:102}}
Aug 26 14:57:20.452297 np0000008165 devstack@n-api-meta.service[95999]: DEBUG oslo_db.sqlalchemy.engines [None req-5b64c926-4148-4e9b-a1b3-6913a09813d3 None None] MySQL server mode set to STRICT_TRANS_TABLES,STRICT_ALL_TABLES,NO_ZERO_IN_DATE,NO_ZERO_DATE,ERROR_FOR_DIVISION_BY_ZERO,TRADITIONAL,NO_ENGINE_SUBSTITUTION {{(pid=95999) _check_effective_sql_mode /opt/stack/data/venv/lib/python3.12/site-packages/oslo_db/sqlalchemy/engines.py:325}}
Aug 26 14:57:20.459801 np0000008165 devstack@n-api-meta.service[95999]: DEBUG dbcounter [-] [95999] Writer thread running {{(pid=95999) stat_writer /opt/stack/data/venv/lib/python3.12/site-packages/dbcounter.py:102}}
Aug 26 14:57:20.485520 np0000008165 devstack@n-api-meta.service[96001]: DEBUG oslo_db.sqlalchemy.engines [None req-a7ed3376-1d0f-4bb0-833e-0df89064efc5 None None] MySQL server mode set to STRICT_TRANS_TABLES,STRICT_ALL_TABLES,NO_ZERO_IN_DATE,NO_ZERO_DATE,ERROR_FOR_DIVISION_BY_ZERO,TRADITIONAL,NO_ENGINE_SUBSTITUTION {{(pid=96001) _check_effective_sql_mode /opt/stack/data/venv/lib/python3.12/site-packages/oslo_db/sqlalchemy/engines.py:325}}
Aug 26 14:57:20.487185 np0000008165 devstack@n-api-meta.service[95998]: WARNING nova.api.metadata.handler [None req-0631b619-b184-41b1-86b0-a83f3f194e04 None None] metadata_proxy_shared_secret is not configured, the metadata information returned by the proxy cannot be trusted
Aug 26 14:57:20.489691 np0000008165 devstack@n-api-meta.service[95998]: DEBUG nova.api.openstack.wsgi_app [None req-0631b619-b184-41b1-86b0-a83f3f194e04 None None] ******************************************************************************** {{(pid=95998) log_opt_values /opt/stack/data/venv/lib/python3.12/site-packages/oslo_config/cfg.py:3533}}
Aug 26 14:57:20.489784 np0000008165 devstack@n-api-meta.service[95998]: DEBUG nova.api.openstack.wsgi_app [None req-0631b619-b184-41b1-86b0-a83f3f194e04 None None] Configuration options gathered from: {{(pid=95998) log_opt_values /opt/stack/data/venv/lib/python3.12/site-packages/oslo_config/cfg.py:3534}}
Aug 26 14:57:20.490505 np0000008165 devstack@n-api-meta.service[95998]: DEBUG nova.api.openstack.wsgi_app [None req-0631b619-b184-41b1-86b0-a83f3f194e04 None None] command line args: [] {{(pid=95998) log_opt_values /opt/stack/data/venv/lib/python3.12/site-packages/oslo_config/cfg.py:3535}}
Aug 26 14:57:20.490505 np0000008165 devstack@n-api-meta.service[95998]: DEBUG nova.api.openstack.wsgi_app [None req-0631b619-b184-41b1-86b0-a83f3f194e04 None None] config files: ['/etc/nova/api-paste.ini', '/etc/nova/nova.conf'] {{(pid=95998) log_opt_values /opt/stack/data/venv/lib/python3.12/site-packages/oslo_config/cfg.py:3536}}
Aug 26 14:57:20.490505 np0000008165 devstack@n-api-meta.service[95998]: DEBUG nova.api.openstack.wsgi_app [None req-0631b619-b184-41b1-86b0-a83f3f194e04 None None] ================================================================================ {{(pid=95998) log_opt_values /opt/stack/data/venv/lib/python3.12/site-packages/oslo_config/cfg.py:3541}}
Aug 26 14:57:20.490505 np0000008165 devstack@n-api-meta.service[95998]: DEBUG nova.api.openstack.wsgi_app [None req-0631b619-b184-41b1-86b0-a83f3f194e04 None None] allow_resize_to_same_host = True {{(pid=95998) log_opt_values /opt/stack/data/venv/lib/python3.12/site-packages/oslo_config/cfg.py:3549}}
Aug 26 14:57:20.490720 np0000008165 devstack@n-api-meta.service[95998]: DEBUG nova.api.openstack.wsgi_app [None req-0631b619-b184-41b1-86b0-a83f3f194e04 None None] arq_binding_timeout = 300 {{(pid=95998) log_opt_values /opt/stack/data/venv/lib/python3.12/site-packages/oslo_config/cfg.py:3549}}
Aug 26 14:57:20.490720 np0000008165 devstack@n-api-meta.service[95998]: DEBUG nova.api.openstack.wsgi_app [None req-0631b619-b184-41b1-86b0-a83f3f194e04 None None] block_device_allocate_retries = 60 {{(pid=95998) log_opt_values /opt/stack/data/venv/lib/python3.12/site-packages/oslo_config/cfg.py:3549}}
Aug 26 14:57:20.490810 np0000008165 devstack@n-api-meta.service[95998]: DEBUG nova.api.openstack.wsgi_app [None req-0631b619-b184-41b1-86b0-a83f3f194e04 None None] block_device_allocate_retries_interval = 3 {{(pid=95998) log_opt_values /opt/stack/data/venv/lib/python3.12/site-packages/oslo_config/cfg.py:3549}}
Aug 26 14:57:20.490978 np0000008165 devstack@n-api-meta.service[95998]: DEBUG nova.api.openstack.wsgi_app [None req-0631b619-b184-41b1-86b0-a83f3f194e04 None None] cell_worker_thread_pool_size = 5 {{(pid=95998) log_opt_values /opt/stack/data/venv/lib/python3.12/site-packages/oslo_config/cfg.py:3549}}
Aug 26 14:57:20.491115 np0000008165 devstack@n-api-meta.service[95998]: DEBUG nova.api.openstack.wsgi_app [None req-0631b619-b184-41b1-86b0-a83f3f194e04 None None] cert = self.pem {{(pid=95998) log_opt_values /opt/stack/data/venv/lib/python3.12/site-packages/oslo_config/cfg.py:3549}}
Aug 26 14:57:20.491244 np0000008165 devstack@n-api-meta.service[95998]: DEBUG nova.api.openstack.wsgi_app [None req-0631b619-b184-41b1-86b0-a83f3f194e04 None None] compute_driver = libvirt.LibvirtDriver {{(pid=95998) log_opt_values /opt/stack/data/venv/lib/python3.12/site-packages/oslo_config/cfg.py:3549}}
Aug 26 14:57:20.491363 np0000008165 devstack@n-api-meta.service[95998]: DEBUG nova.api.openstack.wsgi_app [None req-0631b619-b184-41b1-86b0-a83f3f194e04 None None] compute_monitors = [] {{(pid=95998) log_opt_values /opt/stack/data/venv/lib/python3.12/site-packages/oslo_config/cfg.py:3549}}
Aug 26 14:57:20.491490 np0000008165 devstack@n-api-meta.service[95998]: DEBUG nova.api.openstack.wsgi_app [None req-0631b619-b184-41b1-86b0-a83f3f194e04 None None] concurrency_backend = auto {{(pid=95998) log_opt_values /opt/stack/data/venv/lib/python3.12/site-packages/oslo_config/cfg.py:3549}}
Aug 26 14:57:20.491608 np0000008165 devstack@n-api-meta.service[95998]: DEBUG nova.api.openstack.wsgi_app [None req-0631b619-b184-41b1-86b0-a83f3f194e04 None None] config_dir = [] {{(pid=95998) log_opt_values /opt/stack/data/venv/lib/python3.12/site-packages/oslo_config/cfg.py:3549}}
Aug 26 14:57:20.491727 np0000008165 devstack@n-api-meta.service[95998]: DEBUG nova.api.openstack.wsgi_app [None req-0631b619-b184-41b1-86b0-a83f3f194e04 None None] config_drive_format = iso9660 {{(pid=95998) log_opt_values /opt/stack/data/venv/lib/python3.12/site-packages/oslo_config/cfg.py:3549}}
Aug 26 14:57:20.491824 np0000008165 devstack@n-api-meta.service[95998]: DEBUG nova.api.openstack.wsgi_app [None req-0631b619-b184-41b1-86b0-a83f3f194e04 None None] config_file = ['/etc/nova/api-paste.ini', '/etc/nova/nova.conf'] {{(pid=95998) log_opt_values /opt/stack/data/venv/lib/python3.12/site-packages/oslo_config/cfg.py:3549}}
Aug 26 14:57:20.491993 np0000008165 devstack@n-api-meta.service[95998]: DEBUG nova.api.openstack.wsgi_app [None req-0631b619-b184-41b1-86b0-a83f3f194e04 None None] config_source = [] {{(pid=95998) log_opt_values /opt/stack/data/venv/lib/python3.12/site-packages/oslo_config/cfg.py:3549}}
Aug 26 14:57:20.492120 np0000008165 devstack@n-api-meta.service[95998]: DEBUG nova.api.openstack.wsgi_app [None req-0631b619-b184-41b1-86b0-a83f3f194e04 None None] console_host = np0000008165 {{(pid=95998) log_opt_values /opt/stack/data/venv/lib/python3.12/site-packages/oslo_config/cfg.py:3549}}
Aug 26 14:57:20.492239 np0000008165 devstack@n-api-meta.service[95998]: DEBUG nova.api.openstack.wsgi_app [None req-0631b619-b184-41b1-86b0-a83f3f194e04 None None] control_exchange = nova {{(pid=95998) log_opt_values /opt/stack/data/venv/lib/python3.12/site-packages/oslo_config/cfg.py:3549}}
Aug 26 14:57:20.492352 np0000008165 devstack@n-api-meta.service[95998]: DEBUG nova.api.openstack.wsgi_app [None req-0631b619-b184-41b1-86b0-a83f3f194e04 None None] cpu_allocation_ratio = None {{(pid=95998) log_opt_values /opt/stack/data/venv/lib/python3.12/site-packages/oslo_config/cfg.py:3549}}
Aug 26 14:57:20.492464 np0000008165 devstack@n-api-meta.service[95998]: DEBUG nova.api.openstack.wsgi_app [None req-0631b619-b184-41b1-86b0-a83f3f194e04 None None] daemon = False {{(pid=95998) log_opt_values /opt/stack/data/venv/lib/python3.12/site-packages/oslo_config/cfg.py:3549}}
Aug 26 14:57:20.492581 np0000008165 devstack@n-api-meta.service[95998]: DEBUG nova.api.openstack.wsgi_app [None req-0631b619-b184-41b1-86b0-a83f3f194e04 None None] debug = True {{(pid=95998) log_opt_values /opt/stack/data/venv/lib/python3.12/site-packages/oslo_config/cfg.py:3549}}
Aug 26 14:57:20.492788 np0000008165 devstack@n-api-meta.service[95998]: DEBUG nova.api.openstack.wsgi_app [None req-0631b619-b184-41b1-86b0-a83f3f194e04 None None] default_access_ip_network_name = None {{(pid=95998) log_opt_values /opt/stack/data/venv/lib/python3.12/site-packages/oslo_config/cfg.py:3549}}
Aug 26 14:57:20.492788 np0000008165 devstack@n-api-meta.service[95998]: DEBUG nova.api.openstack.wsgi_app [None req-0631b619-b184-41b1-86b0-a83f3f194e04 None None] default_availability_zone = nova {{(pid=95998) log_opt_values /opt/stack/data/venv/lib/python3.12/site-packages/oslo_config/cfg.py:3549}}
Aug 26 14:57:20.492958 np0000008165 devstack@n-api-meta.service[95998]: DEBUG nova.api.openstack.wsgi_app [None req-0631b619-b184-41b1-86b0-a83f3f194e04 None None] default_ephemeral_format = ext4 {{(pid=95998) log_opt_values /opt/stack/data/venv/lib/python3.12/site-packages/oslo_config/cfg.py:3549}}
Aug 26 14:57:20.493078 np0000008165 devstack@n-api-meta.service[95998]: DEBUG nova.api.openstack.wsgi_app [None req-0631b619-b184-41b1-86b0-a83f3f194e04 None None] default_green_pool_size = 1000 {{(pid=95998) log_opt_values /opt/stack/data/venv/lib/python3.12/site-packages/oslo_config/cfg.py:3549}}
Aug 26 14:57:20.493285 np0000008165 devstack@n-api-meta.service[95998]: DEBUG nova.api.openstack.wsgi_app [None req-0631b619-b184-41b1-86b0-a83f3f194e04 None None] default_log_levels = ['amqp=WARN', 'boto=WARN', 'sqlalchemy=WARN', 'suds=INFO', 'oslo.messaging=INFO', 'oslo_messaging=INFO', 'iso8601=WARN', 'requests.packages.urllib3.connectionpool=WARN', 'urllib3.connectionpool=WARN', 'websocket=WARN', 'requests.packages.urllib3.util.retry=WARN', 'urllib3.util.retry=WARN', 'keystonemiddleware=WARN', 'routes.middleware=WARN', 'stevedore=WARN', 'taskflow=WARN', 'keystoneauth=WARN', 'oslo.cache=INFO', 'oslo_policy=INFO', 'dogpile.core.dogpile=INFO', 'glanceclient=WARN', 'oslo.privsep.daemon=INFO'] {{(pid=95998) log_opt_values /opt/stack/data/venv/lib/python3.12/site-packages/oslo_config/cfg.py:3549}}
Aug 26 14:57:20.493403 np0000008165 devstack@n-api-meta.service[95998]: DEBUG nova.api.openstack.wsgi_app [None req-0631b619-b184-41b1-86b0-a83f3f194e04 None None] default_schedule_zone = None {{(pid=95998) log_opt_values /opt/stack/data/venv/lib/python3.12/site-packages/oslo_config/cfg.py:3549}}
Aug 26 14:57:20.493485 np0000008165 devstack@n-api-meta.service[95998]: DEBUG nova.api.openstack.wsgi_app [None req-0631b619-b184-41b1-86b0-a83f3f194e04 None None] default_thread_pool_size = 10 {{(pid=95998) log_opt_values /opt/stack/data/venv/lib/python3.12/site-packages/oslo_config/cfg.py:3549}}
Aug 26 14:57:20.493548 np0000008165 devstack@n-api-meta.service[96000]: DEBUG oslo_db.sqlalchemy.engines [None req-0488a4ae-ab94-4f34-bf8a-f57ba58ac0dd None None] MySQL server mode set to STRICT_TRANS_TABLES,STRICT_ALL_TABLES,NO_ZERO_IN_DATE,NO_ZERO_DATE,ERROR_FOR_DIVISION_BY_ZERO,TRADITIONAL,NO_ENGINE_SUBSTITUTION {{(pid=96000) _check_effective_sql_mode /opt/stack/data/venv/lib/python3.12/site-packages/oslo_db/sqlalchemy/engines.py:325}}
Aug 26 14:57:20.493601 np0000008165 devstack@n-api-meta.service[95998]: DEBUG nova.api.openstack.wsgi_app [None req-0631b619-b184-41b1-86b0-a83f3f194e04 None None] disk_allocation_ratio = None {{(pid=95998) log_opt_values /opt/stack/data/venv/lib/python3.12/site-packages/oslo_config/cfg.py:3549}}
Aug 26 14:57:20.493699 np0000008165 devstack@n-api-meta.service[95998]: DEBUG nova.api.openstack.wsgi_app [None req-0631b619-b184-41b1-86b0-a83f3f194e04 None None] enable_new_services = True {{(pid=95998) log_opt_values /opt/stack/data/venv/lib/python3.12/site-packages/oslo_config/cfg.py:3549}}
Aug 26 14:57:20.493810 np0000008165 devstack@n-api-meta.service[95998]: DEBUG nova.api.openstack.wsgi_app [None req-0631b619-b184-41b1-86b0-a83f3f194e04 None None] flat_injected = False {{(pid=95998) log_opt_values /opt/stack/data/venv/lib/python3.12/site-packages/oslo_config/cfg.py:3549}}
Aug 26 14:57:20.493969 np0000008165 devstack@n-api-meta.service[95998]: DEBUG nova.api.openstack.wsgi_app [None req-0631b619-b184-41b1-86b0-a83f3f194e04 None None] force_config_drive = True {{(pid=95998) log_opt_values /opt/stack/data/venv/lib/python3.12/site-packages/oslo_config/cfg.py:3549}}
Aug 26 14:57:20.494757 np0000008165 devstack@n-api-meta.service[95998]: DEBUG nova.api.openstack.wsgi_app [None req-0631b619-b184-41b1-86b0-a83f3f194e04 None None] force_raw_images = True {{(pid=95998) log_opt_values /opt/stack/data/venv/lib/python3.12/site-packages/oslo_config/cfg.py:3549}}
Aug 26 14:57:20.494822 np0000008165 devstack@n-api-meta.service[96001]: DEBUG dbcounter [-] [96001] Writer thread running {{(pid=96001) stat_writer /opt/stack/data/venv/lib/python3.12/site-packages/dbcounter.py:102}}
Aug 26 14:57:20.494915 np0000008165 devstack@n-api-meta.service[95998]: DEBUG nova.api.openstack.wsgi_app [None req-0631b619-b184-41b1-86b0-a83f3f194e04 None None] graceful_shutdown_timeout = 5 {{(pid=95998) log_opt_values /opt/stack/data/venv/lib/python3.12/site-packages/oslo_config/cfg.py:3549}}
Aug 26 14:57:20.494915 np0000008165 devstack@n-api-meta.service[95998]: DEBUG nova.api.openstack.wsgi_app [None req-0631b619-b184-41b1-86b0-a83f3f194e04 None None] heal_instance_info_cache_interval = -1 {{(pid=95998) log_opt_values /opt/stack/data/venv/lib/python3.12/site-packages/oslo_config/cfg.py:3549}}
Aug 26 14:57:20.494915 np0000008165 devstack@n-api-meta.service[95998]: DEBUG nova.api.openstack.wsgi_app [None req-0631b619-b184-41b1-86b0-a83f3f194e04 None None] host = np0000008165 {{(pid=95998) log_opt_values /opt/stack/data/venv/lib/python3.12/site-packages/oslo_config/cfg.py:3549}}
Aug 26 14:57:20.494915 np0000008165 devstack@n-api-meta.service[95998]: DEBUG nova.api.openstack.wsgi_app [None req-0631b619-b184-41b1-86b0-a83f3f194e04 None None] initial_cpu_allocation_ratio = 4.0 {{(pid=95998) log_opt_values /opt/stack/data/venv/lib/python3.12/site-packages/oslo_config/cfg.py:3549}}
Aug 26 14:57:20.495088 np0000008165 devstack@n-api-meta.service[95999]: WARNING nova.api.metadata.handler [None req-5b64c926-4148-4e9b-a1b3-6913a09813d3 None None] metadata_proxy_shared_secret is not configured, the metadata information returned by the proxy cannot be trusted
Aug 26 14:57:20.495139 np0000008165 devstack@n-api-meta.service[95998]: DEBUG nova.api.openstack.wsgi_app [None req-0631b619-b184-41b1-86b0-a83f3f194e04 None None] initial_disk_allocation_ratio = 1.0 {{(pid=95998) log_opt_values /opt/stack/data/venv/lib/python3.12/site-packages/oslo_config/cfg.py:3549}}
Aug 26 14:57:20.495139 np0000008165 devstack@n-api-meta.service[95998]: DEBUG nova.api.openstack.wsgi_app [None req-0631b619-b184-41b1-86b0-a83f3f194e04 None None] initial_ram_allocation_ratio = 1.0 {{(pid=95998) log_opt_values /opt/stack/data/venv/lib/python3.12/site-packages/oslo_config/cfg.py:3549}}
Aug 26 14:57:20.495139 np0000008165 devstack@n-api-meta.service[95998]: DEBUG nova.api.openstack.wsgi_app [None req-0631b619-b184-41b1-86b0-a83f3f194e04 None None] injected_network_template = /opt/stack/nova/nova/virt/interfaces.template {{(pid=95998) log_opt_values /opt/stack/data/venv/lib/python3.12/site-packages/oslo_config/cfg.py:3549}}
Aug 26 14:57:20.495256 np0000008165 devstack@n-api-meta.service[95998]: DEBUG nova.api.openstack.wsgi_app [None req-0631b619-b184-41b1-86b0-a83f3f194e04 None None] instance_build_timeout = 0 {{(pid=95998) log_opt_values /opt/stack/data/venv/lib/python3.12/site-packages/oslo_config/cfg.py:3549}}
Aug 26 14:57:20.495311 np0000008165 devstack@n-api-meta.service[95998]: DEBUG nova.api.openstack.wsgi_app [None req-0631b619-b184-41b1-86b0-a83f3f194e04 None None] instance_delete_interval = 300 {{(pid=95998) log_opt_values /opt/stack/data/venv/lib/python3.12/site-packages/oslo_config/cfg.py:3549}}
Aug 26 14:57:20.495429 np0000008165 devstack@n-api-meta.service[95998]: DEBUG nova.api.openstack.wsgi_app [None req-0631b619-b184-41b1-86b0-a83f3f194e04 None None] instance_format = [instance: %(uuid)s] {{(pid=95998) log_opt_values /opt/stack/data/venv/lib/python3.12/site-packages/oslo_config/cfg.py:3549}}
Aug 26 14:57:20.495546 np0000008165 devstack@n-api-meta.service[95998]: DEBUG nova.api.openstack.wsgi_app [None req-0631b619-b184-41b1-86b0-a83f3f194e04 None None] instance_name_template = instance-%08x {{(pid=95998) log_opt_values /opt/stack/data/venv/lib/python3.12/site-packages/oslo_config/cfg.py:3549}}
Aug 26 14:57:20.495657 np0000008165 devstack@n-api-meta.service[95998]: DEBUG nova.api.openstack.wsgi_app [None req-0631b619-b184-41b1-86b0-a83f3f194e04 None None] instance_usage_audit = False {{(pid=95998) log_opt_values /opt/stack/data/venv/lib/python3.12/site-packages/oslo_config/cfg.py:3549}}
Aug 26 14:57:20.495786 np0000008165 devstack@n-api-meta.service[95998]: DEBUG nova.api.openstack.wsgi_app [None req-0631b619-b184-41b1-86b0-a83f3f194e04 None None] instance_usage_audit_period = month {{(pid=95998) log_opt_values /opt/stack/data/venv/lib/python3.12/site-packages/oslo_config/cfg.py:3549}}
Aug 26 14:57:20.495978 np0000008165 devstack@n-api-meta.service[95998]: DEBUG nova.api.openstack.wsgi_app [None req-0631b619-b184-41b1-86b0-a83f3f194e04 None None] instance_uuid_format = [instance: %(uuid)s] {{(pid=95998) log_opt_values /opt/stack/data/venv/lib/python3.12/site-packages/oslo_config/cfg.py:3549}}
Aug 26 14:57:20.496124 np0000008165 devstack@n-api-meta.service[95998]: DEBUG nova.api.openstack.wsgi_app [None req-0631b619-b184-41b1-86b0-a83f3f194e04 None None] instances_path = /opt/stack/data/nova/instances {{(pid=95998) log_opt_values /opt/stack/data/venv/lib/python3.12/site-packages/oslo_config/cfg.py:3549}}
Aug 26 14:57:20.496307 np0000008165 devstack@n-api-meta.service[95998]: DEBUG nova.api.openstack.wsgi_app [None req-0631b619-b184-41b1-86b0-a83f3f194e04 None None] internal_service_availability_zone = internal {{(pid=95998) log_opt_values /opt/stack/data/venv/lib/python3.12/site-packages/oslo_config/cfg.py:3549}}
Aug 26 14:57:20.496455 np0000008165 devstack@n-api-meta.service[95998]: DEBUG nova.api.openstack.wsgi_app [None req-0631b619-b184-41b1-86b0-a83f3f194e04 None None] key = None {{(pid=95998) log_opt_values /opt/stack/data/venv/lib/python3.12/site-packages/oslo_config/cfg.py:3549}}
Aug 26 14:57:20.496493 np0000008165 devstack@n-api-meta.service[95998]: DEBUG nova.api.openstack.wsgi_app [None req-0631b619-b184-41b1-86b0-a83f3f194e04 None None] live_migration_retry_count = 30 {{(pid=95998) log_opt_values /opt/stack/data/venv/lib/python3.12/site-packages/oslo_config/cfg.py:3549}}
Aug 26 14:57:20.496618 np0000008165 devstack@n-api-meta.service[95998]: DEBUG nova.api.openstack.wsgi_app [None req-0631b619-b184-41b1-86b0-a83f3f194e04 None None] log_color = False {{(pid=95998) log_opt_values /opt/stack/data/venv/lib/python3.12/site-packages/oslo_config/cfg.py:3549}}
Aug 26 14:57:20.496749 np0000008165 devstack@n-api-meta.service[95998]: DEBUG nova.api.openstack.wsgi_app [None req-0631b619-b184-41b1-86b0-a83f3f194e04 None None] log_config_append = None {{(pid=95998) log_opt_values /opt/stack/data/venv/lib/python3.12/site-packages/oslo_config/cfg.py:3549}}
Aug 26 14:57:20.496867 np0000008165 devstack@n-api-meta.service[95998]: DEBUG nova.api.openstack.wsgi_app [None req-0631b619-b184-41b1-86b0-a83f3f194e04 None None] log_date_format = %Y-%m-%d %H:%M:%S {{(pid=95998) log_opt_values /opt/stack/data/venv/lib/python3.12/site-packages/oslo_config/cfg.py:3549}}
Aug 26 14:57:20.497030 np0000008165 devstack@n-api-meta.service[95998]: DEBUG nova.api.openstack.wsgi_app [None req-0631b619-b184-41b1-86b0-a83f3f194e04 None None] log_dir = None {{(pid=95998) log_opt_values /opt/stack/data/venv/lib/python3.12/site-packages/oslo_config/cfg.py:3549}}
Aug 26 14:57:20.497146 np0000008165 devstack@n-api-meta.service[95998]: DEBUG nova.api.openstack.wsgi_app [None req-0631b619-b184-41b1-86b0-a83f3f194e04 None None] log_file = None {{(pid=95998) log_opt_values /opt/stack/data/venv/lib/python3.12/site-packages/oslo_config/cfg.py:3549}}
Aug 26 14:57:20.497234 np0000008165 devstack@n-api-meta.service[95998]: DEBUG nova.api.openstack.wsgi_app [None req-0631b619-b184-41b1-86b0-a83f3f194e04 None None] log_options = True {{(pid=95998) log_opt_values /opt/stack/data/venv/lib/python3.12/site-packages/oslo_config/cfg.py:3549}}
Aug 26 14:57:20.497357 np0000008165 devstack@n-api-meta.service[95998]: DEBUG nova.api.openstack.wsgi_app [None req-0631b619-b184-41b1-86b0-a83f3f194e04 None None] log_rotate_interval = 1 {{(pid=95998) log_opt_values /opt/stack/data/venv/lib/python3.12/site-packages/oslo_config/cfg.py:3549}}
Aug 26 14:57:20.497457 np0000008165 devstack@n-api-meta.service[95998]: DEBUG nova.api.openstack.wsgi_app [None req-0631b619-b184-41b1-86b0-a83f3f194e04 None None] log_rotate_interval_type = days {{(pid=95998) log_opt_values /opt/stack/data/venv/lib/python3.12/site-packages/oslo_config/cfg.py:3549}}
Aug 26 14:57:20.497570 np0000008165 devstack@n-api-meta.service[95998]: DEBUG nova.api.openstack.wsgi_app [None req-0631b619-b184-41b1-86b0-a83f3f194e04 None None] log_rotation_type = none {{(pid=95998) log_opt_values /opt/stack/data/venv/lib/python3.12/site-packages/oslo_config/cfg.py:3549}}
Aug 26 14:57:20.497673 np0000008165 devstack@n-api-meta.service[95998]: DEBUG nova.api.openstack.wsgi_app [None req-0631b619-b184-41b1-86b0-a83f3f194e04 None None] logging_context_format_string = %(color)s%(levelname)s %(name)s [%(global_request_id)s %(request_id)s %(project_name)s %(user_name)s%(color)s] %(instance)s%(color)s%(message)s {{(pid=95998) log_opt_values /opt/stack/data/venv/lib/python3.12/site-packages/oslo_config/cfg.py:3549}}
