Jun 16 07:28:48.420037 np0000002924 devstack@g-api.service[98888]: DEBUG glance.common.config [None req-c5d3df40-a407-46ff-97b6-525dd2cb7591 None None] database.retry_interval = 10 {{(pid=98888) log_opt_values /opt/stack/data/venv/lib/python3.12/site-packages/oslo_config/cfg.py:3253}}
Jun 16 07:28:48.420098 np0000002924 devstack@g-api.service[98888]: DEBUG glance.common.config [None req-c5d3df40-a407-46ff-97b6-525dd2cb7591 None None] database.slave_connection = **** {{(pid=98888) log_opt_values /opt/stack/data/venv/lib/python3.12/site-packages/oslo_config/cfg.py:3253}}
Jun 16 07:28:48.420127 np0000002924 devstack@g-api.service[98889]: DEBUG glance.common.config [None req-9d591803-61bd-4f72-bbe8-6954351b846e None None] database.connection_parameters = {{(pid=98889) log_opt_values /opt/stack/data/venv/lib/python3.12/site-packages/oslo_config/cfg.py:3253}}
Jun 16 07:28:48.420187 np0000002924 devstack@g-api.service[98889]: DEBUG glance.common.config [None req-9d591803-61bd-4f72-bbe8-6954351b846e None None] database.connection_recycle_time = 3600 {{(pid=98889) log_opt_values /opt/stack/data/venv/lib/python3.12/site-packages/oslo_config/cfg.py:3253}}
Jun 16 07:28:48.420222 np0000002924 devstack@g-api.service[98888]: DEBUG glance.common.config [None req-c5d3df40-a407-46ff-97b6-525dd2cb7591 None None] database.sqlite_synchronous = True {{(pid=98888) log_opt_values /opt/stack/data/venv/lib/python3.12/site-packages/oslo_config/cfg.py:3253}}
Jun 16 07:28:48.420289 np0000002924 devstack@g-api.service[98889]: DEBUG glance.common.config [None req-9d591803-61bd-4f72-bbe8-6954351b846e None None] database.connection_trace = False {{(pid=98889) log_opt_values /opt/stack/data/venv/lib/python3.12/site-packages/oslo_config/cfg.py:3253}}
Jun 16 07:28:48.420317 np0000002924 devstack@g-api.service[98888]: DEBUG glance.common.config [None req-c5d3df40-a407-46ff-97b6-525dd2cb7591 None None] database.synchronous_reader = True {{(pid=98888) log_opt_values /opt/stack/data/venv/lib/python3.12/site-packages/oslo_config/cfg.py:3253}}
Jun 16 07:28:48.420343 np0000002924 devstack@g-api.service[98889]: DEBUG glance.common.config [None req-9d591803-61bd-4f72-bbe8-6954351b846e None None] database.db_inc_retry_interval = True {{(pid=98889) log_opt_values /opt/stack/data/venv/lib/python3.12/site-packages/oslo_config/cfg.py:3253}}
Jun 16 07:28:48.420374 np0000002924 devstack@g-api.service[98888]: DEBUG glance.common.config [None req-c5d3df40-a407-46ff-97b6-525dd2cb7591 None None] database.use_db_reconnect = False {{(pid=98888) log_opt_values /opt/stack/data/venv/lib/python3.12/site-packages/oslo_config/cfg.py:3253}}
Jun 16 07:28:48.420431 np0000002924 devstack@g-api.service[98889]: DEBUG glance.common.config [None req-9d591803-61bd-4f72-bbe8-6954351b846e None None] database.db_max_retries = 20 {{(pid=98889) log_opt_values /opt/stack/data/venv/lib/python3.12/site-packages/oslo_config/cfg.py:3253}}
Jun 16 07:28:48.420483 np0000002924 devstack@g-api.service[98888]: DEBUG glance.common.config [None req-c5d3df40-a407-46ff-97b6-525dd2cb7591 None None] healthcheck.allowed_source_ranges = [] {{(pid=98888) log_opt_values /opt/stack/data/venv/lib/python3.12/site-packages/oslo_config/cfg.py:3253}}
Jun 16 07:28:48.420534 np0000002924 devstack@g-api.service[98889]: DEBUG glance.common.config [None req-9d591803-61bd-4f72-bbe8-6954351b846e None None] database.db_max_retry_interval = 10 {{(pid=98889) log_opt_values /opt/stack/data/venv/lib/python3.12/site-packages/oslo_config/cfg.py:3253}}
Jun 16 07:28:48.420569 np0000002924 devstack@g-api.service[98888]: DEBUG glance.common.config [None req-c5d3df40-a407-46ff-97b6-525dd2cb7591 None None] healthcheck.backends = ['disable_by_file'] {{(pid=98888) log_opt_values /opt/stack/data/venv/lib/python3.12/site-packages/oslo_config/cfg.py:3253}}
Jun 16 07:28:48.420602 np0000002924 devstack@g-api.service[98889]: DEBUG glance.common.config [None req-9d591803-61bd-4f72-bbe8-6954351b846e None None] database.db_retry_interval = 1 {{(pid=98889) log_opt_values /opt/stack/data/venv/lib/python3.12/site-packages/oslo_config/cfg.py:3253}}
Jun 16 07:28:48.420657 np0000002924 devstack@g-api.service[98888]: DEBUG glance.common.config [None req-c5d3df40-a407-46ff-97b6-525dd2cb7591 None None] healthcheck.detailed = False {{(pid=98888) log_opt_values /opt/stack/data/venv/lib/python3.12/site-packages/oslo_config/cfg.py:3253}}
Jun 16 07:28:48.420688 np0000002924 devstack@g-api.service[98889]: DEBUG glance.common.config [None req-9d591803-61bd-4f72-bbe8-6954351b846e None None] database.max_overflow = 50 {{(pid=98889) log_opt_values /opt/stack/data/venv/lib/python3.12/site-packages/oslo_config/cfg.py:3253}}
Jun 16 07:28:48.420765 np0000002924 devstack@g-api.service[98888]: DEBUG glance.common.config [None req-c5d3df40-a407-46ff-97b6-525dd2cb7591 None None] healthcheck.disable_by_file_path = None {{(pid=98888) log_opt_values /opt/stack/data/venv/lib/python3.12/site-packages/oslo_config/cfg.py:3253}}
Jun 16 07:28:48.420794 np0000002924 devstack@g-api.service[98889]: DEBUG glance.common.config [None req-9d591803-61bd-4f72-bbe8-6954351b846e None None] database.max_pool_size = 5 {{(pid=98889) log_opt_values /opt/stack/data/venv/lib/python3.12/site-packages/oslo_config/cfg.py:3253}}
Jun 16 07:28:48.420862 np0000002924 devstack@g-api.service[98888]: DEBUG glance.common.config [None req-c5d3df40-a407-46ff-97b6-525dd2cb7591 None None] healthcheck.ignore_proxied_requests = False {{(pid=98888) log_opt_values /opt/stack/data/venv/lib/python3.12/site-packages/oslo_config/cfg.py:3253}}
Jun 16 07:28:48.420899 np0000002924 devstack@g-api.service[98889]: DEBUG glance.common.config [None req-9d591803-61bd-4f72-bbe8-6954351b846e None None] database.max_retries = 10 {{(pid=98889) log_opt_values /opt/stack/data/venv/lib/python3.12/site-packages/oslo_config/cfg.py:3253}}
Jun 16 07:28:48.420927 np0000002924 devstack@g-api.service[98888]: DEBUG glance.common.config [None req-c5d3df40-a407-46ff-97b6-525dd2cb7591 None None] ******************************************************************************** {{(pid=98888) log_opt_values /opt/stack/data/venv/lib/python3.12/site-packages/oslo_config/cfg.py:3260}}
Jun 16 07:28:48.420960 np0000002924 devstack@g-api.service[98889]: DEBUG glance.common.config [None req-9d591803-61bd-4f72-bbe8-6954351b846e None None] database.mysql_sql_mode = TRADITIONAL {{(pid=98889) log_opt_values /opt/stack/data/venv/lib/python3.12/site-packages/oslo_config/cfg.py:3253}}
Jun 16 07:28:48.421034 np0000002924 devstack@g-api.service[98889]: DEBUG glance.common.config [None req-9d591803-61bd-4f72-bbe8-6954351b846e None None] database.mysql_wsrep_sync_wait = None {{(pid=98889) log_opt_values /opt/stack/data/venv/lib/python3.12/site-packages/oslo_config/cfg.py:3253}}
Jun 16 07:28:48.421064 np0000002924 devstack@g-api.service[98888]: WSGI app 0 (mountpoint='') ready in 2 seconds on interpreter 0x74d701ea3668 pid: 98888 (default app)
Jun 16 07:28:48.421118 np0000002924 devstack@g-api.service[98889]: DEBUG glance.common.config [None req-9d591803-61bd-4f72-bbe8-6954351b846e None None] database.pool_timeout = None {{(pid=98889) log_opt_values /opt/stack/data/venv/lib/python3.12/site-packages/oslo_config/cfg.py:3253}}
Jun 16 07:28:48.421202 np0000002924 devstack@g-api.service[98889]: DEBUG glance.common.config [None req-9d591803-61bd-4f72-bbe8-6954351b846e None None] database.retry_interval = 10 {{(pid=98889) log_opt_values /opt/stack/data/venv/lib/python3.12/site-packages/oslo_config/cfg.py:3253}}
Jun 16 07:28:48.421285 np0000002924 devstack@g-api.service[98889]: DEBUG glance.common.config [None req-9d591803-61bd-4f72-bbe8-6954351b846e None None] database.slave_connection = **** {{(pid=98889) log_opt_values /opt/stack/data/venv/lib/python3.12/site-packages/oslo_config/cfg.py:3253}}
Jun 16 07:28:48.421368 np0000002924 devstack@g-api.service[98889]: DEBUG glance.common.config [None req-9d591803-61bd-4f72-bbe8-6954351b846e None None] database.sqlite_synchronous = True {{(pid=98889) log_opt_values /opt/stack/data/venv/lib/python3.12/site-packages/oslo_config/cfg.py:3253}}
Jun 16 07:28:48.421456 np0000002924 devstack@g-api.service[98889]: DEBUG glance.common.config [None req-9d591803-61bd-4f72-bbe8-6954351b846e None None] database.synchronous_reader = True {{(pid=98889) log_opt_values /opt/stack/data/venv/lib/python3.12/site-packages/oslo_config/cfg.py:3253}}
Jun 16 07:28:48.421538 np0000002924 devstack@g-api.service[98889]: DEBUG glance.common.config [None req-9d591803-61bd-4f72-bbe8-6954351b846e None None] database.use_db_reconnect = False {{(pid=98889) log_opt_values /opt/stack/data/venv/lib/python3.12/site-packages/oslo_config/cfg.py:3253}}
Jun 16 07:28:48.421575 np0000002924 devstack@g-api.service[98888]: DEBUG glance.api.middleware.version_negotiation [None req-c5d3df40-a407-46ff-97b6-525dd2cb7591 None None] Determining version of request: GET / Accept: */* {{(pid=98888) process_request /opt/stack/glance/glance/api/middleware/version_negotiation.py:44}}
Jun 16 07:28:48.421633 np0000002924 devstack@g-api.service[98889]: DEBUG glance.common.config [None req-9d591803-61bd-4f72-bbe8-6954351b846e None None] healthcheck.allowed_source_ranges = [] {{(pid=98889) log_opt_values /opt/stack/data/venv/lib/python3.12/site-packages/oslo_config/cfg.py:3253}}
Jun 16 07:28:48.421663 np0000002924 devstack@g-api.service[98888]: DEBUG glance.api.middleware.version_negotiation [None req-c5d3df40-a407-46ff-97b6-525dd2cb7591 None None] Using url versioning {{(pid=98888) process_request /opt/stack/glance/glance/api/middleware/version_negotiation.py:57}}
Jun 16 07:28:48.421752 np0000002924 devstack@g-api.service[98889]: DEBUG glance.common.config [None req-9d591803-61bd-4f72-bbe8-6954351b846e None None] healthcheck.backends = ['disable_by_file'] {{(pid=98889) log_opt_values /opt/stack/data/venv/lib/python3.12/site-packages/oslo_config/cfg.py:3253}}
Jun 16 07:28:48.421860 np0000002924 devstack@g-api.service[98889]: DEBUG glance.common.config [None req-9d591803-61bd-4f72-bbe8-6954351b846e None None] healthcheck.detailed = False {{(pid=98889) log_opt_values /opt/stack/data/venv/lib/python3.12/site-packages/oslo_config/cfg.py:3253}}
Jun 16 07:28:48.421890 np0000002924 devstack@g-api.service[98888]: DEBUG glance.api.middleware.version_negotiation [None req-c5d3df40-a407-46ff-97b6-525dd2cb7591 None None] Unknown version. Returning version choices. {{(pid=98888) process_request /opt/stack/glance/glance/api/middleware/version_negotiation.py:64}}
Jun 16 07:28:48.421947 np0000002924 devstack@g-api.service[98889]: DEBUG glance.common.config [None req-9d591803-61bd-4f72-bbe8-6954351b846e None None] healthcheck.disable_by_file_path = None {{(pid=98889) log_opt_values /opt/stack/data/venv/lib/python3.12/site-packages/oslo_config/cfg.py:3253}}
Jun 16 07:28:48.422035 np0000002924 devstack@g-api.service[98889]: DEBUG glance.common.config [None req-9d591803-61bd-4f72-bbe8-6954351b846e None None] healthcheck.ignore_proxied_requests = False {{(pid=98889) log_opt_values /opt/stack/data/venv/lib/python3.12/site-packages/oslo_config/cfg.py:3253}}
Jun 16 07:28:48.422101 np0000002924 devstack@g-api.service[98889]: DEBUG glance.common.config [None req-9d591803-61bd-4f72-bbe8-6954351b846e None None] ******************************************************************************** {{(pid=98889) log_opt_values /opt/stack/data/venv/lib/python3.12/site-packages/oslo_config/cfg.py:3260}}
Jun 16 07:28:48.422210 np0000002924 devstack@g-api.service[98889]: WSGI app 0 (mountpoint='') ready in 2 seconds on interpreter 0x74d701ea3668 pid: 98889 (default app)
Jun 16 07:28:48.422570 np0000002924 devstack@g-api.service[98888]: [pid: 98888|app: 0|req: 1/1] 127.0.0.1 () {34 vars in 455 bytes} [Tue Jun 16 07:28:48 2026] GET / => generated 1407 bytes in 1 msecs (HTTP/1.1 300) 3 headers in 106 bytes (1 switches on core 0)
Jun 16 07:28:50.537922 np0000002924 devstack@g-api.service[98889]: DEBUG glance.api.middleware.version_negotiation [None req-9d591803-61bd-4f72-bbe8-6954351b846e None None] Determining version of request: GET / Accept: application/json {{(pid=98889) process_request /opt/stack/glance/glance/api/middleware/version_negotiation.py:44}}
Jun 16 07:28:50.538250 np0000002924 devstack@g-api.service[98889]: DEBUG glance.api.middleware.version_negotiation [None req-9d591803-61bd-4f72-bbe8-6954351b846e None None] Using url versioning {{(pid=98889) process_request /opt/stack/glance/glance/api/middleware/version_negotiation.py:57}}
Jun 16 07:28:50.538250 np0000002924 devstack@g-api.service[98889]: DEBUG glance.api.middleware.version_negotiation [None req-9d591803-61bd-4f72-bbe8-6954351b846e None None] Unknown version. Returning version choices. {{(pid=98889) process_request /opt/stack/glance/glance/api/middleware/version_negotiation.py:64}}
Jun 16 07:28:50.539091 np0000002924 devstack@g-api.service[98889]: [pid: 98889|app: 0|req: 1/2] 127.0.0.1 () {36 vars in 573 bytes} [Tue Jun 16 07:28:50 2026] GET / => generated 1407 bytes in 1 msecs (HTTP/1.1 300) 3 headers in 106 bytes (1 switches on core 0)
Jun 16 07:28:50.549601 np0000002924 devstack@g-api.service[98888]: DEBUG glance.api.middleware.version_negotiation [None req-c5d3df40-a407-46ff-97b6-525dd2cb7591 None None] Determining version of request: POST /v2/images Accept: */* {{(pid=98888) process_request /opt/stack/glance/glance/api/middleware/version_negotiation.py:44}}
Jun 16 07:28:50.549982 np0000002924 devstack@g-api.service[98888]: DEBUG glance.api.middleware.version_negotiation [None req-c5d3df40-a407-46ff-97b6-525dd2cb7591 None None] Using url versioning {{(pid=98888) process_request /opt/stack/glance/glance/api/middleware/version_negotiation.py:57}}
Jun 16 07:28:50.550233 np0000002924 devstack@g-api.service[98888]: DEBUG glance.api.middleware.version_negotiation [None req-c5d3df40-a407-46ff-97b6-525dd2cb7591 None None] Matched version: v2 {{(pid=98888) process_request /opt/stack/glance/glance/api/middleware/version_negotiation.py:69}}
Jun 16 07:28:50.550353 np0000002924 devstack@g-api.service[98888]: DEBUG glance.api.middleware.version_negotiation [None req-c5d3df40-a407-46ff-97b6-525dd2cb7591 None None] new path /v2/images {{(pid=98888) process_request /opt/stack/glance/glance/api/middleware/version_negotiation.py:70}}
Jun 16 07:28:51.498307 np0000002924 devstack@g-api.service[98888]: [pid: 98888|app: 0|req: 2/3] 127.0.0.1 () {42 vars in 836 bytes} [Tue Jun 16 07:28:50 2026] POST /v2/images => generated 807 bytes in 949 msecs (HTTP/1.1 201) 6 headers in 315 bytes (1 switches on core 0)
Jun 16 07:28:51.507950 np0000002924 devstack@g-api.service[98889]: DEBUG glance.api.middleware.version_negotiation [None req-9d591803-61bd-4f72-bbe8-6954351b846e None None] Determining version of request: PUT /v2/images/5e8e5b46-658c-4db2-82e7-5a2c4395c2bf/stage Accept: {{(pid=98889) process_request /opt/stack/glance/glance/api/middleware/version_negotiation.py:44}}
Jun 16 07:28:51.508116 np0000002924 devstack@g-api.service[98889]: DEBUG glance.api.middleware.version_negotiation [None req-9d591803-61bd-4f72-bbe8-6954351b846e None None] Using url versioning {{(pid=98889) process_request /opt/stack/glance/glance/api/middleware/version_negotiation.py:57}}
Jun 16 07:28:51.508519 np0000002924 devstack@g-api.service[98889]: DEBUG glance.api.middleware.version_negotiation [None req-9d591803-61bd-4f72-bbe8-6954351b846e None None] Matched version: v2 {{(pid=98889) process_request /opt/stack/glance/glance/api/middleware/version_negotiation.py:69}}
Jun 16 07:28:51.508658 np0000002924 devstack@g-api.service[98889]: DEBUG glance.api.middleware.version_negotiation [None req-9d591803-61bd-4f72-bbe8-6954351b846e None None] new path /v2/images/5e8e5b46-658c-4db2-82e7-5a2c4395c2bf/stage {{(pid=98889) process_request /opt/stack/glance/glance/api/middleware/version_negotiation.py:70}}
Jun 16 07:28:52.153508 np0000002924 devstack@g-api.service[98889]: DEBUG glance_store.backend [None req-86c1304a-0aba-426a-be00-ca050cd0b680 admin admin] Attempting to import store cinder {{(pid=98889) _load_store /opt/stack/data/venv/lib/python3.12/site-packages/glance_store/backend.py:215}}
Jun 16 07:28:52.154014 np0000002924 devstack@g-api.service[98889]: DEBUG glance_store.backend [None req-86c1304a-0aba-426a-be00-ca050cd0b680 admin admin] Attempting to import store file {{(pid=98889) _load_store /opt/stack/data/venv/lib/python3.12/site-packages/glance_store/backend.py:215}}
Jun 16 07:28:52.154014 np0000002924 devstack@g-api.service[98889]: DEBUG glance_store.backend [None req-86c1304a-0aba-426a-be00-ca050cd0b680 admin admin] Attempting to import store glance.store.cinder.Store {{(pid=98889) _load_store /opt/stack/data/venv/lib/python3.12/site-packages/glance_store/backend.py:215}}
Jun 16 07:28:52.154014 np0000002924 devstack@g-api.service[98889]: DEBUG glance_store.backend [None req-86c1304a-0aba-426a-be00-ca050cd0b680 admin admin] Attempting to import store glance.store.filesystem.Store {{(pid=98889) _load_store /opt/stack/data/venv/lib/python3.12/site-packages/glance_store/backend.py:215}}
Jun 16 07:28:52.154014 np0000002924 devstack@g-api.service[98889]: DEBUG glance_store.backend [None req-86c1304a-0aba-426a-be00-ca050cd0b680 admin admin] Attempting to import store glance.store.http.Store {{(pid=98889) _load_store /opt/stack/data/venv/lib/python3.12/site-packages/glance_store/backend.py:215}}
Jun 16 07:28:52.154189 np0000002924 devstack@g-api.service[98889]: DEBUG glance_store.backend [None req-86c1304a-0aba-426a-be00-ca050cd0b680 admin admin] Attempting to import store glance.store.rbd.Store {{(pid=98889) _load_store /opt/stack/data/venv/lib/python3.12/site-packages/glance_store/backend.py:215}}
Jun 16 07:28:52.154189 np0000002924 devstack@g-api.service[98889]: DEBUG glance_store.backend [None req-86c1304a-0aba-426a-be00-ca050cd0b680 admin admin] Attempting to import store glance.store.s3.Store {{(pid=98889) _load_store /opt/stack/data/venv/lib/python3.12/site-packages/glance_store/backend.py:215}}
Jun 16 07:28:52.154297 np0000002924 devstack@g-api.service[98889]: DEBUG glance_store.backend [None req-86c1304a-0aba-426a-be00-ca050cd0b680 admin admin] Attempting to import store glance.store.swift.Store {{(pid=98889) _load_store /opt/stack/data/venv/lib/python3.12/site-packages/glance_store/backend.py:215}}
Jun 16 07:28:52.154388 np0000002924 devstack@g-api.service[98889]: DEBUG glance_store.backend [None req-86c1304a-0aba-426a-be00-ca050cd0b680 admin admin] Attempting to import store glance.store.vmware_datastore.Store {{(pid=98889) _load_store /opt/stack/data/venv/lib/python3.12/site-packages/glance_store/backend.py:215}}
Jun 16 07:28:52.154478 np0000002924 devstack@g-api.service[98889]: DEBUG glance_store.backend [None req-86c1304a-0aba-426a-be00-ca050cd0b680 admin admin] Attempting to import store http {{(pid=98889) _load_store /opt/stack/data/venv/lib/python3.12/site-packages/glance_store/backend.py:215}}
Jun 16 07:28:52.154559 np0000002924 devstack@g-api.service[98889]: DEBUG glance_store.backend [None req-86c1304a-0aba-426a-be00-ca050cd0b680 admin admin] Attempting to import store no_conf {{(pid=98889) _load_store /opt/stack/data/venv/lib/python3.12/site-packages/glance_store/backend.py:215}}
Jun 16 07:28:52.154645 np0000002924 devstack@g-api.service[98889]: DEBUG glance_store.backend [None req-86c1304a-0aba-426a-be00-ca050cd0b680 admin admin] Attempting to import store rbd {{(pid=98889) _load_store /opt/stack/data/venv/lib/python3.12/site-packages/glance_store/backend.py:215}}
Jun 16 07:28:52.154802 np0000002924 devstack@g-api.service[98889]: DEBUG glance_store.backend [None req-86c1304a-0aba-426a-be00-ca050cd0b680 admin admin] Attempting to import store s3 {{(pid=98889) _load_store /opt/stack/data/venv/lib/python3.12/site-packages/glance_store/backend.py:215}}
Jun 16 07:28:52.154894 np0000002924 devstack@g-api.service[98889]: DEBUG glance_store.backend [None req-86c1304a-0aba-426a-be00-ca050cd0b680 admin admin] Attempting to import store swift {{(pid=98889) _load_store /opt/stack/data/venv/lib/python3.12/site-packages/glance_store/backend.py:215}}
Jun 16 07:28:52.154981 np0000002924 devstack@g-api.service[98889]: DEBUG glance_store.backend [None req-86c1304a-0aba-426a-be00-ca050cd0b680 admin admin] Attempting to import store vmware {{(pid=98889) _load_store /opt/stack/data/venv/lib/python3.12/site-packages/glance_store/backend.py:215}}
Jun 16 07:28:52.155069 np0000002924 devstack@g-api.service[98889]: DEBUG glance_store.backend [None req-86c1304a-0aba-426a-be00-ca050cd0b680 admin admin] Registering options for group glance_store {{(pid=98889) register_opts /opt/stack/data/venv/lib/python3.12/site-packages/glance_store/backend.py:144}}
Jun 16 07:28:52.155198 np0000002924 devstack@g-api.service[98889]: DEBUG glance_store.backend [None req-86c1304a-0aba-426a-be00-ca050cd0b680 admin admin] Registering options for group glance_store {{(pid=98889) register_opts /opt/stack/data/venv/lib/python3.12/site-packages/glance_store/backend.py:144}}
Jun 16 07:28:52.155554 np0000002924 devstack@g-api.service[98889]: DEBUG glance_store.backend [None req-86c1304a-0aba-426a-be00-ca050cd0b680 admin admin] Attempting to import store file {{(pid=98889) _load_store /opt/stack/data/venv/lib/python3.12/site-packages/glance_store/backend.py:215}}
Jun 16 07:28:52.155979 np0000002924 devstack@g-api.service[98889]: INFO glance_store._drivers.filesystem [None req-86c1304a-0aba-426a-be00-ca050cd0b680 admin admin] Directory to write image files does not exist (/tmp/staging/). Creating.
Jun 16 07:28:52.156212 np0000002924 devstack@g-api.service[98889]: DEBUG glance_store.capabilities [None req-86c1304a-0aba-426a-be00-ca050cd0b680 admin admin] Store glance_store._drivers.filesystem.Store doesn't support updating dynamic storage capabilities. Please overwrite 'update_capabilities' method of the store to implement updating logics if needed. {{(pid=98889) update_capabilities /opt/stack/data/venv/lib/python3.12/site-packages/glance_store/capabilities.py:91}}
Jun 16 07:28:53.406458 np0000002924 devstack@g-api.service[98889]: DEBUG glance_store._drivers.filesystem [None req-86c1304a-0aba-426a-be00-ca050cd0b680 admin admin] Wrote 21430272 bytes to /tmp/staging/5e8e5b46-658c-4db2-82e7-5a2c4395c2bf with checksum c8fc807773e5354afe61636071771906 and multihash c8fc807773e5354afe61636071771906 {{(pid=98889) add /opt/stack/data/venv/lib/python3.12/site-packages/glance_store/_drivers/filesystem.py:899}}
Jun 16 07:28:53.429205 np0000002924 devstack@g-api.service[98889]: [pid: 98889|app: 0|req: 2/4] 127.0.0.1 () {42 vars in 931 bytes} [Tue Jun 16 07:28:51 2026] PUT /v2/images/5e8e5b46-658c-4db2-82e7-5a2c4395c2bf/stage => generated 0 bytes in 1921 msecs (HTTP/1.1 204) 4 headers in 171 bytes (8 switches on core 0)
Jun 16 07:28:53.442371 np0000002924 devstack@g-api.service[98888]: DEBUG glance.api.middleware.version_negotiation [None req-6d6e27f0-df8c-4782-aea0-e21a71be152c admin admin] Determining version of request: POST /v2/images/5e8e5b46-658c-4db2-82e7-5a2c4395c2bf/import Accept: */* {{(pid=98888) process_request /opt/stack/glance/glance/api/middleware/version_negotiation.py:44}}
Jun 16 07:28:53.442786 np0000002924 devstack@g-api.service[98888]: DEBUG glance.api.middleware.version_negotiation [None req-6d6e27f0-df8c-4782-aea0-e21a71be152c admin admin] Using url versioning {{(pid=98888) process_request /opt/stack/glance/glance/api/middleware/version_negotiation.py:57}}
Jun 16 07:28:53.442786 np0000002924 devstack@g-api.service[98888]: DEBUG glance.api.middleware.version_negotiation [None req-6d6e27f0-df8c-4782-aea0-e21a71be152c admin admin] Matched version: v2 {{(pid=98888) process_request /opt/stack/glance/glance/api/middleware/version_negotiation.py:69}}
Jun 16 07:28:53.442885 np0000002924 devstack@g-api.service[98888]: DEBUG glance.api.middleware.version_negotiation [None req-6d6e27f0-df8c-4782-aea0-e21a71be152c admin admin] new path /v2/images/5e8e5b46-658c-4db2-82e7-5a2c4395c2bf/import {{(pid=98888) process_request /opt/stack/glance/glance/api/middleware/version_negotiation.py:70}}
Jun 16 07:28:53.957727 np0000002924 devstack@g-api.service[98888]: DEBUG glance.domain [None req-e1f99c42-108b-4b7c-a432-ae7900146142 admin admin] Loading taskflow executor {{(pid=98888) new_task_executor /opt/stack/glance/glance/domain/__init__.py:530}}
Jun 16 07:28:54.144056 np0000002924 devstack@g-api.service[98888]: DEBUG oslo_concurrency.lockutils [None req-e1f99c42-108b-4b7c-a432-ae7900146142 admin admin] Acquiring lock "tasks_pool" by "glance.api.common.memoize..memoizer_wrapper..memoizer" {{(pid=98888) inner /opt/stack/data/venv/lib/python3.12/site-packages/oslo_concurrency/lockutils.py:511}}
Jun 16 07:28:54.144229 np0000002924 devstack@g-api.service[98888]: DEBUG oslo_concurrency.lockutils [None req-e1f99c42-108b-4b7c-a432-ae7900146142 admin admin] Lock "tasks_pool" acquired by "glance.api.common.memoize..memoizer_wrapper..memoizer" :: waited 0.000s {{(pid=98888) inner /opt/stack/data/venv/lib/python3.12/site-packages/oslo_concurrency/lockutils.py:524}}
Jun 16 07:28:54.144628 np0000002924 devstack@g-api.service[98888]: DEBUG glance.api.common [None req-e1f99c42-108b-4b7c-a432-ae7900146142 admin admin] Initializing named threadpool 'tasks_pool' {{(pid=98888) _get_thread_pool /opt/stack/glance/glance/api/common.py:242}}
Jun 16 07:28:54.144766 np0000002924 devstack@g-api.service[98888]: DEBUG glance.async_ [None req-e1f99c42-108b-4b7c-a432-ae7900146142 admin admin] Creating threadpool model 'ThreadPoolExecutor' with size 16 {{(pid=98888) __init__ /opt/stack/glance/glance/async_/__init__.py:100}}
Jun 16 07:28:54.144927 np0000002924 devstack@g-api.service[98888]: DEBUG oslo_concurrency.lockutils [None req-e1f99c42-108b-4b7c-a432-ae7900146142 admin admin] Lock "tasks_pool" "released" by "glance.api.common.memoize..memoizer_wrapper..memoizer" :: held 0.001s {{(pid=98888) inner /opt/stack/data/venv/lib/python3.12/site-packages/oslo_concurrency/lockutils.py:543}}
Jun 16 07:28:54.145028 np0000002924 devstack@g-api.service[98888]: DEBUG glance.async_ [None req-e1f99c42-108b-4b7c-a432-ae7900146142 admin admin] Spawning with ThreadPoolExecutor: >((,), {}) {{(pid=98888) spawn /opt/stack/glance/glance/async_/__init__.py:106}}
Jun 16 07:28:54.146608 np0000002924 devstack@g-api.service[98888]: [pid: 98888|app: 0|req: 3/5] 127.0.0.1 () {42 vars in 923 bytes} [Tue Jun 16 07:28:53 2026] POST /v2/images/5e8e5b46-658c-4db2-82e7-5a2c4395c2bf/import => generated 0 bytes in 704 msecs (HTTP/1.1 202) 4 headers in 169 bytes (1 switches on core 0)
Jun 16 07:28:54.149072 np0000002924 devstack@g-api.service[98888]: INFO glance.domain [-] Task [d8424deb-4c6b-44cf-bba7-0ea2da732a1c] status changing from pending to processing
Jun 16 07:28:54.157435 np0000002924 devstack@g-api.service[98889]: DEBUG glance.api.middleware.version_negotiation [None req-86c1304a-0aba-426a-be00-ca050cd0b680 admin admin] Determining version of request: GET /v2/images/5e8e5b46-658c-4db2-82e7-5a2c4395c2bf Accept: */* {{(pid=98889) process_request /opt/stack/glance/glance/api/middleware/version_negotiation.py:44}}
Jun 16 07:28:54.157554 np0000002924 devstack@g-api.service[98889]: DEBUG glance.api.middleware.version_negotiation [None req-86c1304a-0aba-426a-be00-ca050cd0b680 admin admin] Using url versioning {{(pid=98889) process_request /opt/stack/glance/glance/api/middleware/version_negotiation.py:57}}
Jun 16 07:28:54.157715 np0000002924 devstack@g-api.service[98889]: DEBUG glance.api.middleware.version_negotiation [None req-86c1304a-0aba-426a-be00-ca050cd0b680 admin admin] Matched version: v2 {{(pid=98889) process_request /opt/stack/glance/glance/api/middleware/version_negotiation.py:69}}
Jun 16 07:28:54.157842 np0000002924 devstack@g-api.service[98889]: DEBUG glance.api.middleware.version_negotiation [None req-86c1304a-0aba-426a-be00-ca050cd0b680 admin admin] new path /v2/images/5e8e5b46-658c-4db2-82e7-5a2c4395c2bf {{(pid=98889) process_request /opt/stack/glance/glance/api/middleware/version_negotiation.py:70}}
Jun 16 07:28:54.160061 np0000002924 devstack@g-api.service[98888]: DEBUG glance.async_.taskflow_executor [-] Taskflow executor picked up the execution of task ID d8424deb-4c6b-44cf-bba7-0ea2da732a1c of task type api_image_import {{(pid=98888) _run /opt/stack/glance/glance/async_/taskflow_executor.py:163}}
Jun 16 07:28:54.167344 np0000002924 devstack@g-api.service[98889]: [pid: 98889|app: 0|req: 3/6] 127.0.0.1 () {38 vars in 856 bytes} [Tue Jun 16 07:28:54 2026] GET /v2/images/5e8e5b46-658c-4db2-82e7-5a2c4395c2bf => generated 879 bytes in 10 msecs (HTTP/1.1 200) 4 headers in 157 bytes (1 switches on core 0)
Jun 16 07:28:54.176850 np0000002924 devstack@g-api.service[98888]: DEBUG glance_store.backend [-] Attempting to import store cinder {{(pid=98888) _load_store /opt/stack/data/venv/lib/python3.12/site-packages/glance_store/backend.py:215}}
Jun 16 07:28:54.176994 np0000002924 devstack@g-api.service[98888]: DEBUG glance_store.backend [-] Attempting to import store file {{(pid=98888) _load_store /opt/stack/data/venv/lib/python3.12/site-packages/glance_store/backend.py:215}}
Jun 16 07:28:54.177034 np0000002924 devstack@g-api.service[98888]: DEBUG glance_store.backend [-] Attempting to import store glance.store.cinder.Store {{(pid=98888) _load_store /opt/stack/data/venv/lib/python3.12/site-packages/glance_store/backend.py:215}}
Jun 16 07:28:54.177118 np0000002924 devstack@g-api.service[98888]: DEBUG glance_store.backend [-] Attempting to import store glance.store.filesystem.Store {{(pid=98888) _load_store /opt/stack/data/venv/lib/python3.12/site-packages/glance_store/backend.py:215}}
Jun 16 07:28:54.177205 np0000002924 devstack@g-api.service[98888]: DEBUG glance_store.backend [-] Attempting to import store glance.store.http.Store {{(pid=98888) _load_store /opt/stack/data/venv/lib/python3.12/site-packages/glance_store/backend.py:215}}
Jun 16 07:28:54.177275 np0000002924 devstack@g-api.service[98888]: DEBUG glance_store.backend [-] Attempting to import store glance.store.rbd.Store {{(pid=98888) _load_store /opt/stack/data/venv/lib/python3.12/site-packages/glance_store/backend.py:215}}
Jun 16 07:28:54.177358 np0000002924 devstack@g-api.service[98888]: DEBUG glance_store.backend [-] Attempting to import store glance.store.s3.Store {{(pid=98888) _load_store /opt/stack/data/venv/lib/python3.12/site-packages/glance_store/backend.py:215}}
Jun 16 07:28:54.177390 np0000002924 devstack@g-api.service[98888]: DEBUG glance_store.backend [-] Attempting to import store glance.store.swift.Store {{(pid=98888) _load_store /opt/stack/data/venv/lib/python3.12/site-packages/glance_store/backend.py:215}}
Jun 16 07:28:54.177450 np0000002924 devstack@g-api.service[98888]: DEBUG glance_store.backend [-] Attempting to import store glance.store.vmware_datastore.Store {{(pid=98888) _load_store /opt/stack/data/venv/lib/python3.12/site-packages/glance_store/backend.py:215}}
Jun 16 07:28:54.177527 np0000002924 devstack@g-api.service[98888]: DEBUG glance_store.backend [-] Attempting to import store http {{(pid=98888) _load_store /opt/stack/data/venv/lib/python3.12/site-packages/glance_store/backend.py:215}}
Jun 16 07:28:54.177581 np0000002924 devstack@g-api.service[98888]: DEBUG glance_store.backend [-] Attempting to import store no_conf {{(pid=98888) _load_store /opt/stack/data/venv/lib/python3.12/site-packages/glance_store/backend.py:215}}
Jun 16 07:28:54.177690 np0000002924 devstack@g-api.service[98888]: DEBUG glance_store.backend [-] Attempting to import store rbd {{(pid=98888) _load_store /opt/stack/data/venv/lib/python3.12/site-packages/glance_store/backend.py:215}}
Jun 16 07:28:54.177762 np0000002924 devstack@g-api.service[98888]: DEBUG glance_store.backend [-] Attempting to import store s3 {{(pid=98888) _load_store /opt/stack/data/venv/lib/python3.12/site-packages/glance_store/backend.py:215}}
Jun 16 07:28:54.177839 np0000002924 devstack@g-api.service[98888]: DEBUG glance_store.backend [-] Attempting to import store swift {{(pid=98888) _load_store /opt/stack/data/venv/lib/python3.12/site-packages/glance_store/backend.py:215}}
Jun 16 07:28:54.178064 np0000002924 devstack@g-api.service[98888]: DEBUG glance_store.backend [-] Attempting to import store vmware {{(pid=98888) _load_store /opt/stack/data/venv/lib/python3.12/site-packages/glance_store/backend.py:215}}
Jun 16 07:28:54.178064 np0000002924 devstack@g-api.service[98888]: DEBUG glance_store.backend [-] Registering options for group glance_store {{(pid=98888) register_opts /opt/stack/data/venv/lib/python3.12/site-packages/glance_store/backend.py:144}}
Jun 16 07:28:54.178064 np0000002924 devstack@g-api.service[98888]: DEBUG glance_store.backend [-] Registering options for group glance_store {{(pid=98888) register_opts /opt/stack/data/venv/lib/python3.12/site-packages/glance_store/backend.py:144}}
Jun 16 07:28:54.178293 np0000002924 devstack@g-api.service[98888]: DEBUG glance_store.backend [-] Attempting to import store file {{(pid=98888) _load_store /opt/stack/data/venv/lib/python3.12/site-packages/glance_store/backend.py:215}}
Jun 16 07:28:54.178600 np0000002924 devstack@g-api.service[98888]: DEBUG glance_store.capabilities [-] Store glance_store._drivers.filesystem.Store doesn't support updating dynamic storage capabilities. Please overwrite 'update_capabilities' method of the store to implement updating logics if needed. {{(pid=98888) update_capabilities /opt/stack/data/venv/lib/python3.12/site-packages/glance_store/capabilities.py:91}}
Jun 16 07:28:54.184697 np0000002924 devstack@g-api.service[98888]: DEBUG glance.async_.flows.api_image_import [-] Image 5e8e5b46-658c-4db2-82e7-5a2c4395c2bf os_glance_importing_to_stores= {{(pid=98888) merge_store_list /opt/stack/glance/glance/async_/flows/api_image_import.py:277}}
Jun 16 07:28:54.184847 np0000002924 devstack@g-api.service[98888]: DEBUG glance.async_.flows.api_image_import [-] Image 5e8e5b46-658c-4db2-82e7-5a2c4395c2bf os_glance_failed_import= {{(pid=98888) merge_store_list /opt/stack/glance/glance/async_/flows/api_image_import.py:277}}
Jun 16 07:28:54.188678 np0000002924 devstack@g-api.service[98888]: DEBUG glance.async_.flows.api_image_import [-] Image 5e8e5b46-658c-4db2-82e7-5a2c4395c2bf status changing from uploading to importing {{(pid=98888) __exit__ /opt/stack/glance/glance/async_/flows/api_image_import.py:166}}
Jun 16 07:28:54.697928 np0000002924 devstack@g-api.service[98888]: DEBUG glance.async_ [-] Creating threadpool model 'ThreadPoolExecutor' with size 10 {{(pid=98888) __init__ /opt/stack/glance/glance/async_/__init__.py:100}}
Jun 16 07:28:54.718121 np0000002924 devstack@g-api.service[98888]: DEBUG glance.async_.taskflow_executor [-] Flow 'api_image_import' (6ab46f70-eb98-4450-9e1e-28cf3ccf528a) transitioned into state 'RUNNING' from state 'PENDING' {{(pid=98888) _flow_receiver /opt/stack/data/venv/lib/python3.12/site-packages/taskflow/listeners/logging.py:160}}
Jun 16 07:28:54.720232 np0000002924 devstack@g-api.service[98888]: DEBUG glance.async_.taskflow_executor [-] Task 'api_image_import-ImageLock-d8424deb-4c6b-44cf-bba7-0ea2da732a1c' (e386e03a-3592-441d-975e-36dde867ef31) transitioned into state 'RUNNING' from state 'PENDING' {{(pid=98888) _task_receiver /opt/stack/data/venv/lib/python3.12/site-packages/taskflow/listeners/logging.py:242}}
Jun 16 07:28:54.726136 np0000002924 devstack@g-api.service[98888]: DEBUG glance.async_.flows.api_image_import [-] Image 5e8e5b46-658c-4db2-82e7-5a2c4395c2bf import task d8424deb-4c6b-44cf-bba7-0ea2da732a1c lock confirmed {{(pid=98888) execute /opt/stack/glance/glance/async_/flows/api_image_import.py:477}}
Jun 16 07:28:54.727631 np0000002924 devstack@g-api.service[98888]: DEBUG glance.async_.taskflow_executor [-] Task 'api_image_import-ImageLock-d8424deb-4c6b-44cf-bba7-0ea2da732a1c' (e386e03a-3592-441d-975e-36dde867ef31) transitioned into state 'SUCCESS' from state 'RUNNING' with result 'None' {{(pid=98888) _task_receiver /opt/stack/data/venv/lib/python3.12/site-packages/taskflow/listeners/logging.py:218}}
Jun 16 07:28:54.728402 np0000002924 devstack@g-api.service[98888]: DEBUG glance.async_.taskflow_executor [-] Task 'api_image_import-ConfigureStaging-d8424deb-4c6b-44cf-bba7-0ea2da732a1c' (7bd58e2f-6ec4-47cf-aa19-7fff05e57416) transitioned into state 'RUNNING' from state 'PENDING' {{(pid=98888) _task_receiver /opt/stack/data/venv/lib/python3.12/site-packages/taskflow/listeners/logging.py:242}}
Jun 16 07:28:54.729993 np0000002924 devstack@g-api.service[98888]: DEBUG glance.async_.taskflow_executor [-] Task 'api_image_import-ConfigureStaging-d8424deb-4c6b-44cf-bba7-0ea2da732a1c' (7bd58e2f-6ec4-47cf-aa19-7fff05e57416) transitioned into state 'SUCCESS' from state 'RUNNING' with result 'file:///tmp/staging/5e8e5b46-658c-4db2-82e7-5a2c4395c2bf' {{(pid=98888) _task_receiver /opt/stack/data/venv/lib/python3.12/site-packages/taskflow/listeners/logging.py:218}}
Jun 16 07:28:54.730771 np0000002924 devstack@g-api.service[98888]: DEBUG glance.async_.taskflow_executor [-] Task 'api_image_import--ImportToStore-d8424deb-4c6b-44cf-bba7-0ea2da732a1c' (52e85206-9893-45bf-834c-69d0dd4978c6) transitioned into state 'RUNNING' from state 'PENDING' {{(pid=98888) _task_receiver /opt/stack/data/venv/lib/python3.12/site-packages/taskflow/listeners/logging.py:242}}
Jun 16 07:28:54.736499 np0000002924 devstack@g-api.service[98888]: INFO glance.common.scripts.image_import.main [-] Task d8424deb-4c6b-44cf-bba7-0ea2da732a1c: Got image data uri file:///tmp/staging/5e8e5b46-658c-4db2-82e7-5a2c4395c2bf to be imported
Jun 16 07:28:54.737836 np0000002924 devstack@g-api.service[98888]: DEBUG glance.location [-] Enabling in-flight format inspection for qcow2 {{(pid=98888) set_data /opt/stack/glance/glance/location.py:616}}
Jun 16 07:28:54.738158 np0000002924 devstack@g-api.service[98888]: DEBUG glance_store.backend [-] Attempting to import store swift {{(pid=98888) _load_store /opt/stack/data/venv/lib/python3.12/site-packages/glance_store/backend.py:215}}
Jun 16 07:28:54.739346 np0000002924 devstack@g-api.service[98888]: DEBUG glance_store.capabilities [-] Store glance_store._drivers.swift.store.SingleTenantStore doesn't support updating dynamic storage capabilities. Please overwrite 'update_capabilities' method of the store to implement updating logics if needed. {{(pid=98888) update_capabilities /opt/stack/data/venv/lib/python3.12/site-packages/glance_store/capabilities.py:91}}
Jun 16 07:28:54.739438 np0000002924 devstack@g-api.service[98888]: DEBUG glance_store.driver [-] Late loading location class glance_store._drivers.swift.store.StoreLocation {{(pid=98888) get_store_location_class /opt/stack/data/venv/lib/python3.12/site-packages/glance_store/driver.py:134}}
Jun 16 07:28:54.739486 np0000002924 devstack@g-api.service[98888]: DEBUG glance_store.location [-] Registering scheme swift+https with {'store': , 'location_class': , 'store_entry': 'swift'} {{(pid=98888) register_scheme_map /opt/stack/data/venv/lib/python3.12/site-packages/glance_store/location.py:146}}
Jun 16 07:28:54.739531 np0000002924 devstack@g-api.service[98888]: DEBUG glance_store.location [-] Registering scheme swift+https with {'store': , 'location_class': , 'store_entry': 'swift'} {{(pid=98888) register_scheme_map /opt/stack/data/venv/lib/python3.12/site-packages/glance_store/location.py:146}}
Jun 16 07:28:54.739572 np0000002924 devstack@g-api.service[98888]: DEBUG glance_store.location [-] Registering scheme swift with {'store': , 'location_class': , 'store_entry': 'swift'} {{(pid=98888) register_scheme_map /opt/stack/data/venv/lib/python3.12/site-packages/glance_store/location.py:146}}
Jun 16 07:28:54.739613 np0000002924 devstack@g-api.service[98888]: DEBUG glance_store.location [-] Registering scheme swift+https with {'store': , 'location_class': , 'store_entry': 'swift'} {{(pid=98888) register_scheme_map /opt/stack/data/venv/lib/python3.12/site-packages/glance_store/location.py:146}}
Jun 16 07:28:54.739653 np0000002924 devstack@g-api.service[98888]: DEBUG glance_store.location [-] Registering scheme swift with {'store': , 'location_class': , 'store_entry': 'swift'} {{(pid=98888) register_scheme_map /opt/stack/data/venv/lib/python3.12/site-packages/glance_store/location.py:146}}
Jun 16 07:28:54.739735 np0000002924 devstack@g-api.service[98888]: DEBUG glance_store.location [-] Registering scheme swift+http with {'store': , 'location_class': , 'store_entry': 'swift'} {{(pid=98888) register_scheme_map /opt/stack/data/venv/lib/python3.12/site-packages/glance_store/location.py:146}}
Jun 16 07:28:54.739819 np0000002924 devstack@g-api.service[98888]: DEBUG glance_store.location [-] Registering scheme swift+https with {'store': , 'location_class': , 'store_entry': 'swift'} {{(pid=98888) register_scheme_map /opt/stack/data/venv/lib/python3.12/site-packages/glance_store/location.py:146}}
Jun 16 07:28:54.739873 np0000002924 devstack@g-api.service[98888]: DEBUG glance_store.location [-] Registering scheme swift with {'store': , 'location_class': , 'store_entry': 'swift'} {{(pid=98888) register_scheme_map /opt/stack/data/venv/lib/python3.12/site-packages/glance_store/location.py:146}}
Jun 16 07:28:54.739921 np0000002924 devstack@g-api.service[98888]: DEBUG glance_store.location [-] Registering scheme swift+http with {'store': , 'location_class': , 'store_entry': 'swift'} {{(pid=98888) register_scheme_map /opt/stack/data/venv/lib/python3.12/site-packages/glance_store/location.py:146}}
Jun 16 07:28:54.739921 np0000002924 devstack@g-api.service[98888]: DEBUG glance_store.location [-] Registering scheme swift+config with {'store': , 'location_class': , 'store_entry': 'swift'} {{(pid=98888) register_scheme_map /opt/stack/data/venv/lib/python3.12/site-packages/glance_store/location.py:146}}
Jun 16 07:28:55.236325 np0000002924 devstack@g-api.service[98888]: INFO swiftclient [-] REQ: curl -i https://10.4.3.137:8080/v1/AUTH_9047e12bfb6d48ce88733ee5663462a4/glance -I -H "X-Auth-Token: gAAAAABqMPs2xhf-..."
Jun 16 07:28:55.236404 np0000002924 devstack@g-api.service[98888]: INFO swiftclient [-] RESP STATUS: 404 Not Found
Jun 16 07:28:55.236496 np0000002924 devstack@g-api.service[98888]: INFO swiftclient [-] RESP HEADERS: {'Date': 'Tue, 16 Jun 2026 07:28:55 GMT', 'Server': 'Apache/2.4.58 (Ubuntu)', 'Content-Type': 'text/html; charset=UTF-8', 'X-Trans-Id': 'tx06967c416ea14e4ab42c8-006a30fb36', 'X-Openstack-Request-Id': 'tx06967c416ea14e4ab42c8-006a30fb36', 'Connection': 'close'}
Jun 16 07:28:55.236734 np0000002924 devstack@g-api.service[98888]: INFO glance_store._drivers.swift.store [-] Creating swift container glance
Jun 16 07:28:55.290271 np0000002924 devstack@g-api.service[98888]: DEBUG swiftclient [-] REQ: curl -i https://10.4.3.137:8080/v1/AUTH_9047e12bfb6d48ce88733ee5663462a4/glance -X PUT -H "X-Auth-Token: gAAAAABqMPs2xhf-..." -H "Content-Length: 0" {{(pid=98888) http_log /opt/stack/data/venv/lib/python3.12/site-packages/swiftclient/client.py:160}}
Jun 16 07:28:55.290360 np0000002924 devstack@g-api.service[98888]: DEBUG swiftclient [-] RESP STATUS: 201 Created {{(pid=98888) http_log /opt/stack/data/venv/lib/python3.12/site-packages/swiftclient/client.py:161}}
Jun 16 07:28:55.290442 np0000002924 devstack@g-api.service[98888]: DEBUG swiftclient [-] RESP HEADERS: {'Date': 'Tue, 16 Jun 2026 07:28:55 GMT', 'Server': 'Apache/2.4.58 (Ubuntu)', 'Content-Type': 'text/html; charset=UTF-8', 'Content-Length': '0', 'X-Trans-Id': 'tx1902dbe8fec14235bc51c-006a30fb37', 'X-Openstack-Request-Id': 'tx1902dbe8fec14235bc51c-006a30fb37', 'Connection': 'close'} {{(pid=98888) http_log /opt/stack/data/venv/lib/python3.12/site-packages/swiftclient/client.py:162}}
Jun 16 07:28:55.290560 np0000002924 devstack@g-api.service[98888]: DEBUG glance_store._drivers.swift.store [-] Adding image object '5e8e5b46-658c-4db2-82e7-5a2c4395c2bf' to Swift {{(pid=98888) add /opt/stack/data/venv/lib/python3.12/site-packages/glance_store/_drivers/swift/store.py:970}}
Jun 16 07:28:55.298051 np0000002924 devstack@g-api.service[98888]: DEBUG oslo_utils.imageutils.format_inspector [-] Format inspector for vmdk does not match, excluding from consideration (Signature KDMV not found: b'QFI\xfb') {{(pid=98888) _process_chunk /opt/stack/data/venv/lib/python3.12/site-packages/oslo_utils/imageutils/format_inspector.py:1758}}
Jun 16 07:28:55.303831 np0000002924 devstack@g-api.service[98888]: DEBUG oslo_utils.imageutils.format_inspector [-] Format inspector for vhdx does not match, excluding from consideration (Region signature not found at 30000) {{(pid=98888) _process_chunk /opt/stack/data/venv/lib/python3.12/site-packages/oslo_utils/imageutils/format_inspector.py:1758}}
Jun 16 07:28:55.499506 np0000002924 devstack@g-api.service[98888]: DEBUG glance.api.middleware.version_negotiation [None req-e1f99c42-108b-4b7c-a432-ae7900146142 admin admin] Determining version of request: POST /v2/images Accept: */* {{(pid=98888) process_request /opt/stack/glance/glance/api/middleware/version_negotiation.py:44}}
Jun 16 07:28:55.499659 np0000002924 devstack@g-api.service[98888]: DEBUG glance.api.middleware.version_negotiation [None req-e1f99c42-108b-4b7c-a432-ae7900146142 admin admin] Using url versioning {{(pid=98888) process_request /opt/stack/glance/glance/api/middleware/version_negotiation.py:57}}
Jun 16 07:28:55.500101 np0000002924 devstack@g-api.service[98888]: DEBUG glance.api.middleware.version_negotiation [None req-e1f99c42-108b-4b7c-a432-ae7900146142 admin admin] Matched version: v2 {{(pid=98888) process_request /opt/stack/glance/glance/api/middleware/version_negotiation.py:69}}
Jun 16 07:28:55.500197 np0000002924 devstack@g-api.service[98888]: DEBUG glance.api.middleware.version_negotiation [None req-e1f99c42-108b-4b7c-a432-ae7900146142 admin admin] new path /v2/images {{(pid=98888) process_request /opt/stack/glance/glance/api/middleware/version_negotiation.py:70}}
Jun 16 07:28:55.648378 np0000002924 devstack@g-api.service[98888]: DEBUG swiftclient [-] REQ: curl -i https://10.4.3.137:8080/v1/AUTH_9047e12bfb6d48ce88733ee5663462a4/glance/5e8e5b46-658c-4db2-82e7-5a2c4395c2bf -X PUT -H "X-Auth-Token: gAAAAABqMPs2xhf-..." -H "Content-Length: 21430272" {{(pid=98888) http_log /opt/stack/data/venv/lib/python3.12/site-packages/swiftclient/client.py:160}}
Jun 16 07:28:55.648441 np0000002924 devstack@g-api.service[98888]: DEBUG swiftclient [-] RESP STATUS: 201 Created {{(pid=98888) http_log /opt/stack/data/venv/lib/python3.12/site-packages/swiftclient/client.py:161}}
Jun 16 07:28:55.648561 np0000002924 devstack@g-api.service[98888]: DEBUG swiftclient [-] RESP HEADERS: {'Date': 'Tue, 16 Jun 2026 07:28:55 GMT', 'Server': 'Apache/2.4.58 (Ubuntu)', 'Content-Type': 'text/html; charset=UTF-8', 'Content-Length': '0', 'Etag': 'c8fc807773e5354afe61636071771906', 'Last-Modified': 'Tue, 16 Jun 2026 07:28:56 GMT', 'X-Trans-Id': 'tx99c61815429d4f3bb8e15-006a30fb37', 'X-Openstack-Request-Id': 'tx99c61815429d4f3bb8e15-006a30fb37', 'Connection': 'close'} {{(pid=98888) http_log /opt/stack/data/venv/lib/python3.12/site-packages/swiftclient/client.py:162}}
Jun 16 07:28:55.661446 np0000002924 devstack@g-api.service[98888]: INFO glance.location [-] Image format matched and virtual size computed: 117440512
Jun 16 07:28:55.667739 np0000002924 devstack@g-api.service[98888]: DEBUG glance.async_.flows.api_image_import [-] Image 5e8e5b46-658c-4db2-82e7-5a2c4395c2bf status changing from importing to active {{(pid=98888) __exit__ /opt/stack/glance/glance/async_/flows/api_image_import.py:166}}
Jun 16 07:28:55.687580 np0000002924 devstack@g-api.service[98888]: DEBUG glance_store.backend [-] Attempting to import store swift {{(pid=98888) _load_store /opt/stack/data/venv/lib/python3.12/site-packages/glance_store/backend.py:215}}
Jun 16 07:28:55.688717 np0000002924 devstack@g-api.service[98888]: DEBUG glance_store.capabilities [-] Store glance_store._drivers.swift.store.SingleTenantStore doesn't support updating dynamic storage capabilities. Please overwrite 'update_capabilities' method of the store to implement updating logics if needed. {{(pid=98888) update_capabilities /opt/stack/data/venv/lib/python3.12/site-packages/glance_store/capabilities.py:91}}
Jun 16 07:28:55.688797 np0000002924 devstack@g-api.service[98888]: DEBUG glance_store.driver [-] Late loading location class glance_store._drivers.swift.store.StoreLocation {{(pid=98888) get_store_location_class /opt/stack/data/venv/lib/python3.12/site-packages/glance_store/driver.py:134}}
Jun 16 07:28:55.688895 np0000002924 devstack@g-api.service[98888]: DEBUG glance_store.location [-] Registering scheme swift+https with {'store': , 'location_class': , 'store_entry': 'swift'} {{(pid=98888) register_scheme_map /opt/stack/data/venv/lib/python3.12/site-packages/glance_store/location.py:146}}
Jun 16 07:28:55.688994 np0000002924 devstack@g-api.service[98888]: DEBUG glance_store.location [-] Registering scheme swift+https with {'store': , 'location_class': , 'store_entry': 'swift'} {{(pid=98888) register_scheme_map /opt/stack/data/venv/lib/python3.12/site-packages/glance_store/location.py:146}}
Jun 16 07:28:55.688994 np0000002924 devstack@g-api.service[98888]: DEBUG glance_store.location [-] Registering scheme swift with {'store': , 'location_class': , 'store_entry': 'swift'} {{(pid=98888) register_scheme_map /opt/stack/data/venv/lib/python3.12/site-packages/glance_store/location.py:146}}
Jun 16 07:28:55.689097 np0000002924 devstack@g-api.service[98888]: DEBUG glance_store.location [-] Registering scheme swift+https with {'store': , 'location_class': , 'store_entry': 'swift'} {{(pid=98888) register_scheme_map /opt/stack/data/venv/lib/python3.12/site-packages/glance_store/location.py:146}}
Jun 16 07:28:55.689097 np0000002924 devstack@g-api.service[98888]: DEBUG glance_store.location [-] Registering scheme swift with {'store': , 'location_class': , 'store_entry': 'swift'} {{(pid=98888) register_scheme_map /opt/stack/data/venv/lib/python3.12/site-packages/glance_store/location.py:146}}
