Jul 29 16:10:13.270907 np0000006098 devstack@c-api.service[97158]: INFO cinder.volume.api [None req-6a9d8a4c-fb72-46c5-8bb6-4625e170fb19 tempest-VolumesExtendAttachedTest-1480860876 tempest-VolumesExtendAttachedTest-1480860876-project-member] Availability Zones retrieved successfully.
Jul 29 16:10:13.277347 np0000006098 devstack@c-api.service[97158]: DEBUG cinder.volume.api [None req-6a9d8a4c-fb72-46c5-8bb6-4625e170fb19 tempest-VolumesExtendAttachedTest-1480860876 tempest-VolumesExtendAttachedTest-1480860876-project-member] Flow 'volume_create_api' (5b0f0bc5-b504-4275-8a23-c68a411f4af6) transitioned into state 'RUNNING' from state 'PENDING' {{(pid=97158) _flow_receiver /opt/stack/data/venv/lib/python3.12/site-packages/taskflow/listeners/logging.py:160}}
Jul 29 16:10:13.278366 np0000006098 devstack@c-api.service[97158]: DEBUG cinder.volume.api [None req-6a9d8a4c-fb72-46c5-8bb6-4625e170fb19 tempest-VolumesExtendAttachedTest-1480860876 tempest-VolumesExtendAttachedTest-1480860876-project-member] Task 'cinder.volume.flows.api.create_volume.ExtractVolumeRequestTask;volume:create' (034738e4-cf7a-4292-94d5-83362b370c34) transitioned into state 'RUNNING' from state 'PENDING' {{(pid=97158) _task_receiver /opt/stack/data/venv/lib/python3.12/site-packages/taskflow/listeners/logging.py:242}}
Jul 29 16:10:13.279309 np0000006098 devstack@c-api.service[97158]: DEBUG cinder.volume.flows.api.create_volume [None req-6a9d8a4c-fb72-46c5-8bb6-4625e170fb19 tempest-VolumesExtendAttachedTest-1480860876 tempest-VolumesExtendAttachedTest-1480860876-project-member] Validating volume size '1' using validate_int {{(pid=97158) _extract_size /opt/stack/cinder/cinder/volume/flows/api/create_volume.py:226}}
Jul 29 16:10:13.306136 np0000006098 devstack@c-api.service[97156]: DEBUG cinder.coordination [req-79722b3d-9f54-4fd1-b734-5b9f9a337baa req-740a8e3f-b991-4c35-8cb2-8abffd2008bd tempest-AttachVolumeShelveTestJSON-1320597935 tempest-AttachVolumeShelveTestJSON-1320597935-project-member] Lock "cinder-attachment_update-0bdb6ac0-2609-438e-8bdb-ae7b7fe73b9e-np0000006098" released by "attachment_update" :: held 0.117s {{(pid=97156) __release /opt/stack/cinder/cinder/coordination.py:152}}
Jul 29 16:10:13.306625 np0000006098 devstack@c-api.service[97156]: INFO cinder.api.openstack.wsgi [req-79722b3d-9f54-4fd1-b734-5b9f9a337baa req-740a8e3f-b991-4c35-8cb2-8abffd2008bd tempest-AttachVolumeShelveTestJSON-1320597935 tempest-AttachVolumeShelveTestJSON-1320597935-project-member] https://10.4.3.84/volume/v3/attachments/b803d7b3-bec0-4cda-ab1c-09cbb70e9d8a returned with HTTP 200
Jul 29 16:10:13.307962 np0000006098 devstack@c-api.service[97156]: [pid: 97156|app: 0|req: 131/415] 10.4.3.84 () {74 vars in 1698 bytes} [Wed Jul 29 16:10:13 2026] PUT /volume/v3/attachments/b803d7b3-bec0-4cda-ab1c-09cbb70e9d8a => generated 535 bytes in 141 msecs (HTTP/1.1 200) 7 headers in 286 bytes (1 switches on core 0)
Jul 29 16:10:13.308501 np0000006098 devstack@c-api.service[97158]: DEBUG cinder.volume.api [None req-6a9d8a4c-fb72-46c5-8bb6-4625e170fb19 tempest-VolumesExtendAttachedTest-1480860876 tempest-VolumesExtendAttachedTest-1480860876-project-member] Task 'cinder.volume.flows.api.create_volume.ExtractVolumeRequestTask;volume:create' (034738e4-cf7a-4292-94d5-83362b370c34) transitioned into state 'SUCCESS' from state 'RUNNING' with result '{'size': 1, 'snapshot_id': None, 'source_volid': None, 'volume_type': VolumeType(created_at=2026-07-29T16:06:53Z,deleted=False,deleted_at=None,description=None,extra_specs={volume_backend_name='storpool'},id=eb114d41-bb78-406c-bf7b-6a97238b385d,is_public=True,name='storpool',projects=[],qos_specs=,qos_specs_id=None,updated_at=None), 'volume_type_id': 'eb114d41-bb78-406c-bf7b-6a97238b385d', 'encryption_key_id': None, 'qos_specs': None, 'consistencygroup_id': None, 'cgsnapshot_id': None, 'group_id': None, 'replication_status': 'disabled', 'refresh_az': False, 'backup_id': None, 'multiattach': False, 'availability_zones': ['nova']}' {{(pid=97158) _task_receiver /opt/stack/data/venv/lib/python3.12/site-packages/taskflow/listeners/logging.py:218}}
Jul 29 16:10:13.309167 np0000006098 devstack@c-api.service[97158]: DEBUG cinder.volume.api [None req-6a9d8a4c-fb72-46c5-8bb6-4625e170fb19 tempest-VolumesExtendAttachedTest-1480860876 tempest-VolumesExtendAttachedTest-1480860876-project-member] Task 'cinder.volume.flows.api.create_volume.QuotaReserveTask;volume:create' (316d801e-bede-4eb4-afb9-a0c37739c89d) transitioned into state 'RUNNING' from state 'PENDING' {{(pid=97158) _task_receiver /opt/stack/data/venv/lib/python3.12/site-packages/taskflow/listeners/logging.py:242}}
Jul 29 16:10:13.339864 np0000006098 devstack@c-api.service[97157]: DEBUG cinder.api.middleware.request_id [req-79722b3d-9f54-4fd1-b734-5b9f9a337baa req-90bb9a5c-f57a-4c66-bbce-69368ffacb6b None None] RequestId filter calling following filter/app {{(pid=97157) _context_setter /opt/stack/cinder/cinder/api/middleware/request_id.py:62}}
Jul 29 16:10:13.342032 np0000006098 devstack@c-api.service[97157]: INFO cinder.api.openstack.wsgi [req-79722b3d-9f54-4fd1-b734-5b9f9a337baa req-90bb9a5c-f57a-4c66-bbce-69368ffacb6b tempest-AttachVolumeShelveTestJSON-1320597935 tempest-AttachVolumeShelveTestJSON-1320597935-project-member] POST https://10.4.3.84/volume/v3/attachments/b803d7b3-bec0-4cda-ab1c-09cbb70e9d8a/action
Jul 29 16:10:13.342425 np0000006098 devstack@c-api.service[97157]: DEBUG cinder.api.openstack.wsgi [req-79722b3d-9f54-4fd1-b734-5b9f9a337baa req-90bb9a5c-f57a-4c66-bbce-69368ffacb6b tempest-AttachVolumeShelveTestJSON-1320597935 tempest-AttachVolumeShelveTestJSON-1320597935-project-member] Action body: b'{"os-complete": null}' {{(pid=97157) get_method /opt/stack/cinder/cinder/api/openstack/wsgi.py:993}}
Jul 29 16:10:13.342628 np0000006098 devstack@c-api.service[97157]: DEBUG cinder.api.openstack.wsgi [req-79722b3d-9f54-4fd1-b734-5b9f9a337baa req-90bb9a5c-f57a-4c66-bbce-69368ffacb6b tempest-AttachVolumeShelveTestJSON-1320597935 tempest-AttachVolumeShelveTestJSON-1320597935-project-member] Action: 'action', calling method: complete, body: {"os-complete": null} {{(pid=97157) _process_stack /opt/stack/cinder/cinder/api/openstack/wsgi.py:876}}
Jul 29 16:10:13.367370 np0000006098 devstack@c-api.service[97157]: /opt/stack/data/venv/lib/python3.12/site-packages/oslo_context/context.py:102: DeprecationWarning: Policy enforcement is depending on the value of is_admin. This key is deprecated. Please update your policy file to use the standard policy values.
Jul 29 16:10:13.367370 np0000006098 devstack@c-api.service[97157]: warnings.warn(
Jul 29 16:10:13.385731 np0000006098 devstack@c-api.service[97158]: DEBUG cinder.quota [None req-6a9d8a4c-fb72-46c5-8bb6-4625e170fb19 tempest-VolumesExtendAttachedTest-1480860876 tempest-VolumesExtendAttachedTest-1480860876-project-member] Created reservations ['18b6c2bf-29db-4b90-8e87-46c19cae9d75', 'cd5003df-d89d-4ed6-90cc-0f7663891039', 'ee0ef0de-c61a-4b7e-9de8-fc6d27abde06', 'de513895-5923-47c4-9a2f-913b775a4b51'] {{(pid=97158) reserve /opt/stack/cinder/cinder/quota.py:752}}
Jul 29 16:10:13.386468 np0000006098 devstack@c-api.service[97158]: DEBUG cinder.volume.api [None req-6a9d8a4c-fb72-46c5-8bb6-4625e170fb19 tempest-VolumesExtendAttachedTest-1480860876 tempest-VolumesExtendAttachedTest-1480860876-project-member] Task 'cinder.volume.flows.api.create_volume.QuotaReserveTask;volume:create' (316d801e-bede-4eb4-afb9-a0c37739c89d) transitioned into state 'SUCCESS' from state 'RUNNING' with result '{'reservations': ['18b6c2bf-29db-4b90-8e87-46c19cae9d75', 'cd5003df-d89d-4ed6-90cc-0f7663891039', 'ee0ef0de-c61a-4b7e-9de8-fc6d27abde06', 'de513895-5923-47c4-9a2f-913b775a4b51']}' {{(pid=97158) _task_receiver /opt/stack/data/venv/lib/python3.12/site-packages/taskflow/listeners/logging.py:218}}
Jul 29 16:10:13.387316 np0000006098 devstack@c-api.service[97158]: DEBUG cinder.volume.api [None req-6a9d8a4c-fb72-46c5-8bb6-4625e170fb19 tempest-VolumesExtendAttachedTest-1480860876 tempest-VolumesExtendAttachedTest-1480860876-project-member] Task 'cinder.volume.flows.api.create_volume.EntryCreateTask;volume:create' (6cb36afb-d48f-48b1-a2cf-afaa41900d41) transitioned into state 'RUNNING' from state 'PENDING' {{(pid=97158) _task_receiver /opt/stack/data/venv/lib/python3.12/site-packages/taskflow/listeners/logging.py:242}}
Jul 29 16:10:13.398002 np0000006098 devstack@c-api.service[97156]: DEBUG cinder.api.middleware.request_id [None req-e7fc2452-f875-4161-98b6-4c27e695e854 None None] RequestId filter calling following filter/app {{(pid=97156) _context_setter /opt/stack/cinder/cinder/api/middleware/request_id.py:62}}
Jul 29 16:10:13.402973 np0000006098 devstack@c-api.service[97157]: INFO cinder.api.openstack.wsgi [req-79722b3d-9f54-4fd1-b734-5b9f9a337baa req-90bb9a5c-f57a-4c66-bbce-69368ffacb6b tempest-AttachVolumeShelveTestJSON-1320597935 tempest-AttachVolumeShelveTestJSON-1320597935-project-member] https://10.4.3.84/volume/v3/attachments/b803d7b3-bec0-4cda-ab1c-09cbb70e9d8a/action returned with HTTP 204
Jul 29 16:10:13.403436 np0000006098 devstack@c-api.service[97157]: [pid: 97157|app: 0|req: 139/416] 10.4.3.84 () {74 vars in 1718 bytes} [Wed Jul 29 16:10:13 2026] POST /volume/v3/attachments/b803d7b3-bec0-4cda-ab1c-09cbb70e9d8a/action => generated 0 bytes in 64 msecs (HTTP/1.1 204) 7 headers in 292 bytes (1 switches on core 0)
Jul 29 16:10:13.426860 np0000006098 devstack@c-api.service[97158]: DEBUG cinder.volume.api [None req-6a9d8a4c-fb72-46c5-8bb6-4625e170fb19 tempest-VolumesExtendAttachedTest-1480860876 tempest-VolumesExtendAttachedTest-1480860876-project-member] Task 'cinder.volume.flows.api.create_volume.EntryCreateTask;volume:create' (6cb36afb-d48f-48b1-a2cf-afaa41900d41) transitioned into state 'SUCCESS' from state 'RUNNING' with result '{'volume_id': 'e0c93933-687a-4771-adcb-49e44443830a', 'volume_properties': VolumeProperties(attach_status='detached',availability_zone='nova',cgsnapshot_id=None,consistencygroup_id=None,display_description=None,display_name='tempest-VolumesExtendAttachedTest-Volume-540361681',encryption_key_id=None,group_id=None,group_type_id=,metadata={},multiattach=False,project_id='409f061101cd415bb7a08a98fc619d09',qos_specs=None,replication_status=,reservations=['18b6c2bf-29db-4b90-8e87-46c19cae9d75','cd5003df-d89d-4ed6-90cc-0f7663891039','ee0ef0de-c61a-4b7e-9de8-fc6d27abde06','de513895-5923-47c4-9a2f-913b775a4b51'],size=1,snapshot_id=None,source_replicaid=,source_volid=None,status='creating',user_id='d8be155d75104939aa73a689206cb57f',volume_type_id=eb114d41-bb78-406c-bf7b-6a97238b385d), 'volume': Volume(_name_id=None,admin_metadata=,attach_status='detached',availability_zone='nova',bootable=False,cluster=,cluster_name=None,consistencygroup=,consistencygroup_id=None,created_at=2026-07-29T16:10:13Z,deleted=False,deleted_at=None,display_description=None,display_name='tempest-VolumesExtendAttachedTest-Volume-540361681',ec2_id=None,encryption_key_id=None,glance_metadata=,group=,group_id=None,host=None,id=e0c93933-687a-4771-adcb-49e44443830a,launched_at=None,metadata={},migration_status=None,multiattach=False,previous_status=None,project_id='409f061101cd415bb7a08a98fc619d09',provider_auth=None,provider_geometry=None,provider_id=None,provider_location=None,replication_driver_data=None,replication_extended_status=None,replication_status=None,scheduled_at=None,service_uuid=None,shared_targets=True,size=1,snapshot_id=None,snapshots=,source_volid=None,status='creating',terminated_at=None,updated_at=None,use_quota=True,user_id='d8be155d75104939aa73a689206cb57f',volume_attachment=VolumeAttachmentList,volume_type=VolumeType(eb114d41-bb78-406c-bf7b-6a97238b385d),volume_type_id=eb114d41-bb78-406c-bf7b-6a97238b385d)}' {{(pid=97158) _task_receiver /opt/stack/data/venv/lib/python3.12/site-packages/taskflow/listeners/logging.py:218}}
Jul 29 16:10:13.428282 np0000006098 devstack@c-api.service[97158]: DEBUG cinder.volume.api [None req-6a9d8a4c-fb72-46c5-8bb6-4625e170fb19 tempest-VolumesExtendAttachedTest-1480860876 tempest-VolumesExtendAttachedTest-1480860876-project-member] Task 'cinder.volume.flows.api.create_volume.QuotaCommitTask;volume:create' (872590f2-68ec-4d1f-abca-d6c7592c0257) transitioned into state 'RUNNING' from state 'PENDING' {{(pid=97158) _task_receiver /opt/stack/data/venv/lib/python3.12/site-packages/taskflow/listeners/logging.py:242}}
Jul 29 16:10:13.457855 np0000006098 devstack@c-api.service[97158]: DEBUG cinder.volume.api [None req-6a9d8a4c-fb72-46c5-8bb6-4625e170fb19 tempest-VolumesExtendAttachedTest-1480860876 tempest-VolumesExtendAttachedTest-1480860876-project-member] Task 'cinder.volume.flows.api.create_volume.QuotaCommitTask;volume:create' (872590f2-68ec-4d1f-abca-d6c7592c0257) transitioned into state 'SUCCESS' from state 'RUNNING' with result '{'volume_properties': VolumeProperties(attach_status='detached',availability_zone='nova',cgsnapshot_id=None,consistencygroup_id=None,display_description=None,display_name='tempest-VolumesExtendAttachedTest-Volume-540361681',encryption_key_id=None,group_id=None,group_type_id=,metadata={},multiattach=False,project_id='409f061101cd415bb7a08a98fc619d09',qos_specs=None,replication_status=,reservations=['18b6c2bf-29db-4b90-8e87-46c19cae9d75','cd5003df-d89d-4ed6-90cc-0f7663891039','ee0ef0de-c61a-4b7e-9de8-fc6d27abde06','de513895-5923-47c4-9a2f-913b775a4b51'],size=1,snapshot_id=None,source_replicaid=,source_volid=None,status='creating',user_id='d8be155d75104939aa73a689206cb57f',volume_type_id=eb114d41-bb78-406c-bf7b-6a97238b385d)}' {{(pid=97158) _task_receiver /opt/stack/data/venv/lib/python3.12/site-packages/taskflow/listeners/logging.py:218}}
Jul 29 16:10:13.458608 np0000006098 devstack@c-api.service[97158]: DEBUG cinder.volume.api [None req-6a9d8a4c-fb72-46c5-8bb6-4625e170fb19 tempest-VolumesExtendAttachedTest-1480860876 tempest-VolumesExtendAttachedTest-1480860876-project-member] Task 'cinder.volume.flows.api.create_volume.VolumeCastTask;volume:create' (75510b0f-7f6a-45af-8a63-3a0d3f41307a) transitioned into state 'RUNNING' from state 'PENDING' {{(pid=97158) _task_receiver /opt/stack/data/venv/lib/python3.12/site-packages/taskflow/listeners/logging.py:242}}
Jul 29 16:10:13.483700 np0000006098 devstack@c-api.service[97158]: DEBUG cinder.volume.api [None req-6a9d8a4c-fb72-46c5-8bb6-4625e170fb19 tempest-VolumesExtendAttachedTest-1480860876 tempest-VolumesExtendAttachedTest-1480860876-project-member] Task 'cinder.volume.flows.api.create_volume.VolumeCastTask;volume:create' (75510b0f-7f6a-45af-8a63-3a0d3f41307a) transitioned into state 'SUCCESS' from state 'RUNNING' with result 'None' {{(pid=97158) _task_receiver /opt/stack/data/venv/lib/python3.12/site-packages/taskflow/listeners/logging.py:218}}
Jul 29 16:10:13.484884 np0000006098 devstack@c-api.service[97158]: DEBUG cinder.volume.api [None req-6a9d8a4c-fb72-46c5-8bb6-4625e170fb19 tempest-VolumesExtendAttachedTest-1480860876 tempest-VolumesExtendAttachedTest-1480860876-project-member] Flow 'volume_create_api' (5b0f0bc5-b504-4275-8a23-c68a411f4af6) transitioned into state 'SUCCESS' from state 'RUNNING' {{(pid=97158) _flow_receiver /opt/stack/data/venv/lib/python3.12/site-packages/taskflow/listeners/logging.py:160}}
Jul 29 16:10:13.485711 np0000006098 devstack@c-api.service[97158]: INFO cinder.volume.api [None req-6a9d8a4c-fb72-46c5-8bb6-4625e170fb19 tempest-VolumesExtendAttachedTest-1480860876 tempest-VolumesExtendAttachedTest-1480860876-project-member] Create volume request issued successfully.
Jul 29 16:10:13.487131 np0000006098 devstack@c-api.service[97158]: INFO cinder.api.openstack.wsgi [None req-6a9d8a4c-fb72-46c5-8bb6-4625e170fb19 tempest-VolumesExtendAttachedTest-1480860876 tempest-VolumesExtendAttachedTest-1480860876-project-member] https://10.4.3.84/volume/v3/volumes returned with HTTP 202
Jul 29 16:10:13.488701 np0000006098 devstack@c-api.service[97158]: [pid: 97158|app: 0|req: 147/417] 10.4.3.84 () {70 vars in 1292 bytes} [Wed Jul 29 16:10:13 2026] POST /volume/v3/volumes => generated 771 bytes in 422 msecs (HTTP/1.1 202) 7 headers in 292 bytes (1 switches on core 0)
Jul 29 16:10:13.502341 np0000006098 devstack@c-api.service[97157]: DEBUG cinder.api.middleware.request_id [None req-0179765f-499f-45c2-9eb8-8f6ca7a83305 None None] RequestId filter calling following filter/app {{(pid=97157) _context_setter /opt/stack/cinder/cinder/api/middleware/request_id.py:62}}
Jul 29 16:10:13.506650 np0000006098 devstack@c-api.service[97157]: INFO cinder.api.openstack.wsgi [None req-0179765f-499f-45c2-9eb8-8f6ca7a83305 tempest-VolumesExtendAttachedTest-1480860876 tempest-VolumesExtendAttachedTest-1480860876-project-member] GET https://10.4.3.84/volume/v3/volumes/e0c93933-687a-4771-adcb-49e44443830a
Jul 29 16:10:13.506650 np0000006098 devstack@c-api.service[97157]: DEBUG cinder.api.openstack.wsgi [None req-0179765f-499f-45c2-9eb8-8f6ca7a83305 tempest-VolumesExtendAttachedTest-1480860876 tempest-VolumesExtendAttachedTest-1480860876-project-member] Empty body provided in request {{(pid=97157) get_body /opt/stack/cinder/cinder/api/openstack/wsgi.py:725}}
Jul 29 16:10:13.506650 np0000006098 devstack@c-api.service[97157]: DEBUG cinder.api.openstack.wsgi [None req-0179765f-499f-45c2-9eb8-8f6ca7a83305 tempest-VolumesExtendAttachedTest-1480860876 tempest-VolumesExtendAttachedTest-1480860876-project-member] Calling method 'show' {{(pid=97157) _process_stack /opt/stack/cinder/cinder/api/openstack/wsgi.py:878}}
Jul 29 16:10:13.515328 np0000006098 devstack@c-api.service[97158]: DEBUG cinder.api.middleware.request_id [None req-c80e007e-237b-457a-a1ce-b6d92bb5ec64 None None] RequestId filter calling following filter/app {{(pid=97158) _context_setter /opt/stack/cinder/cinder/api/middleware/request_id.py:62}}
Jul 29 16:10:13.516721 np0000006098 devstack@c-api.service[97157]: /opt/stack/data/venv/lib/python3.12/site-packages/oslo_context/context.py:102: DeprecationWarning: Policy enforcement is depending on the value of is_admin. This key is deprecated. Please update your policy file to use the standard policy values.
Jul 29 16:10:13.516721 np0000006098 devstack@c-api.service[97157]: warnings.warn(
Jul 29 16:10:13.518245 np0000006098 devstack@c-api.service[97158]: INFO cinder.api.openstack.wsgi [None req-c80e007e-237b-457a-a1ce-b6d92bb5ec64 tempest-VolumesAssistedSnapshotsTest-462592807 tempest-VolumesAssistedSnapshotsTest-462592807-project-admin] GET https://10.4.3.84/volume/v3/volumes/4b73bbbc-7ba5-439c-bfa3-0a5c688d412e
Jul 29 16:10:13.520859 np0000006098 devstack@c-api.service[97158]: DEBUG cinder.api.openstack.wsgi [None req-c80e007e-237b-457a-a1ce-b6d92bb5ec64 tempest-VolumesAssistedSnapshotsTest-462592807 tempest-VolumesAssistedSnapshotsTest-462592807-project-admin] Empty body provided in request {{(pid=97158) get_body /opt/stack/cinder/cinder/api/openstack/wsgi.py:725}}
Jul 29 16:10:13.520859 np0000006098 devstack@c-api.service[97158]: DEBUG cinder.api.openstack.wsgi [None req-c80e007e-237b-457a-a1ce-b6d92bb5ec64 tempest-VolumesAssistedSnapshotsTest-462592807 tempest-VolumesAssistedSnapshotsTest-462592807-project-admin] Calling method 'show' {{(pid=97158) _process_stack /opt/stack/cinder/cinder/api/openstack/wsgi.py:878}}
Jul 29 16:10:13.520982 np0000006098 devstack@c-api.service[97157]: INFO cinder.volume.api [None req-0179765f-499f-45c2-9eb8-8f6ca7a83305 tempest-VolumesExtendAttachedTest-1480860876 tempest-VolumesExtendAttachedTest-1480860876-project-member] Volume info retrieved successfully.
Jul 29 16:10:13.524303 np0000006098 devstack@c-api.service[97157]: INFO cinder.api.openstack.wsgi [None req-0179765f-499f-45c2-9eb8-8f6ca7a83305 tempest-VolumesExtendAttachedTest-1480860876 tempest-VolumesExtendAttachedTest-1480860876-project-member] https://10.4.3.84/volume/v3/volumes/e0c93933-687a-4771-adcb-49e44443830a returned with HTTP 200
Jul 29 16:10:13.524698 np0000006098 devstack@c-api.service[97157]: [pid: 97157|app: 0|req: 140/418] 10.4.3.84 () {68 vars in 1382 bytes} [Wed Jul 29 16:10:13 2026] GET /volume/v3/volumes/e0c93933-687a-4771-adcb-49e44443830a => generated 839 bytes in 23 msecs (HTTP/1.1 200) 7 headers in 286 bytes (1 switches on core 0)
Jul 29 16:10:13.529317 np0000006098 devstack@c-api.service[97158]: /opt/stack/data/venv/lib/python3.12/site-packages/oslo_context/context.py:102: DeprecationWarning: Policy enforcement is depending on the value of is_admin. This key is deprecated. Please update your policy file to use the standard policy values.
Jul 29 16:10:13.529317 np0000006098 devstack@c-api.service[97158]: warnings.warn(
Jul 29 16:10:13.535248 np0000006098 devstack@c-api.service[97158]: INFO cinder.volume.api [None req-c80e007e-237b-457a-a1ce-b6d92bb5ec64 tempest-VolumesAssistedSnapshotsTest-462592807 tempest-VolumesAssistedSnapshotsTest-462592807-project-admin] Volume info retrieved successfully.
Jul 29 16:10:13.539979 np0000006098 devstack@c-api.service[97158]: INFO cinder.api.openstack.wsgi [None req-c80e007e-237b-457a-a1ce-b6d92bb5ec64 tempest-VolumesAssistedSnapshotsTest-462592807 tempest-VolumesAssistedSnapshotsTest-462592807-project-admin] https://10.4.3.84/volume/v3/volumes/4b73bbbc-7ba5-439c-bfa3-0a5c688d412e returned with HTTP 200
Jul 29 16:10:13.540359 np0000006098 devstack@c-api.service[97158]: [pid: 97158|app: 0|req: 148/419] 10.4.3.84 () {66 vars in 1341 bytes} [Wed Jul 29 16:10:13 2026] GET /volume/v3/volumes/4b73bbbc-7ba5-439c-bfa3-0a5c688d412e => generated 1022 bytes in 26 msecs (HTTP/1.1 200) 7 headers in 286 bytes (1 switches on core 0)
Jul 29 16:10:13.555240 np0000006098 devstack@c-api.service[97157]: DEBUG cinder.api.middleware.request_id [None req-49e51790-7490-4fb5-b3da-54369c5477ba None None] RequestId filter calling following filter/app {{(pid=97157) _context_setter /opt/stack/cinder/cinder/api/middleware/request_id.py:62}}
Jul 29 16:10:13.557147 np0000006098 devstack@c-api.service[97157]: INFO cinder.api.openstack.wsgi [None req-49e51790-7490-4fb5-b3da-54369c5477ba tempest-VolumesAssistedSnapshotsTest-462592807 tempest-VolumesAssistedSnapshotsTest-462592807-project-admin] DELETE https://10.4.3.84/volume/v3/volumes/4b73bbbc-7ba5-439c-bfa3-0a5c688d412e
Jul 29 16:10:13.557362 np0000006098 devstack@c-api.service[97157]: DEBUG cinder.api.openstack.wsgi [None req-49e51790-7490-4fb5-b3da-54369c5477ba tempest-VolumesAssistedSnapshotsTest-462592807 tempest-VolumesAssistedSnapshotsTest-462592807-project-admin] Empty body provided in request {{(pid=97157) get_body /opt/stack/cinder/cinder/api/openstack/wsgi.py:725}}
Jul 29 16:10:13.557625 np0000006098 devstack@c-api.service[97157]: DEBUG cinder.api.openstack.wsgi [None req-49e51790-7490-4fb5-b3da-54369c5477ba tempest-VolumesAssistedSnapshotsTest-462592807 tempest-VolumesAssistedSnapshotsTest-462592807-project-admin] Calling method 'delete' {{(pid=97157) _process_stack /opt/stack/cinder/cinder/api/openstack/wsgi.py:878}}
Jul 29 16:10:13.557793 np0000006098 devstack@c-api.service[97157]: INFO cinder.api.v3.volumes [None req-49e51790-7490-4fb5-b3da-54369c5477ba tempest-VolumesAssistedSnapshotsTest-462592807 tempest-VolumesAssistedSnapshotsTest-462592807-project-admin] Delete volume with id: 4b73bbbc-7ba5-439c-bfa3-0a5c688d412e
Jul 29 16:10:13.565489 np0000006098 devstack@c-api.service[97157]: /opt/stack/data/venv/lib/python3.12/site-packages/oslo_context/context.py:102: DeprecationWarning: Policy enforcement is depending on the value of is_admin. This key is deprecated. Please update your policy file to use the standard policy values.
Jul 29 16:10:13.565489 np0000006098 devstack@c-api.service[97157]: warnings.warn(
Jul 29 16:10:13.565905 np0000006098 devstack@c-api.service[97157]: INFO cinder.volume.api [None req-49e51790-7490-4fb5-b3da-54369c5477ba tempest-VolumesAssistedSnapshotsTest-462592807 tempest-VolumesAssistedSnapshotsTest-462592807-project-admin] Volume info retrieved successfully.
Jul 29 16:10:13.591202 np0000006098 devstack@c-api.service[97156]: INFO cinder.api.openstack.wsgi [None req-e7fc2452-f875-4161-98b6-4c27e695e854 tempest-VolumesServicesTestJSON-743953002 tempest-VolumesServicesTestJSON-743953002-project-admin] GET https://10.4.3.84/volume/v3/os-services
Jul 29 16:10:13.591427 np0000006098 devstack@c-api.service[97157]: INFO cinder.volume.api [None req-49e51790-7490-4fb5-b3da-54369c5477ba tempest-VolumesAssistedSnapshotsTest-462592807 tempest-VolumesAssistedSnapshotsTest-462592807-project-admin] Delete volume request issued successfully.
Jul 29 16:10:13.591469 np0000006098 devstack@c-api.service[97156]: DEBUG cinder.api.openstack.wsgi [None req-e7fc2452-f875-4161-98b6-4c27e695e854 tempest-VolumesServicesTestJSON-743953002 tempest-VolumesServicesTestJSON-743953002-project-admin] Empty body provided in request {{(pid=97156) get_body /opt/stack/cinder/cinder/api/openstack/wsgi.py:725}}
Jul 29 16:10:13.591587 np0000006098 devstack@c-api.service[97157]: INFO cinder.api.openstack.wsgi [None req-49e51790-7490-4fb5-b3da-54369c5477ba tempest-VolumesAssistedSnapshotsTest-462592807 tempest-VolumesAssistedSnapshotsTest-462592807-project-admin] https://10.4.3.84/volume/v3/volumes/4b73bbbc-7ba5-439c-bfa3-0a5c688d412e returned with HTTP 202
Jul 29 16:10:13.591812 np0000006098 devstack@c-api.service[97156]: DEBUG cinder.api.openstack.wsgi [None req-e7fc2452-f875-4161-98b6-4c27e695e854 tempest-VolumesServicesTestJSON-743953002 tempest-VolumesServicesTestJSON-743953002-project-admin] Calling method 'index' {{(pid=97156) _process_stack /opt/stack/cinder/cinder/api/openstack/wsgi.py:878}}
Jul 29 16:10:13.592328 np0000006098 devstack@c-api.service[97156]: /opt/stack/data/venv/lib/python3.12/site-packages/oslo_context/context.py:102: DeprecationWarning: Policy enforcement is depending on the value of is_admin. This key is deprecated. Please update your policy file to use the standard policy values.
Jul 29 16:10:13.592328 np0000006098 devstack@c-api.service[97156]: warnings.warn(
Jul 29 16:10:13.592964 np0000006098 devstack@c-api.service[97157]: [pid: 97157|app: 0|req: 141/420] 10.4.3.84 () {66 vars in 1344 bytes} [Wed Jul 29 16:10:13 2026] DELETE /volume/v3/volumes/4b73bbbc-7ba5-439c-bfa3-0a5c688d412e => generated 0 bytes in 37 msecs (HTTP/1.1 202) 6 headers in 233 bytes (1 switches on core 0)
Jul 29 16:10:13.602494 np0000006098 devstack@c-api.service[97156]: INFO cinder.api.openstack.wsgi [None req-e7fc2452-f875-4161-98b6-4c27e695e854 tempest-VolumesServicesTestJSON-743953002 tempest-VolumesServicesTestJSON-743953002-project-admin] https://10.4.3.84/volume/v3/os-services returned with HTTP 200
Jul 29 16:10:13.603165 np0000006098 devstack@c-api.service[97156]: [pid: 97156|app: 0|req: 132/421] 10.4.3.84 () {66 vars in 1242 bytes} [Wed Jul 29 16:10:13 2026] GET /volume/v3/os-services => generated 626 bytes in 206 msecs (HTTP/1.1 200) 7 headers in 285 bytes (1 switches on core 0)
Jul 29 16:10:13.607426 np0000006098 devstack@c-api.service[97158]: DEBUG cinder.api.middleware.request_id [None req-642a076d-39df-424a-aa44-02a98071dd2b None None] RequestId filter calling following filter/app {{(pid=97158) _context_setter /opt/stack/cinder/cinder/api/middleware/request_id.py:62}}
Jul 29 16:10:13.609627 np0000006098 devstack@c-api.service[97158]: INFO cinder.api.openstack.wsgi [None req-642a076d-39df-424a-aa44-02a98071dd2b tempest-VolumesAssistedSnapshotsTest-462592807 tempest-VolumesAssistedSnapshotsTest-462592807-project-admin] GET https://10.4.3.84/volume/v3/volumes/4b73bbbc-7ba5-439c-bfa3-0a5c688d412e
Jul 29 16:10:13.611107 np0000006098 devstack@c-api.service[97158]: DEBUG cinder.api.openstack.wsgi [None req-642a076d-39df-424a-aa44-02a98071dd2b tempest-VolumesAssistedSnapshotsTest-462592807 tempest-VolumesAssistedSnapshotsTest-462592807-project-admin] Empty body provided in request {{(pid=97158) get_body /opt/stack/cinder/cinder/api/openstack/wsgi.py:725}}
Jul 29 16:10:13.611381 np0000006098 devstack@c-api.service[97158]: DEBUG cinder.api.openstack.wsgi [None req-642a076d-39df-424a-aa44-02a98071dd2b tempest-VolumesAssistedSnapshotsTest-462592807 tempest-VolumesAssistedSnapshotsTest-462592807-project-admin] Calling method 'show' {{(pid=97158) _process_stack /opt/stack/cinder/cinder/api/openstack/wsgi.py:878}}
Jul 29 16:10:13.613892 np0000006098 devstack@c-api.service[97157]: DEBUG cinder.api.middleware.request_id [None req-8450be2f-0121-4caf-a3e2-90894c49511f None None] RequestId filter calling following filter/app {{(pid=97157) _context_setter /opt/stack/cinder/cinder/api/middleware/request_id.py:62}}
Jul 29 16:10:13.615619 np0000006098 devstack@c-api.service[97157]: INFO cinder.api.openstack.wsgi [None req-8450be2f-0121-4caf-a3e2-90894c49511f tempest-VolumesServicesTestJSON-743953002 tempest-VolumesServicesTestJSON-743953002-project-admin] GET https://10.4.3.84/volume/v3/os-services?host=np0000006098
Jul 29 16:10:13.615806 np0000006098 devstack@c-api.service[97157]: DEBUG cinder.api.openstack.wsgi [None req-8450be2f-0121-4caf-a3e2-90894c49511f tempest-VolumesServicesTestJSON-743953002 tempest-VolumesServicesTestJSON-743953002-project-admin] Empty body provided in request {{(pid=97157) get_body /opt/stack/cinder/cinder/api/openstack/wsgi.py:725}}
Jul 29 16:10:13.615981 np0000006098 devstack@c-api.service[97157]: DEBUG cinder.api.openstack.wsgi [None req-8450be2f-0121-4caf-a3e2-90894c49511f tempest-VolumesServicesTestJSON-743953002 tempest-VolumesServicesTestJSON-743953002-project-admin] Calling method 'index' {{(pid=97157) _process_stack /opt/stack/cinder/cinder/api/openstack/wsgi.py:878}}
Jul 29 16:10:13.619909 np0000006098 devstack@c-api.service[97158]: /opt/stack/data/venv/lib/python3.12/site-packages/oslo_context/context.py:102: DeprecationWarning: Policy enforcement is depending on the value of is_admin. This key is deprecated. Please update your policy file to use the standard policy values.
Jul 29 16:10:13.619909 np0000006098 devstack@c-api.service[97158]: warnings.warn(
Jul 29 16:10:13.621289 np0000006098 devstack@c-api.service[97157]: INFO cinder.api.openstack.wsgi [None req-8450be2f-0121-4caf-a3e2-90894c49511f tempest-VolumesServicesTestJSON-743953002 tempest-VolumesServicesTestJSON-743953002-project-admin] https://10.4.3.84/volume/v3/os-services?host=np0000006098 returned with HTTP 200
Jul 29 16:10:13.621614 np0000006098 devstack@c-api.service[97157]: [pid: 97157|app: 0|req: 142/422] 10.4.3.84 () {66 vars in 1277 bytes} [Wed Jul 29 16:10:13 2026] GET /volume/v3/os-services?host=np0000006098 => generated 626 bytes in 8 msecs (HTTP/1.1 200) 7 headers in 285 bytes (1 switches on core 0)
Jul 29 16:10:13.625610 np0000006098 devstack@c-api.service[97158]: INFO cinder.volume.api [None req-642a076d-39df-424a-aa44-02a98071dd2b tempest-VolumesAssistedSnapshotsTest-462592807 tempest-VolumesAssistedSnapshotsTest-462592807-project-admin] Volume info retrieved successfully.
Jul 29 16:10:13.634583 np0000006098 devstack@c-api.service[97156]: DEBUG cinder.api.middleware.request_id [None req-7745d161-6213-4c84-a874-4a5d579e1190 None None] RequestId filter calling following filter/app {{(pid=97156) _context_setter /opt/stack/cinder/cinder/api/middleware/request_id.py:62}}
Jul 29 16:10:13.634934 np0000006098 devstack@c-api.service[97158]: INFO cinder.api.openstack.wsgi [None req-642a076d-39df-424a-aa44-02a98071dd2b tempest-VolumesAssistedSnapshotsTest-462592807 tempest-VolumesAssistedSnapshotsTest-462592807-project-admin] https://10.4.3.84/volume/v3/volumes/4b73bbbc-7ba5-439c-bfa3-0a5c688d412e returned with HTTP 200
Jul 29 16:10:13.634934 np0000006098 devstack@c-api.service[97158]: [pid: 97158|app: 0|req: 149/423] 10.4.3.84 () {66 vars in 1341 bytes} [Wed Jul 29 16:10:13 2026] GET /volume/v3/volumes/4b73bbbc-7ba5-439c-bfa3-0a5c688d412e => generated 1021 bytes in 25 msecs (HTTP/1.1 200) 7 headers in 286 bytes (1 switches on core 0)
Jul 29 16:10:13.639404 np0000006098 devstack@c-api.service[97156]: INFO cinder.api.openstack.wsgi [None req-7745d161-6213-4c84-a874-4a5d579e1190 tempest-VolumesServicesTestJSON-743953002 tempest-VolumesServicesTestJSON-743953002-project-admin] GET https://10.4.3.84/volume/v3/os-services?host=np0000006098&binary=cinder-scheduler
Jul 29 16:10:13.640303 np0000006098 devstack@c-api.service[97156]: DEBUG cinder.api.openstack.wsgi [None req-7745d161-6213-4c84-a874-4a5d579e1190 tempest-VolumesServicesTestJSON-743953002 tempest-VolumesServicesTestJSON-743953002-project-admin] Empty body provided in request {{(pid=97156) get_body /opt/stack/cinder/cinder/api/openstack/wsgi.py:725}}
Jul 29 16:10:13.641184 np0000006098 devstack@c-api.service[97156]: DEBUG cinder.api.openstack.wsgi [None req-7745d161-6213-4c84-a874-4a5d579e1190 tempest-VolumesServicesTestJSON-743953002 tempest-VolumesServicesTestJSON-743953002-project-admin] Calling method 'index' {{(pid=97156) _process_stack /opt/stack/cinder/cinder/api/openstack/wsgi.py:878}}
Jul 29 16:10:13.648803 np0000006098 devstack@c-api.service[97156]: INFO cinder.api.openstack.wsgi [None req-7745d161-6213-4c84-a874-4a5d579e1190 tempest-VolumesServicesTestJSON-743953002 tempest-VolumesServicesTestJSON-743953002-project-admin] https://10.4.3.84/volume/v3/os-services?host=np0000006098&binary=cinder-scheduler returned with HTTP 200
Jul 29 16:10:13.649337 np0000006098 devstack@c-api.service[97156]: [pid: 97156|app: 0|req: 133/424] 10.4.3.84 () {66 vars in 1325 bytes} [Wed Jul 29 16:10:13 2026] GET /volume/v3/os-services?host=np0000006098&binary=cinder-scheduler => generated 191 bytes in 18 msecs (HTTP/1.1 200) 7 headers in 285 bytes (1 switches on core 0)
Jul 29 16:10:13.658890 np0000006098 devstack@c-api.service[97157]: DEBUG cinder.api.middleware.request_id [None req-4d894ce9-7cba-4a66-9fa8-d523d9108545 None None] RequestId filter calling following filter/app {{(pid=97157) _context_setter /opt/stack/cinder/cinder/api/middleware/request_id.py:62}}
Jul 29 16:10:13.660495 np0000006098 devstack@c-api.service[97157]: INFO cinder.api.openstack.wsgi [None req-4d894ce9-7cba-4a66-9fa8-d523d9108545 tempest-VolumesServicesTestJSON-743953002 tempest-VolumesServicesTestJSON-743953002-project-admin] GET https://10.4.3.84/volume/v3/os-services?binary=cinder-scheduler
Jul 29 16:10:13.660677 np0000006098 devstack@c-api.service[97157]: DEBUG cinder.api.openstack.wsgi [None req-4d894ce9-7cba-4a66-9fa8-d523d9108545 tempest-VolumesServicesTestJSON-743953002 tempest-VolumesServicesTestJSON-743953002-project-admin] Empty body provided in request {{(pid=97157) get_body /opt/stack/cinder/cinder/api/openstack/wsgi.py:725}}
Jul 29 16:10:13.660863 np0000006098 devstack@c-api.service[97157]: DEBUG cinder.api.openstack.wsgi [None req-4d894ce9-7cba-4a66-9fa8-d523d9108545 tempest-VolumesServicesTestJSON-743953002 tempest-VolumesServicesTestJSON-743953002-project-admin] Calling method 'index' {{(pid=97157) _process_stack /opt/stack/cinder/cinder/api/openstack/wsgi.py:878}}
Jul 29 16:10:13.664554 np0000006098 devstack@c-api.service[97157]: INFO cinder.api.openstack.wsgi [None req-4d894ce9-7cba-4a66-9fa8-d523d9108545 tempest-VolumesServicesTestJSON-743953002 tempest-VolumesServicesTestJSON-743953002-project-admin] https://10.4.3.84/volume/v3/os-services?binary=cinder-scheduler returned with HTTP 200
Jul 29 16:10:13.664668 np0000006098 devstack@c-api.service[97157]: [pid: 97157|app: 0|req: 143/425] 10.4.3.84 () {66 vars in 1289 bytes} [Wed Jul 29 16:10:13 2026] GET /volume/v3/os-services?binary=cinder-scheduler => generated 191 bytes in 6 msecs (HTTP/1.1 200) 7 headers in 285 bytes (1 switches on core 0)
Jul 29 16:10:13.675073 np0000006098 devstack@c-api.service[97158]: DEBUG cinder.api.middleware.request_id [None req-3d451e9a-5fcd-4e08-9067-7cadbd7d95f2 None None] RequestId filter calling following filter/app {{(pid=97158) _context_setter /opt/stack/cinder/cinder/api/middleware/request_id.py:62}}
Jul 29 16:10:13.888506 np0000006098 devstack@c-api.service[97158]: INFO cinder.api.openstack.wsgi [None req-3d451e9a-5fcd-4e08-9067-7cadbd7d95f2 tempest-VolumesServicesTestJSON-1923695823 tempest-VolumesServicesTestJSON-1923695823-project-member] POST https://10.4.3.84/volume/v3/volumes
Jul 29 16:10:13.889188 np0000006098 devstack@c-api.service[97158]: DEBUG cinder.api.openstack.wsgi [None req-3d451e9a-5fcd-4e08-9067-7cadbd7d95f2 tempest-VolumesServicesTestJSON-1923695823 tempest-VolumesServicesTestJSON-1923695823-project-member] Action: 'create', calling method: create, body: {"volume": {"size": 1, "name": "tempest-VolumesServicesTestJSON-Volume-1774211470"}} {{(pid=97158) _process_stack /opt/stack/cinder/cinder/api/openstack/wsgi.py:876}}
Jul 29 16:10:13.891580 np0000006098 devstack@c-api.service[97158]: DEBUG cinder.api.v3.volumes [None req-3d451e9a-5fcd-4e08-9067-7cadbd7d95f2 tempest-VolumesServicesTestJSON-1923695823 tempest-VolumesServicesTestJSON-1923695823-project-member] Create volume request body: {'volume': {'size': 1, 'name': 'tempest-VolumesServicesTestJSON-Volume-1774211470'}} {{(pid=97158) create /opt/stack/cinder/cinder/api/v3/volumes.py:368}}
Jul 29 16:10:13.891731 np0000006098 devstack@c-api.service[97158]: INFO cinder.api.v3.volumes [None req-3d451e9a-5fcd-4e08-9067-7cadbd7d95f2 tempest-VolumesServicesTestJSON-1923695823 tempest-VolumesServicesTestJSON-1923695823-project-member] Create volume of 1 GB
Jul 29 16:10:13.898748 np0000006098 devstack@c-api.service[97158]: INFO cinder.volume.api [None req-3d451e9a-5fcd-4e08-9067-7cadbd7d95f2 tempest-VolumesServicesTestJSON-1923695823 tempest-VolumesServicesTestJSON-1923695823-project-member] Availability Zones retrieved successfully.
Jul 29 16:10:13.905940 np0000006098 devstack@c-api.service[97158]: DEBUG cinder.volume.api [None req-3d451e9a-5fcd-4e08-9067-7cadbd7d95f2 tempest-VolumesServicesTestJSON-1923695823 tempest-VolumesServicesTestJSON-1923695823-project-member] Flow 'volume_create_api' (53f3d8e8-8345-48d1-9447-da1753afaffd) transitioned into state 'RUNNING' from state 'PENDING' {{(pid=97158) _flow_receiver /opt/stack/data/venv/lib/python3.12/site-packages/taskflow/listeners/logging.py:160}}
Jul 29 16:10:13.906857 np0000006098 devstack@c-api.service[97158]: DEBUG cinder.volume.api [None req-3d451e9a-5fcd-4e08-9067-7cadbd7d95f2 tempest-VolumesServicesTestJSON-1923695823 tempest-VolumesServicesTestJSON-1923695823-project-member] Task 'cinder.volume.flows.api.create_volume.ExtractVolumeRequestTask;volume:create' (11b912b1-dc3c-4687-870f-34312f4ff47b) transitioned into state 'RUNNING' from state 'PENDING' {{(pid=97158) _task_receiver /opt/stack/data/venv/lib/python3.12/site-packages/taskflow/listeners/logging.py:242}}
Jul 29 16:10:13.908333 np0000006098 devstack@c-api.service[97158]: DEBUG cinder.volume.flows.api.create_volume [None req-3d451e9a-5fcd-4e08-9067-7cadbd7d95f2 tempest-VolumesServicesTestJSON-1923695823 tempest-VolumesServicesTestJSON-1923695823-project-member] Validating volume size '1' using validate_int {{(pid=97158) _extract_size /opt/stack/cinder/cinder/volume/flows/api/create_volume.py:226}}
Jul 29 16:10:13.932811 np0000006098 devstack@c-api.service[97158]: DEBUG cinder.volume.api [None req-3d451e9a-5fcd-4e08-9067-7cadbd7d95f2 tempest-VolumesServicesTestJSON-1923695823 tempest-VolumesServicesTestJSON-1923695823-project-member] Task 'cinder.volume.flows.api.create_volume.ExtractVolumeRequestTask;volume:create' (11b912b1-dc3c-4687-870f-34312f4ff47b) transitioned into state 'SUCCESS' from state 'RUNNING' with result '{'size': 1, 'snapshot_id': None, 'source_volid': None, 'volume_type': VolumeType(created_at=2026-07-29T16:06:53Z,deleted=False,deleted_at=None,description=None,extra_specs={volume_backend_name='storpool'},id=eb114d41-bb78-406c-bf7b-6a97238b385d,is_public=True,name='storpool',projects=[],qos_specs=,qos_specs_id=None,updated_at=None), 'volume_type_id': 'eb114d41-bb78-406c-bf7b-6a97238b385d', 'encryption_key_id': None, 'qos_specs': None, 'consistencygroup_id': None, 'cgsnapshot_id': None, 'group_id': None, 'replication_status': 'disabled', 'refresh_az': False, 'backup_id': None, 'multiattach': False, 'availability_zones': ['nova']}' {{(pid=97158) _task_receiver /opt/stack/data/venv/lib/python3.12/site-packages/taskflow/listeners/logging.py:218}}
Jul 29 16:10:13.933526 np0000006098 devstack@c-api.service[97158]: DEBUG cinder.volume.api [None req-3d451e9a-5fcd-4e08-9067-7cadbd7d95f2 tempest-VolumesServicesTestJSON-1923695823 tempest-VolumesServicesTestJSON-1923695823-project-member] Task 'cinder.volume.flows.api.create_volume.QuotaReserveTask;volume:create' (c533d9d1-840f-496c-bb1e-214f4d4f2be2) transitioned into state 'RUNNING' from state 'PENDING' {{(pid=97158) _task_receiver /opt/stack/data/venv/lib/python3.12/site-packages/taskflow/listeners/logging.py:242}}
Jul 29 16:10:13.994577 np0000006098 devstack@c-api.service[97158]: DEBUG cinder.quota [None req-3d451e9a-5fcd-4e08-9067-7cadbd7d95f2 tempest-VolumesServicesTestJSON-1923695823 tempest-VolumesServicesTestJSON-1923695823-project-member] Created reservations ['0a7aaa75-2675-4074-89fa-06d67f7ebdc3', 'abbe3421-a7ce-43c0-af14-3192dceb1103', 'a881a9b6-78fd-4e40-928d-4d32a1dd2897', 'a87cd51e-b856-416c-9967-4760912cdec5'] {{(pid=97158) reserve /opt/stack/cinder/cinder/quota.py:752}}
Jul 29 16:10:13.995316 np0000006098 devstack@c-api.service[97158]: DEBUG cinder.volume.api [None req-3d451e9a-5fcd-4e08-9067-7cadbd7d95f2 tempest-VolumesServicesTestJSON-1923695823 tempest-VolumesServicesTestJSON-1923695823-project-member] Task 'cinder.volume.flows.api.create_volume.QuotaReserveTask;volume:create' (c533d9d1-840f-496c-bb1e-214f4d4f2be2) transitioned into state 'SUCCESS' from state 'RUNNING' with result '{'reservations': ['0a7aaa75-2675-4074-89fa-06d67f7ebdc3', 'abbe3421-a7ce-43c0-af14-3192dceb1103', 'a881a9b6-78fd-4e40-928d-4d32a1dd2897', 'a87cd51e-b856-416c-9967-4760912cdec5']}' {{(pid=97158) _task_receiver /opt/stack/data/venv/lib/python3.12/site-packages/taskflow/listeners/logging.py:218}}
Jul 29 16:10:13.996110 np0000006098 devstack@c-api.service[97158]: DEBUG cinder.volume.api [None req-3d451e9a-5fcd-4e08-9067-7cadbd7d95f2 tempest-VolumesServicesTestJSON-1923695823 tempest-VolumesServicesTestJSON-1923695823-project-member] Task 'cinder.volume.flows.api.create_volume.EntryCreateTask;volume:create' (f6215ce4-0e31-4b94-ae0a-009bb88218f5) transitioned into state 'RUNNING' from state 'PENDING' {{(pid=97158) _task_receiver /opt/stack/data/venv/lib/python3.12/site-packages/taskflow/listeners/logging.py:242}}
Jul 29 16:10:14.025579 np0000006098 devstack@c-api.service[97158]: DEBUG cinder.volume.api [None req-3d451e9a-5fcd-4e08-9067-7cadbd7d95f2 tempest-VolumesServicesTestJSON-1923695823 tempest-VolumesServicesTestJSON-1923695823-project-member] Task 'cinder.volume.flows.api.create_volume.EntryCreateTask;volume:create' (f6215ce4-0e31-4b94-ae0a-009bb88218f5) transitioned into state 'SUCCESS' from state 'RUNNING' with result '{'volume_id': '59314ef8-7acf-46d8-b36b-656b48a4e715', 'volume_properties': VolumeProperties(attach_status='detached',availability_zone='nova',cgsnapshot_id=None,consistencygroup_id=None,display_description=None,display_name='tempest-VolumesServicesTestJSON-Volume-1774211470',encryption_key_id=None,group_id=None,group_type_id=,metadata={},multiattach=False,project_id='82c1b2b09588425390f6bc1068df3032',qos_specs=None,replication_status=,reservations=['0a7aaa75-2675-4074-89fa-06d67f7ebdc3','abbe3421-a7ce-43c0-af14-3192dceb1103','a881a9b6-78fd-4e40-928d-4d32a1dd2897','a87cd51e-b856-416c-9967-4760912cdec5'],size=1,snapshot_id=None,source_replicaid=,source_volid=None,status='creating',user_id='7c00a90c68ca44c28d05cd6906930017',volume_type_id=eb114d41-bb78-406c-bf7b-6a97238b385d), 'volume': Volume(_name_id=None,admin_metadata=,attach_status='detached',availability_zone='nova',bootable=False,cluster=,cluster_name=None,consistencygroup=,consistencygroup_id=None,created_at=2026-07-29T16:10:13Z,deleted=False,deleted_at=None,display_description=None,display_name='tempest-VolumesServicesTestJSON-Volume-1774211470',ec2_id=None,encryption_key_id=None,glance_metadata=,group=,group_id=None,host=None,id=59314ef8-7acf-46d8-b36b-656b48a4e715,launched_at=None,metadata={},migration_status=None,multiattach=False,previous_status=None,project_id='82c1b2b09588425390f6bc1068df3032',provider_auth=None,provider_geometry=None,provider_id=None,provider_location=None,replication_driver_data=None,replication_extended_status=None,replication_status=None,scheduled_at=None,service_uuid=None,shared_targets=True,size=1,snapshot_id=None,snapshots=,source_volid=None,status='creating',terminated_at=None,updated_at=None,use_quota=True,user_id='7c00a90c68ca44c28d05cd6906930017',volume_attachment=VolumeAttachmentList,volume_type=VolumeType(eb114d41-bb78-406c-bf7b-6a97238b385d),volume_type_id=eb114d41-bb78-406c-bf7b-6a97238b385d)}' {{(pid=97158) _task_receiver /opt/stack/data/venv/lib/python3.12/site-packages/taskflow/listeners/logging.py:218}}
Jul 29 16:10:14.026697 np0000006098 devstack@c-api.service[97158]: DEBUG cinder.volume.api [None req-3d451e9a-5fcd-4e08-9067-7cadbd7d95f2 tempest-VolumesServicesTestJSON-1923695823 tempest-VolumesServicesTestJSON-1923695823-project-member] Task 'cinder.volume.flows.api.create_volume.QuotaCommitTask;volume:create' (b750957f-129c-453b-a77f-b53dfa7ab0cb) transitioned into state 'RUNNING' from state 'PENDING' {{(pid=97158) _task_receiver /opt/stack/data/venv/lib/python3.12/site-packages/taskflow/listeners/logging.py:242}}
Jul 29 16:10:14.049713 np0000006098 devstack@c-api.service[97158]: DEBUG cinder.volume.api [None req-3d451e9a-5fcd-4e08-9067-7cadbd7d95f2 tempest-VolumesServicesTestJSON-1923695823 tempest-VolumesServicesTestJSON-1923695823-project-member] Task 'cinder.volume.flows.api.create_volume.QuotaCommitTask;volume:create' (b750957f-129c-453b-a77f-b53dfa7ab0cb) transitioned into state 'SUCCESS' from state 'RUNNING' with result '{'volume_properties': VolumeProperties(attach_status='detached',availability_zone='nova',cgsnapshot_id=None,consistencygroup_id=None,display_description=None,display_name='tempest-VolumesServicesTestJSON-Volume-1774211470',encryption_key_id=None,group_id=None,group_type_id=,metadata={},multiattach=False,project_id='82c1b2b09588425390f6bc1068df3032',qos_specs=None,replication_status=,reservations=['0a7aaa75-2675-4074-89fa-06d67f7ebdc3','abbe3421-a7ce-43c0-af14-3192dceb1103','a881a9b6-78fd-4e40-928d-4d32a1dd2897','a87cd51e-b856-416c-9967-4760912cdec5'],size=1,snapshot_id=None,source_replicaid=,source_volid=None,status='creating',user_id='7c00a90c68ca44c28d05cd6906930017',volume_type_id=eb114d41-bb78-406c-bf7b-6a97238b385d)}' {{(pid=97158) _task_receiver /opt/stack/data/venv/lib/python3.12/site-packages/taskflow/listeners/logging.py:218}}
Jul 29 16:10:14.050780 np0000006098 devstack@c-api.service[97158]: DEBUG cinder.volume.api [None req-3d451e9a-5fcd-4e08-9067-7cadbd7d95f2 tempest-VolumesServicesTestJSON-1923695823 tempest-VolumesServicesTestJSON-1923695823-project-member] Task 'cinder.volume.flows.api.create_volume.VolumeCastTask;volume:create' (972e51ca-7607-4b8b-9b45-d3438b566996) transitioned into state 'RUNNING' from state 'PENDING' {{(pid=97158) _task_receiver /opt/stack/data/venv/lib/python3.12/site-packages/taskflow/listeners/logging.py:242}}
Jul 29 16:10:14.072850 np0000006098 devstack@c-api.service[97158]: DEBUG cinder.volume.api [None req-3d451e9a-5fcd-4e08-9067-7cadbd7d95f2 tempest-VolumesServicesTestJSON-1923695823 tempest-VolumesServicesTestJSON-1923695823-project-member] Task 'cinder.volume.flows.api.create_volume.VolumeCastTask;volume:create' (972e51ca-7607-4b8b-9b45-d3438b566996) transitioned into state 'SUCCESS' from state 'RUNNING' with result 'None' {{(pid=97158) _task_receiver /opt/stack/data/venv/lib/python3.12/site-packages/taskflow/listeners/logging.py:218}}
Jul 29 16:10:14.074082 np0000006098 devstack@c-api.service[97158]: DEBUG cinder.volume.api [None req-3d451e9a-5fcd-4e08-9067-7cadbd7d95f2 tempest-VolumesServicesTestJSON-1923695823 tempest-VolumesServicesTestJSON-1923695823-project-member] Flow 'volume_create_api' (53f3d8e8-8345-48d1-9447-da1753afaffd) transitioned into state 'SUCCESS' from state 'RUNNING' {{(pid=97158) _flow_receiver /opt/stack/data/venv/lib/python3.12/site-packages/taskflow/listeners/logging.py:160}}
Jul 29 16:10:14.074529 np0000006098 devstack@c-api.service[97158]: INFO cinder.volume.api [None req-3d451e9a-5fcd-4e08-9067-7cadbd7d95f2 tempest-VolumesServicesTestJSON-1923695823 tempest-VolumesServicesTestJSON-1923695823-project-member] Create volume request issued successfully.
Jul 29 16:10:14.075335 np0000006098 devstack@c-api.service[97158]: INFO cinder.api.openstack.wsgi [None req-3d451e9a-5fcd-4e08-9067-7cadbd7d95f2 tempest-VolumesServicesTestJSON-1923695823 tempest-VolumesServicesTestJSON-1923695823-project-member] https://10.4.3.84/volume/v3/volumes returned with HTTP 202
Jul 29 16:10:14.077196 np0000006098 devstack@c-api.service[97158]: [pid: 97158|app: 0|req: 150/426] 10.4.3.84 () {68 vars in 1251 bytes} [Wed Jul 29 16:10:13 2026] POST /volume/v3/volumes => generated 752 bytes in 401 msecs (HTTP/1.1 202) 7 headers in 291 bytes (1 switches on core 0)
Jul 29 16:10:14.088132 np0000006098 devstack@c-api.service[97156]: DEBUG cinder.api.middleware.request_id [None req-d99fbf52-4e16-4845-a92c-62f73554e718 None None] RequestId filter calling following filter/app {{(pid=97156) _context_setter /opt/stack/cinder/cinder/api/middleware/request_id.py:62}}
Jul 29 16:10:14.089818 np0000006098 devstack@c-api.service[97156]: INFO cinder.api.openstack.wsgi [None req-d99fbf52-4e16-4845-a92c-62f73554e718 tempest-VolumesServicesTestJSON-1923695823 tempest-VolumesServicesTestJSON-1923695823-project-member] GET https://10.4.3.84/volume/v3/volumes/59314ef8-7acf-46d8-b36b-656b48a4e715
Jul 29 16:10:14.089985 np0000006098 devstack@c-api.service[97156]: DEBUG cinder.api.openstack.wsgi [None req-d99fbf52-4e16-4845-a92c-62f73554e718 tempest-VolumesServicesTestJSON-1923695823 tempest-VolumesServicesTestJSON-1923695823-project-member] Empty body provided in request {{(pid=97156) get_body /opt/stack/cinder/cinder/api/openstack/wsgi.py:725}}
