Jul 29 16:09:08.339457 np0000006098 devstack@g-api.service[99899]: DEBUG glance.api.middleware.version_negotiation [None req-3a915f04-d23e-408b-8799-16802a4a498f tempest-TaggedBootDevicesTest-84108808 tempest-TaggedBootDevicesTest-84108808-project-member] Using url versioning {{(pid=99899) process_request /opt/stack/glance/glance/api/middleware/version_negotiation.py:57}}
Jul 29 16:09:08.339664 np0000006098 devstack@g-api.service[99899]: DEBUG glance.api.middleware.version_negotiation [None req-3a915f04-d23e-408b-8799-16802a4a498f tempest-TaggedBootDevicesTest-84108808 tempest-TaggedBootDevicesTest-84108808-project-member] Matched version: v2 {{(pid=99899) process_request /opt/stack/glance/glance/api/middleware/version_negotiation.py:69}}
Jul 29 16:09:08.339773 np0000006098 devstack@g-api.service[99899]: DEBUG glance.api.middleware.version_negotiation [None req-3a915f04-d23e-408b-8799-16802a4a498f tempest-TaggedBootDevicesTest-84108808 tempest-TaggedBootDevicesTest-84108808-project-member] new path /v2/images/0fe96d08-ca3e-4ddc-b88d-f6d2b7d354e0 {{(pid=99899) process_request /opt/stack/glance/glance/api/middleware/version_negotiation.py:70}}
Jul 29 16:09:08.348996 np0000006098 devstack@g-api.service[99899]: [pid: 99899|app: 0|req: 24/64] 127.0.0.1 () {44 vars in 1111 bytes} [Wed Jul 29 16:09:08 2026] GET /v2/images/0fe96d08-ca3e-4ddc-b88d-f6d2b7d354e0 => generated 1044 bytes in 10 msecs (HTTP/1.1 200) 4 headers in 158 bytes (1 switches on core 0)
Jul 29 16:09:08.358280 np0000006098 devstack@g-api.service[99897]: DEBUG glance.api.middleware.version_negotiation [None req-3a915f04-d23e-408b-8799-16802a4a498f tempest-TaggedBootDevicesTest-84108808 tempest-TaggedBootDevicesTest-84108808-project-member] Determining version of request: GET /v2/images/0fe96d08-ca3e-4ddc-b88d-f6d2b7d354e0/file Accept: */* {{(pid=99897) process_request /opt/stack/glance/glance/api/middleware/version_negotiation.py:44}}
Jul 29 16:09:08.358280 np0000006098 devstack@g-api.service[99897]: DEBUG glance.api.middleware.version_negotiation [None req-3a915f04-d23e-408b-8799-16802a4a498f tempest-TaggedBootDevicesTest-84108808 tempest-TaggedBootDevicesTest-84108808-project-member] Using url versioning {{(pid=99897) process_request /opt/stack/glance/glance/api/middleware/version_negotiation.py:57}}
Jul 29 16:09:08.358280 np0000006098 devstack@g-api.service[99897]: DEBUG glance.api.middleware.version_negotiation [None req-3a915f04-d23e-408b-8799-16802a4a498f tempest-TaggedBootDevicesTest-84108808 tempest-TaggedBootDevicesTest-84108808-project-member] Matched version: v2 {{(pid=99897) process_request /opt/stack/glance/glance/api/middleware/version_negotiation.py:69}}
Jul 29 16:09:08.358280 np0000006098 devstack@g-api.service[99897]: DEBUG glance.api.middleware.version_negotiation [None req-3a915f04-d23e-408b-8799-16802a4a498f tempest-TaggedBootDevicesTest-84108808 tempest-TaggedBootDevicesTest-84108808-project-member] new path /v2/images/0fe96d08-ca3e-4ddc-b88d-f6d2b7d354e0/file {{(pid=99897) process_request /opt/stack/glance/glance/api/middleware/version_negotiation.py:70}}
Jul 29 16:09:08.368304 np0000006098 devstack@g-api.service[99897]: DEBUG glance.api.middleware.cache [None req-3a915f04-d23e-408b-8799-16802a4a498f tempest-TaggedBootDevicesTest-84108808 tempest-TaggedBootDevicesTest-84108808-project-member] Cache hit for image '0fe96d08-ca3e-4ddc-b88d-f6d2b7d354e0' {{(pid=99897) process_request /opt/stack/glance/glance/api/middleware/cache.py:160}}
Jul 29 16:09:08.472101 np0000006098 devstack@g-api.service[99897]: [pid: 99897|app: 0|req: 24/65] 127.0.0.1 () {44 vars in 1121 bytes} [Wed Jul 29 16:09:08 2026] GET /v2/images/0fe96d08-ca3e-4ddc-b88d-f6d2b7d354e0/file => generated 21692416 bytes in 115 msecs (HTTP/1.1 200) 5 headers in 217 bytes (338 switches on core 0)
Jul 29 16:09:08.531520 np0000006098 devstack@g-api.service[99899]: DEBUG glance.api.middleware.version_negotiation [None req-3a915f04-d23e-408b-8799-16802a4a498f tempest-TaggedBootDevicesTest-84108808 tempest-TaggedBootDevicesTest-84108808-project-member] Determining version of request: GET /v2/images/0fe96d08-ca3e-4ddc-b88d-f6d2b7d354e0 Accept: */* {{(pid=99899) process_request /opt/stack/glance/glance/api/middleware/version_negotiation.py:44}}
Jul 29 16:09:08.531778 np0000006098 devstack@g-api.service[99899]: DEBUG glance.api.middleware.version_negotiation [None req-3a915f04-d23e-408b-8799-16802a4a498f tempest-TaggedBootDevicesTest-84108808 tempest-TaggedBootDevicesTest-84108808-project-member] Using url versioning {{(pid=99899) process_request /opt/stack/glance/glance/api/middleware/version_negotiation.py:57}}
Jul 29 16:09:08.532031 np0000006098 devstack@g-api.service[99899]: DEBUG glance.api.middleware.version_negotiation [None req-3a915f04-d23e-408b-8799-16802a4a498f tempest-TaggedBootDevicesTest-84108808 tempest-TaggedBootDevicesTest-84108808-project-member] Matched version: v2 {{(pid=99899) process_request /opt/stack/glance/glance/api/middleware/version_negotiation.py:69}}
Jul 29 16:09:08.532031 np0000006098 devstack@g-api.service[99899]: DEBUG glance.api.middleware.version_negotiation [None req-3a915f04-d23e-408b-8799-16802a4a498f tempest-TaggedBootDevicesTest-84108808 tempest-TaggedBootDevicesTest-84108808-project-member] new path /v2/images/0fe96d08-ca3e-4ddc-b88d-f6d2b7d354e0 {{(pid=99899) process_request /opt/stack/glance/glance/api/middleware/version_negotiation.py:70}}
Jul 29 16:09:08.540223 np0000006098 devstack@g-api.service[99899]: [pid: 99899|app: 0|req: 25/66] 127.0.0.1 () {44 vars in 1111 bytes} [Wed Jul 29 16:09:08 2026] GET /v2/images/0fe96d08-ca3e-4ddc-b88d-f6d2b7d354e0 => generated 1044 bytes in 9 msecs (HTTP/1.1 200) 4 headers in 158 bytes (1 switches on core 0)
Jul 29 16:09:08.550454 np0000006098 devstack@g-api.service[99897]: DEBUG glance.api.middleware.version_negotiation [None req-3a915f04-d23e-408b-8799-16802a4a498f tempest-TaggedBootDevicesTest-84108808 tempest-TaggedBootDevicesTest-84108808-project-member] Determining version of request: GET /v2/schemas/image Accept: */* {{(pid=99897) process_request /opt/stack/glance/glance/api/middleware/version_negotiation.py:44}}
Jul 29 16:09:08.550637 np0000006098 devstack@g-api.service[99897]: DEBUG glance.api.middleware.version_negotiation [None req-3a915f04-d23e-408b-8799-16802a4a498f tempest-TaggedBootDevicesTest-84108808 tempest-TaggedBootDevicesTest-84108808-project-member] Using url versioning {{(pid=99897) process_request /opt/stack/glance/glance/api/middleware/version_negotiation.py:57}}
Jul 29 16:09:08.550757 np0000006098 devstack@g-api.service[99897]: DEBUG glance.api.middleware.version_negotiation [None req-3a915f04-d23e-408b-8799-16802a4a498f tempest-TaggedBootDevicesTest-84108808 tempest-TaggedBootDevicesTest-84108808-project-member] Matched version: v2 {{(pid=99897) process_request /opt/stack/glance/glance/api/middleware/version_negotiation.py:69}}
Jul 29 16:09:08.550913 np0000006098 devstack@g-api.service[99897]: DEBUG glance.api.middleware.version_negotiation [None req-3a915f04-d23e-408b-8799-16802a4a498f tempest-TaggedBootDevicesTest-84108808 tempest-TaggedBootDevicesTest-84108808-project-member] new path /v2/schemas/image {{(pid=99897) process_request /opt/stack/glance/glance/api/middleware/version_negotiation.py:70}}
Jul 29 16:09:08.553001 np0000006098 devstack@g-api.service[99897]: [pid: 99897|app: 0|req: 25/67] 127.0.0.1 () {44 vars in 1051 bytes} [Wed Jul 29 16:09:08 2026] GET /v2/schemas/image => generated 6083 bytes in 3 msecs (HTTP/1.1 200) 4 headers in 158 bytes (1 switches on core 0)
Jul 29 16:09:08.750407 np0000006098 devstack@g-api.service[99898]: DEBUG swiftclient [None req-d7d2dbb5-2830-4f0b-b36c-a5c69ca3d705 tempest-AttachSCSIVolumeTestJSON-801563271 tempest-AttachSCSIVolumeTestJSON-801563271-project-admin] REQ: curl -i https://10.4.3.84:8080/v1/AUTH_7852c64984c541d8b86976c303e20b65/glance -I -H "X-Auth-Token: gAAAAABqaiWk0mjF..." {{(pid=99898) http_log /opt/stack/data/venv/lib/python3.12/site-packages/swiftclient/client.py:160}}
Jul 29 16:09:08.750777 np0000006098 devstack@g-api.service[99898]: DEBUG swiftclient [None req-d7d2dbb5-2830-4f0b-b36c-a5c69ca3d705 tempest-AttachSCSIVolumeTestJSON-801563271 tempest-AttachSCSIVolumeTestJSON-801563271-project-admin] RESP STATUS: 204 No Content {{(pid=99898) http_log /opt/stack/data/venv/lib/python3.12/site-packages/swiftclient/client.py:161}}
Jul 29 16:09:08.750777 np0000006098 devstack@g-api.service[99898]: DEBUG swiftclient [None req-d7d2dbb5-2830-4f0b-b36c-a5c69ca3d705 tempest-AttachSCSIVolumeTestJSON-801563271 tempest-AttachSCSIVolumeTestJSON-801563271-project-admin] RESP HEADERS: {'Date': 'Wed, 29 Jul 2026 16:09:08 GMT', 'Server': 'Apache/2.4.58 (Ubuntu)', 'Content-Type': 'text/plain; charset=utf-8', 'X-Container-Object-Count': '4', 'X-Container-Bytes-Used': '64357376', 'X-Timestamp': '1785341222.97890', 'Last-Modified': 'Wed, 29 Jul 2026 16:07:03 GMT', 'Accept-Ranges': 'bytes', 'X-Storage-Policy': 'Policy-0', 'X-Container-Sharding': 'False', 'Vary': 'Accept', 'X-Trans-Id': 'txfa2137785a914c5da955b-006a6a25a4', 'X-Openstack-Request-Id': 'txfa2137785a914c5da955b-006a6a25a4', 'Connection': 'close'} {{(pid=99898) http_log /opt/stack/data/venv/lib/python3.12/site-packages/swiftclient/client.py:162}}
Jul 29 16:09:08.750877 np0000006098 devstack@g-api.service[99898]: DEBUG glance_store._drivers.swift.store [None req-d7d2dbb5-2830-4f0b-b36c-a5c69ca3d705 tempest-AttachSCSIVolumeTestJSON-801563271 tempest-AttachSCSIVolumeTestJSON-801563271-project-admin] Adding image object 'fa292d3e-73ac-4e3a-861d-ebae714300e6' to Swift {{(pid=99898) add /opt/stack/data/venv/lib/python3.12/site-packages/glance_store/_drivers/swift/store.py:970}}
Jul 29 16:09:08.750877 np0000006098 devstack@g-api.service[99898]: DEBUG glance_store._drivers.swift.store [None req-d7d2dbb5-2830-4f0b-b36c-a5c69ca3d705 tempest-AttachSCSIVolumeTestJSON-801563271 tempest-AttachSCSIVolumeTestJSON-801563271-project-admin] Cannot determine image size because it is either not provided in the request or chunked-transfer encoding is used. Adding image as a segmented object to Swift. {{(pid=99898) add /opt/stack/data/venv/lib/python3.12/site-packages/glance_store/_drivers/swift/store.py:994}}
Jul 29 16:09:08.751974 np0000006098 devstack@g-api.service[99899]: DEBUG glance.api.middleware.version_negotiation [None req-3a915f04-d23e-408b-8799-16802a4a498f tempest-TaggedBootDevicesTest-84108808 tempest-TaggedBootDevicesTest-84108808-project-member] Determining version of request: GET /v2/images/0fe96d08-ca3e-4ddc-b88d-f6d2b7d354e0 Accept: */* {{(pid=99899) process_request /opt/stack/glance/glance/api/middleware/version_negotiation.py:44}}
Jul 29 16:09:08.752157 np0000006098 devstack@g-api.service[99899]: DEBUG glance.api.middleware.version_negotiation [None req-3a915f04-d23e-408b-8799-16802a4a498f tempest-TaggedBootDevicesTest-84108808 tempest-TaggedBootDevicesTest-84108808-project-member] Using url versioning {{(pid=99899) process_request /opt/stack/glance/glance/api/middleware/version_negotiation.py:57}}
Jul 29 16:09:08.752292 np0000006098 devstack@g-api.service[99899]: DEBUG glance.api.middleware.version_negotiation [None req-3a915f04-d23e-408b-8799-16802a4a498f tempest-TaggedBootDevicesTest-84108808 tempest-TaggedBootDevicesTest-84108808-project-member] Matched version: v2 {{(pid=99899) process_request /opt/stack/glance/glance/api/middleware/version_negotiation.py:69}}
Jul 29 16:09:08.752382 np0000006098 devstack@g-api.service[99899]: DEBUG glance.api.middleware.version_negotiation [None req-3a915f04-d23e-408b-8799-16802a4a498f tempest-TaggedBootDevicesTest-84108808 tempest-TaggedBootDevicesTest-84108808-project-member] new path /v2/images/0fe96d08-ca3e-4ddc-b88d-f6d2b7d354e0 {{(pid=99899) process_request /opt/stack/glance/glance/api/middleware/version_negotiation.py:70}}
Jul 29 16:09:08.756320 np0000006098 devstack@g-api.service[99898]: DEBUG oslo_utils.imageutils.format_inspector [None req-d7d2dbb5-2830-4f0b-b36c-a5c69ca3d705 tempest-AttachSCSIVolumeTestJSON-801563271 tempest-AttachSCSIVolumeTestJSON-801563271-project-admin] Format inspector for vmdk does not match, excluding from consideration (Signature KDMV not found: b'QFI\xfb') {{(pid=99898) _process_chunk /opt/stack/data/venv/lib/python3.12/site-packages/oslo_utils/imageutils/format_inspector.py:1758}}
Jul 29 16:09:08.760705 np0000006098 devstack@g-api.service[99898]: DEBUG oslo_utils.imageutils.format_inspector [None req-d7d2dbb5-2830-4f0b-b36c-a5c69ca3d705 tempest-AttachSCSIVolumeTestJSON-801563271 tempest-AttachSCSIVolumeTestJSON-801563271-project-admin] Format inspector for vhdx does not match, excluding from consideration (Region signature not found at 30000) {{(pid=99898) _process_chunk /opt/stack/data/venv/lib/python3.12/site-packages/oslo_utils/imageutils/format_inspector.py:1758}}
Jul 29 16:09:08.770021 np0000006098 devstack@g-api.service[99899]: [pid: 99899|app: 0|req: 26/68] 127.0.0.1 () {44 vars in 1111 bytes} [Wed Jul 29 16:09:08 2026] GET /v2/images/0fe96d08-ca3e-4ddc-b88d-f6d2b7d354e0 => generated 1044 bytes in 18 msecs (HTTP/1.1 200) 4 headers in 158 bytes (1 switches on core 0)
Jul 29 16:09:08.778575 np0000006098 devstack@g-api.service[99897]: DEBUG glance.api.middleware.version_negotiation [None req-3a915f04-d23e-408b-8799-16802a4a498f tempest-TaggedBootDevicesTest-84108808 tempest-TaggedBootDevicesTest-84108808-project-member] Determining version of request: GET /v2/schemas/image Accept: */* {{(pid=99897) process_request /opt/stack/glance/glance/api/middleware/version_negotiation.py:44}}
Jul 29 16:09:08.778664 np0000006098 devstack@g-api.service[99897]: DEBUG glance.api.middleware.version_negotiation [None req-3a915f04-d23e-408b-8799-16802a4a498f tempest-TaggedBootDevicesTest-84108808 tempest-TaggedBootDevicesTest-84108808-project-member] Using url versioning {{(pid=99897) process_request /opt/stack/glance/glance/api/middleware/version_negotiation.py:57}}
Jul 29 16:09:08.778778 np0000006098 devstack@g-api.service[99897]: DEBUG glance.api.middleware.version_negotiation [None req-3a915f04-d23e-408b-8799-16802a4a498f tempest-TaggedBootDevicesTest-84108808 tempest-TaggedBootDevicesTest-84108808-project-member] Matched version: v2 {{(pid=99897) process_request /opt/stack/glance/glance/api/middleware/version_negotiation.py:69}}
Jul 29 16:09:08.778861 np0000006098 devstack@g-api.service[99897]: DEBUG glance.api.middleware.version_negotiation [None req-3a915f04-d23e-408b-8799-16802a4a498f tempest-TaggedBootDevicesTest-84108808 tempest-TaggedBootDevicesTest-84108808-project-member] new path /v2/schemas/image {{(pid=99897) process_request /opt/stack/glance/glance/api/middleware/version_negotiation.py:70}}
Jul 29 16:09:08.784242 np0000006098 devstack@g-api.service[99897]: [pid: 99897|app: 0|req: 26/69] 127.0.0.1 () {44 vars in 1051 bytes} [Wed Jul 29 16:09:08 2026] GET /v2/schemas/image => generated 6083 bytes in 5 msecs (HTTP/1.1 200) 4 headers in 158 bytes (1 switches on core 0)
Jul 29 16:09:09.041248 np0000006098 devstack@g-api.service[99898]: DEBUG swiftclient [None req-d7d2dbb5-2830-4f0b-b36c-a5c69ca3d705 tempest-AttachSCSIVolumeTestJSON-801563271 tempest-AttachSCSIVolumeTestJSON-801563271-project-admin] REQ: curl -i https://10.4.3.84:8080/v1/AUTH_7852c64984c541d8b86976c303e20b65/glance/fa292d3e-73ac-4e3a-861d-ebae714300e6-00001 -X PUT -H "X-Auth-Token: gAAAAABqaiWk0mjF..." {{(pid=99898) http_log /opt/stack/data/venv/lib/python3.12/site-packages/swiftclient/client.py:160}}
Jul 29 16:09:09.041384 np0000006098 devstack@g-api.service[99898]: DEBUG swiftclient [None req-d7d2dbb5-2830-4f0b-b36c-a5c69ca3d705 tempest-AttachSCSIVolumeTestJSON-801563271 tempest-AttachSCSIVolumeTestJSON-801563271-project-admin] RESP STATUS: 201 Created {{(pid=99898) http_log /opt/stack/data/venv/lib/python3.12/site-packages/swiftclient/client.py:161}}
Jul 29 16:09:09.041600 np0000006098 devstack@g-api.service[99898]: DEBUG swiftclient [None req-d7d2dbb5-2830-4f0b-b36c-a5c69ca3d705 tempest-AttachSCSIVolumeTestJSON-801563271 tempest-AttachSCSIVolumeTestJSON-801563271-project-admin] RESP HEADERS: {'Date': 'Wed, 29 Jul 2026 16:09:09 GMT', 'Server': 'Apache/2.4.58 (Ubuntu)', 'Content-Type': 'text/html; charset=UTF-8', 'Content-Length': '0', 'Etag': '87617e24a5e30cb3b87fda8c0764838f', 'Last-Modified': 'Wed, 29 Jul 2026 16:09:09 GMT', 'X-Trans-Id': 'tx45b28e9cc19d45c59d3e2-006a6a25a4', 'X-Openstack-Request-Id': 'tx45b28e9cc19d45c59d3e2-006a6a25a4', 'Connection': 'close'} {{(pid=99898) http_log /opt/stack/data/venv/lib/python3.12/site-packages/swiftclient/client.py:162}}
Jul 29 16:09:09.041761 np0000006098 devstack@g-api.service[99898]: DEBUG glance_store._drivers.swift.store [None req-d7d2dbb5-2830-4f0b-b36c-a5c69ca3d705 tempest-AttachSCSIVolumeTestJSON-801563271 tempest-AttachSCSIVolumeTestJSON-801563271-project-admin] Wrote chunk fa292d3e-73ac-4e3a-861d-ebae714300e6-00001 (1/?) of length 21692416 to Swift returning MD5 of content: 87617e24a5e30cb3b87fda8c0764838f {{(pid=99898) add /opt/stack/data/venv/lib/python3.12/site-packages/glance_store/_drivers/swift/store.py:1059}}
Jul 29 16:09:09.042141 np0000006098 devstack@g-api.service[99898]: DEBUG glance_store._drivers.swift.store [None req-d7d2dbb5-2830-4f0b-b36c-a5c69ca3d705 tempest-AttachSCSIVolumeTestJSON-801563271 tempest-AttachSCSIVolumeTestJSON-801563271-project-admin] Not writing zero-length chunk. {{(pid=99898) add /opt/stack/data/venv/lib/python3.12/site-packages/glance_store/_drivers/swift/store.py:1028}}
Jul 29 16:09:09.094069 np0000006098 devstack@g-api.service[99898]: DEBUG swiftclient [None req-d7d2dbb5-2830-4f0b-b36c-a5c69ca3d705 tempest-AttachSCSIVolumeTestJSON-801563271 tempest-AttachSCSIVolumeTestJSON-801563271-project-admin] REQ: curl -i https://10.4.3.84:8080/v1/AUTH_7852c64984c541d8b86976c303e20b65/glance/fa292d3e-73ac-4e3a-861d-ebae714300e6 -X PUT -H "X-Object-Manifest: glance/fa292d3e-73ac-4e3a-861d-ebae714300e6-" -H "X-Auth-Token: gAAAAABqaiWk0mjF..." -H "Content-Length: 0" {{(pid=99898) http_log /opt/stack/data/venv/lib/python3.12/site-packages/swiftclient/client.py:160}}
Jul 29 16:09:09.094235 np0000006098 devstack@g-api.service[99898]: DEBUG swiftclient [None req-d7d2dbb5-2830-4f0b-b36c-a5c69ca3d705 tempest-AttachSCSIVolumeTestJSON-801563271 tempest-AttachSCSIVolumeTestJSON-801563271-project-admin] RESP STATUS: 201 Created {{(pid=99898) http_log /opt/stack/data/venv/lib/python3.12/site-packages/swiftclient/client.py:161}}
Jul 29 16:09:09.094443 np0000006098 devstack@g-api.service[99898]: DEBUG swiftclient [None req-d7d2dbb5-2830-4f0b-b36c-a5c69ca3d705 tempest-AttachSCSIVolumeTestJSON-801563271 tempest-AttachSCSIVolumeTestJSON-801563271-project-admin] RESP HEADERS: {'Date': 'Wed, 29 Jul 2026 16:09:09 GMT', 'Server': 'Apache/2.4.58 (Ubuntu)', 'Content-Type': 'text/html; charset=UTF-8', 'Content-Length': '0', 'Etag': 'd41d8cd98f00b204e9800998ecf8427e', 'Last-Modified': 'Wed, 29 Jul 2026 16:09:10 GMT', 'X-Trans-Id': 'tx15b4e0a4b8434493bf9cd-006a6a25a5', 'X-Openstack-Request-Id': 'tx15b4e0a4b8434493bf9cd-006a6a25a5', 'Connection': 'close'} {{(pid=99898) http_log /opt/stack/data/venv/lib/python3.12/site-packages/swiftclient/client.py:162}}
Jul 29 16:09:09.095066 np0000006098 devstack@g-api.service[99898]: INFO glance.location [None req-d7d2dbb5-2830-4f0b-b36c-a5c69ca3d705 tempest-AttachSCSIVolumeTestJSON-801563271 tempest-AttachSCSIVolumeTestJSON-801563271-project-admin] Image format matched and virtual size computed: 117440512
Jul 29 16:09:09.141725 np0000006098 devstack@g-api.service[99898]: DEBUG glance_store.backend [None req-d7d2dbb5-2830-4f0b-b36c-a5c69ca3d705 tempest-AttachSCSIVolumeTestJSON-801563271 tempest-AttachSCSIVolumeTestJSON-801563271-project-admin] Attempting to import store swift {{(pid=99898) _load_store /opt/stack/data/venv/lib/python3.12/site-packages/glance_store/backend.py:215}}
Jul 29 16:09:09.143166 np0000006098 devstack@g-api.service[99898]: DEBUG glance_store.capabilities [None req-d7d2dbb5-2830-4f0b-b36c-a5c69ca3d705 tempest-AttachSCSIVolumeTestJSON-801563271 tempest-AttachSCSIVolumeTestJSON-801563271-project-admin] Store glance_store._drivers.swift.store.SingleTenantStore doesn't support updating dynamic storage capabilities. Please overwrite 'update_capabilities' method of the store to implement updating logics if needed. {{(pid=99898) update_capabilities /opt/stack/data/venv/lib/python3.12/site-packages/glance_store/capabilities.py:91}}
Jul 29 16:09:09.143284 np0000006098 devstack@g-api.service[99898]: DEBUG glance_store.driver [None req-d7d2dbb5-2830-4f0b-b36c-a5c69ca3d705 tempest-AttachSCSIVolumeTestJSON-801563271 tempest-AttachSCSIVolumeTestJSON-801563271-project-admin] Late loading location class glance_store._drivers.swift.store.StoreLocation {{(pid=99898) get_store_location_class /opt/stack/data/venv/lib/python3.12/site-packages/glance_store/driver.py:134}}
Jul 29 16:09:09.143448 np0000006098 devstack@g-api.service[99898]: DEBUG glance_store.location [None req-d7d2dbb5-2830-4f0b-b36c-a5c69ca3d705 tempest-AttachSCSIVolumeTestJSON-801563271 tempest-AttachSCSIVolumeTestJSON-801563271-project-admin] Registering scheme swift+https with {'store': , 'location_class': , 'store_entry': 'swift'} {{(pid=99898) register_scheme_map /opt/stack/data/venv/lib/python3.12/site-packages/glance_store/location.py:146}}
Jul 29 16:09:09.143555 np0000006098 devstack@g-api.service[99898]: DEBUG glance_store.location [None req-d7d2dbb5-2830-4f0b-b36c-a5c69ca3d705 tempest-AttachSCSIVolumeTestJSON-801563271 tempest-AttachSCSIVolumeTestJSON-801563271-project-admin] Registering scheme swift+https with {'store': , 'location_class': , 'store_entry': 'swift'} {{(pid=99898) register_scheme_map /opt/stack/data/venv/lib/python3.12/site-packages/glance_store/location.py:146}}
Jul 29 16:09:09.143555 np0000006098 devstack@g-api.service[99898]: DEBUG glance_store.location [None req-d7d2dbb5-2830-4f0b-b36c-a5c69ca3d705 tempest-AttachSCSIVolumeTestJSON-801563271 tempest-AttachSCSIVolumeTestJSON-801563271-project-admin] Registering scheme swift with {'store': , 'location_class': , 'store_entry': 'swift'} {{(pid=99898) register_scheme_map /opt/stack/data/venv/lib/python3.12/site-packages/glance_store/location.py:146}}
Jul 29 16:09:09.143645 np0000006098 devstack@g-api.service[99898]: DEBUG glance_store.location [None req-d7d2dbb5-2830-4f0b-b36c-a5c69ca3d705 tempest-AttachSCSIVolumeTestJSON-801563271 tempest-AttachSCSIVolumeTestJSON-801563271-project-admin] Registering scheme swift+https with {'store': , 'location_class': , 'store_entry': 'swift'} {{(pid=99898) register_scheme_map /opt/stack/data/venv/lib/python3.12/site-packages/glance_store/location.py:146}}
Jul 29 16:09:09.143682 np0000006098 devstack@g-api.service[99898]: DEBUG glance_store.location [None req-d7d2dbb5-2830-4f0b-b36c-a5c69ca3d705 tempest-AttachSCSIVolumeTestJSON-801563271 tempest-AttachSCSIVolumeTestJSON-801563271-project-admin] Registering scheme swift with {'store': , 'location_class': , 'store_entry': 'swift'} {{(pid=99898) register_scheme_map /opt/stack/data/venv/lib/python3.12/site-packages/glance_store/location.py:146}}
Jul 29 16:09:09.143776 np0000006098 devstack@g-api.service[99898]: DEBUG glance_store.location [None req-d7d2dbb5-2830-4f0b-b36c-a5c69ca3d705 tempest-AttachSCSIVolumeTestJSON-801563271 tempest-AttachSCSIVolumeTestJSON-801563271-project-admin] Registering scheme swift+http with {'store': , 'location_class': , 'store_entry': 'swift'} {{(pid=99898) register_scheme_map /opt/stack/data/venv/lib/python3.12/site-packages/glance_store/location.py:146}}
Jul 29 16:09:09.143883 np0000006098 devstack@g-api.service[99898]: DEBUG glance_store.location [None req-d7d2dbb5-2830-4f0b-b36c-a5c69ca3d705 tempest-AttachSCSIVolumeTestJSON-801563271 tempest-AttachSCSIVolumeTestJSON-801563271-project-admin] Registering scheme swift+https with {'store': , 'location_class': , 'store_entry': 'swift'} {{(pid=99898) register_scheme_map /opt/stack/data/venv/lib/python3.12/site-packages/glance_store/location.py:146}}
Jul 29 16:09:09.144673 np0000006098 devstack@g-api.service[99898]: DEBUG glance_store.location [None req-d7d2dbb5-2830-4f0b-b36c-a5c69ca3d705 tempest-AttachSCSIVolumeTestJSON-801563271 tempest-AttachSCSIVolumeTestJSON-801563271-project-admin] Registering scheme swift with {'store': , 'location_class': , 'store_entry': 'swift'} {{(pid=99898) register_scheme_map /opt/stack/data/venv/lib/python3.12/site-packages/glance_store/location.py:146}}
Jul 29 16:09:09.144673 np0000006098 devstack@g-api.service[99898]: DEBUG glance_store.location [None req-d7d2dbb5-2830-4f0b-b36c-a5c69ca3d705 tempest-AttachSCSIVolumeTestJSON-801563271 tempest-AttachSCSIVolumeTestJSON-801563271-project-admin] Registering scheme swift+http with {'store': , 'location_class': , 'store_entry': 'swift'} {{(pid=99898) register_scheme_map /opt/stack/data/venv/lib/python3.12/site-packages/glance_store/location.py:146}}
Jul 29 16:09:09.144673 np0000006098 devstack@g-api.service[99898]: DEBUG glance_store.location [None req-d7d2dbb5-2830-4f0b-b36c-a5c69ca3d705 tempest-AttachSCSIVolumeTestJSON-801563271 tempest-AttachSCSIVolumeTestJSON-801563271-project-admin] Registering scheme swift+config with {'store': , 'location_class': , 'store_entry': 'swift'} {{(pid=99898) register_scheme_map /opt/stack/data/venv/lib/python3.12/site-packages/glance_store/location.py:146}}
Jul 29 16:09:09.144673 np0000006098 devstack@g-api.service[99898]: DEBUG glance_store.backend [None req-d7d2dbb5-2830-4f0b-b36c-a5c69ca3d705 tempest-AttachSCSIVolumeTestJSON-801563271 tempest-AttachSCSIVolumeTestJSON-801563271-project-admin] Skipping store.set_acls... not implemented. {{(pid=99898) set_acls /opt/stack/data/venv/lib/python3.12/site-packages/glance_store/backend.py:507}}
Jul 29 16:09:09.146321 np0000006098 devstack@g-api.service[99898]: [pid: 99898|app: 0|req: 18/70] 127.0.0.1 () {40 vars in 854 bytes} [Wed Jul 29 16:09:06 2026] PUT /v2/images/fa292d3e-73ac-4e3a-861d-ebae714300e6/file => generated 0 bytes in 2195 msecs (HTTP/1.1 204) 4 headers in 171 bytes (1 switches on core 0)
Jul 29 16:09:09.239925 np0000006098 devstack@g-api.service[99899]: DEBUG glance.api.middleware.version_negotiation [None req-3a915f04-d23e-408b-8799-16802a4a498f tempest-TaggedBootDevicesTest-84108808 tempest-TaggedBootDevicesTest-84108808-project-member] Determining version of request: GET /v2/images/0fe96d08-ca3e-4ddc-b88d-f6d2b7d354e0 Accept: */* {{(pid=99899) process_request /opt/stack/glance/glance/api/middleware/version_negotiation.py:44}}
Jul 29 16:09:09.240327 np0000006098 devstack@g-api.service[99899]: DEBUG glance.api.middleware.version_negotiation [None req-3a915f04-d23e-408b-8799-16802a4a498f tempest-TaggedBootDevicesTest-84108808 tempest-TaggedBootDevicesTest-84108808-project-member] Using url versioning {{(pid=99899) process_request /opt/stack/glance/glance/api/middleware/version_negotiation.py:57}}
Jul 29 16:09:09.240327 np0000006098 devstack@g-api.service[99899]: DEBUG glance.api.middleware.version_negotiation [None req-3a915f04-d23e-408b-8799-16802a4a498f tempest-TaggedBootDevicesTest-84108808 tempest-TaggedBootDevicesTest-84108808-project-member] Matched version: v2 {{(pid=99899) process_request /opt/stack/glance/glance/api/middleware/version_negotiation.py:69}}
Jul 29 16:09:09.240404 np0000006098 devstack@g-api.service[99899]: DEBUG glance.api.middleware.version_negotiation [None req-3a915f04-d23e-408b-8799-16802a4a498f tempest-TaggedBootDevicesTest-84108808 tempest-TaggedBootDevicesTest-84108808-project-member] new path /v2/images/0fe96d08-ca3e-4ddc-b88d-f6d2b7d354e0 {{(pid=99899) process_request /opt/stack/glance/glance/api/middleware/version_negotiation.py:70}}
Jul 29 16:09:09.255760 np0000006098 devstack@g-api.service[99899]: [pid: 99899|app: 0|req: 27/71] 127.0.0.1 () {44 vars in 1111 bytes} [Wed Jul 29 16:09:09 2026] GET /v2/images/0fe96d08-ca3e-4ddc-b88d-f6d2b7d354e0 => generated 1044 bytes in 16 msecs (HTTP/1.1 200) 4 headers in 158 bytes (1 switches on core 0)
Jul 29 16:09:09.265652 np0000006098 devstack@g-api.service[99897]: DEBUG glance.api.middleware.version_negotiation [None req-3a915f04-d23e-408b-8799-16802a4a498f tempest-TaggedBootDevicesTest-84108808 tempest-TaggedBootDevicesTest-84108808-project-member] Determining version of request: GET /v2/schemas/image Accept: */* {{(pid=99897) process_request /opt/stack/glance/glance/api/middleware/version_negotiation.py:44}}
Jul 29 16:09:09.266230 np0000006098 devstack@g-api.service[99897]: DEBUG glance.api.middleware.version_negotiation [None req-3a915f04-d23e-408b-8799-16802a4a498f tempest-TaggedBootDevicesTest-84108808 tempest-TaggedBootDevicesTest-84108808-project-member] Using url versioning {{(pid=99897) process_request /opt/stack/glance/glance/api/middleware/version_negotiation.py:57}}
Jul 29 16:09:09.266230 np0000006098 devstack@g-api.service[99897]: DEBUG glance.api.middleware.version_negotiation [None req-3a915f04-d23e-408b-8799-16802a4a498f tempest-TaggedBootDevicesTest-84108808 tempest-TaggedBootDevicesTest-84108808-project-member] Matched version: v2 {{(pid=99897) process_request /opt/stack/glance/glance/api/middleware/version_negotiation.py:69}}
Jul 29 16:09:09.266230 np0000006098 devstack@g-api.service[99897]: DEBUG glance.api.middleware.version_negotiation [None req-3a915f04-d23e-408b-8799-16802a4a498f tempest-TaggedBootDevicesTest-84108808 tempest-TaggedBootDevicesTest-84108808-project-member] new path /v2/schemas/image {{(pid=99897) process_request /opt/stack/glance/glance/api/middleware/version_negotiation.py:70}}
Jul 29 16:09:09.268744 np0000006098 devstack@g-api.service[99897]: [pid: 99897|app: 0|req: 27/72] 127.0.0.1 () {44 vars in 1051 bytes} [Wed Jul 29 16:09:09 2026] GET /v2/schemas/image => generated 6083 bytes in 3 msecs (HTTP/1.1 200) 4 headers in 158 bytes (1 switches on core 0)
Jul 29 16:09:09.643578 np0000006098 devstack@g-api.service[99898]: DEBUG glance.api.middleware.version_negotiation [None req-d7d2dbb5-2830-4f0b-b36c-a5c69ca3d705 tempest-AttachSCSIVolumeTestJSON-801563271 tempest-AttachSCSIVolumeTestJSON-801563271-project-admin] Determining version of request: GET /v2/images/0fe96d08-ca3e-4ddc-b88d-f6d2b7d354e0 Accept: */* {{(pid=99898) process_request /opt/stack/glance/glance/api/middleware/version_negotiation.py:44}}
Jul 29 16:09:09.643824 np0000006098 devstack@g-api.service[99898]: DEBUG glance.api.middleware.version_negotiation [None req-d7d2dbb5-2830-4f0b-b36c-a5c69ca3d705 tempest-AttachSCSIVolumeTestJSON-801563271 tempest-AttachSCSIVolumeTestJSON-801563271-project-admin] Using url versioning {{(pid=99898) process_request /opt/stack/glance/glance/api/middleware/version_negotiation.py:57}}
Jul 29 16:09:09.643871 np0000006098 devstack@g-api.service[99898]: DEBUG glance.api.middleware.version_negotiation [None req-d7d2dbb5-2830-4f0b-b36c-a5c69ca3d705 tempest-AttachSCSIVolumeTestJSON-801563271 tempest-AttachSCSIVolumeTestJSON-801563271-project-admin] Matched version: v2 {{(pid=99898) process_request /opt/stack/glance/glance/api/middleware/version_negotiation.py:69}}
Jul 29 16:09:09.643979 np0000006098 devstack@g-api.service[99898]: DEBUG glance.api.middleware.version_negotiation [None req-d7d2dbb5-2830-4f0b-b36c-a5c69ca3d705 tempest-AttachSCSIVolumeTestJSON-801563271 tempest-AttachSCSIVolumeTestJSON-801563271-project-admin] new path /v2/images/0fe96d08-ca3e-4ddc-b88d-f6d2b7d354e0 {{(pid=99898) process_request /opt/stack/glance/glance/api/middleware/version_negotiation.py:70}}
Jul 29 16:09:09.669934 np0000006098 devstack@g-api.service[99898]: [pid: 99898|app: 0|req: 19/73] 127.0.0.1 () {44 vars in 1111 bytes} [Wed Jul 29 16:09:09 2026] GET /v2/images/0fe96d08-ca3e-4ddc-b88d-f6d2b7d354e0 => generated 1044 bytes in 26 msecs (HTTP/1.1 200) 4 headers in 158 bytes (1 switches on core 0)
Jul 29 16:09:09.707008 np0000006098 devstack@g-api.service[99899]: DEBUG glance.api.middleware.version_negotiation [None req-3a915f04-d23e-408b-8799-16802a4a498f tempest-TaggedBootDevicesTest-84108808 tempest-TaggedBootDevicesTest-84108808-project-member] Determining version of request: GET /v2/images/0fe96d08-ca3e-4ddc-b88d-f6d2b7d354e0/file Accept: */* {{(pid=99899) process_request /opt/stack/glance/glance/api/middleware/version_negotiation.py:44}}
Jul 29 16:09:09.707162 np0000006098 devstack@g-api.service[99899]: DEBUG glance.api.middleware.version_negotiation [None req-3a915f04-d23e-408b-8799-16802a4a498f tempest-TaggedBootDevicesTest-84108808 tempest-TaggedBootDevicesTest-84108808-project-member] Using url versioning {{(pid=99899) process_request /opt/stack/glance/glance/api/middleware/version_negotiation.py:57}}
Jul 29 16:09:09.707314 np0000006098 devstack@g-api.service[99899]: DEBUG glance.api.middleware.version_negotiation [None req-3a915f04-d23e-408b-8799-16802a4a498f tempest-TaggedBootDevicesTest-84108808 tempest-TaggedBootDevicesTest-84108808-project-member] Matched version: v2 {{(pid=99899) process_request /opt/stack/glance/glance/api/middleware/version_negotiation.py:69}}
Jul 29 16:09:09.707407 np0000006098 devstack@g-api.service[99899]: DEBUG glance.api.middleware.version_negotiation [None req-3a915f04-d23e-408b-8799-16802a4a498f tempest-TaggedBootDevicesTest-84108808 tempest-TaggedBootDevicesTest-84108808-project-member] new path /v2/images/0fe96d08-ca3e-4ddc-b88d-f6d2b7d354e0/file {{(pid=99899) process_request /opt/stack/glance/glance/api/middleware/version_negotiation.py:70}}
Jul 29 16:09:09.731905 np0000006098 devstack@g-api.service[99899]: DEBUG glance.api.middleware.cache [None req-a0e62fb1-f7c9-468c-96bf-5dd3e38c6116 tempest-AttachVolumeShelveTestJSON-1320597935 tempest-AttachVolumeShelveTestJSON-1320597935-project-member] Cache hit for image '0fe96d08-ca3e-4ddc-b88d-f6d2b7d354e0' {{(pid=99899) process_request /opt/stack/glance/glance/api/middleware/cache.py:160}}
Jul 29 16:09:09.865658 np0000006098 devstack@g-api.service[99899]: [pid: 99899|app: 0|req: 28/74] 127.0.0.1 () {44 vars in 1121 bytes} [Wed Jul 29 16:09:09 2026] GET /v2/images/0fe96d08-ca3e-4ddc-b88d-f6d2b7d354e0/file => generated 21692416 bytes in 159 msecs (HTTP/1.1 200) 5 headers in 217 bytes (338 switches on core 0)
Jul 29 16:09:09.894511 np0000006098 devstack@g-api.service[99897]: DEBUG glance.api.middleware.version_negotiation [None req-3a915f04-d23e-408b-8799-16802a4a498f tempest-TaggedBootDevicesTest-84108808 tempest-TaggedBootDevicesTest-84108808-project-member] Determining version of request: GET /v2/images/0fe96d08-ca3e-4ddc-b88d-f6d2b7d354e0 Accept: */* {{(pid=99897) process_request /opt/stack/glance/glance/api/middleware/version_negotiation.py:44}}
Jul 29 16:09:09.894511 np0000006098 devstack@g-api.service[99897]: DEBUG glance.api.middleware.version_negotiation [None req-3a915f04-d23e-408b-8799-16802a4a498f tempest-TaggedBootDevicesTest-84108808 tempest-TaggedBootDevicesTest-84108808-project-member] Using url versioning {{(pid=99897) process_request /opt/stack/glance/glance/api/middleware/version_negotiation.py:57}}
Jul 29 16:09:09.894511 np0000006098 devstack@g-api.service[99897]: DEBUG glance.api.middleware.version_negotiation [None req-3a915f04-d23e-408b-8799-16802a4a498f tempest-TaggedBootDevicesTest-84108808 tempest-TaggedBootDevicesTest-84108808-project-member] Matched version: v2 {{(pid=99897) process_request /opt/stack/glance/glance/api/middleware/version_negotiation.py:69}}
Jul 29 16:09:09.894511 np0000006098 devstack@g-api.service[99897]: DEBUG glance.api.middleware.version_negotiation [None req-3a915f04-d23e-408b-8799-16802a4a498f tempest-TaggedBootDevicesTest-84108808 tempest-TaggedBootDevicesTest-84108808-project-member] new path /v2/images/0fe96d08-ca3e-4ddc-b88d-f6d2b7d354e0 {{(pid=99897) process_request /opt/stack/glance/glance/api/middleware/version_negotiation.py:70}}
Jul 29 16:09:09.908311 np0000006098 devstack@g-api.service[99897]: [pid: 99897|app: 0|req: 28/75] 127.0.0.1 () {44 vars in 1111 bytes} [Wed Jul 29 16:09:09 2026] GET /v2/images/0fe96d08-ca3e-4ddc-b88d-f6d2b7d354e0 => generated 1044 bytes in 14 msecs (HTTP/1.1 200) 4 headers in 158 bytes (1 switches on core 0)
Jul 29 16:09:09.933716 np0000006098 devstack@g-api.service[99898]: DEBUG glance.api.middleware.version_negotiation [None req-a0e62fb1-f7c9-468c-96bf-5dd3e38c6116 tempest-AttachVolumeShelveTestJSON-1320597935 tempest-AttachVolumeShelveTestJSON-1320597935-project-member] Determining version of request: GET /v2/schemas/image Accept: */* {{(pid=99898) process_request /opt/stack/glance/glance/api/middleware/version_negotiation.py:44}}
Jul 29 16:09:09.934036 np0000006098 devstack@g-api.service[99898]: DEBUG glance.api.middleware.version_negotiation [None req-a0e62fb1-f7c9-468c-96bf-5dd3e38c6116 tempest-AttachVolumeShelveTestJSON-1320597935 tempest-AttachVolumeShelveTestJSON-1320597935-project-member] Using url versioning {{(pid=99898) process_request /opt/stack/glance/glance/api/middleware/version_negotiation.py:57}}
Jul 29 16:09:09.934036 np0000006098 devstack@g-api.service[99898]: DEBUG glance.api.middleware.version_negotiation [None req-a0e62fb1-f7c9-468c-96bf-5dd3e38c6116 tempest-AttachVolumeShelveTestJSON-1320597935 tempest-AttachVolumeShelveTestJSON-1320597935-project-member] Matched version: v2 {{(pid=99898) process_request /opt/stack/glance/glance/api/middleware/version_negotiation.py:69}}
Jul 29 16:09:09.934036 np0000006098 devstack@g-api.service[99898]: DEBUG glance.api.middleware.version_negotiation [None req-a0e62fb1-f7c9-468c-96bf-5dd3e38c6116 tempest-AttachVolumeShelveTestJSON-1320597935 tempest-AttachVolumeShelveTestJSON-1320597935-project-member] new path /v2/schemas/image {{(pid=99898) process_request /opt/stack/glance/glance/api/middleware/version_negotiation.py:70}}
Jul 29 16:09:09.935955 np0000006098 devstack@g-api.service[99898]: [pid: 99898|app: 0|req: 20/76] 127.0.0.1 () {44 vars in 1051 bytes} [Wed Jul 29 16:09:09 2026] GET /v2/schemas/image => generated 6083 bytes in 2 msecs (HTTP/1.1 200) 4 headers in 158 bytes (1 switches on core 0)
Jul 29 16:09:13.178133 np0000006098 devstack@g-api.service[99899]: DEBUG glance.api.middleware.version_negotiation [None req-a0e62fb1-f7c9-468c-96bf-5dd3e38c6116 tempest-AttachVolumeShelveTestJSON-1320597935 tempest-AttachVolumeShelveTestJSON-1320597935-project-member] Determining version of request: GET / Accept: application/json {{(pid=99899) process_request /opt/stack/glance/glance/api/middleware/version_negotiation.py:44}}
Jul 29 16:09:13.178535 np0000006098 devstack@g-api.service[99899]: DEBUG glance.api.middleware.version_negotiation [None req-a0e62fb1-f7c9-468c-96bf-5dd3e38c6116 tempest-AttachVolumeShelveTestJSON-1320597935 tempest-AttachVolumeShelveTestJSON-1320597935-project-member] Using url versioning {{(pid=99899) process_request /opt/stack/glance/glance/api/middleware/version_negotiation.py:57}}
Jul 29 16:09:13.178535 np0000006098 devstack@g-api.service[99899]: DEBUG glance.api.middleware.version_negotiation [None req-a0e62fb1-f7c9-468c-96bf-5dd3e38c6116 tempest-AttachVolumeShelveTestJSON-1320597935 tempest-AttachVolumeShelveTestJSON-1320597935-project-member] Unknown version. Returning version choices. {{(pid=99899) process_request /opt/stack/glance/glance/api/middleware/version_negotiation.py:64}}
Jul 29 16:09:13.180316 np0000006098 devstack@g-api.service[99899]: [pid: 99899|app: 0|req: 29/77] 127.0.0.1 () {36 vars in 555 bytes} [Wed Jul 29 16:09:13 2026] GET / => generated 1501 bytes in 2 msecs (HTTP/1.1 300) 3 headers in 106 bytes (1 switches on core 0)
Jul 29 16:09:13.221100 np0000006098 devstack@g-api.service[99897]: DEBUG glance.api.middleware.version_negotiation [None req-a0e62fb1-f7c9-468c-96bf-5dd3e38c6116 tempest-AttachVolumeShelveTestJSON-1320597935 tempest-AttachVolumeShelveTestJSON-1320597935-project-member] Determining version of request: GET /v2/images/0fe96d08-ca3e-4ddc-b88d-f6d2b7d354e0 Accept: */* {{(pid=99897) process_request /opt/stack/glance/glance/api/middleware/version_negotiation.py:44}}
Jul 29 16:09:13.221100 np0000006098 devstack@g-api.service[99897]: DEBUG glance.api.middleware.version_negotiation [None req-a0e62fb1-f7c9-468c-96bf-5dd3e38c6116 tempest-AttachVolumeShelveTestJSON-1320597935 tempest-AttachVolumeShelveTestJSON-1320597935-project-member] Using url versioning {{(pid=99897) process_request /opt/stack/glance/glance/api/middleware/version_negotiation.py:57}}
Jul 29 16:09:13.221448 np0000006098 devstack@g-api.service[99897]: DEBUG glance.api.middleware.version_negotiation [None req-a0e62fb1-f7c9-468c-96bf-5dd3e38c6116 tempest-AttachVolumeShelveTestJSON-1320597935 tempest-AttachVolumeShelveTestJSON-1320597935-project-member] Matched version: v2 {{(pid=99897) process_request /opt/stack/glance/glance/api/middleware/version_negotiation.py:69}}
Jul 29 16:09:13.221448 np0000006098 devstack@g-api.service[99897]: DEBUG glance.api.middleware.version_negotiation [None req-a0e62fb1-f7c9-468c-96bf-5dd3e38c6116 tempest-AttachVolumeShelveTestJSON-1320597935 tempest-AttachVolumeShelveTestJSON-1320597935-project-member] new path /v2/images/0fe96d08-ca3e-4ddc-b88d-f6d2b7d354e0 {{(pid=99897) process_request /opt/stack/glance/glance/api/middleware/version_negotiation.py:70}}
Jul 29 16:09:13.232124 np0000006098 devstack@g-api.service[99897]: [pid: 99897|app: 0|req: 29/78] 127.0.0.1 () {44 vars in 1111 bytes} [Wed Jul 29 16:09:13 2026] GET /v2/images/0fe96d08-ca3e-4ddc-b88d-f6d2b7d354e0 => generated 1044 bytes in 11 msecs (HTTP/1.1 200) 4 headers in 158 bytes (1 switches on core 0)
Jul 29 16:09:13.269539 np0000006098 devstack@g-api.service[99898]: DEBUG glance.api.middleware.version_negotiation [None req-a0e62fb1-f7c9-468c-96bf-5dd3e38c6116 tempest-AttachVolumeShelveTestJSON-1320597935 tempest-AttachVolumeShelveTestJSON-1320597935-project-member] Determining version of request: GET /v2/schemas/image Accept: */* {{(pid=99898) process_request /opt/stack/glance/glance/api/middleware/version_negotiation.py:44}}
Jul 29 16:09:13.269917 np0000006098 devstack@g-api.service[99898]: DEBUG glance.api.middleware.version_negotiation [None req-a0e62fb1-f7c9-468c-96bf-5dd3e38c6116 tempest-AttachVolumeShelveTestJSON-1320597935 tempest-AttachVolumeShelveTestJSON-1320597935-project-member] Using url versioning {{(pid=99898) process_request /opt/stack/glance/glance/api/middleware/version_negotiation.py:57}}
Jul 29 16:09:13.269917 np0000006098 devstack@g-api.service[99898]: DEBUG glance.api.middleware.version_negotiation [None req-a0e62fb1-f7c9-468c-96bf-5dd3e38c6116 tempest-AttachVolumeShelveTestJSON-1320597935 tempest-AttachVolumeShelveTestJSON-1320597935-project-member] Matched version: v2 {{(pid=99898) process_request /opt/stack/glance/glance/api/middleware/version_negotiation.py:69}}
Jul 29 16:09:13.269917 np0000006098 devstack@g-api.service[99898]: DEBUG glance.api.middleware.version_negotiation [None req-a0e62fb1-f7c9-468c-96bf-5dd3e38c6116 tempest-AttachVolumeShelveTestJSON-1320597935 tempest-AttachVolumeShelveTestJSON-1320597935-project-member] new path /v2/schemas/image {{(pid=99898) process_request /opt/stack/glance/glance/api/middleware/version_negotiation.py:70}}
Jul 29 16:09:13.272205 np0000006098 devstack@g-api.service[99898]: [pid: 99898|app: 0|req: 21/79] 127.0.0.1 () {44 vars in 1051 bytes} [Wed Jul 29 16:09:13 2026] GET /v2/schemas/image => generated 6083 bytes in 3 msecs (HTTP/1.1 200) 4 headers in 158 bytes (1 switches on core 0)
Jul 29 16:09:15.222095 np0000006098 devstack@g-api.service[99899]: DEBUG glance.api.middleware.version_negotiation [None req-a0e62fb1-f7c9-468c-96bf-5dd3e38c6116 tempest-AttachVolumeShelveTestJSON-1320597935 tempest-AttachVolumeShelveTestJSON-1320597935-project-member] Determining version of request: GET /v2/images/fa292d3e-73ac-4e3a-861d-ebae714300e6 Accept: */* {{(pid=99899) process_request /opt/stack/glance/glance/api/middleware/version_negotiation.py:44}}
Jul 29 16:09:15.222485 np0000006098 devstack@g-api.service[99899]: DEBUG glance.api.middleware.version_negotiation [None req-a0e62fb1-f7c9-468c-96bf-5dd3e38c6116 tempest-AttachVolumeShelveTestJSON-1320597935 tempest-AttachVolumeShelveTestJSON-1320597935-project-member] Using url versioning {{(pid=99899) process_request /opt/stack/glance/glance/api/middleware/version_negotiation.py:57}}
Jul 29 16:09:15.222485 np0000006098 devstack@g-api.service[99899]: DEBUG glance.api.middleware.version_negotiation [None req-a0e62fb1-f7c9-468c-96bf-5dd3e38c6116 tempest-AttachVolumeShelveTestJSON-1320597935 tempest-AttachVolumeShelveTestJSON-1320597935-project-member] Matched version: v2 {{(pid=99899) process_request /opt/stack/glance/glance/api/middleware/version_negotiation.py:69}}
Jul 29 16:09:15.222485 np0000006098 devstack@g-api.service[99899]: DEBUG glance.api.middleware.version_negotiation [None req-a0e62fb1-f7c9-468c-96bf-5dd3e38c6116 tempest-AttachVolumeShelveTestJSON-1320597935 tempest-AttachVolumeShelveTestJSON-1320597935-project-member] new path /v2/images/fa292d3e-73ac-4e3a-861d-ebae714300e6 {{(pid=99899) process_request /opt/stack/glance/glance/api/middleware/version_negotiation.py:70}}
Jul 29 16:09:15.250289 np0000006098 devstack@g-api.service[99899]: [pid: 99899|app: 0|req: 30/80] 127.0.0.1 () {44 vars in 1111 bytes} [Wed Jul 29 16:09:15 2026] GET /v2/images/fa292d3e-73ac-4e3a-861d-ebae714300e6 => generated 859 bytes in 28 msecs (HTTP/1.1 200) 4 headers in 157 bytes (1 switches on core 0)
Jul 29 16:09:15.279238 np0000006098 devstack@g-api.service[99897]: DEBUG glance.api.middleware.version_negotiation [None req-e7b05e2b-d9c9-49fd-a38d-e5532e50e323 tempest-VolumesAdminNegativeTest-845888948 tempest-VolumesAdminNegativeTest-845888948-project-member] Determining version of request: GET /v2/schemas/image Accept: */* {{(pid=99897) process_request /opt/stack/glance/glance/api/middleware/version_negotiation.py:44}}
Jul 29 16:09:15.279670 np0000006098 devstack@g-api.service[99897]: DEBUG glance.api.middleware.version_negotiation [None req-e7b05e2b-d9c9-49fd-a38d-e5532e50e323 tempest-VolumesAdminNegativeTest-845888948 tempest-VolumesAdminNegativeTest-845888948-project-member] Using url versioning {{(pid=99897) process_request /opt/stack/glance/glance/api/middleware/version_negotiation.py:57}}
Jul 29 16:09:15.279670 np0000006098 devstack@g-api.service[99897]: DEBUG glance.api.middleware.version_negotiation [None req-e7b05e2b-d9c9-49fd-a38d-e5532e50e323 tempest-VolumesAdminNegativeTest-845888948 tempest-VolumesAdminNegativeTest-845888948-project-member] Matched version: v2 {{(pid=99897) process_request /opt/stack/glance/glance/api/middleware/version_negotiation.py:69}}
Jul 29 16:09:15.279670 np0000006098 devstack@g-api.service[99897]: DEBUG glance.api.middleware.version_negotiation [None req-e7b05e2b-d9c9-49fd-a38d-e5532e50e323 tempest-VolumesAdminNegativeTest-845888948 tempest-VolumesAdminNegativeTest-845888948-project-member] new path /v2/schemas/image {{(pid=99897) process_request /opt/stack/glance/glance/api/middleware/version_negotiation.py:70}}
Jul 29 16:09:15.285846 np0000006098 devstack@g-api.service[99897]: [pid: 99897|app: 0|req: 30/81] 127.0.0.1 () {44 vars in 1051 bytes} [Wed Jul 29 16:09:15 2026] GET /v2/schemas/image => generated 6083 bytes in 7 msecs (HTTP/1.1 200) 4 headers in 158 bytes (1 switches on core 0)
Jul 29 16:09:18.589390 np0000006098 devstack@g-api.service[99898]: DEBUG glance.api.middleware.version_negotiation [None req-e7b05e2b-d9c9-49fd-a38d-e5532e50e323 tempest-VolumesAdminNegativeTest-845888948 tempest-VolumesAdminNegativeTest-845888948-project-member] Determining version of request: GET /v2/images/0fe96d08-ca3e-4ddc-b88d-f6d2b7d354e0 Accept: */* {{(pid=99898) process_request /opt/stack/glance/glance/api/middleware/version_negotiation.py:44}}
Jul 29 16:09:18.589752 np0000006098 devstack@g-api.service[99898]: DEBUG glance.api.middleware.version_negotiation [None req-e7b05e2b-d9c9-49fd-a38d-e5532e50e323 tempest-VolumesAdminNegativeTest-845888948 tempest-VolumesAdminNegativeTest-845888948-project-member] Using url versioning {{(pid=99898) process_request /opt/stack/glance/glance/api/middleware/version_negotiation.py:57}}
Jul 29 16:09:18.589909 np0000006098 devstack@g-api.service[99898]: DEBUG glance.api.middleware.version_negotiation [None req-e7b05e2b-d9c9-49fd-a38d-e5532e50e323 tempest-VolumesAdminNegativeTest-845888948 tempest-VolumesAdminNegativeTest-845888948-project-member] Matched version: v2 {{(pid=99898) process_request /opt/stack/glance/glance/api/middleware/version_negotiation.py:69}}
Jul 29 16:09:18.590054 np0000006098 devstack@g-api.service[99898]: DEBUG glance.api.middleware.version_negotiation [None req-e7b05e2b-d9c9-49fd-a38d-e5532e50e323 tempest-VolumesAdminNegativeTest-845888948 tempest-VolumesAdminNegativeTest-845888948-project-member] new path /v2/images/0fe96d08-ca3e-4ddc-b88d-f6d2b7d354e0 {{(pid=99898) process_request /opt/stack/glance/glance/api/middleware/version_negotiation.py:70}}
Jul 29 16:09:18.647164 np0000006098 devstack@g-api.service[99898]: [pid: 99898|app: 0|req: 22/82] 127.0.0.1 () {44 vars in 1111 bytes} [Wed Jul 29 16:09:18 2026] GET /v2/images/0fe96d08-ca3e-4ddc-b88d-f6d2b7d354e0 => generated 1044 bytes in 58 msecs (HTTP/1.1 200) 4 headers in 158 bytes (1 switches on core 0)
Jul 29 16:09:18.689202 np0000006098 devstack@g-api.service[99899]: DEBUG glance.api.middleware.version_negotiation [None req-b84d6d7c-2c05-4add-89d2-4be19b4a3b8d tempest-AttachSCSIVolumeTestJSON-1582418591 tempest-AttachSCSIVolumeTestJSON-1582418591-project-member] Determining version of request: GET /v2/schemas/image Accept: */* {{(pid=99899) process_request /opt/stack/glance/glance/api/middleware/version_negotiation.py:44}}
Jul 29 16:09:18.689587 np0000006098 devstack@g-api.service[99899]: DEBUG glance.api.middleware.version_negotiation [None req-b84d6d7c-2c05-4add-89d2-4be19b4a3b8d tempest-AttachSCSIVolumeTestJSON-1582418591 tempest-AttachSCSIVolumeTestJSON-1582418591-project-member] Using url versioning {{(pid=99899) process_request /opt/stack/glance/glance/api/middleware/version_negotiation.py:57}}
