Jul 29 16:13:19.189874 np0000006098 devstack@g-api.service[99899]: DEBUG swiftclient [None req-d23b4f23-cbd4-426d-a0bc-aa48571ae7c4 tempest-VolumesActionsTest-1376366575 tempest-VolumesActionsTest-1376366575-project-member] RESP HEADERS: {'Date': 'Wed, 29 Jul 2026 16:13:19 GMT', 'Server': 'Apache/2.4.58 (Ubuntu)', 'Content-Type': 'text/plain; charset=utf-8', 'X-Container-Object-Count': '7', 'X-Container-Bytes-Used': '111411200', 'X-Timestamp': '1785341222.97890', 'Last-Modified': 'Wed, 29 Jul 2026 16:07:03 GMT', 'Accept-Ranges': 'bytes', 'X-Storage-Policy': 'Policy-0', 'X-Container-Sharding': 'False', 'Vary': 'Accept', 'X-Trans-Id': 'tx3bf6cad9047045af8edf9-006a6a269f', 'X-Openstack-Request-Id': 'tx3bf6cad9047045af8edf9-006a6a269f', 'Connection': 'close'} {{(pid=99899) http_log /opt/stack/data/venv/lib/python3.12/site-packages/swiftclient/client.py:162}}
Jul 29 16:13:19.190135 np0000006098 devstack@g-api.service[99899]: DEBUG glance_store._drivers.swift.store [None req-d23b4f23-cbd4-426d-a0bc-aa48571ae7c4 tempest-VolumesActionsTest-1376366575 tempest-VolumesActionsTest-1376366575-project-member] Adding image object '0d480fd4-dfcd-4071-b8d5-7e57c423d1a9' to Swift {{(pid=99899) add /opt/stack/data/venv/lib/python3.12/site-packages/glance_store/_drivers/swift/store.py:970}}
Jul 29 16:13:19.190287 np0000006098 devstack@g-api.service[99899]: DEBUG glance_store._drivers.swift.store [None req-d23b4f23-cbd4-426d-a0bc-aa48571ae7c4 tempest-VolumesActionsTest-1376366575 tempest-VolumesActionsTest-1376366575-project-member] Cannot determine image size because it is either not provided in the request or chunked-transfer encoding is used. Adding image as a segmented object to Swift. {{(pid=99899) add /opt/stack/data/venv/lib/python3.12/site-packages/glance_store/_drivers/swift/store.py:994}}
Jul 29 16:13:19.198167 np0000006098 devstack@g-api.service[99899]: DEBUG oslo_utils.imageutils.format_inspector [None req-d23b4f23-cbd4-426d-a0bc-aa48571ae7c4 tempest-VolumesActionsTest-1376366575 tempest-VolumesActionsTest-1376366575-project-member] Format inspector for vmdk does not match, excluding from consideration (Signature KDMV not found: b'\x00\x00\x00\x00') {{(pid=99899) _process_chunk /opt/stack/data/venv/lib/python3.12/site-packages/oslo_utils/imageutils/format_inspector.py:1758}}
Jul 29 16:13:19.202821 np0000006098 devstack@g-api.service[99899]: DEBUG oslo_utils.imageutils.format_inspector [None req-d23b4f23-cbd4-426d-a0bc-aa48571ae7c4 tempest-VolumesActionsTest-1376366575 tempest-VolumesActionsTest-1376366575-project-member] Format inspector for vhdx does not match, excluding from consideration (Region signature not found at 30000) {{(pid=99899) _process_chunk /opt/stack/data/venv/lib/python3.12/site-packages/oslo_utils/imageutils/format_inspector.py:1758}}
Jul 29 16:13:19.790314 np0000006098 devstack@g-api.service[99897]: DEBUG glance.api.middleware.version_negotiation [None req-5fde5653-98f8-44da-9395-df639a016ff1 tempest-ServerBootFromVolumeStableRescueTest-1807737278 tempest-ServerBootFromVolumeStableRescueTest-1807737278-project-member] Determining version of request: GET /v2/images/0d480fd4-dfcd-4071-b8d5-7e57c423d1a9 Accept: application/json {{(pid=99897) process_request /opt/stack/glance/glance/api/middleware/version_negotiation.py:44}}
Jul 29 16:13:19.790743 np0000006098 devstack@g-api.service[99897]: DEBUG glance.api.middleware.version_negotiation [None req-5fde5653-98f8-44da-9395-df639a016ff1 tempest-ServerBootFromVolumeStableRescueTest-1807737278 tempest-ServerBootFromVolumeStableRescueTest-1807737278-project-member] Using url versioning {{(pid=99897) process_request /opt/stack/glance/glance/api/middleware/version_negotiation.py:57}}
Jul 29 16:13:19.790743 np0000006098 devstack@g-api.service[99897]: DEBUG glance.api.middleware.version_negotiation [None req-5fde5653-98f8-44da-9395-df639a016ff1 tempest-ServerBootFromVolumeStableRescueTest-1807737278 tempest-ServerBootFromVolumeStableRescueTest-1807737278-project-member] Matched version: v2 {{(pid=99897) process_request /opt/stack/glance/glance/api/middleware/version_negotiation.py:69}}
Jul 29 16:13:19.790743 np0000006098 devstack@g-api.service[99897]: DEBUG glance.api.middleware.version_negotiation [None req-5fde5653-98f8-44da-9395-df639a016ff1 tempest-ServerBootFromVolumeStableRescueTest-1807737278 tempest-ServerBootFromVolumeStableRescueTest-1807737278-project-member] new path /v2/images/0d480fd4-dfcd-4071-b8d5-7e57c423d1a9 {{(pid=99897) process_request /opt/stack/glance/glance/api/middleware/version_negotiation.py:70}}
Jul 29 16:13:19.820358 np0000006098 devstack@g-api.service[99897]: [pid: 99897|app: 0|req: 132/378] 127.0.0.1 () {40 vars in 834 bytes} [Wed Jul 29 16:13:19 2026] GET /v2/images/0d480fd4-dfcd-4071-b8d5-7e57c423d1a9 => generated 650 bytes in 15 msecs (HTTP/1.1 200) 4 headers in 157 bytes (1 switches on core 0)
Jul 29 16:13:20.819573 np0000006098 devstack@g-api.service[99898]: DEBUG glance.api.middleware.version_negotiation [None req-5fde5653-98f8-44da-9395-df639a016ff1 tempest-ServerBootFromVolumeStableRescueTest-1807737278 tempest-ServerBootFromVolumeStableRescueTest-1807737278-project-member] Determining version of request: GET /v2/images/0d480fd4-dfcd-4071-b8d5-7e57c423d1a9 Accept: application/json {{(pid=99898) process_request /opt/stack/glance/glance/api/middleware/version_negotiation.py:44}}
Jul 29 16:13:20.820036 np0000006098 devstack@g-api.service[99898]: DEBUG glance.api.middleware.version_negotiation [None req-5fde5653-98f8-44da-9395-df639a016ff1 tempest-ServerBootFromVolumeStableRescueTest-1807737278 tempest-ServerBootFromVolumeStableRescueTest-1807737278-project-member] Using url versioning {{(pid=99898) process_request /opt/stack/glance/glance/api/middleware/version_negotiation.py:57}}
Jul 29 16:13:20.820036 np0000006098 devstack@g-api.service[99898]: DEBUG glance.api.middleware.version_negotiation [None req-5fde5653-98f8-44da-9395-df639a016ff1 tempest-ServerBootFromVolumeStableRescueTest-1807737278 tempest-ServerBootFromVolumeStableRescueTest-1807737278-project-member] Matched version: v2 {{(pid=99898) process_request /opt/stack/glance/glance/api/middleware/version_negotiation.py:69}}
Jul 29 16:13:20.820036 np0000006098 devstack@g-api.service[99898]: DEBUG glance.api.middleware.version_negotiation [None req-5fde5653-98f8-44da-9395-df639a016ff1 tempest-ServerBootFromVolumeStableRescueTest-1807737278 tempest-ServerBootFromVolumeStableRescueTest-1807737278-project-member] new path /v2/images/0d480fd4-dfcd-4071-b8d5-7e57c423d1a9 {{(pid=99898) process_request /opt/stack/glance/glance/api/middleware/version_negotiation.py:70}}
Jul 29 16:13:20.838359 np0000006098 devstack@g-api.service[99898]: [pid: 99898|app: 0|req: 123/379] 127.0.0.1 () {40 vars in 834 bytes} [Wed Jul 29 16:13:20 2026] GET /v2/images/0d480fd4-dfcd-4071-b8d5-7e57c423d1a9 => generated 650 bytes in 19 msecs (HTTP/1.1 200) 4 headers in 157 bytes (1 switches on core 0)
Jul 29 16:13:21.388918 np0000006098 devstack@g-api.service[99899]: DEBUG swiftclient [None req-d23b4f23-cbd4-426d-a0bc-aa48571ae7c4 tempest-VolumesActionsTest-1376366575 tempest-VolumesActionsTest-1376366575-project-member] REQ: curl -i https://10.4.3.84:8080/v1/AUTH_7852c64984c541d8b86976c303e20b65/glance/0d480fd4-dfcd-4071-b8d5-7e57c423d1a9-00001 -X PUT -H "X-Auth-Token: gAAAAABqaiaf1Sro..." {{(pid=99899) http_log /opt/stack/data/venv/lib/python3.12/site-packages/swiftclient/client.py:160}}
Jul 29 16:13:21.389212 np0000006098 devstack@g-api.service[99899]: DEBUG swiftclient [None req-d23b4f23-cbd4-426d-a0bc-aa48571ae7c4 tempest-VolumesActionsTest-1376366575 tempest-VolumesActionsTest-1376366575-project-member] RESP STATUS: 201 Created {{(pid=99899) http_log /opt/stack/data/venv/lib/python3.12/site-packages/swiftclient/client.py:161}}
Jul 29 16:13:21.389267 np0000006098 devstack@g-api.service[99899]: DEBUG swiftclient [None req-d23b4f23-cbd4-426d-a0bc-aa48571ae7c4 tempest-VolumesActionsTest-1376366575 tempest-VolumesActionsTest-1376366575-project-member] RESP HEADERS: {'Date': 'Wed, 29 Jul 2026 16:13:21 GMT', 'Server': 'Apache/2.4.58 (Ubuntu)', 'Content-Type': 'text/html; charset=UTF-8', 'Content-Length': '0', 'Etag': 'eda9a9889837ac4bc81d6387d92c1bec', 'Last-Modified': 'Wed, 29 Jul 2026 16:13:20 GMT', 'X-Trans-Id': 'tx3bf1316ee3884dea89b39-006a6a269f', 'X-Openstack-Request-Id': 'tx3bf1316ee3884dea89b39-006a6a269f', 'Connection': 'close'} {{(pid=99899) http_log /opt/stack/data/venv/lib/python3.12/site-packages/swiftclient/client.py:162}}
Jul 29 16:13:21.389355 np0000006098 devstack@g-api.service[99899]: DEBUG glance_store._drivers.swift.store [None req-d23b4f23-cbd4-426d-a0bc-aa48571ae7c4 tempest-VolumesActionsTest-1376366575 tempest-VolumesActionsTest-1376366575-project-member] Wrote chunk 0d480fd4-dfcd-4071-b8d5-7e57c423d1a9-00001 (1/?) of length 204800000 to Swift returning MD5 of content: eda9a9889837ac4bc81d6387d92c1bec {{(pid=99899) add /opt/stack/data/venv/lib/python3.12/site-packages/glance_store/_drivers/swift/store.py:1059}}
Jul 29 16:13:21.848202 np0000006098 devstack@g-api.service[99897]: DEBUG glance.api.middleware.version_negotiation [None req-ebcc9e6e-9ba0-4231-9009-17f9bad64794 tempest-VolumesActionsTest-1376366575 tempest-VolumesActionsTest-1376366575-project-member] Determining version of request: GET /v2/images/0d480fd4-dfcd-4071-b8d5-7e57c423d1a9 Accept: application/json {{(pid=99897) process_request /opt/stack/glance/glance/api/middleware/version_negotiation.py:44}}
Jul 29 16:13:21.848580 np0000006098 devstack@g-api.service[99897]: DEBUG glance.api.middleware.version_negotiation [None req-ebcc9e6e-9ba0-4231-9009-17f9bad64794 tempest-VolumesActionsTest-1376366575 tempest-VolumesActionsTest-1376366575-project-member] Using url versioning {{(pid=99897) process_request /opt/stack/glance/glance/api/middleware/version_negotiation.py:57}}
Jul 29 16:13:21.848580 np0000006098 devstack@g-api.service[99897]: DEBUG glance.api.middleware.version_negotiation [None req-ebcc9e6e-9ba0-4231-9009-17f9bad64794 tempest-VolumesActionsTest-1376366575 tempest-VolumesActionsTest-1376366575-project-member] Matched version: v2 {{(pid=99897) process_request /opt/stack/glance/glance/api/middleware/version_negotiation.py:69}}
Jul 29 16:13:21.848678 np0000006098 devstack@g-api.service[99897]: DEBUG glance.api.middleware.version_negotiation [None req-ebcc9e6e-9ba0-4231-9009-17f9bad64794 tempest-VolumesActionsTest-1376366575 tempest-VolumesActionsTest-1376366575-project-member] new path /v2/images/0d480fd4-dfcd-4071-b8d5-7e57c423d1a9 {{(pid=99897) process_request /opt/stack/glance/glance/api/middleware/version_negotiation.py:70}}
Jul 29 16:13:21.861592 np0000006098 devstack@g-api.service[99897]: [pid: 99897|app: 0|req: 133/380] 127.0.0.1 () {40 vars in 834 bytes} [Wed Jul 29 16:13:21 2026] GET /v2/images/0d480fd4-dfcd-4071-b8d5-7e57c423d1a9 => generated 650 bytes in 11 msecs (HTTP/1.1 200) 4 headers in 157 bytes (1 switches on core 0)
Jul 29 16:13:22.872119 np0000006098 devstack@g-api.service[99898]: DEBUG glance.api.middleware.version_negotiation [None req-eb16df2f-0ee1-4725-b535-c9603d9b1bc7 tempest-VolumesActionsTest-1376366575 tempest-VolumesActionsTest-1376366575-project-member] Determining version of request: GET /v2/images/0d480fd4-dfcd-4071-b8d5-7e57c423d1a9 Accept: application/json {{(pid=99898) process_request /opt/stack/glance/glance/api/middleware/version_negotiation.py:44}}
Jul 29 16:13:22.872694 np0000006098 devstack@g-api.service[99898]: DEBUG glance.api.middleware.version_negotiation [None req-eb16df2f-0ee1-4725-b535-c9603d9b1bc7 tempest-VolumesActionsTest-1376366575 tempest-VolumesActionsTest-1376366575-project-member] Using url versioning {{(pid=99898) process_request /opt/stack/glance/glance/api/middleware/version_negotiation.py:57}}
Jul 29 16:13:22.872694 np0000006098 devstack@g-api.service[99898]: DEBUG glance.api.middleware.version_negotiation [None req-eb16df2f-0ee1-4725-b535-c9603d9b1bc7 tempest-VolumesActionsTest-1376366575 tempest-VolumesActionsTest-1376366575-project-member] Matched version: v2 {{(pid=99898) process_request /opt/stack/glance/glance/api/middleware/version_negotiation.py:69}}
Jul 29 16:13:22.873591 np0000006098 devstack@g-api.service[99898]: DEBUG glance.api.middleware.version_negotiation [None req-eb16df2f-0ee1-4725-b535-c9603d9b1bc7 tempest-VolumesActionsTest-1376366575 tempest-VolumesActionsTest-1376366575-project-member] new path /v2/images/0d480fd4-dfcd-4071-b8d5-7e57c423d1a9 {{(pid=99898) process_request /opt/stack/glance/glance/api/middleware/version_negotiation.py:70}}
Jul 29 16:13:22.885359 np0000006098 devstack@g-api.service[99898]: [pid: 99898|app: 0|req: 124/381] 127.0.0.1 () {40 vars in 834 bytes} [Wed Jul 29 16:13:22 2026] GET /v2/images/0d480fd4-dfcd-4071-b8d5-7e57c423d1a9 => generated 650 bytes in 13 msecs (HTTP/1.1 200) 4 headers in 157 bytes (1 switches on core 0)
Jul 29 16:13:23.507972 np0000006098 devstack@g-api.service[99899]: DEBUG swiftclient [None req-d23b4f23-cbd4-426d-a0bc-aa48571ae7c4 tempest-VolumesActionsTest-1376366575 tempest-VolumesActionsTest-1376366575-project-member] REQ: curl -i https://10.4.3.84:8080/v1/AUTH_7852c64984c541d8b86976c303e20b65/glance/0d480fd4-dfcd-4071-b8d5-7e57c423d1a9-00002 -X PUT -H "X-Auth-Token: gAAAAABqaiaf1Sro..." {{(pid=99899) http_log /opt/stack/data/venv/lib/python3.12/site-packages/swiftclient/client.py:160}}
Jul 29 16:13:23.508275 np0000006098 devstack@g-api.service[99899]: DEBUG swiftclient [None req-d23b4f23-cbd4-426d-a0bc-aa48571ae7c4 tempest-VolumesActionsTest-1376366575 tempest-VolumesActionsTest-1376366575-project-member] RESP STATUS: 201 Created {{(pid=99899) http_log /opt/stack/data/venv/lib/python3.12/site-packages/swiftclient/client.py:161}}
Jul 29 16:13:23.508275 np0000006098 devstack@g-api.service[99899]: DEBUG swiftclient [None req-d23b4f23-cbd4-426d-a0bc-aa48571ae7c4 tempest-VolumesActionsTest-1376366575 tempest-VolumesActionsTest-1376366575-project-member] RESP HEADERS: {'Date': 'Wed, 29 Jul 2026 16:13:23 GMT', 'Server': 'Apache/2.4.58 (Ubuntu)', 'Content-Type': 'text/html; charset=UTF-8', 'Content-Length': '0', 'Etag': 'eda9a9889837ac4bc81d6387d92c1bec', 'Last-Modified': 'Wed, 29 Jul 2026 16:13:22 GMT', 'X-Trans-Id': 'tx7909b480a8a248a587b98-006a6a26a1', 'X-Openstack-Request-Id': 'tx7909b480a8a248a587b98-006a6a26a1', 'Connection': 'close'} {{(pid=99899) http_log /opt/stack/data/venv/lib/python3.12/site-packages/swiftclient/client.py:162}}
Jul 29 16:13:23.508275 np0000006098 devstack@g-api.service[99899]: DEBUG glance_store._drivers.swift.store [None req-d23b4f23-cbd4-426d-a0bc-aa48571ae7c4 tempest-VolumesActionsTest-1376366575 tempest-VolumesActionsTest-1376366575-project-member] Wrote chunk 0d480fd4-dfcd-4071-b8d5-7e57c423d1a9-00002 (2/?) of length 204800000 to Swift returning MD5 of content: eda9a9889837ac4bc81d6387d92c1bec {{(pid=99899) add /opt/stack/data/venv/lib/python3.12/site-packages/glance_store/_drivers/swift/store.py:1059}}
Jul 29 16:13:23.894892 np0000006098 devstack@g-api.service[99897]: DEBUG glance.api.middleware.version_negotiation [None req-550fed67-51b8-42ee-9595-9ee3342d6dc9 tempest-VolumesActionsTest-1376366575 tempest-VolumesActionsTest-1376366575-project-member] Determining version of request: GET /v2/images/0d480fd4-dfcd-4071-b8d5-7e57c423d1a9 Accept: application/json {{(pid=99897) process_request /opt/stack/glance/glance/api/middleware/version_negotiation.py:44}}
Jul 29 16:13:23.896018 np0000006098 devstack@g-api.service[99897]: DEBUG glance.api.middleware.version_negotiation [None req-550fed67-51b8-42ee-9595-9ee3342d6dc9 tempest-VolumesActionsTest-1376366575 tempest-VolumesActionsTest-1376366575-project-member] Using url versioning {{(pid=99897) process_request /opt/stack/glance/glance/api/middleware/version_negotiation.py:57}}
Jul 29 16:13:23.896018 np0000006098 devstack@g-api.service[99897]: DEBUG glance.api.middleware.version_negotiation [None req-550fed67-51b8-42ee-9595-9ee3342d6dc9 tempest-VolumesActionsTest-1376366575 tempest-VolumesActionsTest-1376366575-project-member] Matched version: v2 {{(pid=99897) process_request /opt/stack/glance/glance/api/middleware/version_negotiation.py:69}}
Jul 29 16:13:23.896018 np0000006098 devstack@g-api.service[99897]: DEBUG glance.api.middleware.version_negotiation [None req-550fed67-51b8-42ee-9595-9ee3342d6dc9 tempest-VolumesActionsTest-1376366575 tempest-VolumesActionsTest-1376366575-project-member] new path /v2/images/0d480fd4-dfcd-4071-b8d5-7e57c423d1a9 {{(pid=99897) process_request /opt/stack/glance/glance/api/middleware/version_negotiation.py:70}}
Jul 29 16:13:23.917375 np0000006098 devstack@g-api.service[99897]: [pid: 99897|app: 0|req: 134/382] 127.0.0.1 () {40 vars in 834 bytes} [Wed Jul 29 16:13:23 2026] GET /v2/images/0d480fd4-dfcd-4071-b8d5-7e57c423d1a9 => generated 650 bytes in 23 msecs (HTTP/1.1 200) 4 headers in 157 bytes (1 switches on core 0)
Jul 29 16:13:24.930306 np0000006098 devstack@g-api.service[99898]: DEBUG glance.api.middleware.version_negotiation [None req-dec8ee2e-8d1a-44f7-b257-5cab24230763 tempest-VolumesActionsTest-1376366575 tempest-VolumesActionsTest-1376366575-project-member] Determining version of request: GET /v2/images/0d480fd4-dfcd-4071-b8d5-7e57c423d1a9 Accept: application/json {{(pid=99898) process_request /opt/stack/glance/glance/api/middleware/version_negotiation.py:44}}
Jul 29 16:13:24.930777 np0000006098 devstack@g-api.service[99898]: DEBUG glance.api.middleware.version_negotiation [None req-dec8ee2e-8d1a-44f7-b257-5cab24230763 tempest-VolumesActionsTest-1376366575 tempest-VolumesActionsTest-1376366575-project-member] Using url versioning {{(pid=99898) process_request /opt/stack/glance/glance/api/middleware/version_negotiation.py:57}}
Jul 29 16:13:24.930964 np0000006098 devstack@g-api.service[99898]: DEBUG glance.api.middleware.version_negotiation [None req-dec8ee2e-8d1a-44f7-b257-5cab24230763 tempest-VolumesActionsTest-1376366575 tempest-VolumesActionsTest-1376366575-project-member] Matched version: v2 {{(pid=99898) process_request /opt/stack/glance/glance/api/middleware/version_negotiation.py:69}}
Jul 29 16:13:24.931135 np0000006098 devstack@g-api.service[99898]: DEBUG glance.api.middleware.version_negotiation [None req-dec8ee2e-8d1a-44f7-b257-5cab24230763 tempest-VolumesActionsTest-1376366575 tempest-VolumesActionsTest-1376366575-project-member] new path /v2/images/0d480fd4-dfcd-4071-b8d5-7e57c423d1a9 {{(pid=99898) process_request /opt/stack/glance/glance/api/middleware/version_negotiation.py:70}}
Jul 29 16:13:24.947527 np0000006098 devstack@g-api.service[99898]: [pid: 99898|app: 0|req: 125/383] 127.0.0.1 () {40 vars in 834 bytes} [Wed Jul 29 16:13:24 2026] GET /v2/images/0d480fd4-dfcd-4071-b8d5-7e57c423d1a9 => generated 650 bytes in 17 msecs (HTTP/1.1 200) 4 headers in 157 bytes (1 switches on core 0)
Jul 29 16:13:25.874568 np0000006098 devstack@g-api.service[99899]: DEBUG swiftclient [None req-d23b4f23-cbd4-426d-a0bc-aa48571ae7c4 tempest-VolumesActionsTest-1376366575 tempest-VolumesActionsTest-1376366575-project-member] REQ: curl -i https://10.4.3.84:8080/v1/AUTH_7852c64984c541d8b86976c303e20b65/glance/0d480fd4-dfcd-4071-b8d5-7e57c423d1a9-00003 -X PUT -H "X-Auth-Token: gAAAAABqaiaf1Sro..." {{(pid=99899) http_log /opt/stack/data/venv/lib/python3.12/site-packages/swiftclient/client.py:160}}
Jul 29 16:13:25.874568 np0000006098 devstack@g-api.service[99899]: DEBUG swiftclient [None req-d23b4f23-cbd4-426d-a0bc-aa48571ae7c4 tempest-VolumesActionsTest-1376366575 tempest-VolumesActionsTest-1376366575-project-member] RESP STATUS: 201 Created {{(pid=99899) http_log /opt/stack/data/venv/lib/python3.12/site-packages/swiftclient/client.py:161}}
Jul 29 16:13:25.876129 np0000006098 devstack@g-api.service[99899]: DEBUG swiftclient [None req-d23b4f23-cbd4-426d-a0bc-aa48571ae7c4 tempest-VolumesActionsTest-1376366575 tempest-VolumesActionsTest-1376366575-project-member] RESP HEADERS: {'Date': 'Wed, 29 Jul 2026 16:13:25 GMT', 'Server': 'Apache/2.4.58 (Ubuntu)', 'Content-Type': 'text/html; charset=UTF-8', 'Content-Length': '0', 'Etag': 'eda9a9889837ac4bc81d6387d92c1bec', 'Last-Modified': 'Wed, 29 Jul 2026 16:13:24 GMT', 'X-Trans-Id': 'tx27fd4f516d9f4061b2421-006a6a26a3', 'X-Openstack-Request-Id': 'tx27fd4f516d9f4061b2421-006a6a26a3', 'Connection': 'close'} {{(pid=99899) http_log /opt/stack/data/venv/lib/python3.12/site-packages/swiftclient/client.py:162}}
Jul 29 16:13:25.876363 np0000006098 devstack@g-api.service[99899]: DEBUG glance_store._drivers.swift.store [None req-d23b4f23-cbd4-426d-a0bc-aa48571ae7c4 tempest-VolumesActionsTest-1376366575 tempest-VolumesActionsTest-1376366575-project-member] Wrote chunk 0d480fd4-dfcd-4071-b8d5-7e57c423d1a9-00003 (3/?) of length 204800000 to Swift returning MD5 of content: eda9a9889837ac4bc81d6387d92c1bec {{(pid=99899) add /opt/stack/data/venv/lib/python3.12/site-packages/glance_store/_drivers/swift/store.py:1059}}
Jul 29 16:13:25.956677 np0000006098 devstack@g-api.service[99897]: DEBUG glance.api.middleware.version_negotiation [None req-6f1b7253-6d2b-43ff-8b2f-ea9e7ed65eb4 tempest-VolumesActionsTest-1376366575 tempest-VolumesActionsTest-1376366575-project-member] Determining version of request: GET /v2/images/0d480fd4-dfcd-4071-b8d5-7e57c423d1a9 Accept: application/json {{(pid=99897) process_request /opt/stack/glance/glance/api/middleware/version_negotiation.py:44}}
Jul 29 16:13:25.957131 np0000006098 devstack@g-api.service[99897]: DEBUG glance.api.middleware.version_negotiation [None req-6f1b7253-6d2b-43ff-8b2f-ea9e7ed65eb4 tempest-VolumesActionsTest-1376366575 tempest-VolumesActionsTest-1376366575-project-member] Using url versioning {{(pid=99897) process_request /opt/stack/glance/glance/api/middleware/version_negotiation.py:57}}
Jul 29 16:13:25.957131 np0000006098 devstack@g-api.service[99897]: DEBUG glance.api.middleware.version_negotiation [None req-6f1b7253-6d2b-43ff-8b2f-ea9e7ed65eb4 tempest-VolumesActionsTest-1376366575 tempest-VolumesActionsTest-1376366575-project-member] Matched version: v2 {{(pid=99897) process_request /opt/stack/glance/glance/api/middleware/version_negotiation.py:69}}
Jul 29 16:13:25.957131 np0000006098 devstack@g-api.service[99897]: DEBUG glance.api.middleware.version_negotiation [None req-6f1b7253-6d2b-43ff-8b2f-ea9e7ed65eb4 tempest-VolumesActionsTest-1376366575 tempest-VolumesActionsTest-1376366575-project-member] new path /v2/images/0d480fd4-dfcd-4071-b8d5-7e57c423d1a9 {{(pid=99897) process_request /opt/stack/glance/glance/api/middleware/version_negotiation.py:70}}
Jul 29 16:13:25.968854 np0000006098 devstack@g-api.service[99897]: [pid: 99897|app: 0|req: 135/384] 127.0.0.1 () {40 vars in 834 bytes} [Wed Jul 29 16:13:25 2026] GET /v2/images/0d480fd4-dfcd-4071-b8d5-7e57c423d1a9 => generated 650 bytes in 12 msecs (HTTP/1.1 200) 4 headers in 157 bytes (1 switches on core 0)
Jul 29 16:13:26.984469 np0000006098 devstack@g-api.service[99898]: DEBUG glance.api.middleware.version_negotiation [None req-817cd1c0-e532-4848-a111-4f996b4ab3e7 tempest-VolumesActionsTest-1376366575 tempest-VolumesActionsTest-1376366575-project-member] Determining version of request: GET /v2/images/0d480fd4-dfcd-4071-b8d5-7e57c423d1a9 Accept: application/json {{(pid=99898) process_request /opt/stack/glance/glance/api/middleware/version_negotiation.py:44}}
Jul 29 16:13:26.984469 np0000006098 devstack@g-api.service[99898]: DEBUG glance.api.middleware.version_negotiation [None req-817cd1c0-e532-4848-a111-4f996b4ab3e7 tempest-VolumesActionsTest-1376366575 tempest-VolumesActionsTest-1376366575-project-member] Using url versioning {{(pid=99898) process_request /opt/stack/glance/glance/api/middleware/version_negotiation.py:57}}
Jul 29 16:13:26.984469 np0000006098 devstack@g-api.service[99898]: DEBUG glance.api.middleware.version_negotiation [None req-817cd1c0-e532-4848-a111-4f996b4ab3e7 tempest-VolumesActionsTest-1376366575 tempest-VolumesActionsTest-1376366575-project-member] Matched version: v2 {{(pid=99898) process_request /opt/stack/glance/glance/api/middleware/version_negotiation.py:69}}
Jul 29 16:13:26.984469 np0000006098 devstack@g-api.service[99898]: DEBUG glance.api.middleware.version_negotiation [None req-817cd1c0-e532-4848-a111-4f996b4ab3e7 tempest-VolumesActionsTest-1376366575 tempest-VolumesActionsTest-1376366575-project-member] new path /v2/images/0d480fd4-dfcd-4071-b8d5-7e57c423d1a9 {{(pid=99898) process_request /opt/stack/glance/glance/api/middleware/version_negotiation.py:70}}
Jul 29 16:13:27.009838 np0000006098 devstack@g-api.service[99898]: [pid: 99898|app: 0|req: 126/385] 127.0.0.1 () {40 vars in 834 bytes} [Wed Jul 29 16:13:26 2026] GET /v2/images/0d480fd4-dfcd-4071-b8d5-7e57c423d1a9 => generated 650 bytes in 25 msecs (HTTP/1.1 200) 4 headers in 157 bytes (1 switches on core 0)
Jul 29 16:13:28.021971 np0000006098 devstack@g-api.service[99897]: DEBUG glance.api.middleware.version_negotiation [None req-cc2c9528-031a-4826-9058-23456e9a258a tempest-VolumesActionsTest-1376366575 tempest-VolumesActionsTest-1376366575-project-member] Determining version of request: GET /v2/images/0d480fd4-dfcd-4071-b8d5-7e57c423d1a9 Accept: application/json {{(pid=99897) process_request /opt/stack/glance/glance/api/middleware/version_negotiation.py:44}}
Jul 29 16:13:28.022398 np0000006098 devstack@g-api.service[99897]: DEBUG glance.api.middleware.version_negotiation [None req-cc2c9528-031a-4826-9058-23456e9a258a tempest-VolumesActionsTest-1376366575 tempest-VolumesActionsTest-1376366575-project-member] Using url versioning {{(pid=99897) process_request /opt/stack/glance/glance/api/middleware/version_negotiation.py:57}}
Jul 29 16:13:28.022450 np0000006098 devstack@g-api.service[99897]: DEBUG glance.api.middleware.version_negotiation [None req-cc2c9528-031a-4826-9058-23456e9a258a tempest-VolumesActionsTest-1376366575 tempest-VolumesActionsTest-1376366575-project-member] Matched version: v2 {{(pid=99897) process_request /opt/stack/glance/glance/api/middleware/version_negotiation.py:69}}
Jul 29 16:13:28.022944 np0000006098 devstack@g-api.service[99897]: DEBUG glance.api.middleware.version_negotiation [None req-cc2c9528-031a-4826-9058-23456e9a258a tempest-VolumesActionsTest-1376366575 tempest-VolumesActionsTest-1376366575-project-member] new path /v2/images/0d480fd4-dfcd-4071-b8d5-7e57c423d1a9 {{(pid=99897) process_request /opt/stack/glance/glance/api/middleware/version_negotiation.py:70}}
Jul 29 16:13:28.037486 np0000006098 devstack@g-api.service[99897]: [pid: 99897|app: 0|req: 136/386] 127.0.0.1 () {40 vars in 834 bytes} [Wed Jul 29 16:13:28 2026] GET /v2/images/0d480fd4-dfcd-4071-b8d5-7e57c423d1a9 => generated 650 bytes in 16 msecs (HTTP/1.1 200) 4 headers in 157 bytes (1 switches on core 0)
Jul 29 16:13:28.465596 np0000006098 devstack@g-api.service[99899]: DEBUG swiftclient [None req-d23b4f23-cbd4-426d-a0bc-aa48571ae7c4 tempest-VolumesActionsTest-1376366575 tempest-VolumesActionsTest-1376366575-project-member] REQ: curl -i https://10.4.3.84:8080/v1/AUTH_7852c64984c541d8b86976c303e20b65/glance/0d480fd4-dfcd-4071-b8d5-7e57c423d1a9-00004 -X PUT -H "X-Auth-Token: gAAAAABqaiaf1Sro..." {{(pid=99899) http_log /opt/stack/data/venv/lib/python3.12/site-packages/swiftclient/client.py:160}}
Jul 29 16:13:28.465897 np0000006098 devstack@g-api.service[99899]: DEBUG swiftclient [None req-d23b4f23-cbd4-426d-a0bc-aa48571ae7c4 tempest-VolumesActionsTest-1376366575 tempest-VolumesActionsTest-1376366575-project-member] RESP STATUS: 201 Created {{(pid=99899) http_log /opt/stack/data/venv/lib/python3.12/site-packages/swiftclient/client.py:161}}
Jul 29 16:13:28.465897 np0000006098 devstack@g-api.service[99899]: DEBUG swiftclient [None req-d23b4f23-cbd4-426d-a0bc-aa48571ae7c4 tempest-VolumesActionsTest-1376366575 tempest-VolumesActionsTest-1376366575-project-member] RESP HEADERS: {'Date': 'Wed, 29 Jul 2026 16:13:28 GMT', 'Server': 'Apache/2.4.58 (Ubuntu)', 'Content-Type': 'text/html; charset=UTF-8', 'Content-Length': '0', 'Etag': 'eda9a9889837ac4bc81d6387d92c1bec', 'Last-Modified': 'Wed, 29 Jul 2026 16:13:26 GMT', 'X-Trans-Id': 'tx66c6b17590a24752b6069-006a6a26a5', 'X-Openstack-Request-Id': 'tx66c6b17590a24752b6069-006a6a26a5', 'Connection': 'close'} {{(pid=99899) http_log /opt/stack/data/venv/lib/python3.12/site-packages/swiftclient/client.py:162}}
Jul 29 16:13:28.465988 np0000006098 devstack@g-api.service[99899]: DEBUG glance_store._drivers.swift.store [None req-d23b4f23-cbd4-426d-a0bc-aa48571ae7c4 tempest-VolumesActionsTest-1376366575 tempest-VolumesActionsTest-1376366575-project-member] Wrote chunk 0d480fd4-dfcd-4071-b8d5-7e57c423d1a9-00004 (4/?) of length 204800000 to Swift returning MD5 of content: eda9a9889837ac4bc81d6387d92c1bec {{(pid=99899) add /opt/stack/data/venv/lib/python3.12/site-packages/glance_store/_drivers/swift/store.py:1059}}
Jul 29 16:13:29.047759 np0000006098 devstack@g-api.service[99898]: DEBUG glance.api.middleware.version_negotiation [None req-7cc60016-1f21-4e66-9d1c-3f286a445053 tempest-VolumesActionsTest-1376366575 tempest-VolumesActionsTest-1376366575-project-member] Determining version of request: GET /v2/images/0d480fd4-dfcd-4071-b8d5-7e57c423d1a9 Accept: application/json {{(pid=99898) process_request /opt/stack/glance/glance/api/middleware/version_negotiation.py:44}}
Jul 29 16:13:29.048156 np0000006098 devstack@g-api.service[99898]: DEBUG glance.api.middleware.version_negotiation [None req-7cc60016-1f21-4e66-9d1c-3f286a445053 tempest-VolumesActionsTest-1376366575 tempest-VolumesActionsTest-1376366575-project-member] Using url versioning {{(pid=99898) process_request /opt/stack/glance/glance/api/middleware/version_negotiation.py:57}}
Jul 29 16:13:29.048156 np0000006098 devstack@g-api.service[99898]: DEBUG glance.api.middleware.version_negotiation [None req-7cc60016-1f21-4e66-9d1c-3f286a445053 tempest-VolumesActionsTest-1376366575 tempest-VolumesActionsTest-1376366575-project-member] Matched version: v2 {{(pid=99898) process_request /opt/stack/glance/glance/api/middleware/version_negotiation.py:69}}
Jul 29 16:13:29.048245 np0000006098 devstack@g-api.service[99898]: DEBUG glance.api.middleware.version_negotiation [None req-7cc60016-1f21-4e66-9d1c-3f286a445053 tempest-VolumesActionsTest-1376366575 tempest-VolumesActionsTest-1376366575-project-member] new path /v2/images/0d480fd4-dfcd-4071-b8d5-7e57c423d1a9 {{(pid=99898) process_request /opt/stack/glance/glance/api/middleware/version_negotiation.py:70}}
Jul 29 16:13:29.075869 np0000006098 devstack@g-api.service[99898]: [pid: 99898|app: 0|req: 127/387] 127.0.0.1 () {40 vars in 834 bytes} [Wed Jul 29 16:13:29 2026] GET /v2/images/0d480fd4-dfcd-4071-b8d5-7e57c423d1a9 => generated 650 bytes in 28 msecs (HTTP/1.1 200) 4 headers in 157 bytes (1 switches on core 0)
Jul 29 16:13:29.087587 np0000006098 devstack@g-api.service[99899]: DEBUG dbcounter [-] [99899] Writing DB stats glance:SELECT=66,glance:UPDATE=7,glance:INSERT=20 {{(pid=99899) stat_writer /opt/stack/data/venv/lib/python3.12/site-packages/dbcounter.py:115}}
Jul 29 16:13:30.087020 np0000006098 devstack@g-api.service[99897]: DEBUG glance.api.middleware.version_negotiation [None req-4d98863c-8511-4880-bd78-c2fd92cef3b3 tempest-VolumesActionsTest-1376366575 tempest-VolumesActionsTest-1376366575-project-member] Determining version of request: GET /v2/images/0d480fd4-dfcd-4071-b8d5-7e57c423d1a9 Accept: application/json {{(pid=99897) process_request /opt/stack/glance/glance/api/middleware/version_negotiation.py:44}}
Jul 29 16:13:30.087710 np0000006098 devstack@g-api.service[99897]: DEBUG glance.api.middleware.version_negotiation [None req-4d98863c-8511-4880-bd78-c2fd92cef3b3 tempest-VolumesActionsTest-1376366575 tempest-VolumesActionsTest-1376366575-project-member] Using url versioning {{(pid=99897) process_request /opt/stack/glance/glance/api/middleware/version_negotiation.py:57}}
Jul 29 16:13:30.087710 np0000006098 devstack@g-api.service[99897]: DEBUG glance.api.middleware.version_negotiation [None req-4d98863c-8511-4880-bd78-c2fd92cef3b3 tempest-VolumesActionsTest-1376366575 tempest-VolumesActionsTest-1376366575-project-member] Matched version: v2 {{(pid=99897) process_request /opt/stack/glance/glance/api/middleware/version_negotiation.py:69}}
Jul 29 16:13:30.087710 np0000006098 devstack@g-api.service[99897]: DEBUG glance.api.middleware.version_negotiation [None req-4d98863c-8511-4880-bd78-c2fd92cef3b3 tempest-VolumesActionsTest-1376366575 tempest-VolumesActionsTest-1376366575-project-member] new path /v2/images/0d480fd4-dfcd-4071-b8d5-7e57c423d1a9 {{(pid=99897) process_request /opt/stack/glance/glance/api/middleware/version_negotiation.py:70}}
Jul 29 16:13:30.100919 np0000006098 devstack@g-api.service[99897]: [pid: 99897|app: 0|req: 137/388] 127.0.0.1 () {40 vars in 834 bytes} [Wed Jul 29 16:13:30 2026] GET /v2/images/0d480fd4-dfcd-4071-b8d5-7e57c423d1a9 => generated 650 bytes in 14 msecs (HTTP/1.1 200) 4 headers in 157 bytes (1 switches on core 0)
Jul 29 16:13:30.782922 np0000006098 devstack@g-api.service[99899]: DEBUG swiftclient [None req-d23b4f23-cbd4-426d-a0bc-aa48571ae7c4 tempest-VolumesActionsTest-1376366575 tempest-VolumesActionsTest-1376366575-project-member] REQ: curl -i https://10.4.3.84:8080/v1/AUTH_7852c64984c541d8b86976c303e20b65/glance/0d480fd4-dfcd-4071-b8d5-7e57c423d1a9-00005 -X PUT -H "X-Auth-Token: gAAAAABqaiaf1Sro..." {{(pid=99899) http_log /opt/stack/data/venv/lib/python3.12/site-packages/swiftclient/client.py:160}}
Jul 29 16:13:30.783335 np0000006098 devstack@g-api.service[99899]: DEBUG swiftclient [None req-d23b4f23-cbd4-426d-a0bc-aa48571ae7c4 tempest-VolumesActionsTest-1376366575 tempest-VolumesActionsTest-1376366575-project-member] RESP STATUS: 201 Created {{(pid=99899) http_log /opt/stack/data/venv/lib/python3.12/site-packages/swiftclient/client.py:161}}
Jul 29 16:13:30.783335 np0000006098 devstack@g-api.service[99899]: DEBUG swiftclient [None req-d23b4f23-cbd4-426d-a0bc-aa48571ae7c4 tempest-VolumesActionsTest-1376366575 tempest-VolumesActionsTest-1376366575-project-member] RESP HEADERS: {'Date': 'Wed, 29 Jul 2026 16:13:30 GMT', 'Server': 'Apache/2.4.58 (Ubuntu)', 'Content-Type': 'text/html; charset=UTF-8', 'Content-Length': '0', 'Etag': 'eda9a9889837ac4bc81d6387d92c1bec', 'Last-Modified': 'Wed, 29 Jul 2026 16:13:29 GMT', 'X-Trans-Id': 'tx2efd4f00688e4e26b71ab-006a6a26a8', 'X-Openstack-Request-Id': 'tx2efd4f00688e4e26b71ab-006a6a26a8', 'Connection': 'close'} {{(pid=99899) http_log /opt/stack/data/venv/lib/python3.12/site-packages/swiftclient/client.py:162}}
Jul 29 16:13:30.783459 np0000006098 devstack@g-api.service[99899]: DEBUG glance_store._drivers.swift.store [None req-d23b4f23-cbd4-426d-a0bc-aa48571ae7c4 tempest-VolumesActionsTest-1376366575 tempest-VolumesActionsTest-1376366575-project-member] Wrote chunk 0d480fd4-dfcd-4071-b8d5-7e57c423d1a9-00005 (5/?) of length 204800000 to Swift returning MD5 of content: eda9a9889837ac4bc81d6387d92c1bec {{(pid=99899) add /opt/stack/data/venv/lib/python3.12/site-packages/glance_store/_drivers/swift/store.py:1059}}
Jul 29 16:13:31.112811 np0000006098 devstack@g-api.service[99898]: DEBUG glance.api.middleware.version_negotiation [None req-030d0706-27ca-4dfc-8e99-e8f4c88c3834 tempest-VolumesActionsTest-1376366575 tempest-VolumesActionsTest-1376366575-project-member] Determining version of request: GET /v2/images/0d480fd4-dfcd-4071-b8d5-7e57c423d1a9 Accept: application/json {{(pid=99898) process_request /opt/stack/glance/glance/api/middleware/version_negotiation.py:44}}
Jul 29 16:13:31.113324 np0000006098 devstack@g-api.service[99898]: DEBUG glance.api.middleware.version_negotiation [None req-030d0706-27ca-4dfc-8e99-e8f4c88c3834 tempest-VolumesActionsTest-1376366575 tempest-VolumesActionsTest-1376366575-project-member] Using url versioning {{(pid=99898) process_request /opt/stack/glance/glance/api/middleware/version_negotiation.py:57}}
Jul 29 16:13:31.113324 np0000006098 devstack@g-api.service[99898]: DEBUG glance.api.middleware.version_negotiation [None req-030d0706-27ca-4dfc-8e99-e8f4c88c3834 tempest-VolumesActionsTest-1376366575 tempest-VolumesActionsTest-1376366575-project-member] Matched version: v2 {{(pid=99898) process_request /opt/stack/glance/glance/api/middleware/version_negotiation.py:69}}
Jul 29 16:13:31.113324 np0000006098 devstack@g-api.service[99898]: DEBUG glance.api.middleware.version_negotiation [None req-030d0706-27ca-4dfc-8e99-e8f4c88c3834 tempest-VolumesActionsTest-1376366575 tempest-VolumesActionsTest-1376366575-project-member] new path /v2/images/0d480fd4-dfcd-4071-b8d5-7e57c423d1a9 {{(pid=99898) process_request /opt/stack/glance/glance/api/middleware/version_negotiation.py:70}}
Jul 29 16:13:31.128830 np0000006098 devstack@g-api.service[99898]: [pid: 99898|app: 0|req: 128/389] 127.0.0.1 () {40 vars in 834 bytes} [Wed Jul 29 16:13:31 2026] GET /v2/images/0d480fd4-dfcd-4071-b8d5-7e57c423d1a9 => generated 650 bytes in 16 msecs (HTTP/1.1 200) 4 headers in 157 bytes (1 switches on core 0)
Jul 29 16:13:31.334505 np0000006098 devstack@g-api.service[99899]: DEBUG swiftclient [None req-d23b4f23-cbd4-426d-a0bc-aa48571ae7c4 tempest-VolumesActionsTest-1376366575 tempest-VolumesActionsTest-1376366575-project-member] REQ: curl -i https://10.4.3.84:8080/v1/AUTH_7852c64984c541d8b86976c303e20b65/glance/0d480fd4-dfcd-4071-b8d5-7e57c423d1a9-00006 -X PUT -H "X-Auth-Token: gAAAAABqaiaf1Sro..." {{(pid=99899) http_log /opt/stack/data/venv/lib/python3.12/site-packages/swiftclient/client.py:160}}
Jul 29 16:13:31.334653 np0000006098 devstack@g-api.service[99899]: DEBUG swiftclient [None req-d23b4f23-cbd4-426d-a0bc-aa48571ae7c4 tempest-VolumesActionsTest-1376366575 tempest-VolumesActionsTest-1376366575-project-member] RESP STATUS: 201 Created {{(pid=99899) http_log /opt/stack/data/venv/lib/python3.12/site-packages/swiftclient/client.py:161}}
Jul 29 16:13:31.334824 np0000006098 devstack@g-api.service[99899]: DEBUG swiftclient [None req-d23b4f23-cbd4-426d-a0bc-aa48571ae7c4 tempest-VolumesActionsTest-1376366575 tempest-VolumesActionsTest-1376366575-project-member] RESP HEADERS: {'Date': 'Wed, 29 Jul 2026 16:13:31 GMT', 'Server': 'Apache/2.4.58 (Ubuntu)', 'Content-Type': 'text/html; charset=UTF-8', 'Content-Length': '0', 'Etag': '708761f3b8777ec77058e63da08eeeb6', 'Last-Modified': 'Wed, 29 Jul 2026 16:13:31 GMT', 'X-Trans-Id': 'txce0093975dc34a56804e4-006a6a26aa', 'X-Openstack-Request-Id': 'txce0093975dc34a56804e4-006a6a26aa', 'Connection': 'close'} {{(pid=99899) http_log /opt/stack/data/venv/lib/python3.12/site-packages/swiftclient/client.py:162}}
Jul 29 16:13:31.334921 np0000006098 devstack@g-api.service[99899]: DEBUG glance_store._drivers.swift.store [None req-d23b4f23-cbd4-426d-a0bc-aa48571ae7c4 tempest-VolumesActionsTest-1376366575 tempest-VolumesActionsTest-1376366575-project-member] Wrote chunk 0d480fd4-dfcd-4071-b8d5-7e57c423d1a9-00006 (6/?) of length 49741824 to Swift returning MD5 of content: 708761f3b8777ec77058e63da08eeeb6 {{(pid=99899) add /opt/stack/data/venv/lib/python3.12/site-packages/glance_store/_drivers/swift/store.py:1059}}
Jul 29 16:13:31.335207 np0000006098 devstack@g-api.service[99899]: DEBUG glance_store._drivers.swift.store [None req-d23b4f23-cbd4-426d-a0bc-aa48571ae7c4 tempest-VolumesActionsTest-1376366575 tempest-VolumesActionsTest-1376366575-project-member] Not writing zero-length chunk. {{(pid=99899) add /opt/stack/data/venv/lib/python3.12/site-packages/glance_store/_drivers/swift/store.py:1028}}
Jul 29 16:13:31.356902 np0000006098 devstack@g-api.service[99899]: DEBUG swiftclient [None req-d23b4f23-cbd4-426d-a0bc-aa48571ae7c4 tempest-VolumesActionsTest-1376366575 tempest-VolumesActionsTest-1376366575-project-member] REQ: curl -i https://10.4.3.84:8080/v1/AUTH_7852c64984c541d8b86976c303e20b65/glance/0d480fd4-dfcd-4071-b8d5-7e57c423d1a9 -X PUT -H "X-Object-Manifest: glance/0d480fd4-dfcd-4071-b8d5-7e57c423d1a9-" -H "X-Auth-Token: gAAAAABqaiaf1Sro..." -H "Content-Length: 0" {{(pid=99899) http_log /opt/stack/data/venv/lib/python3.12/site-packages/swiftclient/client.py:160}}
Jul 29 16:13:31.357002 np0000006098 devstack@g-api.service[99899]: DEBUG swiftclient [None req-d23b4f23-cbd4-426d-a0bc-aa48571ae7c4 tempest-VolumesActionsTest-1376366575 tempest-VolumesActionsTest-1376366575-project-member] RESP STATUS: 201 Created {{(pid=99899) http_log /opt/stack/data/venv/lib/python3.12/site-packages/swiftclient/client.py:161}}
Jul 29 16:13:31.357123 np0000006098 devstack@g-api.service[99899]: DEBUG swiftclient [None req-d23b4f23-cbd4-426d-a0bc-aa48571ae7c4 tempest-VolumesActionsTest-1376366575 tempest-VolumesActionsTest-1376366575-project-member] RESP HEADERS: {'Date': 'Wed, 29 Jul 2026 16:13:31 GMT', 'Server': 'Apache/2.4.58 (Ubuntu)', 'Content-Type': 'text/html; charset=UTF-8', 'Content-Length': '0', 'Etag': 'd41d8cd98f00b204e9800998ecf8427e', 'Last-Modified': 'Wed, 29 Jul 2026 16:13:32 GMT', 'X-Trans-Id': 'tx22a76593e4dd4817b24d7-006a6a26ab', 'X-Openstack-Request-Id': 'tx22a76593e4dd4817b24d7-006a6a26ab', 'Connection': 'close'} {{(pid=99899) http_log /opt/stack/data/venv/lib/python3.12/site-packages/swiftclient/client.py:162}}
Jul 29 16:13:31.357491 np0000006098 devstack@g-api.service[99899]: INFO glance.location [None req-d23b4f23-cbd4-426d-a0bc-aa48571ae7c4 tempest-VolumesActionsTest-1376366575 tempest-VolumesActionsTest-1376366575-project-member] Image format matched and virtual size computed: 1073741824
Jul 29 16:13:31.384975 np0000006098 devstack@g-api.service[99899]: DEBUG glance_store.backend [None req-d23b4f23-cbd4-426d-a0bc-aa48571ae7c4 tempest-VolumesActionsTest-1376366575 tempest-VolumesActionsTest-1376366575-project-member] Attempting to import store swift {{(pid=99899) _load_store /opt/stack/data/venv/lib/python3.12/site-packages/glance_store/backend.py:215}}
Jul 29 16:13:31.386349 np0000006098 devstack@g-api.service[99899]: DEBUG glance_store.capabilities [None req-d23b4f23-cbd4-426d-a0bc-aa48571ae7c4 tempest-VolumesActionsTest-1376366575 tempest-VolumesActionsTest-1376366575-project-member] Store glance_store._drivers.swift.store.SingleTenantStore doesn't support updating dynamic storage capabilities. Please overwrite 'update_capabilities' method of the store to implement updating logics if needed. {{(pid=99899) update_capabilities /opt/stack/data/venv/lib/python3.12/site-packages/glance_store/capabilities.py:91}}
Jul 29 16:13:31.386442 np0000006098 devstack@g-api.service[99899]: DEBUG glance_store.driver [None req-d23b4f23-cbd4-426d-a0bc-aa48571ae7c4 tempest-VolumesActionsTest-1376366575 tempest-VolumesActionsTest-1376366575-project-member] Late loading location class glance_store._drivers.swift.store.StoreLocation {{(pid=99899) get_store_location_class /opt/stack/data/venv/lib/python3.12/site-packages/glance_store/driver.py:134}}
Jul 29 16:13:31.386505 np0000006098 devstack@g-api.service[99899]: DEBUG glance_store.location [None req-d23b4f23-cbd4-426d-a0bc-aa48571ae7c4 tempest-VolumesActionsTest-1376366575 tempest-VolumesActionsTest-1376366575-project-member] Registering scheme swift+https with {'store': , 'location_class': , 'store_entry': 'swift'} {{(pid=99899) register_scheme_map /opt/stack/data/venv/lib/python3.12/site-packages/glance_store/location.py:146}}
Jul 29 16:13:31.386597 np0000006098 devstack@g-api.service[99899]: DEBUG glance_store.location [None req-d23b4f23-cbd4-426d-a0bc-aa48571ae7c4 tempest-VolumesActionsTest-1376366575 tempest-VolumesActionsTest-1376366575-project-member] Registering scheme swift+https with {'store': , 'location_class': , 'store_entry': 'swift'} {{(pid=99899) register_scheme_map /opt/stack/data/venv/lib/python3.12/site-packages/glance_store/location.py:146}}
Jul 29 16:13:31.386709 np0000006098 devstack@g-api.service[99899]: DEBUG glance_store.location [None req-d23b4f23-cbd4-426d-a0bc-aa48571ae7c4 tempest-VolumesActionsTest-1376366575 tempest-VolumesActionsTest-1376366575-project-member] Registering scheme swift with {'store': , 'location_class': , 'store_entry': 'swift'} {{(pid=99899) register_scheme_map /opt/stack/data/venv/lib/python3.12/site-packages/glance_store/location.py:146}}
Jul 29 16:13:31.386781 np0000006098 devstack@g-api.service[99899]: DEBUG glance_store.location [None req-d23b4f23-cbd4-426d-a0bc-aa48571ae7c4 tempest-VolumesActionsTest-1376366575 tempest-VolumesActionsTest-1376366575-project-member] Registering scheme swift+https with {'store': , 'location_class': , 'store_entry': 'swift'} {{(pid=99899) register_scheme_map /opt/stack/data/venv/lib/python3.12/site-packages/glance_store/location.py:146}}
Jul 29 16:13:31.386839 np0000006098 devstack@g-api.service[99899]: DEBUG glance_store.location [None req-d23b4f23-cbd4-426d-a0bc-aa48571ae7c4 tempest-VolumesActionsTest-1376366575 tempest-VolumesActionsTest-1376366575-project-member] Registering scheme swift with {'store': , 'location_class': , 'store_entry': 'swift'} {{(pid=99899) register_scheme_map /opt/stack/data/venv/lib/python3.12/site-packages/glance_store/location.py:146}}
Jul 29 16:13:31.386907 np0000006098 devstack@g-api.service[99899]: DEBUG glance_store.location [None req-d23b4f23-cbd4-426d-a0bc-aa48571ae7c4 tempest-VolumesActionsTest-1376366575 tempest-VolumesActionsTest-1376366575-project-member] Registering scheme swift+http with {'store': , 'location_class': , 'store_entry': 'swift'} {{(pid=99899) register_scheme_map /opt/stack/data/venv/lib/python3.12/site-packages/glance_store/location.py:146}}
Jul 29 16:13:31.386994 np0000006098 devstack@g-api.service[99899]: DEBUG glance_store.location [None req-d23b4f23-cbd4-426d-a0bc-aa48571ae7c4 tempest-VolumesActionsTest-1376366575 tempest-VolumesActionsTest-1376366575-project-member] Registering scheme swift+https with {'store': , 'location_class': , 'store_entry': 'swift'} {{(pid=99899) register_scheme_map /opt/stack/data/venv/lib/python3.12/site-packages/glance_store/location.py:146}}
Jul 29 16:13:31.387052 np0000006098 devstack@g-api.service[99899]: DEBUG glance_store.location [None req-d23b4f23-cbd4-426d-a0bc-aa48571ae7c4 tempest-VolumesActionsTest-1376366575 tempest-VolumesActionsTest-1376366575-project-member] Registering scheme swift with {'store': , 'location_class': , 'store_entry': 'swift'} {{(pid=99899) register_scheme_map /opt/stack/data/venv/lib/python3.12/site-packages/glance_store/location.py:146}}
Jul 29 16:13:31.387134 np0000006098 devstack@g-api.service[99899]: DEBUG glance_store.location [None req-d23b4f23-cbd4-426d-a0bc-aa48571ae7c4 tempest-VolumesActionsTest-1376366575 tempest-VolumesActionsTest-1376366575-project-member] Registering scheme swift+http with {'store': , 'location_class': , 'store_entry': 'swift'} {{(pid=99899) register_scheme_map /opt/stack/data/venv/lib/python3.12/site-packages/glance_store/location.py:146}}
Jul 29 16:13:31.387259 np0000006098 devstack@g-api.service[99899]: DEBUG glance_store.location [None req-d23b4f23-cbd4-426d-a0bc-aa48571ae7c4 tempest-VolumesActionsTest-1376366575 tempest-VolumesActionsTest-1376366575-project-member] Registering scheme swift+config with {'store': , 'location_class': , 'store_entry': 'swift'} {{(pid=99899) register_scheme_map /opt/stack/data/venv/lib/python3.12/site-packages/glance_store/location.py:146}}
Jul 29 16:13:31.387259 np0000006098 devstack@g-api.service[99899]: DEBUG glance_store.backend [None req-d23b4f23-cbd4-426d-a0bc-aa48571ae7c4 tempest-VolumesActionsTest-1376366575 tempest-VolumesActionsTest-1376366575-project-member] Skipping store.set_acls... not implemented. {{(pid=99899) set_acls /opt/stack/data/venv/lib/python3.12/site-packages/glance_store/backend.py:507}}
Jul 29 16:13:31.388873 np0000006098 devstack@g-api.service[99899]: [pid: 99899|app: 0|req: 125/390] 127.0.0.1 () {46 vars in 1154 bytes} [Wed Jul 29 16:13:18 2026] PUT /v2/images/0d480fd4-dfcd-4071-b8d5-7e57c423d1a9/file => generated 0 bytes in 13373 msecs (HTTP/1.1 204) 4 headers in 171 bytes (1 switches on core 0)
Jul 29 16:13:31.395845 np0000006098 devstack@g-api.service[99897]: DEBUG glance.api.middleware.version_negotiation [None req-2fdee249-bc4b-4cac-8d21-e5a85f31ef82 tempest-VolumesActionsTest-1376366575 tempest-VolumesActionsTest-1376366575-project-member] Determining version of request: GET /v2/images/0d480fd4-dfcd-4071-b8d5-7e57c423d1a9 Accept: */* {{(pid=99897) process_request /opt/stack/glance/glance/api/middleware/version_negotiation.py:44}}
Jul 29 16:13:31.396293 np0000006098 devstack@g-api.service[99897]: DEBUG glance.api.middleware.version_negotiation [None req-2fdee249-bc4b-4cac-8d21-e5a85f31ef82 tempest-VolumesActionsTest-1376366575 tempest-VolumesActionsTest-1376366575-project-member] Using url versioning {{(pid=99897) process_request /opt/stack/glance/glance/api/middleware/version_negotiation.py:57}}
Jul 29 16:13:31.396293 np0000006098 devstack@g-api.service[99897]: DEBUG glance.api.middleware.version_negotiation [None req-2fdee249-bc4b-4cac-8d21-e5a85f31ef82 tempest-VolumesActionsTest-1376366575 tempest-VolumesActionsTest-1376366575-project-member] Matched version: v2 {{(pid=99897) process_request /opt/stack/glance/glance/api/middleware/version_negotiation.py:69}}
Jul 29 16:13:31.396293 np0000006098 devstack@g-api.service[99897]: DEBUG glance.api.middleware.version_negotiation [None req-2fdee249-bc4b-4cac-8d21-e5a85f31ef82 tempest-VolumesActionsTest-1376366575 tempest-VolumesActionsTest-1376366575-project-member] new path /v2/images/0d480fd4-dfcd-4071-b8d5-7e57c423d1a9 {{(pid=99897) process_request /opt/stack/glance/glance/api/middleware/version_negotiation.py:70}}
Jul 29 16:13:31.407500 np0000006098 devstack@g-api.service[99897]: [pid: 99897|app: 0|req: 138/391] 127.0.0.1 () {44 vars in 1111 bytes} [Wed Jul 29 16:13:31 2026] GET /v2/images/0d480fd4-dfcd-4071-b8d5-7e57c423d1a9 => generated 822 bytes in 12 msecs (HTTP/1.1 200) 4 headers in 157 bytes (1 switches on core 0)
Jul 29 16:13:31.415592 np0000006098 devstack@g-api.service[99898]: DEBUG glance.api.middleware.version_negotiation [None req-bfc88ea6-d192-4855-b01b-23e65fd278fd tempest-VolumesActionsTest-1376366575 tempest-VolumesActionsTest-1376366575-project-member] Determining version of request: GET /v2/schemas/image Accept: */* {{(pid=99898) process_request /opt/stack/glance/glance/api/middleware/version_negotiation.py:44}}
