Jul 29 16:13:31.415816 np0000006098 devstack@g-api.service[99898]: DEBUG glance.api.middleware.version_negotiation [None req-bfc88ea6-d192-4855-b01b-23e65fd278fd tempest-VolumesActionsTest-1376366575 tempest-VolumesActionsTest-1376366575-project-member] Using url versioning {{(pid=99898) process_request /opt/stack/glance/glance/api/middleware/version_negotiation.py:57}}
Jul 29 16:13:31.416024 np0000006098 devstack@g-api.service[99898]: DEBUG glance.api.middleware.version_negotiation [None req-bfc88ea6-d192-4855-b01b-23e65fd278fd tempest-VolumesActionsTest-1376366575 tempest-VolumesActionsTest-1376366575-project-member] Matched version: v2 {{(pid=99898) process_request /opt/stack/glance/glance/api/middleware/version_negotiation.py:69}}
Jul 29 16:13:31.416418 np0000006098 devstack@g-api.service[99898]: DEBUG glance.api.middleware.version_negotiation [None req-bfc88ea6-d192-4855-b01b-23e65fd278fd tempest-VolumesActionsTest-1376366575 tempest-VolumesActionsTest-1376366575-project-member] new path /v2/schemas/image {{(pid=99898) process_request /opt/stack/glance/glance/api/middleware/version_negotiation.py:70}}
Jul 29 16:13:31.419986 np0000006098 devstack@g-api.service[99898]: [pid: 99898|app: 0|req: 129/392] 127.0.0.1 () {44 vars in 1051 bytes} [Wed Jul 29 16:13:31 2026] GET /v2/schemas/image => generated 6083 bytes in 5 msecs (HTTP/1.1 200) 4 headers in 158 bytes (1 switches on core 0)
Jul 29 16:13:31.427800 np0000006098 devstack@g-api.service[99899]: DEBUG glance.api.middleware.version_negotiation [None req-d23b4f23-cbd4-426d-a0bc-aa48571ae7c4 tempest-VolumesActionsTest-1376366575 tempest-VolumesActionsTest-1376366575-project-member] Determining version of request: GET /v2/schemas/image Accept: */* {{(pid=99899) process_request /opt/stack/glance/glance/api/middleware/version_negotiation.py:44}}
Jul 29 16:13:31.427947 np0000006098 devstack@g-api.service[99899]: DEBUG glance.api.middleware.version_negotiation [None req-d23b4f23-cbd4-426d-a0bc-aa48571ae7c4 tempest-VolumesActionsTest-1376366575 tempest-VolumesActionsTest-1376366575-project-member] Using url versioning {{(pid=99899) process_request /opt/stack/glance/glance/api/middleware/version_negotiation.py:57}}
Jul 29 16:13:31.428014 np0000006098 devstack@g-api.service[99899]: DEBUG glance.api.middleware.version_negotiation [None req-d23b4f23-cbd4-426d-a0bc-aa48571ae7c4 tempest-VolumesActionsTest-1376366575 tempest-VolumesActionsTest-1376366575-project-member] Matched version: v2 {{(pid=99899) process_request /opt/stack/glance/glance/api/middleware/version_negotiation.py:69}}
Jul 29 16:13:31.428129 np0000006098 devstack@g-api.service[99899]: DEBUG glance.api.middleware.version_negotiation [None req-d23b4f23-cbd4-426d-a0bc-aa48571ae7c4 tempest-VolumesActionsTest-1376366575 tempest-VolumesActionsTest-1376366575-project-member] new path /v2/schemas/image {{(pid=99899) process_request /opt/stack/glance/glance/api/middleware/version_negotiation.py:70}}
Jul 29 16:13:31.430549 np0000006098 devstack@g-api.service[99899]: [pid: 99899|app: 0|req: 126/393] 127.0.0.1 () {44 vars in 1051 bytes} [Wed Jul 29 16:13:31 2026] GET /v2/schemas/image => generated 6083 bytes in 3 msecs (HTTP/1.1 200) 4 headers in 158 bytes (1 switches on core 0)
Jul 29 16:13:32.093493 np0000006098 devstack@g-api.service[99897]: DEBUG glance.api.middleware.version_negotiation [None req-d23b4f23-cbd4-426d-a0bc-aa48571ae7c4 tempest-VolumesActionsTest-1376366575 tempest-VolumesActionsTest-1376366575-project-member] Determining version of request: DELETE /v2/images/ac683129-47c6-49c3-a409-a609ecd5aa3a Accept: application/json {{(pid=99897) process_request /opt/stack/glance/glance/api/middleware/version_negotiation.py:44}}
Jul 29 16:13:32.093618 np0000006098 devstack@g-api.service[99897]: DEBUG glance.api.middleware.version_negotiation [None req-d23b4f23-cbd4-426d-a0bc-aa48571ae7c4 tempest-VolumesActionsTest-1376366575 tempest-VolumesActionsTest-1376366575-project-member] Using url versioning {{(pid=99897) process_request /opt/stack/glance/glance/api/middleware/version_negotiation.py:57}}
Jul 29 16:13:32.093775 np0000006098 devstack@g-api.service[99897]: DEBUG glance.api.middleware.version_negotiation [None req-d23b4f23-cbd4-426d-a0bc-aa48571ae7c4 tempest-VolumesActionsTest-1376366575 tempest-VolumesActionsTest-1376366575-project-member] Matched version: v2 {{(pid=99897) process_request /opt/stack/glance/glance/api/middleware/version_negotiation.py:69}}
Jul 29 16:13:32.093864 np0000006098 devstack@g-api.service[99897]: DEBUG glance.api.middleware.version_negotiation [None req-d23b4f23-cbd4-426d-a0bc-aa48571ae7c4 tempest-VolumesActionsTest-1376366575 tempest-VolumesActionsTest-1376366575-project-member] new path /v2/images/ac683129-47c6-49c3-a409-a609ecd5aa3a {{(pid=99897) process_request /opt/stack/glance/glance/api/middleware/version_negotiation.py:70}}
Jul 29 16:13:32.104686 np0000006098 devstack@g-api.service[99897]: WARNING glance.api.v2.images [None req-e19d6c2b-a283-4c15-b0ab-914eb91a97d3 tempest-ServerBootFromVolumeStableRescueTest-1807737278 tempest-ServerBootFromVolumeStableRescueTest-1807737278-project-member] After upload to backend, deletion of staged image data has failed because it cannot be found at /tmp/staging//ac683129-47c6-49c3-a409-a609ecd5aa3a
Jul 29 16:13:32.105080 np0000006098 devstack@g-api.service[99897]: DEBUG glance_store.backend [None req-e19d6c2b-a283-4c15-b0ab-914eb91a97d3 tempest-ServerBootFromVolumeStableRescueTest-1807737278 tempest-ServerBootFromVolumeStableRescueTest-1807737278-project-member] Attempting to import store swift {{(pid=99897) _load_store /opt/stack/data/venv/lib/python3.12/site-packages/glance_store/backend.py:215}}
Jul 29 16:13:32.106364 np0000006098 devstack@g-api.service[99897]: DEBUG glance_store.capabilities [None req-e19d6c2b-a283-4c15-b0ab-914eb91a97d3 tempest-ServerBootFromVolumeStableRescueTest-1807737278 tempest-ServerBootFromVolumeStableRescueTest-1807737278-project-member] Store glance_store._drivers.swift.store.SingleTenantStore doesn't support updating dynamic storage capabilities. Please overwrite 'update_capabilities' method of the store to implement updating logics if needed. {{(pid=99897) update_capabilities /opt/stack/data/venv/lib/python3.12/site-packages/glance_store/capabilities.py:91}}
Jul 29 16:13:32.106495 np0000006098 devstack@g-api.service[99897]: DEBUG glance_store.driver [None req-e19d6c2b-a283-4c15-b0ab-914eb91a97d3 tempest-ServerBootFromVolumeStableRescueTest-1807737278 tempest-ServerBootFromVolumeStableRescueTest-1807737278-project-member] Late loading location class glance_store._drivers.swift.store.StoreLocation {{(pid=99897) get_store_location_class /opt/stack/data/venv/lib/python3.12/site-packages/glance_store/driver.py:134}}
Jul 29 16:13:32.106630 np0000006098 devstack@g-api.service[99897]: DEBUG glance_store.location [None req-e19d6c2b-a283-4c15-b0ab-914eb91a97d3 tempest-ServerBootFromVolumeStableRescueTest-1807737278 tempest-ServerBootFromVolumeStableRescueTest-1807737278-project-member] Registering scheme swift+https with {'store': , 'location_class': , 'store_entry': 'swift'} {{(pid=99897) register_scheme_map /opt/stack/data/venv/lib/python3.12/site-packages/glance_store/location.py:146}}
Jul 29 16:13:32.106789 np0000006098 devstack@g-api.service[99897]: DEBUG glance_store.location [None req-e19d6c2b-a283-4c15-b0ab-914eb91a97d3 tempest-ServerBootFromVolumeStableRescueTest-1807737278 tempest-ServerBootFromVolumeStableRescueTest-1807737278-project-member] Registering scheme swift+https with {'store': , 'location_class': , 'store_entry': 'swift'} {{(pid=99897) register_scheme_map /opt/stack/data/venv/lib/python3.12/site-packages/glance_store/location.py:146}}
Jul 29 16:13:32.106897 np0000006098 devstack@g-api.service[99897]: DEBUG glance_store.location [None req-e19d6c2b-a283-4c15-b0ab-914eb91a97d3 tempest-ServerBootFromVolumeStableRescueTest-1807737278 tempest-ServerBootFromVolumeStableRescueTest-1807737278-project-member] Registering scheme swift with {'store': , 'location_class': , 'store_entry': 'swift'} {{(pid=99897) register_scheme_map /opt/stack/data/venv/lib/python3.12/site-packages/glance_store/location.py:146}}
Jul 29 16:13:32.107030 np0000006098 devstack@g-api.service[99897]: DEBUG glance_store.location [None req-e19d6c2b-a283-4c15-b0ab-914eb91a97d3 tempest-ServerBootFromVolumeStableRescueTest-1807737278 tempest-ServerBootFromVolumeStableRescueTest-1807737278-project-member] Registering scheme swift+https with {'store': , 'location_class': , 'store_entry': 'swift'} {{(pid=99897) register_scheme_map /opt/stack/data/venv/lib/python3.12/site-packages/glance_store/location.py:146}}
Jul 29 16:13:32.107030 np0000006098 devstack@g-api.service[99897]: DEBUG glance_store.location [None req-e19d6c2b-a283-4c15-b0ab-914eb91a97d3 tempest-ServerBootFromVolumeStableRescueTest-1807737278 tempest-ServerBootFromVolumeStableRescueTest-1807737278-project-member] Registering scheme swift with {'store': , 'location_class': , 'store_entry': 'swift'} {{(pid=99897) register_scheme_map /opt/stack/data/venv/lib/python3.12/site-packages/glance_store/location.py:146}}
Jul 29 16:13:32.107489 np0000006098 devstack@g-api.service[99897]: DEBUG glance_store.location [None req-e19d6c2b-a283-4c15-b0ab-914eb91a97d3 tempest-ServerBootFromVolumeStableRescueTest-1807737278 tempest-ServerBootFromVolumeStableRescueTest-1807737278-project-member] Registering scheme swift+http with {'store': , 'location_class': , 'store_entry': 'swift'} {{(pid=99897) register_scheme_map /opt/stack/data/venv/lib/python3.12/site-packages/glance_store/location.py:146}}
Jul 29 16:13:32.107489 np0000006098 devstack@g-api.service[99897]: DEBUG glance_store.location [None req-e19d6c2b-a283-4c15-b0ab-914eb91a97d3 tempest-ServerBootFromVolumeStableRescueTest-1807737278 tempest-ServerBootFromVolumeStableRescueTest-1807737278-project-member] Registering scheme swift+https with {'store': , 'location_class': , 'store_entry': 'swift'} {{(pid=99897) register_scheme_map /opt/stack/data/venv/lib/python3.12/site-packages/glance_store/location.py:146}}
Jul 29 16:13:32.107489 np0000006098 devstack@g-api.service[99897]: DEBUG glance_store.location [None req-e19d6c2b-a283-4c15-b0ab-914eb91a97d3 tempest-ServerBootFromVolumeStableRescueTest-1807737278 tempest-ServerBootFromVolumeStableRescueTest-1807737278-project-member] Registering scheme swift with {'store': , 'location_class': , 'store_entry': 'swift'} {{(pid=99897) register_scheme_map /opt/stack/data/venv/lib/python3.12/site-packages/glance_store/location.py:146}}
Jul 29 16:13:32.107489 np0000006098 devstack@g-api.service[99897]: DEBUG glance_store.location [None req-e19d6c2b-a283-4c15-b0ab-914eb91a97d3 tempest-ServerBootFromVolumeStableRescueTest-1807737278 tempest-ServerBootFromVolumeStableRescueTest-1807737278-project-member] Registering scheme swift+http with {'store': , 'location_class': , 'store_entry': 'swift'} {{(pid=99897) register_scheme_map /opt/stack/data/venv/lib/python3.12/site-packages/glance_store/location.py:146}}
Jul 29 16:13:32.107489 np0000006098 devstack@g-api.service[99897]: DEBUG glance_store.location [None req-e19d6c2b-a283-4c15-b0ab-914eb91a97d3 tempest-ServerBootFromVolumeStableRescueTest-1807737278 tempest-ServerBootFromVolumeStableRescueTest-1807737278-project-member] Registering scheme swift+config with {'store': , 'location_class': , 'store_entry': 'swift'} {{(pid=99897) register_scheme_map /opt/stack/data/venv/lib/python3.12/site-packages/glance_store/location.py:146}}
Jul 29 16:13:32.107903 np0000006098 devstack@g-api.service[99897]: DEBUG keystoneclient.auth.identity.v3.base [None req-e19d6c2b-a283-4c15-b0ab-914eb91a97d3 tempest-ServerBootFromVolumeStableRescueTest-1807737278 tempest-ServerBootFromVolumeStableRescueTest-1807737278-project-member] Making authentication request to https://10.4.3.84/identity/v3/auth/tokens {{(pid=99897) get_auth_ref /opt/stack/data/venv/lib/python3.12/site-packages/keystoneclient/auth/identity/v3/base.py:185}}
Jul 29 16:13:32.139225 np0000006098 devstack@g-api.service[99898]: DEBUG glance.api.middleware.version_negotiation [None req-d23b4f23-cbd4-426d-a0bc-aa48571ae7c4 tempest-VolumesActionsTest-1376366575 tempest-VolumesActionsTest-1376366575-project-member] Determining version of request: GET /v2/images/0d480fd4-dfcd-4071-b8d5-7e57c423d1a9 Accept: application/json {{(pid=99898) process_request /opt/stack/glance/glance/api/middleware/version_negotiation.py:44}}
Jul 29 16:13:32.139618 np0000006098 devstack@g-api.service[99898]: DEBUG glance.api.middleware.version_negotiation [None req-d23b4f23-cbd4-426d-a0bc-aa48571ae7c4 tempest-VolumesActionsTest-1376366575 tempest-VolumesActionsTest-1376366575-project-member] Using url versioning {{(pid=99898) process_request /opt/stack/glance/glance/api/middleware/version_negotiation.py:57}}
Jul 29 16:13:32.139618 np0000006098 devstack@g-api.service[99898]: DEBUG glance.api.middleware.version_negotiation [None req-d23b4f23-cbd4-426d-a0bc-aa48571ae7c4 tempest-VolumesActionsTest-1376366575 tempest-VolumesActionsTest-1376366575-project-member] Matched version: v2 {{(pid=99898) process_request /opt/stack/glance/glance/api/middleware/version_negotiation.py:69}}
Jul 29 16:13:32.139618 np0000006098 devstack@g-api.service[99898]: DEBUG glance.api.middleware.version_negotiation [None req-d23b4f23-cbd4-426d-a0bc-aa48571ae7c4 tempest-VolumesActionsTest-1376366575 tempest-VolumesActionsTest-1376366575-project-member] new path /v2/images/0d480fd4-dfcd-4071-b8d5-7e57c423d1a9 {{(pid=99898) process_request /opt/stack/glance/glance/api/middleware/version_negotiation.py:70}}
Jul 29 16:13:32.152086 np0000006098 devstack@g-api.service[99898]: [pid: 99898|app: 0|req: 130/394] 127.0.0.1 () {40 vars in 834 bytes} [Wed Jul 29 16:13:32 2026] GET /v2/images/0d480fd4-dfcd-4071-b8d5-7e57c423d1a9 => generated 822 bytes in 13 msecs (HTTP/1.1 200) 4 headers in 157 bytes (1 switches on core 0)
Jul 29 16:13:32.175002 np0000006098 devstack@g-api.service[99897]: DEBUG keystoneclient.auth.identity.v3.base [None req-e19d6c2b-a283-4c15-b0ab-914eb91a97d3 tempest-ServerBootFromVolumeStableRescueTest-1807737278 tempest-ServerBootFromVolumeStableRescueTest-1807737278-project-member] {"token": {"methods": ["password"], "user": {"domain": {"id": "default", "name": "Default"}, "id": "80ac21ebf36b435bb08bd7fc3dd943c4", "name": "glance-swift", "password_expires_at": null}, "audit_ids": ["xReLVFVXSF-y7AftyJbdAw"], "expires_at": "2026-07-29T17:13:32.000000Z", "issued_at": "2026-07-29T16:13:32.000000Z", "project": {"domain": {"id": "default", "name": "Default"}, "id": "7852c64984c541d8b86976c303e20b65", "name": "service"}, "is_domain": false, "roles": [{"id": "81dc372bf2314c66b4ac1b5271cbb5fd", "name": "ResellerAdmin"}, {"id": "e44d5c8cbafd4466ab88126e6ba882d9", "name": "service"}], "catalog": [{"endpoints": [{"id": "204a70a5adff44b49e0f475df5c1bf01", "interface": "public", "region_id": "RegionOne", "url": "https://10.4.3.84/image", "region": "RegionOne"}], "id": "1febdbf102084616bb7fa9bb8d03c2de", "type": "image", "name": "glance"}, {"endpoints": [{"id": "f6ffebec721547ee968de7321a663f16", "interface": "public", "region_id": "RegionOne", "url": "https://10.4.3.84/compute/v2.1", "region": "RegionOne"}], "id": "52dd40ba3508452b9bcc201953d6c4a0", "type": "compute", "name": "nova"}, {"endpoints": [{"id": "a80fe37366b04d9d9dc3e79f50dcf88a", "interface": "public", "region_id": "RegionOne", "url": "https://10.4.3.84/networking", "region": "RegionOne"}], "id": "864981694984437cb47af5207d552015", "type": "network", "name": "neutron"}, {"endpoints": [{"id": "140c4f471b8d498f88a52721803351ce", "interface": "admin", "region_id": "RegionOne", "url": "https://10.4.3.84:8080", "region": "RegionOne"}, {"id": "d8e50810a64e4d638c80eab54a35ad01", "interface": "public", "region_id": "RegionOne", "url": "https://10.4.3.84:8080/v1/AUTH_7852c64984c541d8b86976c303e20b65", "region": "RegionOne"}], "id": "86c2b0318a5043dd94fb2168c5ea8912", "type": "object-store", "name": "swift"}, {"endpoints": [{"id": "14c5a8e5012945b0af8ed85cb3840d15", "interface": "public", "region_id": "RegionOne", "url": "https://10.4.3.84/volume/v3", "region": "RegionOne"}], "id": "963c6e13320d4d77af6fc3b355ee8a05", "type": "block-storage", "name": "cinder"}, {"endpoints": [{"id": "e9e2ca6b76614fc993da895d440bca55", "interface": "public", "region_id": "RegionOne", "url": "https://10.4.3.84/compute/v2/7852c64984c541d8b86976c303e20b65", "region": "RegionOne"}], "id": "e4d6224e2e3a4b57a95eba51a816d8e1", "type": "compute_legacy", "name": "nova_legacy"}, {"endpoints": [{"id": "f579f619be3048b4aaee885f69b265fc", "interface": "public", "region_id": "RegionOne", "url": "https://10.4.3.84/identity", "region": "RegionOne"}], "id": "f2901f0c913947d3b00b7f117176ca22", "type": "identity", "name": "keystone"}, {"endpoints": [{"id": "15e5cdb9a9ec4386800e19cc7992f11e", "interface": "public", "region_id": "RegionOne", "url": "https://10.4.3.84/placement", "region": "RegionOne"}], "id": "f9a9365cab6a4b5a8e9604505b678ee5", "type": "placement", "name": "placement"}]}} {{(pid=99897) get_auth_ref /opt/stack/data/venv/lib/python3.12/site-packages/keystoneclient/auth/identity/v3/base.py:190}}
Jul 29 16:13:32.175951 np0000006098 devstack@g-api.service[99897]: DEBUG keystoneclient.httpclient [None req-e19d6c2b-a283-4c15-b0ab-914eb91a97d3 tempest-ServerBootFromVolumeStableRescueTest-1807737278 tempest-ServerBootFromVolumeStableRescueTest-1807737278-project-member] Failed to find endpoint for management url admin endpoint for identity service not found {{(pid=99897) _process_management_url /opt/stack/data/venv/lib/python3.12/site-packages/keystoneclient/httpclient.py:670}}
Jul 29 16:13:32.209310 np0000006098 devstack@g-api.service[99899]: DEBUG glance.api.middleware.version_negotiation [None req-d23b4f23-cbd4-426d-a0bc-aa48571ae7c4 tempest-VolumesActionsTest-1376366575 tempest-VolumesActionsTest-1376366575-project-member] Determining version of request: GET /v2/images/0d480fd4-dfcd-4071-b8d5-7e57c423d1a9 Accept: application/json {{(pid=99899) process_request /opt/stack/glance/glance/api/middleware/version_negotiation.py:44}}
Jul 29 16:13:32.209849 np0000006098 devstack@g-api.service[99899]: DEBUG glance.api.middleware.version_negotiation [None req-d23b4f23-cbd4-426d-a0bc-aa48571ae7c4 tempest-VolumesActionsTest-1376366575 tempest-VolumesActionsTest-1376366575-project-member] Using url versioning {{(pid=99899) process_request /opt/stack/glance/glance/api/middleware/version_negotiation.py:57}}
Jul 29 16:13:32.209849 np0000006098 devstack@g-api.service[99899]: DEBUG glance.api.middleware.version_negotiation [None req-d23b4f23-cbd4-426d-a0bc-aa48571ae7c4 tempest-VolumesActionsTest-1376366575 tempest-VolumesActionsTest-1376366575-project-member] Matched version: v2 {{(pid=99899) process_request /opt/stack/glance/glance/api/middleware/version_negotiation.py:69}}
Jul 29 16:13:32.210213 np0000006098 devstack@g-api.service[99899]: DEBUG glance.api.middleware.version_negotiation [None req-d23b4f23-cbd4-426d-a0bc-aa48571ae7c4 tempest-VolumesActionsTest-1376366575 tempest-VolumesActionsTest-1376366575-project-member] new path /v2/images/0d480fd4-dfcd-4071-b8d5-7e57c423d1a9 {{(pid=99899) process_request /opt/stack/glance/glance/api/middleware/version_negotiation.py:70}}
Jul 29 16:13:32.220533 np0000006098 devstack@g-api.service[99899]: [pid: 99899|app: 0|req: 127/395] 127.0.0.1 () {40 vars in 834 bytes} [Wed Jul 29 16:13:32 2026] GET /v2/images/0d480fd4-dfcd-4071-b8d5-7e57c423d1a9 => generated 822 bytes in 11 msecs (HTTP/1.1 200) 4 headers in 157 bytes (1 switches on core 0)
Jul 29 16:13:32.277186 np0000006098 devstack@g-api.service[99898]: DEBUG glance.api.middleware.version_negotiation [None req-6f730a06-240c-474d-80bd-ac9233bf65fc tempest-VolumesActionsTest-1376366575 tempest-VolumesActionsTest-1376366575-project-member] Determining version of request: GET /v2/schemas/image Accept: */* {{(pid=99898) process_request /opt/stack/glance/glance/api/middleware/version_negotiation.py:44}}
Jul 29 16:13:32.277405 np0000006098 devstack@g-api.service[99898]: DEBUG glance.api.middleware.version_negotiation [None req-6f730a06-240c-474d-80bd-ac9233bf65fc tempest-VolumesActionsTest-1376366575 tempest-VolumesActionsTest-1376366575-project-member] Using url versioning {{(pid=99898) process_request /opt/stack/glance/glance/api/middleware/version_negotiation.py:57}}
Jul 29 16:13:32.277485 np0000006098 devstack@g-api.service[99898]: DEBUG glance.api.middleware.version_negotiation [None req-6f730a06-240c-474d-80bd-ac9233bf65fc tempest-VolumesActionsTest-1376366575 tempest-VolumesActionsTest-1376366575-project-member] Matched version: v2 {{(pid=99898) process_request /opt/stack/glance/glance/api/middleware/version_negotiation.py:69}}
Jul 29 16:13:32.277635 np0000006098 devstack@g-api.service[99898]: DEBUG glance.api.middleware.version_negotiation [None req-6f730a06-240c-474d-80bd-ac9233bf65fc tempest-VolumesActionsTest-1376366575 tempest-VolumesActionsTest-1376366575-project-member] new path /v2/schemas/image {{(pid=99898) process_request /opt/stack/glance/glance/api/middleware/version_negotiation.py:70}}
Jul 29 16:13:32.283179 np0000006098 devstack@g-api.service[99898]: [pid: 99898|app: 0|req: 131/396] 127.0.0.1 () {44 vars in 1051 bytes} [Wed Jul 29 16:13:32 2026] GET /v2/schemas/image => generated 6083 bytes in 6 msecs (HTTP/1.1 200) 4 headers in 158 bytes (1 switches on core 0)
Jul 29 16:13:32.291127 np0000006098 devstack@g-api.service[99899]: DEBUG glance.api.middleware.version_negotiation [None req-4bbf55fc-6cc2-4f56-888a-233e77cd63b5 tempest-VolumesActionsTest-1376366575 tempest-VolumesActionsTest-1376366575-project-member] Determining version of request: POST /v2/images Accept: */* {{(pid=99899) process_request /opt/stack/glance/glance/api/middleware/version_negotiation.py:44}}
Jul 29 16:13:32.291293 np0000006098 devstack@g-api.service[99899]: DEBUG glance.api.middleware.version_negotiation [None req-4bbf55fc-6cc2-4f56-888a-233e77cd63b5 tempest-VolumesActionsTest-1376366575 tempest-VolumesActionsTest-1376366575-project-member] Using url versioning {{(pid=99899) process_request /opt/stack/glance/glance/api/middleware/version_negotiation.py:57}}
Jul 29 16:13:32.291341 np0000006098 devstack@g-api.service[99899]: DEBUG glance.api.middleware.version_negotiation [None req-4bbf55fc-6cc2-4f56-888a-233e77cd63b5 tempest-VolumesActionsTest-1376366575 tempest-VolumesActionsTest-1376366575-project-member] Matched version: v2 {{(pid=99899) process_request /opt/stack/glance/glance/api/middleware/version_negotiation.py:69}}
Jul 29 16:13:32.291414 np0000006098 devstack@g-api.service[99899]: DEBUG glance.api.middleware.version_negotiation [None req-4bbf55fc-6cc2-4f56-888a-233e77cd63b5 tempest-VolumesActionsTest-1376366575 tempest-VolumesActionsTest-1376366575-project-member] new path /v2/images {{(pid=99899) process_request /opt/stack/glance/glance/api/middleware/version_negotiation.py:70}}
Jul 29 16:13:32.331162 np0000006098 devstack@g-api.service[99897]: DEBUG swiftclient [None req-e19d6c2b-a283-4c15-b0ab-914eb91a97d3 tempest-ServerBootFromVolumeStableRescueTest-1807737278 tempest-ServerBootFromVolumeStableRescueTest-1807737278-project-member] REQ: curl -i https://10.4.3.84:8080/v1/AUTH_7852c64984c541d8b86976c303e20b65/glance/ac683129-47c6-49c3-a409-a609ecd5aa3a -I -H "X-Auth-Token: gAAAAABqaiasYpX_..." {{(pid=99897) http_log /opt/stack/data/venv/lib/python3.12/site-packages/swiftclient/client.py:160}}
Jul 29 16:13:32.331272 np0000006098 devstack@g-api.service[99897]: DEBUG swiftclient [None req-e19d6c2b-a283-4c15-b0ab-914eb91a97d3 tempest-ServerBootFromVolumeStableRescueTest-1807737278 tempest-ServerBootFromVolumeStableRescueTest-1807737278-project-member] RESP STATUS: 200 OK {{(pid=99897) http_log /opt/stack/data/venv/lib/python3.12/site-packages/swiftclient/client.py:161}}
Jul 29 16:13:32.331413 np0000006098 devstack@g-api.service[99897]: DEBUG swiftclient [None req-e19d6c2b-a283-4c15-b0ab-914eb91a97d3 tempest-ServerBootFromVolumeStableRescueTest-1807737278 tempest-ServerBootFromVolumeStableRescueTest-1807737278-project-member] RESP HEADERS: {'Date': 'Wed, 29 Jul 2026 16:13:32 GMT', 'Server': 'Apache/2.4.58 (Ubuntu)', 'Content-Type': 'application/octet-stream', 'Content-Length': '23527424', 'X-Object-Manifest': 'glance/ac683129-47c6-49c3-a409-a609ecd5aa3a-', 'Last-Modified': 'Wed, 29 Jul 2026 16:13:05 GMT', 'X-Timestamp': '1785341584.86320', 'Accept-Ranges': 'bytes', 'Etag': '"9c424351ecc3b84373f916fa8ecd34a2"', 'X-Trans-Id': 'tx846d96c5bd4d4e74b68f2-006a6a26ac', 'X-Openstack-Request-Id': 'tx846d96c5bd4d4e74b68f2-006a6a26ac', 'Connection': 'close'} {{(pid=99897) http_log /opt/stack/data/venv/lib/python3.12/site-packages/swiftclient/client.py:162}}
Jul 29 16:13:32.346156 np0000006098 devstack@g-api.service[99897]: DEBUG swiftclient [None req-e19d6c2b-a283-4c15-b0ab-914eb91a97d3 tempest-ServerBootFromVolumeStableRescueTest-1807737278 tempest-ServerBootFromVolumeStableRescueTest-1807737278-project-member] REQ: curl -i https://10.4.3.84:8080/v1/AUTH_7852c64984c541d8b86976c303e20b65/glance?format=json&prefix=ac683129-47c6-49c3-a409-a609ecd5aa3a- -X GET -H "X-Auth-Token: gAAAAABqaiasYpX_..." -H "Accept-Encoding: gzip" {{(pid=99897) http_log /opt/stack/data/venv/lib/python3.12/site-packages/swiftclient/client.py:160}}
Jul 29 16:13:32.346306 np0000006098 devstack@g-api.service[99897]: DEBUG swiftclient [None req-e19d6c2b-a283-4c15-b0ab-914eb91a97d3 tempest-ServerBootFromVolumeStableRescueTest-1807737278 tempest-ServerBootFromVolumeStableRescueTest-1807737278-project-member] RESP STATUS: 200 OK {{(pid=99897) http_log /opt/stack/data/venv/lib/python3.12/site-packages/swiftclient/client.py:161}}
Jul 29 16:13:32.346532 np0000006098 devstack@g-api.service[99897]: DEBUG swiftclient [None req-e19d6c2b-a283-4c15-b0ab-914eb91a97d3 tempest-ServerBootFromVolumeStableRescueTest-1807737278 tempest-ServerBootFromVolumeStableRescueTest-1807737278-project-member] RESP HEADERS: {'Date': 'Wed, 29 Jul 2026 16:13:32 GMT', 'Server': 'Apache/2.4.58 (Ubuntu)', 'Content-Type': 'application/json; charset=utf-8', 'Content-Length': '210', 'X-Container-Object-Count': '14', 'X-Container-Bytes-Used': '1185153024', 'X-Timestamp': '1785341222.97890', 'Last-Modified': 'Wed, 29 Jul 2026 16:07:03 GMT', 'Accept-Ranges': 'bytes', 'X-Storage-Policy': 'Policy-0', 'X-Container-Sharding': 'False', 'X-Trans-Id': 'tx039330ecc4f34cc6aad79-006a6a26ac', 'X-Openstack-Request-Id': 'tx039330ecc4f34cc6aad79-006a6a26ac', 'Connection': 'close'} {{(pid=99897) http_log /opt/stack/data/venv/lib/python3.12/site-packages/swiftclient/client.py:162}}
Jul 29 16:13:32.346760 np0000006098 devstack@g-api.service[99897]: DEBUG swiftclient [None req-e19d6c2b-a283-4c15-b0ab-914eb91a97d3 tempest-ServerBootFromVolumeStableRescueTest-1807737278 tempest-ServerBootFromVolumeStableRescueTest-1807737278-project-member] RESP BODY: b'[{"bytes": 23527424, "hash": "4fa343ee581d8d2e78533191fd1ac3e1", "name": "ac683129-47c6-49c3-a409-a609ecd5aa3a-00001", "content_type": "application/octet-stream", "last_modified": "2026-07-29T16:13:04.565870"}]' {{(pid=99897) http_log /opt/stack/data/venv/lib/python3.12/site-packages/swiftclient/client.py:166}}
Jul 29 16:13:32.367129 np0000006098 devstack@g-api.service[99897]: DEBUG swiftclient [None req-e19d6c2b-a283-4c15-b0ab-914eb91a97d3 tempest-ServerBootFromVolumeStableRescueTest-1807737278 tempest-ServerBootFromVolumeStableRescueTest-1807737278-project-member] REQ: curl -i https://10.4.3.84:8080/v1/AUTH_7852c64984c541d8b86976c303e20b65/glance/ac683129-47c6-49c3-a409-a609ecd5aa3a-00001 DELETE -H "X-Auth-Token: gAAAAABqaiasYpX_..." {{(pid=99897) http_log /opt/stack/data/venv/lib/python3.12/site-packages/swiftclient/client.py:160}}
Jul 29 16:13:32.367262 np0000006098 devstack@g-api.service[99897]: DEBUG swiftclient [None req-e19d6c2b-a283-4c15-b0ab-914eb91a97d3 tempest-ServerBootFromVolumeStableRescueTest-1807737278 tempest-ServerBootFromVolumeStableRescueTest-1807737278-project-member] RESP STATUS: 204 No Content {{(pid=99897) http_log /opt/stack/data/venv/lib/python3.12/site-packages/swiftclient/client.py:161}}
Jul 29 16:13:32.367481 np0000006098 devstack@g-api.service[99897]: DEBUG swiftclient [None req-e19d6c2b-a283-4c15-b0ab-914eb91a97d3 tempest-ServerBootFromVolumeStableRescueTest-1807737278 tempest-ServerBootFromVolumeStableRescueTest-1807737278-project-member] RESP HEADERS: {'Date': 'Wed, 29 Jul 2026 16:13:32 GMT', 'Server': 'Apache/2.4.58 (Ubuntu)', 'Content-Type': 'text/html; charset=UTF-8', 'X-Trans-Id': 'tx85740965084844ffbd0fa-006a6a26ac', 'X-Openstack-Request-Id': 'tx85740965084844ffbd0fa-006a6a26ac', 'Connection': 'close'} {{(pid=99897) http_log /opt/stack/data/venv/lib/python3.12/site-packages/swiftclient/client.py:162}}
Jul 29 16:13:32.390035 np0000006098 devstack@g-api.service[99897]: DEBUG swiftclient [None req-e19d6c2b-a283-4c15-b0ab-914eb91a97d3 tempest-ServerBootFromVolumeStableRescueTest-1807737278 tempest-ServerBootFromVolumeStableRescueTest-1807737278-project-member] REQ: curl -i https://10.4.3.84:8080/v1/AUTH_7852c64984c541d8b86976c303e20b65/glance/ac683129-47c6-49c3-a409-a609ecd5aa3a DELETE -H "X-Auth-Token: gAAAAABqaiasYpX_..." {{(pid=99897) http_log /opt/stack/data/venv/lib/python3.12/site-packages/swiftclient/client.py:160}}
Jul 29 16:13:32.390219 np0000006098 devstack@g-api.service[99897]: DEBUG swiftclient [None req-e19d6c2b-a283-4c15-b0ab-914eb91a97d3 tempest-ServerBootFromVolumeStableRescueTest-1807737278 tempest-ServerBootFromVolumeStableRescueTest-1807737278-project-member] RESP STATUS: 204 No Content {{(pid=99897) http_log /opt/stack/data/venv/lib/python3.12/site-packages/swiftclient/client.py:161}}
Jul 29 16:13:32.390911 np0000006098 devstack@g-api.service[99897]: DEBUG swiftclient [None req-e19d6c2b-a283-4c15-b0ab-914eb91a97d3 tempest-ServerBootFromVolumeStableRescueTest-1807737278 tempest-ServerBootFromVolumeStableRescueTest-1807737278-project-member] RESP HEADERS: {'Date': 'Wed, 29 Jul 2026 16:13:32 GMT', 'Server': 'Apache/2.4.58 (Ubuntu)', 'Content-Type': 'text/html; charset=UTF-8', 'X-Trans-Id': 'txe50de628ebd840e48b571-006a6a26ac', 'X-Openstack-Request-Id': 'txe50de628ebd840e48b571-006a6a26ac', 'Connection': 'close'} {{(pid=99897) http_log /opt/stack/data/venv/lib/python3.12/site-packages/swiftclient/client.py:162}}
Jul 29 16:13:32.503875 np0000006098 devstack@g-api.service[99897]: DEBUG glance.api.middleware.cache [None req-e19d6c2b-a283-4c15-b0ab-914eb91a97d3 tempest-ServerBootFromVolumeStableRescueTest-1807737278 tempest-ServerBootFromVolumeStableRescueTest-1807737278-project-member] Removing image ac683129-47c6-49c3-a409-a609ecd5aa3a from cache {{(pid=99897) _process_DELETE_response /opt/stack/glance/glance/api/middleware/cache.py:264}}
Jul 29 16:13:32.504334 np0000006098 devstack@g-api.service[99897]: DEBUG glance.image_cache.drivers.centralized_db [None req-e19d6c2b-a283-4c15-b0ab-914eb91a97d3 tempest-ServerBootFromVolumeStableRescueTest-1807737278 tempest-ServerBootFromVolumeStableRescueTest-1807737278-project-member] Deleting image cache file '/opt/stack/data/glance/cache/ac683129-47c6-49c3-a409-a609ecd5aa3a' {{(pid=99897) delete_cached_file /opt/stack/glance/glance/image_cache/drivers/centralized_db.py:400}}
Jul 29 16:13:32.519056 np0000006098 devstack@g-api.service[99897]: [pid: 99897|app: 0|req: 139/397] 127.0.0.1 () {40 vars in 837 bytes} [Wed Jul 29 16:13:32 2026] DELETE /v2/images/ac683129-47c6-49c3-a409-a609ecd5aa3a => generated 0 bytes in 425 msecs (HTTP/1.1 204) 4 headers in 171 bytes (1 switches on core 0)
Jul 29 16:13:32.842811 np0000006098 devstack@g-api.service[99899]: [pid: 99899|app: 0|req: 128/398] 127.0.0.1 () {46 vars in 1051 bytes} [Wed Jul 29 16:13:32 2026] POST /v2/images => generated 652 bytes in 552 msecs (HTTP/1.1 201) 6 headers in 315 bytes (1 switches on core 0)
Jul 29 16:13:32.862331 np0000006098 devstack@g-api.service[99898]: DEBUG glance.api.middleware.version_negotiation [None req-ab0e94a3-b084-4a67-8bef-80bfca91db26 tempest-VolumesActionsTest-1376366575 tempest-VolumesActionsTest-1376366575-project-member] Determining version of request: GET /v2/images/a944071b-6c26-468c-a1c5-48cbc1687144 Accept: application/json {{(pid=99898) process_request /opt/stack/glance/glance/api/middleware/version_negotiation.py:44}}
Jul 29 16:13:32.862621 np0000006098 devstack@g-api.service[99898]: DEBUG glance.api.middleware.version_negotiation [None req-ab0e94a3-b084-4a67-8bef-80bfca91db26 tempest-VolumesActionsTest-1376366575 tempest-VolumesActionsTest-1376366575-project-member] Using url versioning {{(pid=99898) process_request /opt/stack/glance/glance/api/middleware/version_negotiation.py:57}}
Jul 29 16:13:32.862848 np0000006098 devstack@g-api.service[99898]: DEBUG glance.api.middleware.version_negotiation [None req-ab0e94a3-b084-4a67-8bef-80bfca91db26 tempest-VolumesActionsTest-1376366575 tempest-VolumesActionsTest-1376366575-project-member] Matched version: v2 {{(pid=99898) process_request /opt/stack/glance/glance/api/middleware/version_negotiation.py:69}}
Jul 29 16:13:32.863013 np0000006098 devstack@g-api.service[99898]: DEBUG glance.api.middleware.version_negotiation [None req-ab0e94a3-b084-4a67-8bef-80bfca91db26 tempest-VolumesActionsTest-1376366575 tempest-VolumesActionsTest-1376366575-project-member] new path /v2/images/a944071b-6c26-468c-a1c5-48cbc1687144 {{(pid=99898) process_request /opt/stack/glance/glance/api/middleware/version_negotiation.py:70}}
Jul 29 16:13:32.883220 np0000006098 devstack@g-api.service[99898]: [pid: 99898|app: 0|req: 132/399] 127.0.0.1 () {40 vars in 834 bytes} [Wed Jul 29 16:13:32 2026] GET /v2/images/a944071b-6c26-468c-a1c5-48cbc1687144 => generated 652 bytes in 21 msecs (HTTP/1.1 200) 4 headers in 157 bytes (1 switches on core 0)
Jul 29 16:13:33.896011 np0000006098 devstack@g-api.service[99897]: DEBUG glance.api.middleware.version_negotiation [None req-e19d6c2b-a283-4c15-b0ab-914eb91a97d3 tempest-ServerBootFromVolumeStableRescueTest-1807737278 tempest-ServerBootFromVolumeStableRescueTest-1807737278-project-member] Determining version of request: GET /v2/images/a944071b-6c26-468c-a1c5-48cbc1687144 Accept: application/json {{(pid=99897) process_request /opt/stack/glance/glance/api/middleware/version_negotiation.py:44}}
Jul 29 16:13:33.896455 np0000006098 devstack@g-api.service[99897]: DEBUG glance.api.middleware.version_negotiation [None req-e19d6c2b-a283-4c15-b0ab-914eb91a97d3 tempest-ServerBootFromVolumeStableRescueTest-1807737278 tempest-ServerBootFromVolumeStableRescueTest-1807737278-project-member] Using url versioning {{(pid=99897) process_request /opt/stack/glance/glance/api/middleware/version_negotiation.py:57}}
Jul 29 16:13:33.896455 np0000006098 devstack@g-api.service[99897]: DEBUG glance.api.middleware.version_negotiation [None req-e19d6c2b-a283-4c15-b0ab-914eb91a97d3 tempest-ServerBootFromVolumeStableRescueTest-1807737278 tempest-ServerBootFromVolumeStableRescueTest-1807737278-project-member] Matched version: v2 {{(pid=99897) process_request /opt/stack/glance/glance/api/middleware/version_negotiation.py:69}}
Jul 29 16:13:33.896455 np0000006098 devstack@g-api.service[99897]: DEBUG glance.api.middleware.version_negotiation [None req-e19d6c2b-a283-4c15-b0ab-914eb91a97d3 tempest-ServerBootFromVolumeStableRescueTest-1807737278 tempest-ServerBootFromVolumeStableRescueTest-1807737278-project-member] new path /v2/images/a944071b-6c26-468c-a1c5-48cbc1687144 {{(pid=99897) process_request /opt/stack/glance/glance/api/middleware/version_negotiation.py:70}}
Jul 29 16:13:33.911660 np0000006098 devstack@g-api.service[99897]: [pid: 99897|app: 0|req: 140/400] 127.0.0.1 () {40 vars in 834 bytes} [Wed Jul 29 16:13:33 2026] GET /v2/images/a944071b-6c26-468c-a1c5-48cbc1687144 => generated 652 bytes in 18 msecs (HTTP/1.1 200) 4 headers in 157 bytes (1 switches on core 0)
Jul 29 16:13:34.921280 np0000006098 devstack@g-api.service[99899]: DEBUG glance.api.middleware.version_negotiation [None req-ab0e94a3-b084-4a67-8bef-80bfca91db26 tempest-VolumesActionsTest-1376366575 tempest-VolumesActionsTest-1376366575-project-member] Determining version of request: GET /v2/images/a944071b-6c26-468c-a1c5-48cbc1687144 Accept: application/json {{(pid=99899) process_request /opt/stack/glance/glance/api/middleware/version_negotiation.py:44}}
Jul 29 16:13:34.921280 np0000006098 devstack@g-api.service[99899]: DEBUG glance.api.middleware.version_negotiation [None req-ab0e94a3-b084-4a67-8bef-80bfca91db26 tempest-VolumesActionsTest-1376366575 tempest-VolumesActionsTest-1376366575-project-member] Using url versioning {{(pid=99899) process_request /opt/stack/glance/glance/api/middleware/version_negotiation.py:57}}
Jul 29 16:13:34.921280 np0000006098 devstack@g-api.service[99899]: DEBUG glance.api.middleware.version_negotiation [None req-ab0e94a3-b084-4a67-8bef-80bfca91db26 tempest-VolumesActionsTest-1376366575 tempest-VolumesActionsTest-1376366575-project-member] Matched version: v2 {{(pid=99899) process_request /opt/stack/glance/glance/api/middleware/version_negotiation.py:69}}
Jul 29 16:13:34.921783 np0000006098 devstack@g-api.service[99899]: DEBUG glance.api.middleware.version_negotiation [None req-ab0e94a3-b084-4a67-8bef-80bfca91db26 tempest-VolumesActionsTest-1376366575 tempest-VolumesActionsTest-1376366575-project-member] new path /v2/images/a944071b-6c26-468c-a1c5-48cbc1687144 {{(pid=99899) process_request /opt/stack/glance/glance/api/middleware/version_negotiation.py:70}}
Jul 29 16:13:34.930868 np0000006098 devstack@g-api.service[99899]: [pid: 99899|app: 0|req: 129/401] 127.0.0.1 () {40 vars in 834 bytes} [Wed Jul 29 16:13:34 2026] GET /v2/images/a944071b-6c26-468c-a1c5-48cbc1687144 => generated 652 bytes in 10 msecs (HTTP/1.1 200) 4 headers in 157 bytes (1 switches on core 0)
Jul 29 16:13:35.942600 np0000006098 devstack@g-api.service[99898]: DEBUG glance.api.middleware.version_negotiation [None req-b1c9116d-bfa1-444e-bd46-5cf247adff11 tempest-VolumesActionsTest-1376366575 tempest-VolumesActionsTest-1376366575-project-member] Determining version of request: GET /v2/images/a944071b-6c26-468c-a1c5-48cbc1687144 Accept: application/json {{(pid=99898) process_request /opt/stack/glance/glance/api/middleware/version_negotiation.py:44}}
Jul 29 16:13:35.942924 np0000006098 devstack@g-api.service[99898]: DEBUG glance.api.middleware.version_negotiation [None req-b1c9116d-bfa1-444e-bd46-5cf247adff11 tempest-VolumesActionsTest-1376366575 tempest-VolumesActionsTest-1376366575-project-member] Using url versioning {{(pid=99898) process_request /opt/stack/glance/glance/api/middleware/version_negotiation.py:57}}
Jul 29 16:13:35.942924 np0000006098 devstack@g-api.service[99898]: DEBUG glance.api.middleware.version_negotiation [None req-b1c9116d-bfa1-444e-bd46-5cf247adff11 tempest-VolumesActionsTest-1376366575 tempest-VolumesActionsTest-1376366575-project-member] Matched version: v2 {{(pid=99898) process_request /opt/stack/glance/glance/api/middleware/version_negotiation.py:69}}
Jul 29 16:13:35.942924 np0000006098 devstack@g-api.service[99898]: DEBUG glance.api.middleware.version_negotiation [None req-b1c9116d-bfa1-444e-bd46-5cf247adff11 tempest-VolumesActionsTest-1376366575 tempest-VolumesActionsTest-1376366575-project-member] new path /v2/images/a944071b-6c26-468c-a1c5-48cbc1687144 {{(pid=99898) process_request /opt/stack/glance/glance/api/middleware/version_negotiation.py:70}}
Jul 29 16:13:35.947467 np0000006098 devstack@g-api.service[99897]: DEBUG glance.api.middleware.version_negotiation [None req-2e1f6263-95e4-448a-ae07-035d931a30ad tempest-VolumesActionsTest-1376366575 tempest-VolumesActionsTest-1376366575-project-member] Determining version of request: PUT /v2/images/a944071b-6c26-468c-a1c5-48cbc1687144/file Accept: */* {{(pid=99897) process_request /opt/stack/glance/glance/api/middleware/version_negotiation.py:44}}
Jul 29 16:13:35.947853 np0000006098 devstack@g-api.service[99897]: DEBUG glance.api.middleware.version_negotiation [None req-2e1f6263-95e4-448a-ae07-035d931a30ad tempest-VolumesActionsTest-1376366575 tempest-VolumesActionsTest-1376366575-project-member] Using url versioning {{(pid=99897) process_request /opt/stack/glance/glance/api/middleware/version_negotiation.py:57}}
Jul 29 16:13:35.947853 np0000006098 devstack@g-api.service[99897]: DEBUG glance.api.middleware.version_negotiation [None req-2e1f6263-95e4-448a-ae07-035d931a30ad tempest-VolumesActionsTest-1376366575 tempest-VolumesActionsTest-1376366575-project-member] Matched version: v2 {{(pid=99897) process_request /opt/stack/glance/glance/api/middleware/version_negotiation.py:69}}
Jul 29 16:13:35.947924 np0000006098 devstack@g-api.service[99897]: DEBUG glance.api.middleware.version_negotiation [None req-2e1f6263-95e4-448a-ae07-035d931a30ad tempest-VolumesActionsTest-1376366575 tempest-VolumesActionsTest-1376366575-project-member] new path /v2/images/a944071b-6c26-468c-a1c5-48cbc1687144/file {{(pid=99897) process_request /opt/stack/glance/glance/api/middleware/version_negotiation.py:70}}
Jul 29 16:13:35.954641 np0000006098 devstack@g-api.service[99898]: [pid: 99898|app: 0|req: 133/402] 127.0.0.1 () {40 vars in 834 bytes} [Wed Jul 29 16:13:35 2026] GET /v2/images/a944071b-6c26-468c-a1c5-48cbc1687144 => generated 652 bytes in 12 msecs (HTTP/1.1 200) 4 headers in 157 bytes (1 switches on core 0)
Jul 29 16:13:36.448998 np0000006098 devstack@g-api.service[99897]: INFO glance.api.v2.image_data [None req-ab0e94a3-b084-4a67-8bef-80bfca91db26 tempest-VolumesActionsTest-1376366575 tempest-VolumesActionsTest-1376366575-project-member] Unable to create trust: no such option collect_timing in group [keystone_authtoken] Use the existing user token.
Jul 29 16:13:36.965192 np0000006098 devstack@g-api.service[99899]: DEBUG glance.api.middleware.version_negotiation [None req-cc763530-f820-459d-b1b5-251513fb51ba tempest-VolumesActionsTest-1376366575 tempest-VolumesActionsTest-1376366575-project-member] Determining version of request: GET /v2/images/a944071b-6c26-468c-a1c5-48cbc1687144 Accept: application/json {{(pid=99899) process_request /opt/stack/glance/glance/api/middleware/version_negotiation.py:44}}
Jul 29 16:13:36.965608 np0000006098 devstack@g-api.service[99899]: DEBUG glance.api.middleware.version_negotiation [None req-cc763530-f820-459d-b1b5-251513fb51ba tempest-VolumesActionsTest-1376366575 tempest-VolumesActionsTest-1376366575-project-member] Using url versioning {{(pid=99899) process_request /opt/stack/glance/glance/api/middleware/version_negotiation.py:57}}
Jul 29 16:13:36.965608 np0000006098 devstack@g-api.service[99899]: DEBUG glance.api.middleware.version_negotiation [None req-cc763530-f820-459d-b1b5-251513fb51ba tempest-VolumesActionsTest-1376366575 tempest-VolumesActionsTest-1376366575-project-member] Matched version: v2 {{(pid=99899) process_request /opt/stack/glance/glance/api/middleware/version_negotiation.py:69}}
Jul 29 16:13:36.965608 np0000006098 devstack@g-api.service[99899]: DEBUG glance.api.middleware.version_negotiation [None req-cc763530-f820-459d-b1b5-251513fb51ba tempest-VolumesActionsTest-1376366575 tempest-VolumesActionsTest-1376366575-project-member] new path /v2/images/a944071b-6c26-468c-a1c5-48cbc1687144 {{(pid=99899) process_request /opt/stack/glance/glance/api/middleware/version_negotiation.py:70}}
Jul 29 16:13:36.968604 np0000006098 devstack@g-api.service[99897]: DEBUG glance.location [None req-ab0e94a3-b084-4a67-8bef-80bfca91db26 tempest-VolumesActionsTest-1376366575 tempest-VolumesActionsTest-1376366575-project-member] Enabling in-flight format inspection for qcow2 {{(pid=99897) set_data /opt/stack/glance/glance/location.py:596}}
Jul 29 16:13:36.969039 np0000006098 devstack@g-api.service[99897]: DEBUG glance_store.backend [None req-ab0e94a3-b084-4a67-8bef-80bfca91db26 tempest-VolumesActionsTest-1376366575 tempest-VolumesActionsTest-1376366575-project-member] Attempting to import store swift {{(pid=99897) _load_store /opt/stack/data/venv/lib/python3.12/site-packages/glance_store/backend.py:215}}
Jul 29 16:13:36.970735 np0000006098 devstack@g-api.service[99897]: DEBUG glance_store.capabilities [None req-ab0e94a3-b084-4a67-8bef-80bfca91db26 tempest-VolumesActionsTest-1376366575 tempest-VolumesActionsTest-1376366575-project-member] Store glance_store._drivers.swift.store.SingleTenantStore doesn't support updating dynamic storage capabilities. Please overwrite 'update_capabilities' method of the store to implement updating logics if needed. {{(pid=99897) update_capabilities /opt/stack/data/venv/lib/python3.12/site-packages/glance_store/capabilities.py:91}}
Jul 29 16:13:36.970853 np0000006098 devstack@g-api.service[99897]: DEBUG glance_store.driver [None req-ab0e94a3-b084-4a67-8bef-80bfca91db26 tempest-VolumesActionsTest-1376366575 tempest-VolumesActionsTest-1376366575-project-member] Late loading location class glance_store._drivers.swift.store.StoreLocation {{(pid=99897) get_store_location_class /opt/stack/data/venv/lib/python3.12/site-packages/glance_store/driver.py:134}}
Jul 29 16:13:36.970969 np0000006098 devstack@g-api.service[99897]: DEBUG glance_store.location [None req-ab0e94a3-b084-4a67-8bef-80bfca91db26 tempest-VolumesActionsTest-1376366575 tempest-VolumesActionsTest-1376366575-project-member] Registering scheme swift+https with {'store': , 'location_class': , 'store_entry': 'swift'} {{(pid=99897) register_scheme_map /opt/stack/data/venv/lib/python3.12/site-packages/glance_store/location.py:146}}
Jul 29 16:13:36.971047 np0000006098 devstack@g-api.service[99897]: DEBUG glance_store.location [None req-ab0e94a3-b084-4a67-8bef-80bfca91db26 tempest-VolumesActionsTest-1376366575 tempest-VolumesActionsTest-1376366575-project-member] Registering scheme swift+https with {'store': , 'location_class': , 'store_entry': 'swift'} {{(pid=99897) register_scheme_map /opt/stack/data/venv/lib/python3.12/site-packages/glance_store/location.py:146}}
Jul 29 16:13:36.971154 np0000006098 devstack@g-api.service[99897]: DEBUG glance_store.location [None req-ab0e94a3-b084-4a67-8bef-80bfca91db26 tempest-VolumesActionsTest-1376366575 tempest-VolumesActionsTest-1376366575-project-member] Registering scheme swift with {'store': , 'location_class': , 'store_entry': 'swift'} {{(pid=99897) register_scheme_map /opt/stack/data/venv/lib/python3.12/site-packages/glance_store/location.py:146}}
Jul 29 16:13:36.971231 np0000006098 devstack@g-api.service[99897]: DEBUG glance_store.location [None req-ab0e94a3-b084-4a67-8bef-80bfca91db26 tempest-VolumesActionsTest-1376366575 tempest-VolumesActionsTest-1376366575-project-member] Registering scheme swift+https with {'store': , 'location_class': , 'store_entry': 'swift'} {{(pid=99897) register_scheme_map /opt/stack/data/venv/lib/python3.12/site-packages/glance_store/location.py:146}}
Jul 29 16:13:36.971297 np0000006098 devstack@g-api.service[99897]: DEBUG glance_store.location [None req-ab0e94a3-b084-4a67-8bef-80bfca91db26 tempest-VolumesActionsTest-1376366575 tempest-VolumesActionsTest-1376366575-project-member] Registering scheme swift with {'store': , 'location_class': , 'store_entry': 'swift'} {{(pid=99897) register_scheme_map /opt/stack/data/venv/lib/python3.12/site-packages/glance_store/location.py:146}}
Jul 29 16:13:36.971386 np0000006098 devstack@g-api.service[99897]: DEBUG glance_store.location [None req-ab0e94a3-b084-4a67-8bef-80bfca91db26 tempest-VolumesActionsTest-1376366575 tempest-VolumesActionsTest-1376366575-project-member] Registering scheme swift+http with {'store': , 'location_class': , 'store_entry': 'swift'} {{(pid=99897) register_scheme_map /opt/stack/data/venv/lib/python3.12/site-packages/glance_store/location.py:146}}
Jul 29 16:13:36.971476 np0000006098 devstack@g-api.service[99897]: DEBUG glance_store.location [None req-ab0e94a3-b084-4a67-8bef-80bfca91db26 tempest-VolumesActionsTest-1376366575 tempest-VolumesActionsTest-1376366575-project-member] Registering scheme swift+https with {'store': , 'location_class': , 'store_entry': 'swift'} {{(pid=99897) register_scheme_map /opt/stack/data/venv/lib/python3.12/site-packages/glance_store/location.py:146}}
Jul 29 16:13:36.971574 np0000006098 devstack@g-api.service[99897]: DEBUG glance_store.location [None req-ab0e94a3-b084-4a67-8bef-80bfca91db26 tempest-VolumesActionsTest-1376366575 tempest-VolumesActionsTest-1376366575-project-member] Registering scheme swift with {'store': , 'location_class': , 'store_entry': 'swift'} {{(pid=99897) register_scheme_map /opt/stack/data/venv/lib/python3.12/site-packages/glance_store/location.py:146}}
Jul 29 16:13:36.971675 np0000006098 devstack@g-api.service[99897]: DEBUG glance_store.location [None req-ab0e94a3-b084-4a67-8bef-80bfca91db26 tempest-VolumesActionsTest-1376366575 tempest-VolumesActionsTest-1376366575-project-member] Registering scheme swift+http with {'store': , 'location_class': , 'store_entry': 'swift'} {{(pid=99897) register_scheme_map /opt/stack/data/venv/lib/python3.12/site-packages/glance_store/location.py:146}}
Jul 29 16:13:36.971739 np0000006098 devstack@g-api.service[99897]: DEBUG glance_store.location [None req-ab0e94a3-b084-4a67-8bef-80bfca91db26 tempest-VolumesActionsTest-1376366575 tempest-VolumesActionsTest-1376366575-project-member] Registering scheme swift+config with {'store': , 'location_class': , 'store_entry': 'swift'} {{(pid=99897) register_scheme_map /opt/stack/data/venv/lib/python3.12/site-packages/glance_store/location.py:146}}
Jul 29 16:13:36.981308 np0000006098 devstack@g-api.service[99899]: [pid: 99899|app: 0|req: 130/403] 127.0.0.1 () {40 vars in 834 bytes} [Wed Jul 29 16:13:36 2026] GET /v2/images/a944071b-6c26-468c-a1c5-48cbc1687144 => generated 652 bytes in 16 msecs (HTTP/1.1 200) 4 headers in 157 bytes (1 switches on core 0)
