Aug 18 21:50:50.795218 np0000007709 nova-scheduler[96852]: DEBUG cotyledon.oslo_config_glue [-] workarounds.never_download_image_if_on_rbd = False {{(pid=96852) log_opt_values /opt/stack/data/venv/lib/python3.12/site-packages/oslo_config/cfg.py:3560}}
Aug 18 21:50:50.795218 np0000007709 nova-scheduler[96852]: DEBUG cotyledon.oslo_config_glue [-] workarounds.qemu_monitor_announce_self_count = 3 {{(pid=96852) log_opt_values /opt/stack/data/venv/lib/python3.12/site-packages/oslo_config/cfg.py:3560}}
Aug 18 21:50:50.795218 np0000007709 nova-scheduler[96852]: DEBUG cotyledon.oslo_config_glue [-] workarounds.qemu_monitor_announce_self_interval = 1 {{(pid=96852) log_opt_values /opt/stack/data/venv/lib/python3.12/site-packages/oslo_config/cfg.py:3560}}
Aug 18 21:50:50.795218 np0000007709 nova-scheduler[96852]: DEBUG cotyledon.oslo_config_glue [-] workarounds.reserve_disk_resource_for_image_cache = False {{(pid=96852) log_opt_values /opt/stack/data/venv/lib/python3.12/site-packages/oslo_config/cfg.py:3560}}
Aug 18 21:50:50.795218 np0000007709 nova-scheduler[96852]: DEBUG cotyledon.oslo_config_glue [-] workarounds.skip_cpu_compare_at_startup = False {{(pid=96852) log_opt_values /opt/stack/data/venv/lib/python3.12/site-packages/oslo_config/cfg.py:3560}}
Aug 18 21:50:50.795218 np0000007709 nova-scheduler[96852]: DEBUG cotyledon.oslo_config_glue [-] workarounds.skip_cpu_compare_on_dest = False {{(pid=96852) log_opt_values /opt/stack/data/venv/lib/python3.12/site-packages/oslo_config/cfg.py:3560}}
Aug 18 21:50:50.795218 np0000007709 nova-scheduler[96852]: DEBUG cotyledon.oslo_config_glue [-] workarounds.skip_hypervisor_version_check_on_lm = False {{(pid=96852) log_opt_values /opt/stack/data/venv/lib/python3.12/site-packages/oslo_config/cfg.py:3560}}
Aug 18 21:50:50.795515 np0000007709 nova-scheduler[96852]: DEBUG cotyledon.oslo_config_glue [-] workarounds.skip_reserve_in_use_ironic_nodes = False {{(pid=96852) log_opt_values /opt/stack/data/venv/lib/python3.12/site-packages/oslo_config/cfg.py:3560}}
Aug 18 21:50:50.795515 np0000007709 nova-scheduler[96852]: DEBUG cotyledon.oslo_config_glue [-] workarounds.unified_limits_count_pcpu_as_vcpu = False {{(pid=96852) log_opt_values /opt/stack/data/venv/lib/python3.12/site-packages/oslo_config/cfg.py:3560}}
Aug 18 21:50:50.795515 np0000007709 nova-scheduler[96852]: DEBUG cotyledon.oslo_config_glue [-] workarounds.wait_for_vif_plugged_event_during_hard_reboot = [] {{(pid=96852) log_opt_values /opt/stack/data/venv/lib/python3.12/site-packages/oslo_config/cfg.py:3560}}
Aug 18 21:50:50.795515 np0000007709 nova-scheduler[96852]: DEBUG cotyledon.oslo_config_glue [-] wsgi.api_paste_config = /etc/nova/api-paste.ini {{(pid=96852) log_opt_values /opt/stack/data/venv/lib/python3.12/site-packages/oslo_config/cfg.py:3560}}
Aug 18 21:50:50.795515 np0000007709 nova-scheduler[96852]: DEBUG cotyledon.oslo_config_glue [-] wsgi.secure_proxy_ssl_header = None {{(pid=96852) log_opt_values /opt/stack/data/venv/lib/python3.12/site-packages/oslo_config/cfg.py:3560}}
Aug 18 21:50:50.795515 np0000007709 nova-scheduler[96852]: DEBUG cotyledon.oslo_config_glue [-] zvm.ca_file = None {{(pid=96852) log_opt_values /opt/stack/data/venv/lib/python3.12/site-packages/oslo_config/cfg.py:3560}}
Aug 18 21:50:50.795515 np0000007709 nova-scheduler[96852]: DEBUG cotyledon.oslo_config_glue [-] zvm.cloud_connector_url = None {{(pid=96852) log_opt_values /opt/stack/data/venv/lib/python3.12/site-packages/oslo_config/cfg.py:3560}}
Aug 18 21:50:50.795515 np0000007709 nova-scheduler[96852]: DEBUG cotyledon.oslo_config_glue [-] zvm.image_tmp_path = /opt/stack/data/nova/images {{(pid=96852) log_opt_values /opt/stack/data/venv/lib/python3.12/site-packages/oslo_config/cfg.py:3560}}
Aug 18 21:50:50.795515 np0000007709 nova-scheduler[96852]: DEBUG cotyledon.oslo_config_glue [-] zvm.reachable_timeout = 300 {{(pid=96852) log_opt_values /opt/stack/data/venv/lib/python3.12/site-packages/oslo_config/cfg.py:3560}}
Aug 18 21:50:50.795849 np0000007709 nova-scheduler[96852]: DEBUG cotyledon.oslo_config_glue [-] oslo_versionedobjects.fatal_exception_format_errors = False {{(pid=96852) log_opt_values /opt/stack/data/venv/lib/python3.12/site-packages/oslo_config/cfg.py:3560}}
Aug 18 21:50:50.795849 np0000007709 nova-scheduler[96852]: DEBUG cotyledon.oslo_config_glue [-] oslo_middleware.http_basic_auth_user_file = /etc/htpasswd {{(pid=96852) log_opt_values /opt/stack/data/venv/lib/python3.12/site-packages/oslo_config/cfg.py:3560}}
Aug 18 21:50:50.795849 np0000007709 nova-scheduler[96852]: DEBUG cotyledon.oslo_config_glue [-] oslo_messaging_metrics.metrics_buffer_size = 1000 {{(pid=96852) log_opt_values /opt/stack/data/venv/lib/python3.12/site-packages/oslo_config/cfg.py:3560}}
Aug 18 21:50:50.795849 np0000007709 nova-scheduler[96852]: DEBUG cotyledon.oslo_config_glue [-] oslo_messaging_metrics.metrics_enabled = False {{(pid=96852) log_opt_values /opt/stack/data/venv/lib/python3.12/site-packages/oslo_config/cfg.py:3560}}
Aug 18 21:50:50.795849 np0000007709 nova-scheduler[96852]: DEBUG cotyledon.oslo_config_glue [-] oslo_messaging_metrics.metrics_process_name = {{(pid=96852) log_opt_values /opt/stack/data/venv/lib/python3.12/site-packages/oslo_config/cfg.py:3560}}
Aug 18 21:50:50.795849 np0000007709 nova-scheduler[96852]: DEBUG cotyledon.oslo_config_glue [-] oslo_messaging_metrics.metrics_socket_file = /var/tmp/metrics_collector.sock {{(pid=96852) log_opt_values /opt/stack/data/venv/lib/python3.12/site-packages/oslo_config/cfg.py:3560}}
Aug 18 21:50:50.795849 np0000007709 nova-scheduler[96852]: DEBUG cotyledon.oslo_config_glue [-] oslo_messaging_metrics.metrics_thread_stop_timeout = 10 {{(pid=96852) log_opt_values /opt/stack/data/venv/lib/python3.12/site-packages/oslo_config/cfg.py:3560}}
Aug 18 21:50:50.795849 np0000007709 nova-scheduler[96852]: DEBUG cotyledon.oslo_config_glue [-] profiler.connection_string = messaging:// {{(pid=96852) log_opt_values /opt/stack/data/venv/lib/python3.12/site-packages/oslo_config/cfg.py:3560}}
Aug 18 21:50:50.796120 np0000007709 nova-scheduler[96852]: DEBUG cotyledon.oslo_config_glue [-] profiler.enabled = False {{(pid=96852) log_opt_values /opt/stack/data/venv/lib/python3.12/site-packages/oslo_config/cfg.py:3560}}
Aug 18 21:50:50.796120 np0000007709 nova-scheduler[96852]: DEBUG cotyledon.oslo_config_glue [-] profiler.es_doc_type = notification {{(pid=96852) log_opt_values /opt/stack/data/venv/lib/python3.12/site-packages/oslo_config/cfg.py:3560}}
Aug 18 21:50:50.796120 np0000007709 nova-scheduler[96852]: DEBUG cotyledon.oslo_config_glue [-] profiler.es_scroll_size = 10000 {{(pid=96852) log_opt_values /opt/stack/data/venv/lib/python3.12/site-packages/oslo_config/cfg.py:3560}}
Aug 18 21:50:50.796120 np0000007709 nova-scheduler[96852]: DEBUG cotyledon.oslo_config_glue [-] profiler.es_scroll_time = 2m {{(pid=96852) log_opt_values /opt/stack/data/venv/lib/python3.12/site-packages/oslo_config/cfg.py:3560}}
Aug 18 21:50:50.796120 np0000007709 nova-scheduler[96852]: DEBUG cotyledon.oslo_config_glue [-] profiler.filter_error_trace = False {{(pid=96852) log_opt_values /opt/stack/data/venv/lib/python3.12/site-packages/oslo_config/cfg.py:3560}}
Aug 18 21:50:50.796120 np0000007709 nova-scheduler[96852]: DEBUG cotyledon.oslo_config_glue [-] profiler.hmac_keys = **** {{(pid=96852) log_opt_values /opt/stack/data/venv/lib/python3.12/site-packages/oslo_config/cfg.py:3560}}
Aug 18 21:50:50.796120 np0000007709 nova-scheduler[96852]: DEBUG cotyledon.oslo_config_glue [-] profiler.sentinel_service_name = mymaster {{(pid=96852) log_opt_values /opt/stack/data/venv/lib/python3.12/site-packages/oslo_config/cfg.py:3560}}
Aug 18 21:50:50.796120 np0000007709 nova-scheduler[96852]: DEBUG cotyledon.oslo_config_glue [-] profiler.socket_timeout = 0.1 {{(pid=96852) log_opt_values /opt/stack/data/venv/lib/python3.12/site-packages/oslo_config/cfg.py:3560}}
Aug 18 21:50:50.796120 np0000007709 nova-scheduler[96852]: DEBUG cotyledon.oslo_config_glue [-] profiler.trace_requests = False {{(pid=96852) log_opt_values /opt/stack/data/venv/lib/python3.12/site-packages/oslo_config/cfg.py:3560}}
Aug 18 21:50:50.796424 np0000007709 nova-scheduler[96852]: DEBUG cotyledon.oslo_config_glue [-] profiler.trace_sqlalchemy = False {{(pid=96852) log_opt_values /opt/stack/data/venv/lib/python3.12/site-packages/oslo_config/cfg.py:3560}}
Aug 18 21:50:50.796424 np0000007709 nova-scheduler[96852]: DEBUG cotyledon.oslo_config_glue [-] profiler_jaeger.process_tags = {} {{(pid=96852) log_opt_values /opt/stack/data/venv/lib/python3.12/site-packages/oslo_config/cfg.py:3560}}
Aug 18 21:50:50.796424 np0000007709 nova-scheduler[96852]: DEBUG cotyledon.oslo_config_glue [-] profiler_jaeger.service_name_prefix = None {{(pid=96852) log_opt_values /opt/stack/data/venv/lib/python3.12/site-packages/oslo_config/cfg.py:3560}}
Aug 18 21:50:50.796424 np0000007709 nova-scheduler[96852]: DEBUG cotyledon.oslo_config_glue [-] profiler_otlp.service_name_prefix = None {{(pid=96852) log_opt_values /opt/stack/data/venv/lib/python3.12/site-packages/oslo_config/cfg.py:3560}}
Aug 18 21:50:50.796424 np0000007709 nova-scheduler[96852]: DEBUG cotyledon.oslo_config_glue [-] oslo_messaging_rabbit.amqp_auto_delete = False {{(pid=96852) log_opt_values /opt/stack/data/venv/lib/python3.12/site-packages/oslo_config/cfg.py:3560}}
Aug 18 21:50:50.796424 np0000007709 nova-scheduler[96852]: DEBUG cotyledon.oslo_config_glue [-] oslo_messaging_rabbit.amqp_durable_queues = False {{(pid=96852) log_opt_values /opt/stack/data/venv/lib/python3.12/site-packages/oslo_config/cfg.py:3560}}
Aug 18 21:50:50.796424 np0000007709 nova-scheduler[96852]: DEBUG cotyledon.oslo_config_glue [-] oslo_messaging_rabbit.conn_pool_min_size = 2 {{(pid=96852) log_opt_values /opt/stack/data/venv/lib/python3.12/site-packages/oslo_config/cfg.py:3560}}
Aug 18 21:50:50.796424 np0000007709 nova-scheduler[96852]: DEBUG cotyledon.oslo_config_glue [-] oslo_messaging_rabbit.conn_pool_ttl = 1200 {{(pid=96852) log_opt_values /opt/stack/data/venv/lib/python3.12/site-packages/oslo_config/cfg.py:3560}}
Aug 18 21:50:50.796424 np0000007709 nova-scheduler[96852]: DEBUG cotyledon.oslo_config_glue [-] oslo_messaging_rabbit.direct_mandatory_flag = True {{(pid=96852) log_opt_values /opt/stack/data/venv/lib/python3.12/site-packages/oslo_config/cfg.py:3560}}
Aug 18 21:50:50.796721 np0000007709 nova-scheduler[96852]: DEBUG cotyledon.oslo_config_glue [-] oslo_messaging_rabbit.enable_cancel_on_failover = False {{(pid=96852) log_opt_values /opt/stack/data/venv/lib/python3.12/site-packages/oslo_config/cfg.py:3560}}
Aug 18 21:50:50.796721 np0000007709 nova-scheduler[96852]: DEBUG cotyledon.oslo_config_glue [-] oslo_messaging_rabbit.heartbeat_rate = 3 {{(pid=96852) log_opt_values /opt/stack/data/venv/lib/python3.12/site-packages/oslo_config/cfg.py:3560}}
Aug 18 21:50:50.796721 np0000007709 nova-scheduler[96852]: DEBUG cotyledon.oslo_config_glue [-] oslo_messaging_rabbit.heartbeat_timeout_threshold = 60 {{(pid=96852) log_opt_values /opt/stack/data/venv/lib/python3.12/site-packages/oslo_config/cfg.py:3560}}
Aug 18 21:50:50.796721 np0000007709 nova-scheduler[96852]: DEBUG cotyledon.oslo_config_glue [-] oslo_messaging_rabbit.hostname = np0000007709 {{(pid=96852) log_opt_values /opt/stack/data/venv/lib/python3.12/site-packages/oslo_config/cfg.py:3560}}
Aug 18 21:50:50.796721 np0000007709 nova-scheduler[96852]: DEBUG cotyledon.oslo_config_glue [-] oslo_messaging_rabbit.kombu_compression = None {{(pid=96852) log_opt_values /opt/stack/data/venv/lib/python3.12/site-packages/oslo_config/cfg.py:3560}}
Aug 18 21:50:50.796721 np0000007709 nova-scheduler[96852]: DEBUG cotyledon.oslo_config_glue [-] oslo_messaging_rabbit.kombu_failover_strategy = round-robin {{(pid=96852) log_opt_values /opt/stack/data/venv/lib/python3.12/site-packages/oslo_config/cfg.py:3560}}
Aug 18 21:50:50.796721 np0000007709 nova-scheduler[96852]: DEBUG cotyledon.oslo_config_glue [-] oslo_messaging_rabbit.kombu_missing_consumer_retry_timeout = 60 {{(pid=96852) log_opt_values /opt/stack/data/venv/lib/python3.12/site-packages/oslo_config/cfg.py:3560}}
Aug 18 21:50:50.796721 np0000007709 nova-scheduler[96852]: DEBUG cotyledon.oslo_config_glue [-] oslo_messaging_rabbit.kombu_reconnect_delay = 1.0 {{(pid=96852) log_opt_values /opt/stack/data/venv/lib/python3.12/site-packages/oslo_config/cfg.py:3560}}
Aug 18 21:50:50.796721 np0000007709 nova-scheduler[96852]: DEBUG cotyledon.oslo_config_glue [-] oslo_messaging_rabbit.kombu_reconnect_splay = 0.0 {{(pid=96852) log_opt_values /opt/stack/data/venv/lib/python3.12/site-packages/oslo_config/cfg.py:3560}}
Aug 18 21:50:50.797021 np0000007709 nova-scheduler[96852]: DEBUG cotyledon.oslo_config_glue [-] oslo_messaging_rabbit.processname = nova-scheduler {{(pid=96852) log_opt_values /opt/stack/data/venv/lib/python3.12/site-packages/oslo_config/cfg.py:3560}}
Aug 18 21:50:50.797021 np0000007709 nova-scheduler[96852]: DEBUG cotyledon.oslo_config_glue [-] oslo_messaging_rabbit.rabbit_ha_queues = False {{(pid=96852) log_opt_values /opt/stack/data/venv/lib/python3.12/site-packages/oslo_config/cfg.py:3560}}
Aug 18 21:50:50.797021 np0000007709 nova-scheduler[96852]: DEBUG cotyledon.oslo_config_glue [-] oslo_messaging_rabbit.rabbit_interval_max = 30 {{(pid=96852) log_opt_values /opt/stack/data/venv/lib/python3.12/site-packages/oslo_config/cfg.py:3560}}
Aug 18 21:50:50.797021 np0000007709 nova-scheduler[96852]: DEBUG cotyledon.oslo_config_glue [-] oslo_messaging_rabbit.rabbit_login_method = AMQPLAIN {{(pid=96852) log_opt_values /opt/stack/data/venv/lib/python3.12/site-packages/oslo_config/cfg.py:3560}}
Aug 18 21:50:50.797021 np0000007709 nova-scheduler[96852]: DEBUG cotyledon.oslo_config_glue [-] oslo_messaging_rabbit.rabbit_qos_prefetch_count = 0 {{(pid=96852) log_opt_values /opt/stack/data/venv/lib/python3.12/site-packages/oslo_config/cfg.py:3560}}
Aug 18 21:50:50.797021 np0000007709 nova-scheduler[96852]: DEBUG cotyledon.oslo_config_glue [-] oslo_messaging_rabbit.rabbit_quorum_delivery_limit = 0 {{(pid=96852) log_opt_values /opt/stack/data/venv/lib/python3.12/site-packages/oslo_config/cfg.py:3560}}
Aug 18 21:50:50.797021 np0000007709 nova-scheduler[96852]: DEBUG cotyledon.oslo_config_glue [-] oslo_messaging_rabbit.rabbit_quorum_max_memory_bytes = 0 {{(pid=96852) log_opt_values /opt/stack/data/venv/lib/python3.12/site-packages/oslo_config/cfg.py:3560}}
Aug 18 21:50:50.797021 np0000007709 nova-scheduler[96852]: DEBUG cotyledon.oslo_config_glue [-] oslo_messaging_rabbit.rabbit_quorum_max_memory_length = 0 {{(pid=96852) log_opt_values /opt/stack/data/venv/lib/python3.12/site-packages/oslo_config/cfg.py:3560}}
Aug 18 21:50:50.797021 np0000007709 nova-scheduler[96852]: DEBUG cotyledon.oslo_config_glue [-] oslo_messaging_rabbit.rabbit_quorum_queue = False {{(pid=96852) log_opt_values /opt/stack/data/venv/lib/python3.12/site-packages/oslo_config/cfg.py:3560}}
Aug 18 21:50:50.797364 np0000007709 nova-scheduler[96852]: DEBUG cotyledon.oslo_config_glue [-] oslo_messaging_rabbit.rabbit_retry_backoff = 2 {{(pid=96852) log_opt_values /opt/stack/data/venv/lib/python3.12/site-packages/oslo_config/cfg.py:3560}}
Aug 18 21:50:50.797364 np0000007709 nova-scheduler[96852]: DEBUG cotyledon.oslo_config_glue [-] oslo_messaging_rabbit.rabbit_retry_interval = 1 {{(pid=96852) log_opt_values /opt/stack/data/venv/lib/python3.12/site-packages/oslo_config/cfg.py:3560}}
Aug 18 21:50:50.797364 np0000007709 nova-scheduler[96852]: DEBUG cotyledon.oslo_config_glue [-] oslo_messaging_rabbit.rabbit_stream_fanout = False {{(pid=96852) log_opt_values /opt/stack/data/venv/lib/python3.12/site-packages/oslo_config/cfg.py:3560}}
Aug 18 21:50:50.797364 np0000007709 nova-scheduler[96852]: DEBUG cotyledon.oslo_config_glue [-] oslo_messaging_rabbit.rabbit_transient_queues_ttl = 1800 {{(pid=96852) log_opt_values /opt/stack/data/venv/lib/python3.12/site-packages/oslo_config/cfg.py:3560}}
Aug 18 21:50:50.797364 np0000007709 nova-scheduler[96852]: DEBUG cotyledon.oslo_config_glue [-] oslo_messaging_rabbit.rabbit_transient_quorum_queue = False {{(pid=96852) log_opt_values /opt/stack/data/venv/lib/python3.12/site-packages/oslo_config/cfg.py:3560}}
Aug 18 21:50:50.797364 np0000007709 nova-scheduler[96852]: DEBUG cotyledon.oslo_config_glue [-] oslo_messaging_rabbit.rpc_conn_pool_size = 30 {{(pid=96852) log_opt_values /opt/stack/data/venv/lib/python3.12/site-packages/oslo_config/cfg.py:3560}}
Aug 18 21:50:50.797364 np0000007709 nova-scheduler[96852]: DEBUG cotyledon.oslo_config_glue [-] oslo_messaging_rabbit.ssl = False {{(pid=96852) log_opt_values /opt/stack/data/venv/lib/python3.12/site-packages/oslo_config/cfg.py:3560}}
Aug 18 21:50:50.797364 np0000007709 nova-scheduler[96852]: DEBUG cotyledon.oslo_config_glue [-] oslo_messaging_rabbit.ssl_ca_file = {{(pid=96852) log_opt_values /opt/stack/data/venv/lib/python3.12/site-packages/oslo_config/cfg.py:3560}}
Aug 18 21:50:50.797364 np0000007709 nova-scheduler[96852]: DEBUG cotyledon.oslo_config_glue [-] oslo_messaging_rabbit.ssl_cert_file = {{(pid=96852) log_opt_values /opt/stack/data/venv/lib/python3.12/site-packages/oslo_config/cfg.py:3560}}
Aug 18 21:50:50.797653 np0000007709 nova-scheduler[96852]: DEBUG cotyledon.oslo_config_glue [-] oslo_messaging_rabbit.ssl_enforce_fips_mode = False {{(pid=96852) log_opt_values /opt/stack/data/venv/lib/python3.12/site-packages/oslo_config/cfg.py:3560}}
Aug 18 21:50:50.797653 np0000007709 nova-scheduler[96852]: DEBUG cotyledon.oslo_config_glue [-] oslo_messaging_rabbit.ssl_enforce_hostname_verification = True {{(pid=96852) log_opt_values /opt/stack/data/venv/lib/python3.12/site-packages/oslo_config/cfg.py:3560}}
Aug 18 21:50:50.797653 np0000007709 nova-scheduler[96852]: DEBUG cotyledon.oslo_config_glue [-] oslo_messaging_rabbit.ssl_key_file = {{(pid=96852) log_opt_values /opt/stack/data/venv/lib/python3.12/site-packages/oslo_config/cfg.py:3560}}
Aug 18 21:50:50.797653 np0000007709 nova-scheduler[96852]: DEBUG cotyledon.oslo_config_glue [-] oslo_messaging_rabbit.ssl_version = {{(pid=96852) log_opt_values /opt/stack/data/venv/lib/python3.12/site-packages/oslo_config/cfg.py:3560}}
Aug 18 21:50:50.797653 np0000007709 nova-scheduler[96852]: DEBUG cotyledon.oslo_config_glue [-] oslo_messaging_rabbit.use_queue_manager = False {{(pid=96852) log_opt_values /opt/stack/data/venv/lib/python3.12/site-packages/oslo_config/cfg.py:3560}}
Aug 18 21:50:50.797653 np0000007709 nova-scheduler[96852]: DEBUG cotyledon.oslo_config_glue [-] oslo_messaging_notifications.driver = ['messagingv2'] {{(pid=96852) log_opt_values /opt/stack/data/venv/lib/python3.12/site-packages/oslo_config/cfg.py:3560}}
Aug 18 21:50:50.797653 np0000007709 nova-scheduler[96852]: DEBUG cotyledon.oslo_config_glue [-] oslo_messaging_notifications.retry = -1 {{(pid=96852) log_opt_values /opt/stack/data/venv/lib/python3.12/site-packages/oslo_config/cfg.py:3560}}
Aug 18 21:50:50.797653 np0000007709 nova-scheduler[96852]: DEBUG cotyledon.oslo_config_glue [-] oslo_messaging_notifications.topics = ['notifications'] {{(pid=96852) log_opt_values /opt/stack/data/venv/lib/python3.12/site-packages/oslo_config/cfg.py:3560}}
Aug 18 21:50:50.797653 np0000007709 nova-scheduler[96852]: DEBUG cotyledon.oslo_config_glue [-] oslo_messaging_notifications.transport_url = **** {{(pid=96852) log_opt_values /opt/stack/data/venv/lib/python3.12/site-packages/oslo_config/cfg.py:3560}}
Aug 18 21:50:50.797953 np0000007709 nova-scheduler[96852]: DEBUG cotyledon.oslo_config_glue [-] oslo_limit.auth_section = None {{(pid=96852) log_opt_values /opt/stack/data/venv/lib/python3.12/site-packages/oslo_config/cfg.py:3560}}
Aug 18 21:50:50.797953 np0000007709 nova-scheduler[96852]: DEBUG cotyledon.oslo_config_glue [-] oslo_limit.auth_type = None {{(pid=96852) log_opt_values /opt/stack/data/venv/lib/python3.12/site-packages/oslo_config/cfg.py:3560}}
Aug 18 21:50:50.797953 np0000007709 nova-scheduler[96852]: DEBUG cotyledon.oslo_config_glue [-] oslo_limit.cafile = None {{(pid=96852) log_opt_values /opt/stack/data/venv/lib/python3.12/site-packages/oslo_config/cfg.py:3560}}
Aug 18 21:50:50.797953 np0000007709 nova-scheduler[96852]: DEBUG cotyledon.oslo_config_glue [-] oslo_limit.certfile = None {{(pid=96852) log_opt_values /opt/stack/data/venv/lib/python3.12/site-packages/oslo_config/cfg.py:3560}}
Aug 18 21:50:50.797953 np0000007709 nova-scheduler[96852]: DEBUG cotyledon.oslo_config_glue [-] oslo_limit.collect_timing = False {{(pid=96852) log_opt_values /opt/stack/data/venv/lib/python3.12/site-packages/oslo_config/cfg.py:3560}}
Aug 18 21:50:50.797953 np0000007709 nova-scheduler[96852]: DEBUG cotyledon.oslo_config_glue [-] oslo_limit.connect_retries = None {{(pid=96852) log_opt_values /opt/stack/data/venv/lib/python3.12/site-packages/oslo_config/cfg.py:3560}}
Aug 18 21:50:50.797953 np0000007709 nova-scheduler[96852]: DEBUG cotyledon.oslo_config_glue [-] oslo_limit.connect_retry_delay = None {{(pid=96852) log_opt_values /opt/stack/data/venv/lib/python3.12/site-packages/oslo_config/cfg.py:3560}}
Aug 18 21:50:50.797953 np0000007709 nova-scheduler[96852]: DEBUG cotyledon.oslo_config_glue [-] oslo_limit.endpoint_id = None {{(pid=96852) log_opt_values /opt/stack/data/venv/lib/python3.12/site-packages/oslo_config/cfg.py:3560}}
Aug 18 21:50:50.797953 np0000007709 nova-scheduler[96852]: DEBUG cotyledon.oslo_config_glue [-] oslo_limit.endpoint_interface = public {{(pid=96852) log_opt_values /opt/stack/data/venv/lib/python3.12/site-packages/oslo_config/cfg.py:3560}}
Aug 18 21:50:50.798335 np0000007709 nova-scheduler[96852]: DEBUG cotyledon.oslo_config_glue [-] oslo_limit.endpoint_override = None {{(pid=96852) log_opt_values /opt/stack/data/venv/lib/python3.12/site-packages/oslo_config/cfg.py:3560}}
Aug 18 21:50:50.798335 np0000007709 nova-scheduler[96852]: DEBUG cotyledon.oslo_config_glue [-] oslo_limit.endpoint_region_name = None {{(pid=96852) log_opt_values /opt/stack/data/venv/lib/python3.12/site-packages/oslo_config/cfg.py:3560}}
Aug 18 21:50:50.798335 np0000007709 nova-scheduler[96852]: DEBUG cotyledon.oslo_config_glue [-] oslo_limit.endpoint_service_name = None {{(pid=96852) log_opt_values /opt/stack/data/venv/lib/python3.12/site-packages/oslo_config/cfg.py:3560}}
Aug 18 21:50:50.798335 np0000007709 nova-scheduler[96852]: DEBUG cotyledon.oslo_config_glue [-] oslo_limit.endpoint_service_type = None {{(pid=96852) log_opt_values /opt/stack/data/venv/lib/python3.12/site-packages/oslo_config/cfg.py:3560}}
Aug 18 21:50:50.798335 np0000007709 nova-scheduler[96852]: DEBUG cotyledon.oslo_config_glue [-] oslo_limit.insecure = False {{(pid=96852) log_opt_values /opt/stack/data/venv/lib/python3.12/site-packages/oslo_config/cfg.py:3560}}
Aug 18 21:50:50.798335 np0000007709 nova-scheduler[96852]: DEBUG cotyledon.oslo_config_glue [-] oslo_limit.keyfile = None {{(pid=96852) log_opt_values /opt/stack/data/venv/lib/python3.12/site-packages/oslo_config/cfg.py:3560}}
Aug 18 21:50:50.798335 np0000007709 nova-scheduler[96852]: DEBUG cotyledon.oslo_config_glue [-] oslo_limit.max_version = None {{(pid=96852) log_opt_values /opt/stack/data/venv/lib/python3.12/site-packages/oslo_config/cfg.py:3560}}
Aug 18 21:50:50.798335 np0000007709 nova-scheduler[96852]: DEBUG cotyledon.oslo_config_glue [-] oslo_limit.min_version = None {{(pid=96852) log_opt_values /opt/stack/data/venv/lib/python3.12/site-packages/oslo_config/cfg.py:3560}}
Aug 18 21:50:50.798335 np0000007709 nova-scheduler[96852]: DEBUG cotyledon.oslo_config_glue [-] oslo_limit.region_name = None {{(pid=96852) log_opt_values /opt/stack/data/venv/lib/python3.12/site-packages/oslo_config/cfg.py:3560}}
Aug 18 21:50:50.798638 np0000007709 nova-scheduler[96852]: DEBUG cotyledon.oslo_config_glue [-] oslo_limit.retriable_status_codes = None {{(pid=96852) log_opt_values /opt/stack/data/venv/lib/python3.12/site-packages/oslo_config/cfg.py:3560}}
Aug 18 21:50:50.798638 np0000007709 nova-scheduler[96852]: DEBUG cotyledon.oslo_config_glue [-] oslo_limit.service_name = None {{(pid=96852) log_opt_values /opt/stack/data/venv/lib/python3.12/site-packages/oslo_config/cfg.py:3560}}
Aug 18 21:50:50.798638 np0000007709 nova-scheduler[96852]: DEBUG cotyledon.oslo_config_glue [-] oslo_limit.service_type = None {{(pid=96852) log_opt_values /opt/stack/data/venv/lib/python3.12/site-packages/oslo_config/cfg.py:3560}}
Aug 18 21:50:50.798638 np0000007709 nova-scheduler[96852]: DEBUG cotyledon.oslo_config_glue [-] oslo_limit.split_loggers = False {{(pid=96852) log_opt_values /opt/stack/data/venv/lib/python3.12/site-packages/oslo_config/cfg.py:3560}}
Aug 18 21:50:50.798638 np0000007709 nova-scheduler[96852]: DEBUG cotyledon.oslo_config_glue [-] oslo_limit.status_code_retries = None {{(pid=96852) log_opt_values /opt/stack/data/venv/lib/python3.12/site-packages/oslo_config/cfg.py:3560}}
Aug 18 21:50:50.798638 np0000007709 nova-scheduler[96852]: DEBUG cotyledon.oslo_config_glue [-] oslo_limit.status_code_retry_delay = None {{(pid=96852) log_opt_values /opt/stack/data/venv/lib/python3.12/site-packages/oslo_config/cfg.py:3560}}
Aug 18 21:50:50.798638 np0000007709 nova-scheduler[96852]: DEBUG cotyledon.oslo_config_glue [-] oslo_limit.timeout = None {{(pid=96852) log_opt_values /opt/stack/data/venv/lib/python3.12/site-packages/oslo_config/cfg.py:3560}}
Aug 18 21:50:50.798638 np0000007709 nova-scheduler[96852]: DEBUG cotyledon.oslo_config_glue [-] oslo_limit.valid_interfaces = None {{(pid=96852) log_opt_values /opt/stack/data/venv/lib/python3.12/site-packages/oslo_config/cfg.py:3560}}
Aug 18 21:50:50.798638 np0000007709 nova-scheduler[96852]: DEBUG cotyledon.oslo_config_glue [-] oslo_limit.version = None {{(pid=96852) log_opt_values /opt/stack/data/venv/lib/python3.12/site-packages/oslo_config/cfg.py:3560}}
Aug 18 21:50:50.798927 np0000007709 nova-scheduler[96852]: DEBUG cotyledon.oslo_config_glue [-] oslo_reports.file_event_handler = None {{(pid=96852) log_opt_values /opt/stack/data/venv/lib/python3.12/site-packages/oslo_config/cfg.py:3560}}
Aug 18 21:50:50.798927 np0000007709 nova-scheduler[96852]: DEBUG cotyledon.oslo_config_glue [-] oslo_reports.file_event_handler_interval = 1 {{(pid=96852) log_opt_values /opt/stack/data/venv/lib/python3.12/site-packages/oslo_config/cfg.py:3560}}
Aug 18 21:50:50.798927 np0000007709 nova-scheduler[96852]: DEBUG cotyledon.oslo_config_glue [-] oslo_reports.log_dir = None {{(pid=96852) log_opt_values /opt/stack/data/venv/lib/python3.12/site-packages/oslo_config/cfg.py:3560}}
Aug 18 21:50:50.798927 np0000007709 nova-scheduler[96852]: DEBUG cotyledon.oslo_config_glue [-] ******************************************************************************** {{(pid=96852) log_opt_values /opt/stack/data/venv/lib/python3.12/site-packages/oslo_config/cfg.py:3567}}
Aug 18 21:50:50.798927 np0000007709 nova-scheduler[96852]: DEBUG cotyledon._service_worker [-] Run service ServiceWrapper(3) [96852] {{(pid=96852) wait_forever /opt/stack/data/venv/lib/python3.12/site-packages/cotyledon/_service_worker.py:218}}
Aug 18 21:50:50.798927 np0000007709 nova-scheduler[96852]: INFO nova.service [-] Starting scheduler node (version 33.1.0)
Aug 18 21:50:50.798927 np0000007709 nova-scheduler[96852]: INFO dbcounter [None req-ccf23ca9-a875-4c42-b095-59c0c2ad46fd None None] Registered counter for database nova_cell0
Aug 18 21:50:50.799185 np0000007709 nova-scheduler[96846]: DEBUG oslo_db.sqlalchemy.engines [None req-29d935c3-af33-4c98-9171-e659e68fb1b3 None None] MySQL server mode set to STRICT_TRANS_TABLES,STRICT_ALL_TABLES,NO_ZERO_IN_DATE,NO_ZERO_DATE,ERROR_FOR_DIVISION_BY_ZERO,TRADITIONAL,NO_ENGINE_SUBSTITUTION {{(pid=96846) _check_effective_sql_mode /opt/stack/data/venv/lib/python3.12/site-packages/oslo_db/sqlalchemy/engines.py:325}}
Aug 18 21:50:50.799185 np0000007709 nova-scheduler[96846]: DEBUG dbcounter [-] [96846] Writer thread running {{(pid=96846) stat_writer /opt/stack/data/venv/lib/python3.12/site-packages/dbcounter.py:102}}
Aug 18 21:50:50.799275 np0000007709 nova-scheduler[96848]: DEBUG oslo_db.sqlalchemy.engines [None req-e157a508-214f-4438-baa7-14693f405ac4 None None] MySQL server mode set to STRICT_TRANS_TABLES,STRICT_ALL_TABLES,NO_ZERO_IN_DATE,NO_ZERO_DATE,ERROR_FOR_DIVISION_BY_ZERO,TRADITIONAL,NO_ENGINE_SUBSTITUTION {{(pid=96848) _check_effective_sql_mode /opt/stack/data/venv/lib/python3.12/site-packages/oslo_db/sqlalchemy/engines.py:325}}
Aug 18 21:50:50.799318 np0000007709 nova-scheduler[96850]: DEBUG oslo_db.sqlalchemy.engines [None req-113ac30a-8c45-4038-9bc5-89e2b885109b None None] MySQL server mode set to STRICT_TRANS_TABLES,STRICT_ALL_TABLES,NO_ZERO_IN_DATE,NO_ZERO_DATE,ERROR_FOR_DIVISION_BY_ZERO,TRADITIONAL,NO_ENGINE_SUBSTITUTION {{(pid=96850) _check_effective_sql_mode /opt/stack/data/venv/lib/python3.12/site-packages/oslo_db/sqlalchemy/engines.py:325}}
Aug 18 21:50:50.799367 np0000007709 nova-scheduler[96846]: DEBUG nova.service [None req-29d935c3-af33-4c98-9171-e659e68fb1b3 None None] Creating RPC server for service: nova-scheduler on topic: scheduler {{(pid=96846) start /opt/stack/nova/nova/service.py:262}}
Aug 18 21:50:50.799407 np0000007709 nova-scheduler[96848]: DEBUG dbcounter [-] [96848] Writer thread running {{(pid=96848) stat_writer /opt/stack/data/venv/lib/python3.12/site-packages/dbcounter.py:102}}
Aug 18 21:50:50.799407 np0000007709 nova-scheduler[96848]: DEBUG nova.service [None req-e157a508-214f-4438-baa7-14693f405ac4 None None] Creating RPC server for service: nova-scheduler on topic: scheduler {{(pid=96848) start /opt/stack/nova/nova/service.py:262}}
Aug 18 21:50:50.799475 np0000007709 nova-scheduler[96850]: DEBUG dbcounter [-] [96850] Writer thread running {{(pid=96850) stat_writer /opt/stack/data/venv/lib/python3.12/site-packages/dbcounter.py:102}}
Aug 18 21:50:50.799475 np0000007709 nova-scheduler[96850]: DEBUG nova.service [None req-113ac30a-8c45-4038-9bc5-89e2b885109b None None] Creating RPC server for service: nova-scheduler on topic: scheduler {{(pid=96850) start /opt/stack/nova/nova/service.py:262}}
Aug 18 21:50:50.817217 np0000007709 nova-scheduler[96852]: DEBUG oslo_db.sqlalchemy.engines [None req-ccf23ca9-a875-4c42-b095-59c0c2ad46fd None None] MySQL server mode set to STRICT_TRANS_TABLES,STRICT_ALL_TABLES,NO_ZERO_IN_DATE,NO_ZERO_DATE,ERROR_FOR_DIVISION_BY_ZERO,TRADITIONAL,NO_ENGINE_SUBSTITUTION {{(pid=96852) _check_effective_sql_mode /opt/stack/data/venv/lib/python3.12/site-packages/oslo_db/sqlalchemy/engines.py:325}}
Aug 18 21:50:50.827689 np0000007709 nova-scheduler[96848]: DEBUG nova.service [None req-e157a508-214f-4438-baa7-14693f405ac4 None None] Join ServiceGroup membership for this service scheduler {{(pid=96848) start /opt/stack/nova/nova/service.py:288}}
Aug 18 21:50:50.828078 np0000007709 nova-scheduler[96848]: DEBUG nova.servicegroup.drivers.db [None req-e157a508-214f-4438-baa7-14693f405ac4 None None] DB_Driver: join new ServiceGroup member np0000007709 to the scheduler group, service = {{(pid=96848) join /opt/stack/nova/nova/servicegroup/drivers/db.py:44}}
Aug 18 21:50:50.829035 np0000007709 nova-scheduler[96850]: DEBUG nova.service [None req-113ac30a-8c45-4038-9bc5-89e2b885109b None None] Join ServiceGroup membership for this service scheduler {{(pid=96850) start /opt/stack/nova/nova/service.py:288}}
Aug 18 21:50:50.829274 np0000007709 nova-scheduler[96850]: DEBUG nova.servicegroup.drivers.db [None req-113ac30a-8c45-4038-9bc5-89e2b885109b None None] DB_Driver: join new ServiceGroup member np0000007709 to the scheduler group, service = {{(pid=96850) join /opt/stack/nova/nova/servicegroup/drivers/db.py:44}}
Aug 18 21:50:50.833024 np0000007709 nova-scheduler[96852]: DEBUG dbcounter [-] [96852] Writer thread running {{(pid=96852) stat_writer /opt/stack/data/venv/lib/python3.12/site-packages/dbcounter.py:102}}
Aug 18 21:50:50.833587 np0000007709 nova-scheduler[96846]: DEBUG nova.service [None req-29d935c3-af33-4c98-9171-e659e68fb1b3 None None] Join ServiceGroup membership for this service scheduler {{(pid=96846) start /opt/stack/nova/nova/service.py:288}}
Aug 18 21:50:50.833887 np0000007709 nova-scheduler[96846]: DEBUG nova.servicegroup.drivers.db [None req-29d935c3-af33-4c98-9171-e659e68fb1b3 None None] DB_Driver: join new ServiceGroup member np0000007709 to the scheduler group, service = {{(pid=96846) join /opt/stack/nova/nova/servicegroup/drivers/db.py:44}}
Aug 18 21:50:50.836369 np0000007709 nova-scheduler[96852]: DEBUG nova.service [None req-ccf23ca9-a875-4c42-b095-59c0c2ad46fd None None] Creating RPC server for service: nova-scheduler on topic: scheduler {{(pid=96852) start /opt/stack/nova/nova/service.py:262}}
Aug 18 21:50:50.861572 np0000007709 nova-scheduler[96852]: DEBUG nova.service [None req-ccf23ca9-a875-4c42-b095-59c0c2ad46fd None None] Join ServiceGroup membership for this service scheduler {{(pid=96852) start /opt/stack/nova/nova/service.py:288}}
Aug 18 21:50:50.861983 np0000007709 nova-scheduler[96852]: DEBUG nova.servicegroup.drivers.db [None req-ccf23ca9-a875-4c42-b095-59c0c2ad46fd None None] DB_Driver: join new ServiceGroup member np0000007709 to the scheduler group, service = {{(pid=96852) join /opt/stack/nova/nova/servicegroup/drivers/db.py:44}}
Aug 18 21:50:50.864802 np0000007709 nova-scheduler[96852]: DEBUG oslo.service.backend._threading.loopingcall [None req-f980c86e-d811-4140-9652-c408774000fd None None] Dynamic interval looping call 'nova.service.Service.periodic_tasks' sleeping for 60.00 seconds {{(pid=96852) _run_loop /opt/stack/data/venv/lib/python3.12/site-packages/oslo_service/backend/_threading/loopingcall.py:125}}
Aug 18 21:50:55.851426 np0000007709 nova-scheduler[96846]: DEBUG oslo.service.backend._threading.loopingcall [-] Fixed interval looping call 'nova.servicegroup.drivers.db.DbDriver._report_state' sleeping for 119.99 seconds {{(pid=96846) _run_loop /opt/stack/data/venv/lib/python3.12/site-packages/oslo_service/backend/_threading/loopingcall.py:125}}
Aug 18 21:50:55.852919 np0000007709 nova-scheduler[96848]: DEBUG oslo.service.backend._threading.loopingcall [-] Fixed interval looping call 'nova.servicegroup.drivers.db.DbDriver._report_state' sleeping for 119.98 seconds {{(pid=96848) _run_loop /opt/stack/data/venv/lib/python3.12/site-packages/oslo_service/backend/_threading/loopingcall.py:125}}
Aug 18 21:50:55.854518 np0000007709 nova-scheduler[96850]: DEBUG oslo.service.backend._threading.loopingcall [-] Fixed interval looping call 'nova.servicegroup.drivers.db.DbDriver._report_state' sleeping for 119.98 seconds {{(pid=96850) _run_loop /opt/stack/data/venv/lib/python3.12/site-packages/oslo_service/backend/_threading/loopingcall.py:125}}
Aug 18 21:50:55.872954 np0000007709 nova-scheduler[96852]: DEBUG oslo.service.backend._threading.loopingcall [-] Fixed interval looping call 'nova.servicegroup.drivers.db.DbDriver._report_state' sleeping for 119.99 seconds {{(pid=96852) _run_loop /opt/stack/data/venv/lib/python3.12/site-packages/oslo_service/backend/_threading/loopingcall.py:125}}
Aug 18 21:50:59.304822 np0000007709 nova-scheduler[95654]: DEBUG dbcounter [-] [95654] Writing DB stats nova_api:SELECT=3 {{(pid=95654) stat_writer /opt/stack/data/venv/lib/python3.12/site-packages/dbcounter.py:115}}
Aug 18 21:50:59.470564 np0000007709 nova-scheduler[95654]: DEBUG dbcounter [-] [95654] Writing DB stats nova_cell1:SELECT=1 {{(pid=95654) stat_writer /opt/stack/data/venv/lib/python3.12/site-packages/dbcounter.py:115}}
Aug 18 21:50:59.474086 np0000007709 nova-scheduler[95654]: DEBUG dbcounter [-] [95654] Writing DB stats nova_cell0:SELECT=1 {{(pid=95654) stat_writer /opt/stack/data/venv/lib/python3.12/site-packages/dbcounter.py:115}}
Aug 18 21:51:05.846150 np0000007709 nova-scheduler[96846]: DEBUG dbcounter [-] [96846] Writing DB stats nova_cell0:SELECT=4,nova_cell0:INSERT=1,nova_cell0:UPDATE=1 {{(pid=96846) stat_writer /opt/stack/data/venv/lib/python3.12/site-packages/dbcounter.py:115}}
Aug 18 21:51:05.851972 np0000007709 nova-scheduler[96848]: DEBUG dbcounter [-] [96848] Writing DB stats nova_cell0:SELECT=3,nova_cell0:UPDATE=1 {{(pid=96848) stat_writer /opt/stack/data/venv/lib/python3.12/site-packages/dbcounter.py:115}}
Aug 18 21:51:05.852619 np0000007709 nova-scheduler[96850]: DEBUG dbcounter [-] [96850] Writing DB stats nova_cell0:SELECT=3,nova_cell0:UPDATE=1 {{(pid=96850) stat_writer /opt/stack/data/venv/lib/python3.12/site-packages/dbcounter.py:115}}
Aug 18 21:51:05.870201 np0000007709 nova-scheduler[96852]: DEBUG dbcounter [-] [96852] Writing DB stats nova_cell0:SELECT=3 {{(pid=96852) stat_writer /opt/stack/data/venv/lib/python3.12/site-packages/dbcounter.py:115}}
Aug 18 21:51:21.830705 np0000007709 nova-scheduler[96848]: DEBUG oslo.service.backend._threading.loopingcall [None req-b4057093-d4db-4cc8-804e-0b857122a21f None None] Dynamic interval looping call 'nova.service.Service.periodic_tasks' sleeping for 60.00 seconds {{(pid=96848) _run_loop /opt/stack/data/venv/lib/python3.12/site-packages/oslo_service/backend/_threading/loopingcall.py:125}}
Aug 18 21:51:47.836553 np0000007709 nova-scheduler[96846]: DEBUG oslo.service.backend._threading.loopingcall [None req-4af892a8-108b-4a61-a67c-e60ea613eafc None None] Dynamic interval looping call 'nova.service.Service.periodic_tasks' sleeping for 60.00 seconds {{(pid=96846) _run_loop /opt/stack/data/venv/lib/python3.12/site-packages/oslo_service/backend/_threading/loopingcall.py:125}}
Aug 18 21:51:50.832906 np0000007709 nova-scheduler[96850]: DEBUG oslo.service.backend._threading.loopingcall [None req-e92b3bcd-7f0a-4ca1-b4cf-14963879ea63 None None] Dynamic interval looping call 'nova.service.Service.periodic_tasks' sleeping for 60.00 seconds {{(pid=96850) _run_loop /opt/stack/data/venv/lib/python3.12/site-packages/oslo_service/backend/_threading/loopingcall.py:125}}
Aug 18 21:51:50.865524 np0000007709 nova-scheduler[96852]: DEBUG oslo.service.backend._threading.loopingcall [None req-f980c86e-d811-4140-9652-c408774000fd None None] Dynamic interval looping call 'nova.service.Service.periodic_tasks' sleeping for 60.00 seconds {{(pid=96852) _run_loop /opt/stack/data/venv/lib/python3.12/site-packages/oslo_service/backend/_threading/loopingcall.py:125}}
Aug 18 21:52:21.831333 np0000007709 nova-scheduler[96848]: DEBUG oslo.service.backend._threading.loopingcall [None req-b4057093-d4db-4cc8-804e-0b857122a21f None None] Dynamic interval looping call 'nova.service.Service.periodic_tasks' sleeping for 60.00 seconds {{(pid=96848) _run_loop /opt/stack/data/venv/lib/python3.12/site-packages/oslo_service/backend/_threading/loopingcall.py:125}}
Aug 18 21:52:47.837137 np0000007709 nova-scheduler[96846]: DEBUG oslo.service.backend._threading.loopingcall [None req-4af892a8-108b-4a61-a67c-e60ea613eafc None None] Dynamic interval looping call 'nova.service.Service.periodic_tasks' sleeping for 60.00 seconds {{(pid=96846) _run_loop /opt/stack/data/venv/lib/python3.12/site-packages/oslo_service/backend/_threading/loopingcall.py:125}}
Aug 18 21:52:50.833508 np0000007709 nova-scheduler[96850]: DEBUG oslo.service.backend._threading.loopingcall [None req-e92b3bcd-7f0a-4ca1-b4cf-14963879ea63 None None] Dynamic interval looping call 'nova.service.Service.periodic_tasks' sleeping for 60.00 seconds {{(pid=96850) _run_loop /opt/stack/data/venv/lib/python3.12/site-packages/oslo_service/backend/_threading/loopingcall.py:125}}
Aug 18 21:52:50.866075 np0000007709 nova-scheduler[96852]: DEBUG oslo.service.backend._threading.loopingcall [None req-f980c86e-d811-4140-9652-c408774000fd None None] Dynamic interval looping call 'nova.service.Service.periodic_tasks' sleeping for 60.00 seconds {{(pid=96852) _run_loop /opt/stack/data/venv/lib/python3.12/site-packages/oslo_service/backend/_threading/loopingcall.py:125}}
Aug 18 21:52:55.840801 np0000007709 nova-scheduler[96848]: DEBUG oslo.service.backend._threading.loopingcall [-] Fixed interval looping call 'nova.servicegroup.drivers.db.DbDriver._report_state' sleeping for 119.99 seconds {{(pid=96848) _run_loop /opt/stack/data/venv/lib/python3.12/site-packages/oslo_service/backend/_threading/loopingcall.py:125}}
Aug 18 21:52:55.841298 np0000007709 nova-scheduler[96850]: DEBUG oslo.service.backend._threading.loopingcall [-] Fixed interval looping call 'nova.servicegroup.drivers.db.DbDriver._report_state' sleeping for 119.99 seconds {{(pid=96850) _run_loop /opt/stack/data/venv/lib/python3.12/site-packages/oslo_service/backend/_threading/loopingcall.py:125}}
Aug 18 21:52:55.845353 np0000007709 nova-scheduler[96846]: DEBUG oslo.service.backend._threading.loopingcall [-] Fixed interval looping call 'nova.servicegroup.drivers.db.DbDriver._report_state' sleeping for 120.00 seconds {{(pid=96846) _run_loop /opt/stack/data/venv/lib/python3.12/site-packages/oslo_service/backend/_threading/loopingcall.py:125}}
Aug 18 21:52:55.867028 np0000007709 nova-scheduler[96852]: DEBUG oslo.service.backend._threading.loopingcall [-] Fixed interval looping call 'nova.servicegroup.drivers.db.DbDriver._report_state' sleeping for 120.00 seconds {{(pid=96852) _run_loop /opt/stack/data/venv/lib/python3.12/site-packages/oslo_service/backend/_threading/loopingcall.py:125}}
Aug 18 21:53:05.837005 np0000007709 nova-scheduler[96848]: DEBUG dbcounter [-] [96848] Writing DB stats nova_cell0:SELECT=1,nova_cell0:UPDATE=1 {{(pid=96848) stat_writer /opt/stack/data/venv/lib/python3.12/site-packages/dbcounter.py:115}}
Aug 18 21:53:05.837915 np0000007709 nova-scheduler[96850]: DEBUG dbcounter [-] [96850] Writing DB stats nova_cell0:SELECT=1,nova_cell0:UPDATE=1 {{(pid=96850) stat_writer /opt/stack/data/venv/lib/python3.12/site-packages/dbcounter.py:115}}
Aug 18 21:53:05.843561 np0000007709 nova-scheduler[96846]: DEBUG dbcounter [-] [96846] Writing DB stats nova_cell0:SELECT=1 {{(pid=96846) stat_writer /opt/stack/data/venv/lib/python3.12/site-packages/dbcounter.py:115}}
Aug 18 21:53:05.865289 np0000007709 nova-scheduler[96852]: DEBUG dbcounter [-] [96852] Writing DB stats nova_cell0:SELECT=1 {{(pid=96852) stat_writer /opt/stack/data/venv/lib/python3.12/site-packages/dbcounter.py:115}}
Aug 18 21:53:21.832014 np0000007709 nova-scheduler[96848]: DEBUG oslo.service.backend._threading.loopingcall [None req-b4057093-d4db-4cc8-804e-0b857122a21f None None] Dynamic interval looping call 'nova.service.Service.periodic_tasks' sleeping for 60.00 seconds {{(pid=96848) _run_loop /opt/stack/data/venv/lib/python3.12/site-packages/oslo_service/backend/_threading/loopingcall.py:125}}
Aug 18 21:53:39.268848 np0000007709 nova-scheduler[96848]: DEBUG nova.scheduler.manager [None req-bd2972b5-d745-4dcc-a5a7-ec98d130acf9 tempest-ServerActionsTestOtherB-694347671 tempest-ServerActionsTestOtherB-694347671-project-member] Starting to schedule for instances: ['0ec2cc78-900f-4651-876d-2ed6efe0fcad'] {{(pid=96848) select_destinations /opt/stack/nova/nova/scheduler/manager.py:197}}
Aug 18 21:53:39.268848 np0000007709 nova-scheduler[96848]: DEBUG nova.scheduler.request_filter [None req-bd2972b5-d745-4dcc-a5a7-ec98d130acf9 tempest-ServerActionsTestOtherB-694347671 tempest-ServerActionsTestOtherB-694347671-project-member] compute_status_filter request filter added forbidden trait COMPUTE_STATUS_DISABLED {{(pid=96848) compute_status_filter /opt/stack/nova/nova/scheduler/request_filter.py:253}}
Aug 18 21:53:39.268848 np0000007709 nova-scheduler[96848]: DEBUG nova.scheduler.request_filter [None req-bd2972b5-d745-4dcc-a5a7-ec98d130acf9 tempest-ServerActionsTestOtherB-694347671 tempest-ServerActionsTestOtherB-694347671-project-member] Request filter 'compute_status_filter' took 0.0 seconds {{(pid=96848) wrapper /opt/stack/nova/nova/scheduler/request_filter.py:46}}
Aug 18 21:53:39.268848 np0000007709 nova-scheduler[96848]: DEBUG nova.scheduler.request_filter [None req-bd2972b5-d745-4dcc-a5a7-ec98d130acf9 tempest-ServerActionsTestOtherB-694347671 tempest-ServerActionsTestOtherB-694347671-project-member] Request filter 'accelerators_filter' took 0.0 seconds {{(pid=96848) wrapper /opt/stack/nova/nova/scheduler/request_filter.py:46}}
Aug 18 21:53:39.268848 np0000007709 nova-scheduler[96848]: DEBUG nova.scheduler.request_filter [None req-bd2972b5-d745-4dcc-a5a7-ec98d130acf9 tempest-ServerActionsTestOtherB-694347671 tempest-ServerActionsTestOtherB-694347671-project-member] Request filter 'packed_virtqueue_filter' took 0.0 seconds {{(pid=96848) wrapper /opt/stack/nova/nova/scheduler/request_filter.py:46}}
Aug 18 21:53:39.269519 np0000007709 nova-scheduler[96848]: DEBUG nova.scheduler.request_filter [None req-bd2972b5-d745-4dcc-a5a7-ec98d130acf9 tempest-ServerActionsTestOtherB-694347671 tempest-ServerActionsTestOtherB-694347671-project-member] Request filter 'remote_managed_ports_filter' took 0.0 seconds {{(pid=96848) wrapper /opt/stack/nova/nova/scheduler/request_filter.py:46}}
Aug 18 21:53:39.269519 np0000007709 nova-scheduler[96848]: DEBUG nova.scheduler.request_filter [None req-bd2972b5-d745-4dcc-a5a7-ec98d130acf9 tempest-ServerActionsTestOtherB-694347671 tempest-ServerActionsTestOtherB-694347671-project-member] ephemeral_encryption_filter skipped {{(pid=96848) ephemeral_encryption_filter /opt/stack/nova/nova/scheduler/request_filter.py:426}}
Aug 18 21:53:39.269519 np0000007709 nova-scheduler[96848]: DEBUG nova.scheduler.request_filter [None req-bd2972b5-d745-4dcc-a5a7-ec98d130acf9 tempest-ServerActionsTestOtherB-694347671 tempest-ServerActionsTestOtherB-694347671-project-member] virtio_sound_filter skipped {{(pid=96848) virtio_sound_filter /opt/stack/nova/nova/scheduler/request_filter.py:460}}
Aug 18 21:53:39.269519 np0000007709 nova-scheduler[96848]: DEBUG nova.scheduler.request_filter [None req-bd2972b5-d745-4dcc-a5a7-ec98d130acf9 tempest-ServerActionsTestOtherB-694347671 tempest-ServerActionsTestOtherB-694347671-project-member] tpm_secret_security_filter skipped {{(pid=96848) tpm_secret_security_filter /opt/stack/nova/nova/scheduler/request_filter.py:477}}
Aug 18 21:53:39.325818 np0000007709 nova-scheduler[96850]: DEBUG nova.scheduler.manager [None req-1a06f887-b940-4ac4-8338-7e2588ec23f1 tempest-ServerStableDeviceRescueTest-1855833933 tempest-ServerStableDeviceRescueTest-1855833933-project-member] Starting to schedule for instances: ['9a25ebe2-ad9e-46dd-a72e-f7163dce7f6e'] {{(pid=96850) select_destinations /opt/stack/nova/nova/scheduler/manager.py:197}}
Aug 18 21:53:39.326457 np0000007709 nova-scheduler[96850]: DEBUG nova.scheduler.request_filter [None req-1a06f887-b940-4ac4-8338-7e2588ec23f1 tempest-ServerStableDeviceRescueTest-1855833933 tempest-ServerStableDeviceRescueTest-1855833933-project-member] compute_status_filter request filter added forbidden trait COMPUTE_STATUS_DISABLED {{(pid=96850) compute_status_filter /opt/stack/nova/nova/scheduler/request_filter.py:253}}
Aug 18 21:53:39.326650 np0000007709 nova-scheduler[96850]: DEBUG nova.scheduler.request_filter [None req-1a06f887-b940-4ac4-8338-7e2588ec23f1 tempest-ServerStableDeviceRescueTest-1855833933 tempest-ServerStableDeviceRescueTest-1855833933-project-member] Request filter 'compute_status_filter' took 0.0 seconds {{(pid=96850) wrapper /opt/stack/nova/nova/scheduler/request_filter.py:46}}
Aug 18 21:53:39.326926 np0000007709 nova-scheduler[96850]: DEBUG nova.scheduler.request_filter [None req-1a06f887-b940-4ac4-8338-7e2588ec23f1 tempest-ServerStableDeviceRescueTest-1855833933 tempest-ServerStableDeviceRescueTest-1855833933-project-member] Request filter 'accelerators_filter' took 0.0 seconds {{(pid=96850) wrapper /opt/stack/nova/nova/scheduler/request_filter.py:46}}
Aug 18 21:53:39.327204 np0000007709 nova-scheduler[96850]: DEBUG nova.scheduler.request_filter [None req-1a06f887-b940-4ac4-8338-7e2588ec23f1 tempest-ServerStableDeviceRescueTest-1855833933 tempest-ServerStableDeviceRescueTest-1855833933-project-member] Request filter 'packed_virtqueue_filter' took 0.0 seconds {{(pid=96850) wrapper /opt/stack/nova/nova/scheduler/request_filter.py:46}}
Aug 18 21:53:39.327571 np0000007709 nova-scheduler[96850]: DEBUG nova.scheduler.request_filter [None req-1a06f887-b940-4ac4-8338-7e2588ec23f1 tempest-ServerStableDeviceRescueTest-1855833933 tempest-ServerStableDeviceRescueTest-1855833933-project-member] Request filter 'remote_managed_ports_filter' took 0.0 seconds {{(pid=96850) wrapper /opt/stack/nova/nova/scheduler/request_filter.py:46}}
Aug 18 21:53:39.327760 np0000007709 nova-scheduler[96850]: DEBUG nova.scheduler.request_filter [None req-1a06f887-b940-4ac4-8338-7e2588ec23f1 tempest-ServerStableDeviceRescueTest-1855833933 tempest-ServerStableDeviceRescueTest-1855833933-project-member] ephemeral_encryption_filter skipped {{(pid=96850) ephemeral_encryption_filter /opt/stack/nova/nova/scheduler/request_filter.py:426}}
Aug 18 21:53:39.328208 np0000007709 nova-scheduler[96850]: DEBUG nova.scheduler.request_filter [None req-1a06f887-b940-4ac4-8338-7e2588ec23f1 tempest-ServerStableDeviceRescueTest-1855833933 tempest-ServerStableDeviceRescueTest-1855833933-project-member] virtio_sound_filter skipped {{(pid=96850) virtio_sound_filter /opt/stack/nova/nova/scheduler/request_filter.py:460}}
Aug 18 21:53:39.328406 np0000007709 nova-scheduler[96850]: DEBUG nova.scheduler.request_filter [None req-1a06f887-b940-4ac4-8338-7e2588ec23f1 tempest-ServerStableDeviceRescueTest-1855833933 tempest-ServerStableDeviceRescueTest-1855833933-project-member] tpm_secret_security_filter skipped {{(pid=96850) tpm_secret_security_filter /opt/stack/nova/nova/scheduler/request_filter.py:477}}
Aug 18 21:53:39.881153 np0000007709 nova-scheduler[96850]: INFO nova.utils [None req-1a06f887-b940-4ac4-8338-7e2588ec23f1 tempest-ServerStableDeviceRescueTest-1855833933 tempest-ServerStableDeviceRescueTest-1855833933-project-member] The cell worker thread pool ForkProcess-3.cell_worker is initialized
Aug 18 21:53:39.882533 np0000007709 nova-scheduler[96850]: DEBUG oslo_concurrency.lockutils [None req-1a06f887-b940-4ac4-8338-7e2588ec23f1 tempest-ServerStableDeviceRescueTest-1855833933 tempest-ServerStableDeviceRescueTest-1855833933-project-member] Acquiring lock "64d37fce-e56e-472a-803c-e07d5f75200f" by "nova.context.set_target_cell..get_or_set_cached_cell_and_set_connections" {{(pid=96850) inner /opt/stack/data/venv/lib/python3.12/site-packages/oslo_concurrency/lockutils.py:512}}
