Aug 07 17:52:03.913934 np0000006743 systemd[1]: Starting devstack@n-api-meta.service - Devstack devstack@n-api-meta.service...
Aug 07 17:52:03.919513 np0000006743 devstack@n-api-meta.service[96049]: [uWSGI] getting INI configuration from /etc/nova/nova-metadata-uwsgi.ini
Aug 07 17:52:03.921763 np0000006743 devstack@n-api-meta.service[96049]: *** Starting uWSGI 2.0.24-debian (64bit) on [Fri Aug 7 17:52:03 2026] ***
Aug 07 17:52:03.921763 np0000006743 devstack@n-api-meta.service[96049]: compiled with version: 13.2.0 on 17 April 2024 16:23:48
Aug 07 17:52:03.921763 np0000006743 devstack@n-api-meta.service[96049]: os: Linux-6.8.0-100-generic #100-Ubuntu SMP PREEMPT_DYNAMIC Tue Jan 13 16:40:06 UTC 2026
Aug 07 17:52:03.921763 np0000006743 devstack@n-api-meta.service[96049]: nodename: np0000006743
Aug 07 17:52:03.921763 np0000006743 devstack@n-api-meta.service[96049]: machine: x86_64
Aug 07 17:52:03.921763 np0000006743 devstack@n-api-meta.service[96049]: clock source: unix
Aug 07 17:52:03.921763 np0000006743 devstack@n-api-meta.service[96049]: pcre jit disabled
Aug 07 17:52:03.921763 np0000006743 devstack@n-api-meta.service[96049]: detected number of CPU cores: 16
Aug 07 17:52:03.921763 np0000006743 devstack@n-api-meta.service[96049]: current working directory: /
Aug 07 17:52:03.921763 np0000006743 devstack@n-api-meta.service[96049]: detected binary path: /usr/bin/uwsgi-core
Aug 07 17:52:03.921763 np0000006743 devstack@n-api-meta.service[96049]: your processes number limit is 257052
Aug 07 17:52:03.921763 np0000006743 devstack@n-api-meta.service[96049]: your memory page size is 4096 bytes
Aug 07 17:52:03.921763 np0000006743 devstack@n-api-meta.service[96049]: detected max file descriptor number: 2048
Aug 07 17:52:03.921763 np0000006743 devstack@n-api-meta.service[96049]: lock engine: pthread robust mutexes
Aug 07 17:52:03.922226 np0000006743 devstack@n-api-meta.service[96049]: thunder lock: enabled
Aug 07 17:52:03.922226 np0000006743 devstack@n-api-meta.service[96049]: uWSGI http bound on 0.0.0.0:8775 fd 5
Aug 07 17:52:03.922226 np0000006743 devstack@n-api-meta.service[96049]: uwsgi socket 0 bound to TCP address 127.0.0.1:33793 (port auto-assigned) fd 4
Aug 07 17:52:03.922226 np0000006743 devstack@n-api-meta.service[96049]: Python version: 3.12.3 (main, Jun 19 2026, 12:46:00) [GCC 13.3.0]
Aug 07 17:52:03.922226 np0000006743 devstack@n-api-meta.service[96049]: PEP 405 virtualenv detected: /opt/stack/data/venv
Aug 07 17:52:03.922226 np0000006743 devstack@n-api-meta.service[96049]: Set PythonHome to /opt/stack/data/venv
Aug 07 17:52:03.954129 np0000006743 devstack@n-api-meta.service[96049]: Python main interpreter initialized at 0x72b12eca4668
Aug 07 17:52:03.954129 np0000006743 devstack@n-api-meta.service[96049]: python threads support enabled
Aug 07 17:52:03.954129 np0000006743 devstack@n-api-meta.service[96049]: your server socket listen backlog is limited to 100 connections
Aug 07 17:52:03.954129 np0000006743 devstack@n-api-meta.service[96049]: your mercy for graceful operations on workers is 80 seconds
Aug 07 17:52:03.954642 np0000006743 devstack@n-api-meta.service[96049]: mapped 671795 bytes (656 KB) for 4 cores
Aug 07 17:52:03.954995 np0000006743 devstack@n-api-meta.service[96049]: *** Operational MODE: preforking ***
Aug 07 17:52:03.955183 np0000006743 devstack@n-api-meta.service[96049]: *** uWSGI is running in multiple interpreter mode ***
Aug 07 17:52:03.955183 np0000006743 devstack@n-api-meta.service[96049]: spawned uWSGI master process (pid: 96049)
Aug 07 17:52:03.955364 np0000006743 systemd[1]: Started devstack@n-api-meta.service - Devstack devstack@n-api-meta.service.
Aug 07 17:52:03.955721 np0000006743 devstack@n-api-meta.service[96049]: spawned uWSGI worker 1 (pid: 96050, cores: 1)
Aug 07 17:52:03.956298 np0000006743 devstack@n-api-meta.service[96049]: spawned uWSGI worker 2 (pid: 96051, cores: 1)
Aug 07 17:52:03.956875 np0000006743 devstack@n-api-meta.service[96049]: spawned uWSGI worker 3 (pid: 96052, cores: 1)
Aug 07 17:52:03.957120 np0000006743 devstack@n-api-meta.service[96049]: spawned uWSGI worker 4 (pid: 96053, cores: 1)
Aug 07 17:52:03.957735 np0000006743 devstack@n-api-meta.service[96049]: spawned uWSGI http 1 (pid: 96054)
Aug 07 17:52:03.957735 np0000006743 devstack@n-api-meta.service[96049]: running "unix_signal:15 gracefully_kill_them_all" (master-start)...
Aug 07 17:52:06.031446 np0000006743 devstack@n-api-meta.service[96050]: INFO dbcounter [None req-f8141d5b-9d88-41c5-8052-febd2aea9de4 None None] Registered counter for database nova_api
Aug 07 17:52:06.069154 np0000006743 devstack@n-api-meta.service[96053]: INFO dbcounter [None req-d7f158de-c8af-4d5b-a816-32ab37304a40 None None] Registered counter for database nova_api
Aug 07 17:52:06.091281 np0000006743 devstack@n-api-meta.service[96050]: DEBUG oslo_db.sqlalchemy.engines [None req-f8141d5b-9d88-41c5-8052-febd2aea9de4 None None] MySQL server mode set to STRICT_TRANS_TABLES,STRICT_ALL_TABLES,NO_ZERO_IN_DATE,NO_ZERO_DATE,ERROR_FOR_DIVISION_BY_ZERO,TRADITIONAL,NO_ENGINE_SUBSTITUTION {{(pid=96050) _check_effective_sql_mode /opt/stack/data/venv/lib/python3.12/site-packages/oslo_db/sqlalchemy/engines.py:325}}
Aug 07 17:52:06.122895 np0000006743 devstack@n-api-meta.service[96050]: DEBUG dbcounter [-] [96050] Writer thread running {{(pid=96050) stat_writer /opt/stack/data/venv/lib/python3.12/site-packages/dbcounter.py:102}}
Aug 07 17:52:06.126170 np0000006743 devstack@n-api-meta.service[96050]: DEBUG nova.context [None req-f8141d5b-9d88-41c5-8052-febd2aea9de4 None None] Found 2 cells: 00000000-0000-0000-0000-000000000000(cell0),703ccfe1-d186-4e61-82bf-10cb1143a8df(cell1) {{(pid=96050) load_cells /opt/stack/nova/nova/context.py:509}}
Aug 07 17:52:06.126473 np0000006743 devstack@n-api-meta.service[96050]: INFO nova.utils [None req-f8141d5b-9d88-41c5-8052-febd2aea9de4 None None] The cell worker thread pool MainProcess.cell_worker is initialized
Aug 07 17:52:06.128526 np0000006743 devstack@n-api-meta.service[96050]: DEBUG oslo_concurrency.lockutils [None req-f8141d5b-9d88-41c5-8052-febd2aea9de4 None None] Acquiring lock "00000000-0000-0000-0000-000000000000" by "nova.context.set_target_cell..get_or_set_cached_cell_and_set_connections" {{(pid=96050) inner /opt/stack/data/venv/lib/python3.12/site-packages/oslo_concurrency/lockutils.py:512}}
Aug 07 17:52:06.128740 np0000006743 devstack@n-api-meta.service[96050]: DEBUG oslo_concurrency.lockutils [None req-f8141d5b-9d88-41c5-8052-febd2aea9de4 None None] Lock "00000000-0000-0000-0000-000000000000" acquired by "nova.context.set_target_cell..get_or_set_cached_cell_and_set_connections" :: waited 0.000s {{(pid=96050) inner /opt/stack/data/venv/lib/python3.12/site-packages/oslo_concurrency/lockutils.py:525}}
Aug 07 17:52:06.129243 np0000006743 devstack@n-api-meta.service[96050]: DEBUG oslo_concurrency.lockutils [None req-f8141d5b-9d88-41c5-8052-febd2aea9de4 None None] Lock "00000000-0000-0000-0000-000000000000" "released" by "nova.context.set_target_cell..get_or_set_cached_cell_and_set_connections" :: held 0.001s {{(pid=96050) inner /opt/stack/data/venv/lib/python3.12/site-packages/oslo_concurrency/lockutils.py:544}}
Aug 07 17:52:06.129822 np0000006743 devstack@n-api-meta.service[96052]: INFO dbcounter [None req-a0cb4e9c-baff-4dc8-8d70-ea5eda3d0536 None None] Registered counter for database nova_api
Aug 07 17:52:06.130128 np0000006743 devstack@n-api-meta.service[96050]: DEBUG oslo_concurrency.lockutils [None req-f8141d5b-9d88-41c5-8052-febd2aea9de4 None None] Acquiring lock "703ccfe1-d186-4e61-82bf-10cb1143a8df" by "nova.context.set_target_cell..get_or_set_cached_cell_and_set_connections" {{(pid=96050) inner /opt/stack/data/venv/lib/python3.12/site-packages/oslo_concurrency/lockutils.py:512}}
Aug 07 17:52:06.130163 np0000006743 devstack@n-api-meta.service[96050]: DEBUG oslo_concurrency.lockutils [None req-f8141d5b-9d88-41c5-8052-febd2aea9de4 None None] Lock "703ccfe1-d186-4e61-82bf-10cb1143a8df" acquired by "nova.context.set_target_cell..get_or_set_cached_cell_and_set_connections" :: waited 0.000s {{(pid=96050) inner /opt/stack/data/venv/lib/python3.12/site-packages/oslo_concurrency/lockutils.py:525}}
Aug 07 17:52:06.131337 np0000006743 devstack@n-api-meta.service[96050]: DEBUG oslo_concurrency.lockutils [None req-f8141d5b-9d88-41c5-8052-febd2aea9de4 None None] Lock "703ccfe1-d186-4e61-82bf-10cb1143a8df" "released" by "nova.context.set_target_cell..get_or_set_cached_cell_and_set_connections" :: held 0.001s {{(pid=96050) inner /opt/stack/data/venv/lib/python3.12/site-packages/oslo_concurrency/lockutils.py:544}}
Aug 07 17:52:06.132880 np0000006743 devstack@n-api-meta.service[96050]: INFO dbcounter [None req-f8141d5b-9d88-41c5-8052-febd2aea9de4 None None] Registered counter for database nova_cell0
Aug 07 17:52:06.134094 np0000006743 devstack@n-api-meta.service[96053]: DEBUG oslo_db.sqlalchemy.engines [None req-d7f158de-c8af-4d5b-a816-32ab37304a40 None None] MySQL server mode set to STRICT_TRANS_TABLES,STRICT_ALL_TABLES,NO_ZERO_IN_DATE,NO_ZERO_DATE,ERROR_FOR_DIVISION_BY_ZERO,TRADITIONAL,NO_ENGINE_SUBSTITUTION {{(pid=96053) _check_effective_sql_mode /opt/stack/data/venv/lib/python3.12/site-packages/oslo_db/sqlalchemy/engines.py:325}}
Aug 07 17:52:06.135346 np0000006743 devstack@n-api-meta.service[96050]: INFO dbcounter [None req-f8141d5b-9d88-41c5-8052-febd2aea9de4 None None] Registered counter for database nova_cell1
Aug 07 17:52:06.176667 np0000006743 devstack@n-api-meta.service[96053]: DEBUG dbcounter [-] [96053] Writer thread running {{(pid=96053) stat_writer /opt/stack/data/venv/lib/python3.12/site-packages/dbcounter.py:102}}
Aug 07 17:52:06.180057 np0000006743 devstack@n-api-meta.service[96053]: DEBUG nova.context [None req-d7f158de-c8af-4d5b-a816-32ab37304a40 None None] Found 2 cells: 00000000-0000-0000-0000-000000000000(cell0),703ccfe1-d186-4e61-82bf-10cb1143a8df(cell1) {{(pid=96053) load_cells /opt/stack/nova/nova/context.py:509}}
Aug 07 17:52:06.180911 np0000006743 devstack@n-api-meta.service[96053]: INFO nova.utils [None req-d7f158de-c8af-4d5b-a816-32ab37304a40 None None] The cell worker thread pool MainProcess.cell_worker is initialized
Aug 07 17:52:06.180995 np0000006743 devstack@n-api-meta.service[96050]: DEBUG oslo_db.sqlalchemy.engines [None req-f8141d5b-9d88-41c5-8052-febd2aea9de4 None None] MySQL server mode set to STRICT_TRANS_TABLES,STRICT_ALL_TABLES,NO_ZERO_IN_DATE,NO_ZERO_DATE,ERROR_FOR_DIVISION_BY_ZERO,TRADITIONAL,NO_ENGINE_SUBSTITUTION {{(pid=96050) _check_effective_sql_mode /opt/stack/data/venv/lib/python3.12/site-packages/oslo_db/sqlalchemy/engines.py:325}}
Aug 07 17:52:06.182916 np0000006743 devstack@n-api-meta.service[96053]: DEBUG oslo_concurrency.lockutils [None req-d7f158de-c8af-4d5b-a816-32ab37304a40 None None] Acquiring lock "00000000-0000-0000-0000-000000000000" by "nova.context.set_target_cell..get_or_set_cached_cell_and_set_connections" {{(pid=96053) inner /opt/stack/data/venv/lib/python3.12/site-packages/oslo_concurrency/lockutils.py:512}}
Aug 07 17:52:06.183129 np0000006743 devstack@n-api-meta.service[96053]: DEBUG oslo_concurrency.lockutils [None req-d7f158de-c8af-4d5b-a816-32ab37304a40 None None] Lock "00000000-0000-0000-0000-000000000000" acquired by "nova.context.set_target_cell..get_or_set_cached_cell_and_set_connections" :: waited 0.000s {{(pid=96053) inner /opt/stack/data/venv/lib/python3.12/site-packages/oslo_concurrency/lockutils.py:525}}
Aug 07 17:52:06.183527 np0000006743 devstack@n-api-meta.service[96053]: DEBUG oslo_concurrency.lockutils [None req-d7f158de-c8af-4d5b-a816-32ab37304a40 None None] Lock "00000000-0000-0000-0000-000000000000" "released" by "nova.context.set_target_cell..get_or_set_cached_cell_and_set_connections" :: held 0.000s {{(pid=96053) inner /opt/stack/data/venv/lib/python3.12/site-packages/oslo_concurrency/lockutils.py:544}}
Aug 07 17:52:06.185451 np0000006743 devstack@n-api-meta.service[96053]: DEBUG oslo_concurrency.lockutils [None req-d7f158de-c8af-4d5b-a816-32ab37304a40 None None] Acquiring lock "703ccfe1-d186-4e61-82bf-10cb1143a8df" by "nova.context.set_target_cell..get_or_set_cached_cell_and_set_connections" {{(pid=96053) inner /opt/stack/data/venv/lib/python3.12/site-packages/oslo_concurrency/lockutils.py:512}}
Aug 07 17:52:06.185451 np0000006743 devstack@n-api-meta.service[96053]: DEBUG oslo_concurrency.lockutils [None req-d7f158de-c8af-4d5b-a816-32ab37304a40 None None] Lock "703ccfe1-d186-4e61-82bf-10cb1143a8df" acquired by "nova.context.set_target_cell..get_or_set_cached_cell_and_set_connections" :: waited 0.000s {{(pid=96053) inner /opt/stack/data/venv/lib/python3.12/site-packages/oslo_concurrency/lockutils.py:525}}
Aug 07 17:52:06.185730 np0000006743 devstack@n-api-meta.service[96050]: DEBUG oslo_db.sqlalchemy.engines [None req-f8141d5b-9d88-41c5-8052-febd2aea9de4 None None] MySQL server mode set to STRICT_TRANS_TABLES,STRICT_ALL_TABLES,NO_ZERO_IN_DATE,NO_ZERO_DATE,ERROR_FOR_DIVISION_BY_ZERO,TRADITIONAL,NO_ENGINE_SUBSTITUTION {{(pid=96050) _check_effective_sql_mode /opt/stack/data/venv/lib/python3.12/site-packages/oslo_db/sqlalchemy/engines.py:325}}
Aug 07 17:52:06.185776 np0000006743 devstack@n-api-meta.service[96053]: DEBUG oslo_concurrency.lockutils [None req-d7f158de-c8af-4d5b-a816-32ab37304a40 None None] Lock "703ccfe1-d186-4e61-82bf-10cb1143a8df" "released" by "nova.context.set_target_cell..get_or_set_cached_cell_and_set_connections" :: held 0.001s {{(pid=96053) inner /opt/stack/data/venv/lib/python3.12/site-packages/oslo_concurrency/lockutils.py:544}}
Aug 07 17:52:06.187913 np0000006743 devstack@n-api-meta.service[96053]: INFO dbcounter [None req-d7f158de-c8af-4d5b-a816-32ab37304a40 None None] Registered counter for database nova_cell0
Aug 07 17:52:06.191639 np0000006743 devstack@n-api-meta.service[96051]: INFO dbcounter [None req-cb5bc78a-6150-483c-8774-3e1d00bd9f27 None None] Registered counter for database nova_api
Aug 07 17:52:06.194514 np0000006743 devstack@n-api-meta.service[96053]: INFO dbcounter [None req-d7f158de-c8af-4d5b-a816-32ab37304a40 None None] Registered counter for database nova_cell1
Aug 07 17:52:06.194588 np0000006743 devstack@n-api-meta.service[96052]: DEBUG oslo_db.sqlalchemy.engines [None req-a0cb4e9c-baff-4dc8-8d70-ea5eda3d0536 None None] MySQL server mode set to STRICT_TRANS_TABLES,STRICT_ALL_TABLES,NO_ZERO_IN_DATE,NO_ZERO_DATE,ERROR_FOR_DIVISION_BY_ZERO,TRADITIONAL,NO_ENGINE_SUBSTITUTION {{(pid=96052) _check_effective_sql_mode /opt/stack/data/venv/lib/python3.12/site-packages/oslo_db/sqlalchemy/engines.py:325}}
Aug 07 17:52:06.235126 np0000006743 devstack@n-api-meta.service[96052]: DEBUG dbcounter [-] [96052] Writer thread running {{(pid=96052) stat_writer /opt/stack/data/venv/lib/python3.12/site-packages/dbcounter.py:102}}
Aug 07 17:52:06.236431 np0000006743 devstack@n-api-meta.service[96051]: DEBUG oslo_db.sqlalchemy.engines [None req-cb5bc78a-6150-483c-8774-3e1d00bd9f27 None None] MySQL server mode set to STRICT_TRANS_TABLES,STRICT_ALL_TABLES,NO_ZERO_IN_DATE,NO_ZERO_DATE,ERROR_FOR_DIVISION_BY_ZERO,TRADITIONAL,NO_ENGINE_SUBSTITUTION {{(pid=96051) _check_effective_sql_mode /opt/stack/data/venv/lib/python3.12/site-packages/oslo_db/sqlalchemy/engines.py:325}}
Aug 07 17:52:06.238495 np0000006743 devstack@n-api-meta.service[96052]: DEBUG nova.context [None req-a0cb4e9c-baff-4dc8-8d70-ea5eda3d0536 None None] Found 2 cells: 00000000-0000-0000-0000-000000000000(cell0),703ccfe1-d186-4e61-82bf-10cb1143a8df(cell1) {{(pid=96052) load_cells /opt/stack/nova/nova/context.py:509}}
Aug 07 17:52:06.238863 np0000006743 devstack@n-api-meta.service[96052]: INFO nova.utils [None req-a0cb4e9c-baff-4dc8-8d70-ea5eda3d0536 None None] The cell worker thread pool MainProcess.cell_worker is initialized
Aug 07 17:52:06.241298 np0000006743 devstack@n-api-meta.service[96052]: DEBUG oslo_concurrency.lockutils [None req-a0cb4e9c-baff-4dc8-8d70-ea5eda3d0536 None None] Acquiring lock "00000000-0000-0000-0000-000000000000" by "nova.context.set_target_cell..get_or_set_cached_cell_and_set_connections" {{(pid=96052) inner /opt/stack/data/venv/lib/python3.12/site-packages/oslo_concurrency/lockutils.py:512}}
Aug 07 17:52:06.241565 np0000006743 devstack@n-api-meta.service[96052]: DEBUG oslo_concurrency.lockutils [None req-a0cb4e9c-baff-4dc8-8d70-ea5eda3d0536 None None] Lock "00000000-0000-0000-0000-000000000000" acquired by "nova.context.set_target_cell..get_or_set_cached_cell_and_set_connections" :: waited 0.000s {{(pid=96052) inner /opt/stack/data/venv/lib/python3.12/site-packages/oslo_concurrency/lockutils.py:525}}
Aug 07 17:52:06.241806 np0000006743 devstack@n-api-meta.service[96053]: DEBUG oslo_db.sqlalchemy.engines [None req-d7f158de-c8af-4d5b-a816-32ab37304a40 None None] MySQL server mode set to STRICT_TRANS_TABLES,STRICT_ALL_TABLES,NO_ZERO_IN_DATE,NO_ZERO_DATE,ERROR_FOR_DIVISION_BY_ZERO,TRADITIONAL,NO_ENGINE_SUBSTITUTION {{(pid=96053) _check_effective_sql_mode /opt/stack/data/venv/lib/python3.12/site-packages/oslo_db/sqlalchemy/engines.py:325}}
Aug 07 17:52:06.242088 np0000006743 devstack@n-api-meta.service[96052]: DEBUG oslo_concurrency.lockutils [None req-a0cb4e9c-baff-4dc8-8d70-ea5eda3d0536 None None] Lock "00000000-0000-0000-0000-000000000000" "released" by "nova.context.set_target_cell..get_or_set_cached_cell_and_set_connections" :: held 0.001s {{(pid=96052) inner /opt/stack/data/venv/lib/python3.12/site-packages/oslo_concurrency/lockutils.py:544}}
Aug 07 17:52:06.243106 np0000006743 devstack@n-api-meta.service[96052]: DEBUG oslo_concurrency.lockutils [None req-a0cb4e9c-baff-4dc8-8d70-ea5eda3d0536 None None] Acquiring lock "703ccfe1-d186-4e61-82bf-10cb1143a8df" by "nova.context.set_target_cell..get_or_set_cached_cell_and_set_connections" {{(pid=96052) inner /opt/stack/data/venv/lib/python3.12/site-packages/oslo_concurrency/lockutils.py:512}}
Aug 07 17:52:06.243311 np0000006743 devstack@n-api-meta.service[96052]: DEBUG oslo_concurrency.lockutils [None req-a0cb4e9c-baff-4dc8-8d70-ea5eda3d0536 None None] Lock "703ccfe1-d186-4e61-82bf-10cb1143a8df" acquired by "nova.context.set_target_cell..get_or_set_cached_cell_and_set_connections" :: waited 0.000s {{(pid=96052) inner /opt/stack/data/venv/lib/python3.12/site-packages/oslo_concurrency/lockutils.py:525}}
Aug 07 17:52:06.244531 np0000006743 devstack@n-api-meta.service[96052]: DEBUG oslo_concurrency.lockutils [None req-a0cb4e9c-baff-4dc8-8d70-ea5eda3d0536 None None] Lock "703ccfe1-d186-4e61-82bf-10cb1143a8df" "released" by "nova.context.set_target_cell..get_or_set_cached_cell_and_set_connections" :: held 0.001s {{(pid=96052) inner /opt/stack/data/venv/lib/python3.12/site-packages/oslo_concurrency/lockutils.py:544}}
Aug 07 17:52:06.246761 np0000006743 devstack@n-api-meta.service[96052]: INFO dbcounter [None req-a0cb4e9c-baff-4dc8-8d70-ea5eda3d0536 None None] Registered counter for database nova_cell0
Aug 07 17:52:06.250777 np0000006743 devstack@n-api-meta.service[96052]: INFO dbcounter [None req-a0cb4e9c-baff-4dc8-8d70-ea5eda3d0536 None None] Registered counter for database nova_cell1
Aug 07 17:52:06.266475 np0000006743 devstack@n-api-meta.service[96053]: DEBUG oslo_db.sqlalchemy.engines [None req-d7f158de-c8af-4d5b-a816-32ab37304a40 None None] MySQL server mode set to STRICT_TRANS_TABLES,STRICT_ALL_TABLES,NO_ZERO_IN_DATE,NO_ZERO_DATE,ERROR_FOR_DIVISION_BY_ZERO,TRADITIONAL,NO_ENGINE_SUBSTITUTION {{(pid=96053) _check_effective_sql_mode /opt/stack/data/venv/lib/python3.12/site-packages/oslo_db/sqlalchemy/engines.py:325}}
Aug 07 17:52:06.270880 np0000006743 devstack@n-api-meta.service[96051]: DEBUG dbcounter [-] [96051] Writer thread running {{(pid=96051) stat_writer /opt/stack/data/venv/lib/python3.12/site-packages/dbcounter.py:102}}
Aug 07 17:52:06.273557 np0000006743 devstack@n-api-meta.service[96051]: DEBUG nova.context [None req-cb5bc78a-6150-483c-8774-3e1d00bd9f27 None None] Found 2 cells: 00000000-0000-0000-0000-000000000000(cell0),703ccfe1-d186-4e61-82bf-10cb1143a8df(cell1) {{(pid=96051) load_cells /opt/stack/nova/nova/context.py:509}}
Aug 07 17:52:06.273833 np0000006743 devstack@n-api-meta.service[96051]: INFO nova.utils [None req-cb5bc78a-6150-483c-8774-3e1d00bd9f27 None None] The cell worker thread pool MainProcess.cell_worker is initialized
Aug 07 17:52:06.276503 np0000006743 devstack@n-api-meta.service[96051]: DEBUG oslo_concurrency.lockutils [None req-cb5bc78a-6150-483c-8774-3e1d00bd9f27 None None] Acquiring lock "00000000-0000-0000-0000-000000000000" by "nova.context.set_target_cell..get_or_set_cached_cell_and_set_connections" {{(pid=96051) inner /opt/stack/data/venv/lib/python3.12/site-packages/oslo_concurrency/lockutils.py:512}}
Aug 07 17:52:06.276503 np0000006743 devstack@n-api-meta.service[96051]: DEBUG oslo_concurrency.lockutils [None req-cb5bc78a-6150-483c-8774-3e1d00bd9f27 None None] Lock "00000000-0000-0000-0000-000000000000" acquired by "nova.context.set_target_cell..get_or_set_cached_cell_and_set_connections" :: waited 0.000s {{(pid=96051) inner /opt/stack/data/venv/lib/python3.12/site-packages/oslo_concurrency/lockutils.py:525}}
Aug 07 17:52:06.276503 np0000006743 devstack@n-api-meta.service[96051]: DEBUG oslo_concurrency.lockutils [None req-cb5bc78a-6150-483c-8774-3e1d00bd9f27 None None] Lock "00000000-0000-0000-0000-000000000000" "released" by "nova.context.set_target_cell..get_or_set_cached_cell_and_set_connections" :: held 0.000s {{(pid=96051) inner /opt/stack/data/venv/lib/python3.12/site-packages/oslo_concurrency/lockutils.py:544}}
Aug 07 17:52:06.276898 np0000006743 devstack@n-api-meta.service[96051]: DEBUG oslo_concurrency.lockutils [None req-cb5bc78a-6150-483c-8774-3e1d00bd9f27 None None] Acquiring lock "703ccfe1-d186-4e61-82bf-10cb1143a8df" by "nova.context.set_target_cell..get_or_set_cached_cell_and_set_connections" {{(pid=96051) inner /opt/stack/data/venv/lib/python3.12/site-packages/oslo_concurrency/lockutils.py:512}}
Aug 07 17:52:06.277047 np0000006743 devstack@n-api-meta.service[96051]: DEBUG oslo_concurrency.lockutils [None req-cb5bc78a-6150-483c-8774-3e1d00bd9f27 None None] Lock "703ccfe1-d186-4e61-82bf-10cb1143a8df" acquired by "nova.context.set_target_cell..get_or_set_cached_cell_and_set_connections" :: waited 0.000s {{(pid=96051) inner /opt/stack/data/venv/lib/python3.12/site-packages/oslo_concurrency/lockutils.py:525}}
Aug 07 17:52:06.277979 np0000006743 devstack@n-api-meta.service[96051]: DEBUG oslo_concurrency.lockutils [None req-cb5bc78a-6150-483c-8774-3e1d00bd9f27 None None] Lock "703ccfe1-d186-4e61-82bf-10cb1143a8df" "released" by "nova.context.set_target_cell..get_or_set_cached_cell_and_set_connections" :: held 0.001s {{(pid=96051) inner /opt/stack/data/venv/lib/python3.12/site-packages/oslo_concurrency/lockutils.py:544}}
Aug 07 17:52:06.281330 np0000006743 devstack@n-api-meta.service[96051]: INFO dbcounter [None req-cb5bc78a-6150-483c-8774-3e1d00bd9f27 None None] Registered counter for database nova_cell0
Aug 07 17:52:06.283763 np0000006743 devstack@n-api-meta.service[96051]: INFO dbcounter [None req-cb5bc78a-6150-483c-8774-3e1d00bd9f27 None None] Registered counter for database nova_cell1
Aug 07 17:52:06.303377 np0000006743 devstack@n-api-meta.service[96050]: DEBUG dbcounter [-] [96050] Writer thread running {{(pid=96050) stat_writer /opt/stack/data/venv/lib/python3.12/site-packages/dbcounter.py:102}}
Aug 07 17:52:06.306416 np0000006743 devstack@n-api-meta.service[96050]: DEBUG dbcounter [-] [96050] Writer thread running {{(pid=96050) stat_writer /opt/stack/data/venv/lib/python3.12/site-packages/dbcounter.py:102}}
Aug 07 17:52:06.309655 np0000006743 devstack@n-api-meta.service[96052]: DEBUG oslo_db.sqlalchemy.engines [None req-a0cb4e9c-baff-4dc8-8d70-ea5eda3d0536 None None] MySQL server mode set to STRICT_TRANS_TABLES,STRICT_ALL_TABLES,NO_ZERO_IN_DATE,NO_ZERO_DATE,ERROR_FOR_DIVISION_BY_ZERO,TRADITIONAL,NO_ENGINE_SUBSTITUTION {{(pid=96052) _check_effective_sql_mode /opt/stack/data/venv/lib/python3.12/site-packages/oslo_db/sqlalchemy/engines.py:325}}
Aug 07 17:52:06.310522 np0000006743 devstack@n-api-meta.service[96050]: INFO dbcounter [None req-f8141d5b-9d88-41c5-8052-febd2aea9de4 None None] Registered counter for database nova_cell0
Aug 07 17:52:06.342331 np0000006743 devstack@n-api-meta.service[96051]: DEBUG oslo_db.sqlalchemy.engines [None req-cb5bc78a-6150-483c-8774-3e1d00bd9f27 None None] MySQL server mode set to STRICT_TRANS_TABLES,STRICT_ALL_TABLES,NO_ZERO_IN_DATE,NO_ZERO_DATE,ERROR_FOR_DIVISION_BY_ZERO,TRADITIONAL,NO_ENGINE_SUBSTITUTION {{(pid=96051) _check_effective_sql_mode /opt/stack/data/venv/lib/python3.12/site-packages/oslo_db/sqlalchemy/engines.py:325}}
Aug 07 17:52:06.360601 np0000006743 devstack@n-api-meta.service[96053]: DEBUG dbcounter [-] [96053] Writer thread running {{(pid=96053) stat_writer /opt/stack/data/venv/lib/python3.12/site-packages/dbcounter.py:102}}
Aug 07 17:52:06.360944 np0000006743 devstack@n-api-meta.service[96050]: DEBUG oslo_db.sqlalchemy.engines [None req-f8141d5b-9d88-41c5-8052-febd2aea9de4 None None] MySQL server mode set to STRICT_TRANS_TABLES,STRICT_ALL_TABLES,NO_ZERO_IN_DATE,NO_ZERO_DATE,ERROR_FOR_DIVISION_BY_ZERO,TRADITIONAL,NO_ENGINE_SUBSTITUTION {{(pid=96050) _check_effective_sql_mode /opt/stack/data/venv/lib/python3.12/site-packages/oslo_db/sqlalchemy/engines.py:325}}
Aug 07 17:52:06.366028 np0000006743 devstack@n-api-meta.service[96051]: DEBUG oslo_db.sqlalchemy.engines [None req-cb5bc78a-6150-483c-8774-3e1d00bd9f27 None None] MySQL server mode set to STRICT_TRANS_TABLES,STRICT_ALL_TABLES,NO_ZERO_IN_DATE,NO_ZERO_DATE,ERROR_FOR_DIVISION_BY_ZERO,TRADITIONAL,NO_ENGINE_SUBSTITUTION {{(pid=96051) _check_effective_sql_mode /opt/stack/data/venv/lib/python3.12/site-packages/oslo_db/sqlalchemy/engines.py:325}}
Aug 07 17:52:06.366866 np0000006743 devstack@n-api-meta.service[96053]: DEBUG dbcounter [-] [96053] Writer thread running {{(pid=96053) stat_writer /opt/stack/data/venv/lib/python3.12/site-packages/dbcounter.py:102}}
Aug 07 17:52:06.369455 np0000006743 devstack@n-api-meta.service[96050]: DEBUG dbcounter [-] [96050] Writer thread running {{(pid=96050) stat_writer /opt/stack/data/venv/lib/python3.12/site-packages/dbcounter.py:102}}
Aug 07 17:52:06.372103 np0000006743 devstack@n-api-meta.service[96053]: INFO dbcounter [None req-d7f158de-c8af-4d5b-a816-32ab37304a40 None None] Registered counter for database nova_cell0
Aug 07 17:52:06.373977 np0000006743 devstack@n-api-meta.service[96052]: DEBUG oslo_db.sqlalchemy.engines [None req-a0cb4e9c-baff-4dc8-8d70-ea5eda3d0536 None None] MySQL server mode set to STRICT_TRANS_TABLES,STRICT_ALL_TABLES,NO_ZERO_IN_DATE,NO_ZERO_DATE,ERROR_FOR_DIVISION_BY_ZERO,TRADITIONAL,NO_ENGINE_SUBSTITUTION {{(pid=96052) _check_effective_sql_mode /opt/stack/data/venv/lib/python3.12/site-packages/oslo_db/sqlalchemy/engines.py:325}}
Aug 07 17:52:06.416795 np0000006743 devstack@n-api-meta.service[96053]: DEBUG oslo_db.sqlalchemy.engines [None req-d7f158de-c8af-4d5b-a816-32ab37304a40 None None] MySQL server mode set to STRICT_TRANS_TABLES,STRICT_ALL_TABLES,NO_ZERO_IN_DATE,NO_ZERO_DATE,ERROR_FOR_DIVISION_BY_ZERO,TRADITIONAL,NO_ENGINE_SUBSTITUTION {{(pid=96053) _check_effective_sql_mode /opt/stack/data/venv/lib/python3.12/site-packages/oslo_db/sqlalchemy/engines.py:325}}
Aug 07 17:52:06.417890 np0000006743 devstack@n-api-meta.service[96052]: DEBUG dbcounter [-] [96052] Writer thread running {{(pid=96052) stat_writer /opt/stack/data/venv/lib/python3.12/site-packages/dbcounter.py:102}}
Aug 07 17:52:06.418361 np0000006743 devstack@n-api-meta.service[96050]: WARNING nova.api.metadata.handler [None req-f8141d5b-9d88-41c5-8052-febd2aea9de4 None None] metadata_proxy_shared_secret is not configured, the metadata information returned by the proxy cannot be trusted
Aug 07 17:52:06.421897 np0000006743 devstack@n-api-meta.service[96050]: DEBUG nova.api.openstack.wsgi_app [None req-f8141d5b-9d88-41c5-8052-febd2aea9de4 None None] ******************************************************************************** {{(pid=96050) log_opt_values /opt/stack/data/venv/lib/python3.12/site-packages/oslo_config/cfg.py:3518}}
Aug 07 17:52:06.421897 np0000006743 devstack@n-api-meta.service[96050]: DEBUG nova.api.openstack.wsgi_app [None req-f8141d5b-9d88-41c5-8052-febd2aea9de4 None None] Configuration options gathered from: {{(pid=96050) log_opt_values /opt/stack/data/venv/lib/python3.12/site-packages/oslo_config/cfg.py:3519}}
Aug 07 17:52:06.421897 np0000006743 devstack@n-api-meta.service[96050]: DEBUG nova.api.openstack.wsgi_app [None req-f8141d5b-9d88-41c5-8052-febd2aea9de4 None None] command line args: [] {{(pid=96050) log_opt_values /opt/stack/data/venv/lib/python3.12/site-packages/oslo_config/cfg.py:3520}}
Aug 07 17:52:06.422291 np0000006743 devstack@n-api-meta.service[96050]: DEBUG nova.api.openstack.wsgi_app [None req-f8141d5b-9d88-41c5-8052-febd2aea9de4 None None] config files: ['/etc/nova/api-paste.ini', '/etc/nova/nova.conf'] {{(pid=96050) log_opt_values /opt/stack/data/venv/lib/python3.12/site-packages/oslo_config/cfg.py:3521}}
Aug 07 17:52:06.422465 np0000006743 devstack@n-api-meta.service[96050]: DEBUG nova.api.openstack.wsgi_app [None req-f8141d5b-9d88-41c5-8052-febd2aea9de4 None None] ================================================================================ {{(pid=96050) log_opt_values /opt/stack/data/venv/lib/python3.12/site-packages/oslo_config/cfg.py:3526}}
Aug 07 17:52:06.422719 np0000006743 devstack@n-api-meta.service[96050]: DEBUG nova.api.openstack.wsgi_app [None req-f8141d5b-9d88-41c5-8052-febd2aea9de4 None None] allow_resize_to_same_host = True {{(pid=96050) log_opt_values /opt/stack/data/venv/lib/python3.12/site-packages/oslo_config/cfg.py:3534}}
Aug 07 17:52:06.422927 np0000006743 devstack@n-api-meta.service[96050]: DEBUG nova.api.openstack.wsgi_app [None req-f8141d5b-9d88-41c5-8052-febd2aea9de4 None None] arq_binding_timeout = 300 {{(pid=96050) log_opt_values /opt/stack/data/venv/lib/python3.12/site-packages/oslo_config/cfg.py:3534}}
Aug 07 17:52:06.423107 np0000006743 devstack@n-api-meta.service[96050]: DEBUG nova.api.openstack.wsgi_app [None req-f8141d5b-9d88-41c5-8052-febd2aea9de4 None None] block_device_allocate_retries = 60 {{(pid=96050) log_opt_values /opt/stack/data/venv/lib/python3.12/site-packages/oslo_config/cfg.py:3534}}
Aug 07 17:52:06.423291 np0000006743 devstack@n-api-meta.service[96050]: DEBUG nova.api.openstack.wsgi_app [None req-f8141d5b-9d88-41c5-8052-febd2aea9de4 None None] block_device_allocate_retries_interval = 3 {{(pid=96050) log_opt_values /opt/stack/data/venv/lib/python3.12/site-packages/oslo_config/cfg.py:3534}}
Aug 07 17:52:06.423498 np0000006743 devstack@n-api-meta.service[96050]: DEBUG nova.api.openstack.wsgi_app [None req-f8141d5b-9d88-41c5-8052-febd2aea9de4 None None] cell_worker_thread_pool_size = 5 {{(pid=96050) log_opt_values /opt/stack/data/venv/lib/python3.12/site-packages/oslo_config/cfg.py:3534}}
Aug 07 17:52:06.423703 np0000006743 devstack@n-api-meta.service[96050]: DEBUG nova.api.openstack.wsgi_app [None req-f8141d5b-9d88-41c5-8052-febd2aea9de4 None None] cert = self.pem {{(pid=96050) log_opt_values /opt/stack/data/venv/lib/python3.12/site-packages/oslo_config/cfg.py:3534}}
Aug 07 17:52:06.423889 np0000006743 devstack@n-api-meta.service[96050]: DEBUG nova.api.openstack.wsgi_app [None req-f8141d5b-9d88-41c5-8052-febd2aea9de4 None None] compute_driver = libvirt.LibvirtDriver {{(pid=96050) log_opt_values /opt/stack/data/venv/lib/python3.12/site-packages/oslo_config/cfg.py:3534}}
Aug 07 17:52:06.424075 np0000006743 devstack@n-api-meta.service[96050]: DEBUG nova.api.openstack.wsgi_app [None req-f8141d5b-9d88-41c5-8052-febd2aea9de4 None None] compute_monitors = [] {{(pid=96050) log_opt_values /opt/stack/data/venv/lib/python3.12/site-packages/oslo_config/cfg.py:3534}}
Aug 07 17:52:06.424270 np0000006743 devstack@n-api-meta.service[96050]: DEBUG nova.api.openstack.wsgi_app [None req-f8141d5b-9d88-41c5-8052-febd2aea9de4 None None] concurrency_backend = auto {{(pid=96050) log_opt_values /opt/stack/data/venv/lib/python3.12/site-packages/oslo_config/cfg.py:3534}}
Aug 07 17:52:06.424486 np0000006743 devstack@n-api-meta.service[96050]: DEBUG nova.api.openstack.wsgi_app [None req-f8141d5b-9d88-41c5-8052-febd2aea9de4 None None] config_dir = [] {{(pid=96050) log_opt_values /opt/stack/data/venv/lib/python3.12/site-packages/oslo_config/cfg.py:3534}}
Aug 07 17:52:06.424858 np0000006743 devstack@n-api-meta.service[96052]: DEBUG dbcounter [-] [96052] Writer thread running {{(pid=96052) stat_writer /opt/stack/data/venv/lib/python3.12/site-packages/dbcounter.py:102}}
Aug 07 17:52:06.424915 np0000006743 devstack@n-api-meta.service[96050]: DEBUG nova.api.openstack.wsgi_app [None req-f8141d5b-9d88-41c5-8052-febd2aea9de4 None None] config_drive_format = iso9660 {{(pid=96050) log_opt_values /opt/stack/data/venv/lib/python3.12/site-packages/oslo_config/cfg.py:3534}}
Aug 07 17:52:06.424915 np0000006743 devstack@n-api-meta.service[96050]: DEBUG nova.api.openstack.wsgi_app [None req-f8141d5b-9d88-41c5-8052-febd2aea9de4 None None] config_file = ['/etc/nova/api-paste.ini', '/etc/nova/nova.conf'] {{(pid=96050) log_opt_values /opt/stack/data/venv/lib/python3.12/site-packages/oslo_config/cfg.py:3534}}
Aug 07 17:52:06.425015 np0000006743 devstack@n-api-meta.service[96050]: DEBUG nova.api.openstack.wsgi_app [None req-f8141d5b-9d88-41c5-8052-febd2aea9de4 None None] config_source = [] {{(pid=96050) log_opt_values /opt/stack/data/venv/lib/python3.12/site-packages/oslo_config/cfg.py:3534}}
Aug 07 17:52:06.425059 np0000006743 devstack@n-api-meta.service[96053]: DEBUG dbcounter [-] [96053] Writer thread running {{(pid=96053) stat_writer /opt/stack/data/venv/lib/python3.12/site-packages/dbcounter.py:102}}
Aug 07 17:52:06.426014 np0000006743 devstack@n-api-meta.service[96050]: DEBUG nova.api.openstack.wsgi_app [None req-f8141d5b-9d88-41c5-8052-febd2aea9de4 None None] console_host = np0000006743 {{(pid=96050) log_opt_values /opt/stack/data/venv/lib/python3.12/site-packages/oslo_config/cfg.py:3534}}
Aug 07 17:52:06.426014 np0000006743 devstack@n-api-meta.service[96050]: DEBUG nova.api.openstack.wsgi_app [None req-f8141d5b-9d88-41c5-8052-febd2aea9de4 None None] control_exchange = nova {{(pid=96050) log_opt_values /opt/stack/data/venv/lib/python3.12/site-packages/oslo_config/cfg.py:3534}}
Aug 07 17:52:06.426014 np0000006743 devstack@n-api-meta.service[96050]: DEBUG nova.api.openstack.wsgi_app [None req-f8141d5b-9d88-41c5-8052-febd2aea9de4 None None] cpu_allocation_ratio = None {{(pid=96050) log_opt_values /opt/stack/data/venv/lib/python3.12/site-packages/oslo_config/cfg.py:3534}}
Aug 07 17:52:06.426014 np0000006743 devstack@n-api-meta.service[96050]: DEBUG nova.api.openstack.wsgi_app [None req-f8141d5b-9d88-41c5-8052-febd2aea9de4 None None] daemon = False {{(pid=96050) log_opt_values /opt/stack/data/venv/lib/python3.12/site-packages/oslo_config/cfg.py:3534}}
Aug 07 17:52:06.426014 np0000006743 devstack@n-api-meta.service[96050]: DEBUG nova.api.openstack.wsgi_app [None req-f8141d5b-9d88-41c5-8052-febd2aea9de4 None None] debug = True {{(pid=96050) log_opt_values /opt/stack/data/venv/lib/python3.12/site-packages/oslo_config/cfg.py:3534}}
Aug 07 17:52:06.426215 np0000006743 devstack@n-api-meta.service[96050]: DEBUG nova.api.openstack.wsgi_app [None req-f8141d5b-9d88-41c5-8052-febd2aea9de4 None None] default_access_ip_network_name = None {{(pid=96050) log_opt_values /opt/stack/data/venv/lib/python3.12/site-packages/oslo_config/cfg.py:3534}}
Aug 07 17:52:06.426467 np0000006743 devstack@n-api-meta.service[96050]: DEBUG nova.api.openstack.wsgi_app [None req-f8141d5b-9d88-41c5-8052-febd2aea9de4 None None] default_availability_zone = nova {{(pid=96050) log_opt_values /opt/stack/data/venv/lib/python3.12/site-packages/oslo_config/cfg.py:3534}}
Aug 07 17:52:06.426549 np0000006743 devstack@n-api-meta.service[96050]: DEBUG nova.api.openstack.wsgi_app [None req-f8141d5b-9d88-41c5-8052-febd2aea9de4 None None] default_ephemeral_format = ext4 {{(pid=96050) log_opt_values /opt/stack/data/venv/lib/python3.12/site-packages/oslo_config/cfg.py:3534}}
Aug 07 17:52:06.426687 np0000006743 devstack@n-api-meta.service[96050]: DEBUG nova.api.openstack.wsgi_app [None req-f8141d5b-9d88-41c5-8052-febd2aea9de4 None None] default_green_pool_size = 1000 {{(pid=96050) log_opt_values /opt/stack/data/venv/lib/python3.12/site-packages/oslo_config/cfg.py:3534}}
Aug 07 17:52:06.426976 np0000006743 devstack@n-api-meta.service[96050]: DEBUG nova.api.openstack.wsgi_app [None req-f8141d5b-9d88-41c5-8052-febd2aea9de4 None None] default_log_levels = ['amqp=WARN', 'boto=WARN', 'sqlalchemy=WARN', 'suds=INFO', 'oslo.messaging=INFO', 'oslo_messaging=INFO', 'iso8601=WARN', 'requests.packages.urllib3.connectionpool=WARN', 'urllib3.connectionpool=WARN', 'websocket=WARN', 'requests.packages.urllib3.util.retry=WARN', 'urllib3.util.retry=WARN', 'keystonemiddleware=WARN', 'routes.middleware=WARN', 'stevedore=WARN', 'taskflow=WARN', 'keystoneauth=WARN', 'oslo.cache=INFO', 'oslo_policy=INFO', 'dogpile.core.dogpile=INFO', 'glanceclient=WARN', 'oslo.privsep.daemon=INFO'] {{(pid=96050) log_opt_values /opt/stack/data/venv/lib/python3.12/site-packages/oslo_config/cfg.py:3534}}
Aug 07 17:52:06.427146 np0000006743 devstack@n-api-meta.service[96050]: DEBUG nova.api.openstack.wsgi_app [None req-f8141d5b-9d88-41c5-8052-febd2aea9de4 None None] default_schedule_zone = None {{(pid=96050) log_opt_values /opt/stack/data/venv/lib/python3.12/site-packages/oslo_config/cfg.py:3534}}
Aug 07 17:52:06.427472 np0000006743 devstack@n-api-meta.service[96050]: DEBUG nova.api.openstack.wsgi_app [None req-f8141d5b-9d88-41c5-8052-febd2aea9de4 None None] default_thread_pool_size = 10 {{(pid=96050) log_opt_values /opt/stack/data/venv/lib/python3.12/site-packages/oslo_config/cfg.py:3534}}
Aug 07 17:52:06.427531 np0000006743 devstack@n-api-meta.service[96050]: DEBUG nova.api.openstack.wsgi_app [None req-f8141d5b-9d88-41c5-8052-febd2aea9de4 None None] disk_allocation_ratio = None {{(pid=96050) log_opt_values /opt/stack/data/venv/lib/python3.12/site-packages/oslo_config/cfg.py:3534}}
Aug 07 17:52:06.427721 np0000006743 devstack@n-api-meta.service[96050]: DEBUG nova.api.openstack.wsgi_app [None req-f8141d5b-9d88-41c5-8052-febd2aea9de4 None None] enable_new_services = True {{(pid=96050) log_opt_values /opt/stack/data/venv/lib/python3.12/site-packages/oslo_config/cfg.py:3534}}
Aug 07 17:52:06.427900 np0000006743 devstack@n-api-meta.service[96050]: DEBUG nova.api.openstack.wsgi_app [None req-f8141d5b-9d88-41c5-8052-febd2aea9de4 None None] flat_injected = False {{(pid=96050) log_opt_values /opt/stack/data/venv/lib/python3.12/site-packages/oslo_config/cfg.py:3534}}
Aug 07 17:52:06.428096 np0000006743 devstack@n-api-meta.service[96050]: DEBUG nova.api.openstack.wsgi_app [None req-f8141d5b-9d88-41c5-8052-febd2aea9de4 None None] force_config_drive = True {{(pid=96050) log_opt_values /opt/stack/data/venv/lib/python3.12/site-packages/oslo_config/cfg.py:3534}}
Aug 07 17:52:06.428269 np0000006743 devstack@n-api-meta.service[96050]: DEBUG nova.api.openstack.wsgi_app [None req-f8141d5b-9d88-41c5-8052-febd2aea9de4 None None] force_raw_images = True {{(pid=96050) log_opt_values /opt/stack/data/venv/lib/python3.12/site-packages/oslo_config/cfg.py:3534}}
Aug 07 17:52:06.428494 np0000006743 devstack@n-api-meta.service[96050]: DEBUG nova.api.openstack.wsgi_app [None req-f8141d5b-9d88-41c5-8052-febd2aea9de4 None None] graceful_shutdown_timeout = 5 {{(pid=96050) log_opt_values /opt/stack/data/venv/lib/python3.12/site-packages/oslo_config/cfg.py:3534}}
Aug 07 17:52:06.428686 np0000006743 devstack@n-api-meta.service[96050]: DEBUG nova.api.openstack.wsgi_app [None req-f8141d5b-9d88-41c5-8052-febd2aea9de4 None None] heal_instance_info_cache_interval = -1 {{(pid=96050) log_opt_values /opt/stack/data/venv/lib/python3.12/site-packages/oslo_config/cfg.py:3534}}
Aug 07 17:52:06.428964 np0000006743 devstack@n-api-meta.service[96050]: DEBUG nova.api.openstack.wsgi_app [None req-f8141d5b-9d88-41c5-8052-febd2aea9de4 None None] host = np0000006743 {{(pid=96050) log_opt_values /opt/stack/data/venv/lib/python3.12/site-packages/oslo_config/cfg.py:3534}}
Aug 07 17:52:06.429205 np0000006743 devstack@n-api-meta.service[96050]: DEBUG nova.api.openstack.wsgi_app [None req-f8141d5b-9d88-41c5-8052-febd2aea9de4 None None] initial_cpu_allocation_ratio = 4.0 {{(pid=96050) log_opt_values /opt/stack/data/venv/lib/python3.12/site-packages/oslo_config/cfg.py:3534}}
Aug 07 17:52:06.429272 np0000006743 devstack@n-api-meta.service[96052]: INFO dbcounter [None req-a0cb4e9c-baff-4dc8-8d70-ea5eda3d0536 None None] Registered counter for database nova_cell0
Aug 07 17:52:06.429359 np0000006743 devstack@n-api-meta.service[96050]: DEBUG nova.api.openstack.wsgi_app [None req-f8141d5b-9d88-41c5-8052-febd2aea9de4 None None] initial_disk_allocation_ratio = 1.0 {{(pid=96050) log_opt_values /opt/stack/data/venv/lib/python3.12/site-packages/oslo_config/cfg.py:3534}}
Aug 07 17:52:06.429601 np0000006743 devstack@n-api-meta.service[96050]: DEBUG nova.api.openstack.wsgi_app [None req-f8141d5b-9d88-41c5-8052-febd2aea9de4 None None] initial_ram_allocation_ratio = 1.0 {{(pid=96050) log_opt_values /opt/stack/data/venv/lib/python3.12/site-packages/oslo_config/cfg.py:3534}}
Aug 07 17:52:06.430229 np0000006743 devstack@n-api-meta.service[96050]: DEBUG nova.api.openstack.wsgi_app [None req-f8141d5b-9d88-41c5-8052-febd2aea9de4 None None] injected_network_template = /opt/stack/nova/nova/virt/interfaces.template {{(pid=96050) log_opt_values /opt/stack/data/venv/lib/python3.12/site-packages/oslo_config/cfg.py:3534}}
Aug 07 17:52:06.430229 np0000006743 devstack@n-api-meta.service[96050]: DEBUG nova.api.openstack.wsgi_app [None req-f8141d5b-9d88-41c5-8052-febd2aea9de4 None None] instance_build_timeout = 0 {{(pid=96050) log_opt_values /opt/stack/data/venv/lib/python3.12/site-packages/oslo_config/cfg.py:3534}}
Aug 07 17:52:06.430229 np0000006743 devstack@n-api-meta.service[96050]: DEBUG nova.api.openstack.wsgi_app [None req-f8141d5b-9d88-41c5-8052-febd2aea9de4 None None] instance_delete_interval = 300 {{(pid=96050) log_opt_values /opt/stack/data/venv/lib/python3.12/site-packages/oslo_config/cfg.py:3534}}
Aug 07 17:52:06.430358 np0000006743 devstack@n-api-meta.service[96050]: DEBUG nova.api.openstack.wsgi_app [None req-f8141d5b-9d88-41c5-8052-febd2aea9de4 None None] instance_format = [instance: %(uuid)s] {{(pid=96050) log_opt_values /opt/stack/data/venv/lib/python3.12/site-packages/oslo_config/cfg.py:3534}}
Aug 07 17:52:06.430786 np0000006743 devstack@n-api-meta.service[96050]: DEBUG nova.api.openstack.wsgi_app [None req-f8141d5b-9d88-41c5-8052-febd2aea9de4 None None] instance_name_template = instance-%08x {{(pid=96050) log_opt_values /opt/stack/data/venv/lib/python3.12/site-packages/oslo_config/cfg.py:3534}}
Aug 07 17:52:06.430786 np0000006743 devstack@n-api-meta.service[96050]: DEBUG nova.api.openstack.wsgi_app [None req-f8141d5b-9d88-41c5-8052-febd2aea9de4 None None] instance_usage_audit = False {{(pid=96050) log_opt_values /opt/stack/data/venv/lib/python3.12/site-packages/oslo_config/cfg.py:3534}}
Aug 07 17:52:06.430953 np0000006743 devstack@n-api-meta.service[96050]: DEBUG nova.api.openstack.wsgi_app [None req-f8141d5b-9d88-41c5-8052-febd2aea9de4 None None] instance_usage_audit_period = month {{(pid=96050) log_opt_values /opt/stack/data/venv/lib/python3.12/site-packages/oslo_config/cfg.py:3534}}
Aug 07 17:52:06.431134 np0000006743 devstack@n-api-meta.service[96050]: DEBUG nova.api.openstack.wsgi_app [None req-f8141d5b-9d88-41c5-8052-febd2aea9de4 None None] instance_uuid_format = [instance: %(uuid)s] {{(pid=96050) log_opt_values /opt/stack/data/venv/lib/python3.12/site-packages/oslo_config/cfg.py:3534}}
Aug 07 17:52:06.431313 np0000006743 devstack@n-api-meta.service[96050]: DEBUG nova.api.openstack.wsgi_app [None req-f8141d5b-9d88-41c5-8052-febd2aea9de4 None None] instances_path = /opt/stack/data/nova/instances {{(pid=96050) log_opt_values /opt/stack/data/venv/lib/python3.12/site-packages/oslo_config/cfg.py:3534}}
Aug 07 17:52:06.431539 np0000006743 devstack@n-api-meta.service[96050]: DEBUG nova.api.openstack.wsgi_app [None req-f8141d5b-9d88-41c5-8052-febd2aea9de4 None None] internal_service_availability_zone = internal {{(pid=96050) log_opt_values /opt/stack/data/venv/lib/python3.12/site-packages/oslo_config/cfg.py:3534}}
Aug 07 17:52:06.431737 np0000006743 devstack@n-api-meta.service[96050]: DEBUG nova.api.openstack.wsgi_app [None req-f8141d5b-9d88-41c5-8052-febd2aea9de4 None None] key = None {{(pid=96050) log_opt_values /opt/stack/data/venv/lib/python3.12/site-packages/oslo_config/cfg.py:3534}}
Aug 07 17:52:06.432017 np0000006743 devstack@n-api-meta.service[96050]: DEBUG nova.api.openstack.wsgi_app [None req-f8141d5b-9d88-41c5-8052-febd2aea9de4 None None] live_migration_retry_count = 30 {{(pid=96050) log_opt_values /opt/stack/data/venv/lib/python3.12/site-packages/oslo_config/cfg.py:3534}}
Aug 07 17:52:06.432211 np0000006743 devstack@n-api-meta.service[96050]: DEBUG nova.api.openstack.wsgi_app [None req-f8141d5b-9d88-41c5-8052-febd2aea9de4 None None] log_color = False {{(pid=96050) log_opt_values /opt/stack/data/venv/lib/python3.12/site-packages/oslo_config/cfg.py:3534}}
Aug 07 17:52:06.432425 np0000006743 devstack@n-api-meta.service[96050]: DEBUG nova.api.openstack.wsgi_app [None req-f8141d5b-9d88-41c5-8052-febd2aea9de4 None None] log_config_append = None {{(pid=96050) log_opt_values /opt/stack/data/venv/lib/python3.12/site-packages/oslo_config/cfg.py:3534}}
Aug 07 17:52:06.433305 np0000006743 devstack@n-api-meta.service[96050]: DEBUG nova.api.openstack.wsgi_app [None req-f8141d5b-9d88-41c5-8052-febd2aea9de4 None None] log_date_format = %Y-%m-%d %H:%M:%S {{(pid=96050) log_opt_values /opt/stack/data/venv/lib/python3.12/site-packages/oslo_config/cfg.py:3534}}
Aug 07 17:52:06.433305 np0000006743 devstack@n-api-meta.service[96050]: DEBUG nova.api.openstack.wsgi_app [None req-f8141d5b-9d88-41c5-8052-febd2aea9de4 None None] log_dir = None {{(pid=96050) log_opt_values /opt/stack/data/venv/lib/python3.12/site-packages/oslo_config/cfg.py:3534}}
Aug 07 17:52:06.435285 np0000006743 devstack@n-api-meta.service[96050]: DEBUG nova.api.openstack.wsgi_app [None req-f8141d5b-9d88-41c5-8052-febd2aea9de4 None None] log_file = None {{(pid=96050) log_opt_values /opt/stack/data/venv/lib/python3.12/site-packages/oslo_config/cfg.py:3534}}
Aug 07 17:52:06.435285 np0000006743 devstack@n-api-meta.service[96050]: DEBUG nova.api.openstack.wsgi_app [None req-f8141d5b-9d88-41c5-8052-febd2aea9de4 None None] log_options = True {{(pid=96050) log_opt_values /opt/stack/data/venv/lib/python3.12/site-packages/oslo_config/cfg.py:3534}}
Aug 07 17:52:06.436726 np0000006743 devstack@n-api-meta.service[96050]: DEBUG nova.api.openstack.wsgi_app [None req-f8141d5b-9d88-41c5-8052-febd2aea9de4 None None] log_rotate_interval = 1 {{(pid=96050) log_opt_values /opt/stack/data/venv/lib/python3.12/site-packages/oslo_config/cfg.py:3534}}
Aug 07 17:52:06.436726 np0000006743 devstack@n-api-meta.service[96050]: DEBUG nova.api.openstack.wsgi_app [None req-f8141d5b-9d88-41c5-8052-febd2aea9de4 None None] log_rotate_interval_type = days {{(pid=96050) log_opt_values /opt/stack/data/venv/lib/python3.12/site-packages/oslo_config/cfg.py:3534}}
Aug 07 17:52:06.436726 np0000006743 devstack@n-api-meta.service[96050]: DEBUG nova.api.openstack.wsgi_app [None req-f8141d5b-9d88-41c5-8052-febd2aea9de4 None None] log_rotation_type = none {{(pid=96050) log_opt_values /opt/stack/data/venv/lib/python3.12/site-packages/oslo_config/cfg.py:3534}}
Aug 07 17:52:06.436865 np0000006743 devstack@n-api-meta.service[96050]: DEBUG nova.api.openstack.wsgi_app [None req-f8141d5b-9d88-41c5-8052-febd2aea9de4 None None] logging_context_format_string = %(color)s%(levelname)s %(name)s [%(global_request_id)s %(request_id)s %(project_name)s %(user_name)s%(color)s] %(instance)s%(color)s%(message)s {{(pid=96050) log_opt_values /opt/stack/data/venv/lib/python3.12/site-packages/oslo_config/cfg.py:3534}}
Aug 07 17:52:06.436933 np0000006743 devstack@n-api-meta.service[96050]: DEBUG nova.api.openstack.wsgi_app [None req-f8141d5b-9d88-41c5-8052-febd2aea9de4 None None] logging_debug_format_suffix = {{(pid=%(process)d) %(funcName)s %(pathname)s:%(lineno)d}} {{(pid=96050) log_opt_values /opt/stack/data/venv/lib/python3.12/site-packages/oslo_config/cfg.py:3534}}
Aug 07 17:52:06.437145 np0000006743 devstack@n-api-meta.service[96050]: DEBUG nova.api.openstack.wsgi_app [None req-f8141d5b-9d88-41c5-8052-febd2aea9de4 None None] logging_default_format_string = %(color)s%(levelname)s %(name)s [-%(color)s] %(instance)s%(color)s%(message)s {{(pid=96050) log_opt_values /opt/stack/data/venv/lib/python3.12/site-packages/oslo_config/cfg.py:3534}}
Aug 07 17:52:06.437281 np0000006743 devstack@n-api-meta.service[96050]: DEBUG nova.api.openstack.wsgi_app [None req-f8141d5b-9d88-41c5-8052-febd2aea9de4 None None] logging_exception_prefix = ERROR %(name)s %(instance)s {{(pid=96050) log_opt_values /opt/stack/data/venv/lib/python3.12/site-packages/oslo_config/cfg.py:3534}}
Aug 07 17:52:06.437504 np0000006743 devstack@n-api-meta.service[96050]: DEBUG nova.api.openstack.wsgi_app [None req-f8141d5b-9d88-41c5-8052-febd2aea9de4 None None] logging_user_identity_format = %(user)s %(project)s %(domain)s %(system_scope)s %(user_domain)s %(project_domain)s {{(pid=96050) log_opt_values /opt/stack/data/venv/lib/python3.12/site-packages/oslo_config/cfg.py:3534}}
Aug 07 17:52:06.437578 np0000006743 devstack@n-api-meta.service[96050]: DEBUG nova.api.openstack.wsgi_app [None req-f8141d5b-9d88-41c5-8052-febd2aea9de4 None None] long_rpc_timeout = 1800 {{(pid=96050) log_opt_values /opt/stack/data/venv/lib/python3.12/site-packages/oslo_config/cfg.py:3534}}
Aug 07 17:52:06.438342 np0000006743 devstack@n-api-meta.service[96050]: DEBUG nova.api.openstack.wsgi_app [None req-f8141d5b-9d88-41c5-8052-febd2aea9de4 None None] manager_shutdown_timeout = 160 {{(pid=96050) log_opt_values /opt/stack/data/venv/lib/python3.12/site-packages/oslo_config/cfg.py:3534}}
