Jul 18 13:06:33.763149 np0000005390 nova-scheduler[96492]: DEBUG cotyledon.oslo_config_glue [-] workarounds.libvirt_disable_apic = False {{(pid=96492) log_opt_values /opt/stack/data/venv/lib/python3.12/site-packages/oslo_config/cfg.py:3253}}
Jul 18 13:06:33.763149 np0000005390 nova-scheduler[96492]: DEBUG cotyledon.oslo_config_glue [-] workarounds.never_download_image_if_on_rbd = False {{(pid=96492) log_opt_values /opt/stack/data/venv/lib/python3.12/site-packages/oslo_config/cfg.py:3253}}
Jul 18 13:06:33.763449 np0000005390 nova-scheduler[96492]: DEBUG cotyledon.oslo_config_glue [-] workarounds.qemu_monitor_announce_self_count = 3 {{(pid=96492) log_opt_values /opt/stack/data/venv/lib/python3.12/site-packages/oslo_config/cfg.py:3253}}
Jul 18 13:06:33.763449 np0000005390 nova-scheduler[96492]: DEBUG cotyledon.oslo_config_glue [-] workarounds.qemu_monitor_announce_self_interval = 1 {{(pid=96492) log_opt_values /opt/stack/data/venv/lib/python3.12/site-packages/oslo_config/cfg.py:3253}}
Jul 18 13:06:33.763449 np0000005390 nova-scheduler[96492]: DEBUG cotyledon.oslo_config_glue [-] workarounds.reserve_disk_resource_for_image_cache = False {{(pid=96492) log_opt_values /opt/stack/data/venv/lib/python3.12/site-packages/oslo_config/cfg.py:3253}}
Jul 18 13:06:33.763449 np0000005390 nova-scheduler[96492]: DEBUG cotyledon.oslo_config_glue [-] workarounds.skip_cpu_compare_at_startup = False {{(pid=96492) log_opt_values /opt/stack/data/venv/lib/python3.12/site-packages/oslo_config/cfg.py:3253}}
Jul 18 13:06:33.763449 np0000005390 nova-scheduler[96492]: DEBUG cotyledon.oslo_config_glue [-] workarounds.skip_cpu_compare_on_dest = False {{(pid=96492) log_opt_values /opt/stack/data/venv/lib/python3.12/site-packages/oslo_config/cfg.py:3253}}
Jul 18 13:06:33.763449 np0000005390 nova-scheduler[96492]: DEBUG cotyledon.oslo_config_glue [-] workarounds.skip_hypervisor_version_check_on_lm = False {{(pid=96492) log_opt_values /opt/stack/data/venv/lib/python3.12/site-packages/oslo_config/cfg.py:3253}}
Jul 18 13:06:33.763449 np0000005390 nova-scheduler[96492]: DEBUG cotyledon.oslo_config_glue [-] workarounds.skip_reserve_in_use_ironic_nodes = False {{(pid=96492) log_opt_values /opt/stack/data/venv/lib/python3.12/site-packages/oslo_config/cfg.py:3253}}
Jul 18 13:06:33.763449 np0000005390 nova-scheduler[96492]: DEBUG cotyledon.oslo_config_glue [-] workarounds.unified_limits_count_pcpu_as_vcpu = False {{(pid=96492) log_opt_values /opt/stack/data/venv/lib/python3.12/site-packages/oslo_config/cfg.py:3253}}
Jul 18 13:06:33.763717 np0000005390 nova-scheduler[96492]: DEBUG cotyledon.oslo_config_glue [-] workarounds.wait_for_vif_plugged_event_during_hard_reboot = [] {{(pid=96492) log_opt_values /opt/stack/data/venv/lib/python3.12/site-packages/oslo_config/cfg.py:3253}}
Jul 18 13:06:33.763717 np0000005390 nova-scheduler[96492]: DEBUG cotyledon.oslo_config_glue [-] wsgi.api_paste_config = /etc/nova/api-paste.ini {{(pid=96492) log_opt_values /opt/stack/data/venv/lib/python3.12/site-packages/oslo_config/cfg.py:3253}}
Jul 18 13:06:33.763717 np0000005390 nova-scheduler[96492]: DEBUG cotyledon.oslo_config_glue [-] wsgi.secure_proxy_ssl_header = None {{(pid=96492) log_opt_values /opt/stack/data/venv/lib/python3.12/site-packages/oslo_config/cfg.py:3253}}
Jul 18 13:06:33.763717 np0000005390 nova-scheduler[96492]: DEBUG cotyledon.oslo_config_glue [-] zvm.ca_file = None {{(pid=96492) log_opt_values /opt/stack/data/venv/lib/python3.12/site-packages/oslo_config/cfg.py:3253}}
Jul 18 13:06:33.763717 np0000005390 nova-scheduler[96492]: DEBUG cotyledon.oslo_config_glue [-] zvm.cloud_connector_url = None {{(pid=96492) log_opt_values /opt/stack/data/venv/lib/python3.12/site-packages/oslo_config/cfg.py:3253}}
Jul 18 13:06:33.763717 np0000005390 nova-scheduler[96492]: DEBUG cotyledon.oslo_config_glue [-] zvm.image_tmp_path = /opt/stack/data/nova/images {{(pid=96492) log_opt_values /opt/stack/data/venv/lib/python3.12/site-packages/oslo_config/cfg.py:3253}}
Jul 18 13:06:33.763717 np0000005390 nova-scheduler[96492]: DEBUG cotyledon.oslo_config_glue [-] zvm.reachable_timeout = 300 {{(pid=96492) log_opt_values /opt/stack/data/venv/lib/python3.12/site-packages/oslo_config/cfg.py:3253}}
Jul 18 13:06:33.763717 np0000005390 nova-scheduler[96492]: DEBUG cotyledon.oslo_config_glue [-] oslo_versionedobjects.fatal_exception_format_errors = False {{(pid=96492) log_opt_values /opt/stack/data/venv/lib/python3.12/site-packages/oslo_config/cfg.py:3253}}
Jul 18 13:06:33.763717 np0000005390 nova-scheduler[96492]: DEBUG cotyledon.oslo_config_glue [-] oslo_middleware.http_basic_auth_user_file = /etc/htpasswd {{(pid=96492) log_opt_values /opt/stack/data/venv/lib/python3.12/site-packages/oslo_config/cfg.py:3253}}
Jul 18 13:06:33.764033 np0000005390 nova-scheduler[96492]: DEBUG cotyledon.oslo_config_glue [-] oslo_messaging_metrics.metrics_buffer_size = 1000 {{(pid=96492) log_opt_values /opt/stack/data/venv/lib/python3.12/site-packages/oslo_config/cfg.py:3253}}
Jul 18 13:06:33.764033 np0000005390 nova-scheduler[96492]: DEBUG cotyledon.oslo_config_glue [-] oslo_messaging_metrics.metrics_enabled = False {{(pid=96492) log_opt_values /opt/stack/data/venv/lib/python3.12/site-packages/oslo_config/cfg.py:3253}}
Jul 18 13:06:33.764033 np0000005390 nova-scheduler[96492]: DEBUG cotyledon.oslo_config_glue [-] oslo_messaging_metrics.metrics_process_name = {{(pid=96492) log_opt_values /opt/stack/data/venv/lib/python3.12/site-packages/oslo_config/cfg.py:3253}}
Jul 18 13:06:33.764033 np0000005390 nova-scheduler[96492]: DEBUG cotyledon.oslo_config_glue [-] oslo_messaging_metrics.metrics_socket_file = /var/tmp/metrics_collector.sock {{(pid=96492) log_opt_values /opt/stack/data/venv/lib/python3.12/site-packages/oslo_config/cfg.py:3253}}
Jul 18 13:06:33.764033 np0000005390 nova-scheduler[96492]: DEBUG cotyledon.oslo_config_glue [-] oslo_messaging_metrics.metrics_thread_stop_timeout = 10 {{(pid=96492) log_opt_values /opt/stack/data/venv/lib/python3.12/site-packages/oslo_config/cfg.py:3253}}
Jul 18 13:06:33.764033 np0000005390 nova-scheduler[96492]: DEBUG cotyledon.oslo_config_glue [-] profiler.connection_string = messaging:// {{(pid=96492) log_opt_values /opt/stack/data/venv/lib/python3.12/site-packages/oslo_config/cfg.py:3253}}
Jul 18 13:06:33.764033 np0000005390 nova-scheduler[96492]: DEBUG cotyledon.oslo_config_glue [-] profiler.enabled = False {{(pid=96492) log_opt_values /opt/stack/data/venv/lib/python3.12/site-packages/oslo_config/cfg.py:3253}}
Jul 18 13:06:33.764033 np0000005390 nova-scheduler[96492]: DEBUG cotyledon.oslo_config_glue [-] profiler.es_doc_type = notification {{(pid=96492) log_opt_values /opt/stack/data/venv/lib/python3.12/site-packages/oslo_config/cfg.py:3253}}
Jul 18 13:06:33.764033 np0000005390 nova-scheduler[96492]: DEBUG cotyledon.oslo_config_glue [-] profiler.es_scroll_size = 10000 {{(pid=96492) log_opt_values /opt/stack/data/venv/lib/python3.12/site-packages/oslo_config/cfg.py:3253}}
Jul 18 13:06:33.764237 np0000005390 nova-scheduler[96492]: DEBUG cotyledon.oslo_config_glue [-] profiler.es_scroll_time = 2m {{(pid=96492) log_opt_values /opt/stack/data/venv/lib/python3.12/site-packages/oslo_config/cfg.py:3253}}
Jul 18 13:06:33.764237 np0000005390 nova-scheduler[96492]: DEBUG cotyledon.oslo_config_glue [-] profiler.filter_error_trace = False {{(pid=96492) log_opt_values /opt/stack/data/venv/lib/python3.12/site-packages/oslo_config/cfg.py:3253}}
Jul 18 13:06:33.764237 np0000005390 nova-scheduler[96492]: DEBUG cotyledon.oslo_config_glue [-] profiler.hmac_keys = **** {{(pid=96492) log_opt_values /opt/stack/data/venv/lib/python3.12/site-packages/oslo_config/cfg.py:3253}}
Jul 18 13:06:33.764237 np0000005390 nova-scheduler[96492]: DEBUG cotyledon.oslo_config_glue [-] profiler.sentinel_service_name = mymaster {{(pid=96492) log_opt_values /opt/stack/data/venv/lib/python3.12/site-packages/oslo_config/cfg.py:3253}}
Jul 18 13:06:33.764237 np0000005390 nova-scheduler[96492]: DEBUG cotyledon.oslo_config_glue [-] profiler.socket_timeout = 0.1 {{(pid=96492) log_opt_values /opt/stack/data/venv/lib/python3.12/site-packages/oslo_config/cfg.py:3253}}
Jul 18 13:06:33.764237 np0000005390 nova-scheduler[96492]: DEBUG cotyledon.oslo_config_glue [-] profiler.trace_requests = False {{(pid=96492) log_opt_values /opt/stack/data/venv/lib/python3.12/site-packages/oslo_config/cfg.py:3253}}
Jul 18 13:06:33.764237 np0000005390 nova-scheduler[96492]: DEBUG cotyledon.oslo_config_glue [-] profiler.trace_sqlalchemy = False {{(pid=96492) log_opt_values /opt/stack/data/venv/lib/python3.12/site-packages/oslo_config/cfg.py:3253}}
Jul 18 13:06:33.764237 np0000005390 nova-scheduler[96492]: DEBUG cotyledon.oslo_config_glue [-] profiler_jaeger.process_tags = {} {{(pid=96492) log_opt_values /opt/stack/data/venv/lib/python3.12/site-packages/oslo_config/cfg.py:3253}}
Jul 18 13:06:33.764237 np0000005390 nova-scheduler[96492]: DEBUG cotyledon.oslo_config_glue [-] profiler_jaeger.service_name_prefix = None {{(pid=96492) log_opt_values /opt/stack/data/venv/lib/python3.12/site-packages/oslo_config/cfg.py:3253}}
Jul 18 13:06:33.764572 np0000005390 nova-scheduler[96492]: DEBUG cotyledon.oslo_config_glue [-] profiler_otlp.service_name_prefix = None {{(pid=96492) log_opt_values /opt/stack/data/venv/lib/python3.12/site-packages/oslo_config/cfg.py:3253}}
Jul 18 13:06:33.764572 np0000005390 nova-scheduler[96492]: DEBUG cotyledon.oslo_config_glue [-] oslo_messaging_rabbit.amqp_auto_delete = False {{(pid=96492) log_opt_values /opt/stack/data/venv/lib/python3.12/site-packages/oslo_config/cfg.py:3253}}
Jul 18 13:06:33.764572 np0000005390 nova-scheduler[96492]: DEBUG cotyledon.oslo_config_glue [-] oslo_messaging_rabbit.amqp_durable_queues = False {{(pid=96492) log_opt_values /opt/stack/data/venv/lib/python3.12/site-packages/oslo_config/cfg.py:3253}}
Jul 18 13:06:33.764572 np0000005390 nova-scheduler[96492]: DEBUG cotyledon.oslo_config_glue [-] oslo_messaging_rabbit.conn_pool_min_size = 2 {{(pid=96492) log_opt_values /opt/stack/data/venv/lib/python3.12/site-packages/oslo_config/cfg.py:3253}}
Jul 18 13:06:33.764572 np0000005390 nova-scheduler[96492]: DEBUG cotyledon.oslo_config_glue [-] oslo_messaging_rabbit.conn_pool_ttl = 1200 {{(pid=96492) log_opt_values /opt/stack/data/venv/lib/python3.12/site-packages/oslo_config/cfg.py:3253}}
Jul 18 13:06:33.764572 np0000005390 nova-scheduler[96492]: DEBUG cotyledon.oslo_config_glue [-] oslo_messaging_rabbit.direct_mandatory_flag = True {{(pid=96492) log_opt_values /opt/stack/data/venv/lib/python3.12/site-packages/oslo_config/cfg.py:3253}}
Jul 18 13:06:33.764572 np0000005390 nova-scheduler[96492]: DEBUG cotyledon.oslo_config_glue [-] oslo_messaging_rabbit.enable_cancel_on_failover = False {{(pid=96492) log_opt_values /opt/stack/data/venv/lib/python3.12/site-packages/oslo_config/cfg.py:3253}}
Jul 18 13:06:33.764572 np0000005390 nova-scheduler[96492]: DEBUG cotyledon.oslo_config_glue [-] oslo_messaging_rabbit.heartbeat_rate = 3 {{(pid=96492) log_opt_values /opt/stack/data/venv/lib/python3.12/site-packages/oslo_config/cfg.py:3253}}
Jul 18 13:06:33.764572 np0000005390 nova-scheduler[96492]: DEBUG cotyledon.oslo_config_glue [-] oslo_messaging_rabbit.heartbeat_timeout_threshold = 60 {{(pid=96492) log_opt_values /opt/stack/data/venv/lib/python3.12/site-packages/oslo_config/cfg.py:3253}}
Jul 18 13:06:33.764919 np0000005390 nova-scheduler[96492]: DEBUG cotyledon.oslo_config_glue [-] oslo_messaging_rabbit.hostname = np0000005390 {{(pid=96492) log_opt_values /opt/stack/data/venv/lib/python3.12/site-packages/oslo_config/cfg.py:3253}}
Jul 18 13:06:33.764919 np0000005390 nova-scheduler[96492]: DEBUG cotyledon.oslo_config_glue [-] oslo_messaging_rabbit.kombu_compression = None {{(pid=96492) log_opt_values /opt/stack/data/venv/lib/python3.12/site-packages/oslo_config/cfg.py:3253}}
Jul 18 13:06:33.764919 np0000005390 nova-scheduler[96492]: DEBUG cotyledon.oslo_config_glue [-] oslo_messaging_rabbit.kombu_failover_strategy = round-robin {{(pid=96492) log_opt_values /opt/stack/data/venv/lib/python3.12/site-packages/oslo_config/cfg.py:3253}}
Jul 18 13:06:33.764919 np0000005390 nova-scheduler[96492]: DEBUG cotyledon.oslo_config_glue [-] oslo_messaging_rabbit.kombu_missing_consumer_retry_timeout = 60 {{(pid=96492) log_opt_values /opt/stack/data/venv/lib/python3.12/site-packages/oslo_config/cfg.py:3253}}
Jul 18 13:06:33.764919 np0000005390 nova-scheduler[96492]: DEBUG cotyledon.oslo_config_glue [-] oslo_messaging_rabbit.kombu_reconnect_delay = 1.0 {{(pid=96492) log_opt_values /opt/stack/data/venv/lib/python3.12/site-packages/oslo_config/cfg.py:3253}}
Jul 18 13:06:33.764919 np0000005390 nova-scheduler[96492]: DEBUG cotyledon.oslo_config_glue [-] oslo_messaging_rabbit.kombu_reconnect_splay = 0.0 {{(pid=96492) log_opt_values /opt/stack/data/venv/lib/python3.12/site-packages/oslo_config/cfg.py:3253}}
Jul 18 13:06:33.764919 np0000005390 nova-scheduler[96492]: DEBUG cotyledon.oslo_config_glue [-] oslo_messaging_rabbit.processname = nova-scheduler {{(pid=96492) log_opt_values /opt/stack/data/venv/lib/python3.12/site-packages/oslo_config/cfg.py:3253}}
Jul 18 13:06:33.764919 np0000005390 nova-scheduler[96492]: DEBUG cotyledon.oslo_config_glue [-] oslo_messaging_rabbit.rabbit_ha_queues = False {{(pid=96492) log_opt_values /opt/stack/data/venv/lib/python3.12/site-packages/oslo_config/cfg.py:3253}}
Jul 18 13:06:33.764919 np0000005390 nova-scheduler[96492]: DEBUG cotyledon.oslo_config_glue [-] oslo_messaging_rabbit.rabbit_interval_max = 30 {{(pid=96492) log_opt_values /opt/stack/data/venv/lib/python3.12/site-packages/oslo_config/cfg.py:3253}}
Jul 18 13:06:33.765270 np0000005390 nova-scheduler[96492]: DEBUG cotyledon.oslo_config_glue [-] oslo_messaging_rabbit.rabbit_login_method = AMQPLAIN {{(pid=96492) log_opt_values /opt/stack/data/venv/lib/python3.12/site-packages/oslo_config/cfg.py:3253}}
Jul 18 13:06:33.765270 np0000005390 nova-scheduler[96492]: DEBUG cotyledon.oslo_config_glue [-] oslo_messaging_rabbit.rabbit_qos_prefetch_count = 0 {{(pid=96492) log_opt_values /opt/stack/data/venv/lib/python3.12/site-packages/oslo_config/cfg.py:3253}}
Jul 18 13:06:33.765270 np0000005390 nova-scheduler[96492]: DEBUG cotyledon.oslo_config_glue [-] oslo_messaging_rabbit.rabbit_quorum_delivery_limit = 0 {{(pid=96492) log_opt_values /opt/stack/data/venv/lib/python3.12/site-packages/oslo_config/cfg.py:3253}}
Jul 18 13:06:33.765270 np0000005390 nova-scheduler[96492]: DEBUG cotyledon.oslo_config_glue [-] oslo_messaging_rabbit.rabbit_quorum_max_memory_bytes = 0 {{(pid=96492) log_opt_values /opt/stack/data/venv/lib/python3.12/site-packages/oslo_config/cfg.py:3253}}
Jul 18 13:06:33.765270 np0000005390 nova-scheduler[96492]: DEBUG cotyledon.oslo_config_glue [-] oslo_messaging_rabbit.rabbit_quorum_max_memory_length = 0 {{(pid=96492) log_opt_values /opt/stack/data/venv/lib/python3.12/site-packages/oslo_config/cfg.py:3253}}
Jul 18 13:06:33.765270 np0000005390 nova-scheduler[96492]: DEBUG cotyledon.oslo_config_glue [-] oslo_messaging_rabbit.rabbit_quorum_queue = False {{(pid=96492) log_opt_values /opt/stack/data/venv/lib/python3.12/site-packages/oslo_config/cfg.py:3253}}
Jul 18 13:06:33.765270 np0000005390 nova-scheduler[96492]: DEBUG cotyledon.oslo_config_glue [-] oslo_messaging_rabbit.rabbit_retry_backoff = 2 {{(pid=96492) log_opt_values /opt/stack/data/venv/lib/python3.12/site-packages/oslo_config/cfg.py:3253}}
Jul 18 13:06:33.765270 np0000005390 nova-scheduler[96492]: DEBUG cotyledon.oslo_config_glue [-] oslo_messaging_rabbit.rabbit_retry_interval = 1 {{(pid=96492) log_opt_values /opt/stack/data/venv/lib/python3.12/site-packages/oslo_config/cfg.py:3253}}
Jul 18 13:06:33.765270 np0000005390 nova-scheduler[96492]: DEBUG cotyledon.oslo_config_glue [-] oslo_messaging_rabbit.rabbit_stream_fanout = False {{(pid=96492) log_opt_values /opt/stack/data/venv/lib/python3.12/site-packages/oslo_config/cfg.py:3253}}
Jul 18 13:06:33.765654 np0000005390 nova-scheduler[96492]: DEBUG cotyledon.oslo_config_glue [-] oslo_messaging_rabbit.rabbit_transient_queues_ttl = 1800 {{(pid=96492) log_opt_values /opt/stack/data/venv/lib/python3.12/site-packages/oslo_config/cfg.py:3253}}
Jul 18 13:06:33.765654 np0000005390 nova-scheduler[96492]: DEBUG cotyledon.oslo_config_glue [-] oslo_messaging_rabbit.rabbit_transient_quorum_queue = False {{(pid=96492) log_opt_values /opt/stack/data/venv/lib/python3.12/site-packages/oslo_config/cfg.py:3253}}
Jul 18 13:06:33.765654 np0000005390 nova-scheduler[96492]: DEBUG cotyledon.oslo_config_glue [-] oslo_messaging_rabbit.rpc_conn_pool_size = 30 {{(pid=96492) log_opt_values /opt/stack/data/venv/lib/python3.12/site-packages/oslo_config/cfg.py:3253}}
Jul 18 13:06:33.765654 np0000005390 nova-scheduler[96492]: DEBUG cotyledon.oslo_config_glue [-] oslo_messaging_rabbit.ssl = False {{(pid=96492) log_opt_values /opt/stack/data/venv/lib/python3.12/site-packages/oslo_config/cfg.py:3253}}
Jul 18 13:06:33.765654 np0000005390 nova-scheduler[96492]: DEBUG cotyledon.oslo_config_glue [-] oslo_messaging_rabbit.ssl_ca_file = {{(pid=96492) log_opt_values /opt/stack/data/venv/lib/python3.12/site-packages/oslo_config/cfg.py:3253}}
Jul 18 13:06:33.765654 np0000005390 nova-scheduler[96492]: DEBUG cotyledon.oslo_config_glue [-] oslo_messaging_rabbit.ssl_cert_file = {{(pid=96492) log_opt_values /opt/stack/data/venv/lib/python3.12/site-packages/oslo_config/cfg.py:3253}}
Jul 18 13:06:33.765654 np0000005390 nova-scheduler[96492]: DEBUG cotyledon.oslo_config_glue [-] oslo_messaging_rabbit.ssl_enforce_fips_mode = False {{(pid=96492) log_opt_values /opt/stack/data/venv/lib/python3.12/site-packages/oslo_config/cfg.py:3253}}
Jul 18 13:06:33.765654 np0000005390 nova-scheduler[96492]: DEBUG cotyledon.oslo_config_glue [-] oslo_messaging_rabbit.ssl_enforce_hostname_verification = True {{(pid=96492) log_opt_values /opt/stack/data/venv/lib/python3.12/site-packages/oslo_config/cfg.py:3253}}
Jul 18 13:06:33.765654 np0000005390 nova-scheduler[96492]: DEBUG cotyledon.oslo_config_glue [-] oslo_messaging_rabbit.ssl_key_file = {{(pid=96492) log_opt_values /opt/stack/data/venv/lib/python3.12/site-packages/oslo_config/cfg.py:3253}}
Jul 18 13:06:33.766001 np0000005390 nova-scheduler[96492]: DEBUG cotyledon.oslo_config_glue [-] oslo_messaging_rabbit.ssl_version = {{(pid=96492) log_opt_values /opt/stack/data/venv/lib/python3.12/site-packages/oslo_config/cfg.py:3253}}
Jul 18 13:06:33.766001 np0000005390 nova-scheduler[96492]: DEBUG cotyledon.oslo_config_glue [-] oslo_messaging_rabbit.use_queue_manager = False {{(pid=96492) log_opt_values /opt/stack/data/venv/lib/python3.12/site-packages/oslo_config/cfg.py:3253}}
Jul 18 13:06:33.766001 np0000005390 nova-scheduler[96492]: DEBUG cotyledon.oslo_config_glue [-] oslo_messaging_notifications.driver = ['messagingv2'] {{(pid=96492) log_opt_values /opt/stack/data/venv/lib/python3.12/site-packages/oslo_config/cfg.py:3253}}
Jul 18 13:06:33.766001 np0000005390 nova-scheduler[96492]: DEBUG cotyledon.oslo_config_glue [-] oslo_messaging_notifications.retry = -1 {{(pid=96492) log_opt_values /opt/stack/data/venv/lib/python3.12/site-packages/oslo_config/cfg.py:3253}}
Jul 18 13:06:33.766001 np0000005390 nova-scheduler[96492]: DEBUG cotyledon.oslo_config_glue [-] oslo_messaging_notifications.topics = ['notifications'] {{(pid=96492) log_opt_values /opt/stack/data/venv/lib/python3.12/site-packages/oslo_config/cfg.py:3253}}
Jul 18 13:06:33.766001 np0000005390 nova-scheduler[96492]: DEBUG cotyledon.oslo_config_glue [-] oslo_messaging_notifications.transport_url = **** {{(pid=96492) log_opt_values /opt/stack/data/venv/lib/python3.12/site-packages/oslo_config/cfg.py:3253}}
Jul 18 13:06:33.766001 np0000005390 nova-scheduler[96492]: DEBUG cotyledon.oslo_config_glue [-] oslo_limit.auth_section = None {{(pid=96492) log_opt_values /opt/stack/data/venv/lib/python3.12/site-packages/oslo_config/cfg.py:3253}}
Jul 18 13:06:33.766001 np0000005390 nova-scheduler[96492]: DEBUG cotyledon.oslo_config_glue [-] oslo_limit.auth_type = None {{(pid=96492) log_opt_values /opt/stack/data/venv/lib/python3.12/site-packages/oslo_config/cfg.py:3253}}
Jul 18 13:06:33.766001 np0000005390 nova-scheduler[96492]: DEBUG cotyledon.oslo_config_glue [-] oslo_limit.cafile = None {{(pid=96492) log_opt_values /opt/stack/data/venv/lib/python3.12/site-packages/oslo_config/cfg.py:3253}}
Jul 18 13:06:33.766301 np0000005390 nova-scheduler[96492]: DEBUG cotyledon.oslo_config_glue [-] oslo_limit.certfile = None {{(pid=96492) log_opt_values /opt/stack/data/venv/lib/python3.12/site-packages/oslo_config/cfg.py:3253}}
Jul 18 13:06:33.766301 np0000005390 nova-scheduler[96492]: DEBUG cotyledon.oslo_config_glue [-] oslo_limit.collect_timing = False {{(pid=96492) log_opt_values /opt/stack/data/venv/lib/python3.12/site-packages/oslo_config/cfg.py:3253}}
Jul 18 13:06:33.766301 np0000005390 nova-scheduler[96492]: DEBUG cotyledon.oslo_config_glue [-] oslo_limit.connect_retries = None {{(pid=96492) log_opt_values /opt/stack/data/venv/lib/python3.12/site-packages/oslo_config/cfg.py:3253}}
Jul 18 13:06:33.766301 np0000005390 nova-scheduler[96492]: DEBUG cotyledon.oslo_config_glue [-] oslo_limit.connect_retry_delay = None {{(pid=96492) log_opt_values /opt/stack/data/venv/lib/python3.12/site-packages/oslo_config/cfg.py:3253}}
Jul 18 13:06:33.766301 np0000005390 nova-scheduler[96492]: DEBUG cotyledon.oslo_config_glue [-] oslo_limit.endpoint_id = None {{(pid=96492) log_opt_values /opt/stack/data/venv/lib/python3.12/site-packages/oslo_config/cfg.py:3253}}
Jul 18 13:06:33.766301 np0000005390 nova-scheduler[96492]: DEBUG cotyledon.oslo_config_glue [-] oslo_limit.endpoint_interface = public {{(pid=96492) log_opt_values /opt/stack/data/venv/lib/python3.12/site-packages/oslo_config/cfg.py:3253}}
Jul 18 13:06:33.766301 np0000005390 nova-scheduler[96492]: DEBUG cotyledon.oslo_config_glue [-] oslo_limit.endpoint_override = None {{(pid=96492) log_opt_values /opt/stack/data/venv/lib/python3.12/site-packages/oslo_config/cfg.py:3253}}
Jul 18 13:06:33.766301 np0000005390 nova-scheduler[96492]: DEBUG cotyledon.oslo_config_glue [-] oslo_limit.endpoint_region_name = None {{(pid=96492) log_opt_values /opt/stack/data/venv/lib/python3.12/site-packages/oslo_config/cfg.py:3253}}
Jul 18 13:06:33.766301 np0000005390 nova-scheduler[96492]: DEBUG cotyledon.oslo_config_glue [-] oslo_limit.endpoint_service_name = None {{(pid=96492) log_opt_values /opt/stack/data/venv/lib/python3.12/site-packages/oslo_config/cfg.py:3253}}
Jul 18 13:06:33.766595 np0000005390 nova-scheduler[96492]: DEBUG cotyledon.oslo_config_glue [-] oslo_limit.endpoint_service_type = None {{(pid=96492) log_opt_values /opt/stack/data/venv/lib/python3.12/site-packages/oslo_config/cfg.py:3253}}
Jul 18 13:06:33.766595 np0000005390 nova-scheduler[96492]: DEBUG cotyledon.oslo_config_glue [-] oslo_limit.insecure = False {{(pid=96492) log_opt_values /opt/stack/data/venv/lib/python3.12/site-packages/oslo_config/cfg.py:3253}}
Jul 18 13:06:33.766595 np0000005390 nova-scheduler[96492]: DEBUG cotyledon.oslo_config_glue [-] oslo_limit.keyfile = None {{(pid=96492) log_opt_values /opt/stack/data/venv/lib/python3.12/site-packages/oslo_config/cfg.py:3253}}
Jul 18 13:06:33.766595 np0000005390 nova-scheduler[96492]: DEBUG cotyledon.oslo_config_glue [-] oslo_limit.max_version = None {{(pid=96492) log_opt_values /opt/stack/data/venv/lib/python3.12/site-packages/oslo_config/cfg.py:3253}}
Jul 18 13:06:33.766595 np0000005390 nova-scheduler[96492]: DEBUG cotyledon.oslo_config_glue [-] oslo_limit.min_version = None {{(pid=96492) log_opt_values /opt/stack/data/venv/lib/python3.12/site-packages/oslo_config/cfg.py:3253}}
Jul 18 13:06:33.766595 np0000005390 nova-scheduler[96492]: DEBUG cotyledon.oslo_config_glue [-] oslo_limit.region_name = None {{(pid=96492) log_opt_values /opt/stack/data/venv/lib/python3.12/site-packages/oslo_config/cfg.py:3253}}
Jul 18 13:06:33.766595 np0000005390 nova-scheduler[96492]: DEBUG cotyledon.oslo_config_glue [-] oslo_limit.retriable_status_codes = None {{(pid=96492) log_opt_values /opt/stack/data/venv/lib/python3.12/site-packages/oslo_config/cfg.py:3253}}
Jul 18 13:06:33.766595 np0000005390 nova-scheduler[96492]: DEBUG cotyledon.oslo_config_glue [-] oslo_limit.service_name = None {{(pid=96492) log_opt_values /opt/stack/data/venv/lib/python3.12/site-packages/oslo_config/cfg.py:3253}}
Jul 18 13:06:33.766595 np0000005390 nova-scheduler[96492]: DEBUG cotyledon.oslo_config_glue [-] oslo_limit.service_type = None {{(pid=96492) log_opt_values /opt/stack/data/venv/lib/python3.12/site-packages/oslo_config/cfg.py:3253}}
Jul 18 13:06:33.766895 np0000005390 nova-scheduler[96492]: DEBUG cotyledon.oslo_config_glue [-] oslo_limit.split_loggers = False {{(pid=96492) log_opt_values /opt/stack/data/venv/lib/python3.12/site-packages/oslo_config/cfg.py:3253}}
Jul 18 13:06:33.766895 np0000005390 nova-scheduler[96492]: DEBUG cotyledon.oslo_config_glue [-] oslo_limit.status_code_retries = None {{(pid=96492) log_opt_values /opt/stack/data/venv/lib/python3.12/site-packages/oslo_config/cfg.py:3253}}
Jul 18 13:06:33.766895 np0000005390 nova-scheduler[96492]: DEBUG cotyledon.oslo_config_glue [-] oslo_limit.status_code_retry_delay = None {{(pid=96492) log_opt_values /opt/stack/data/venv/lib/python3.12/site-packages/oslo_config/cfg.py:3253}}
Jul 18 13:06:33.766895 np0000005390 nova-scheduler[96492]: DEBUG cotyledon.oslo_config_glue [-] oslo_limit.timeout = None {{(pid=96492) log_opt_values /opt/stack/data/venv/lib/python3.12/site-packages/oslo_config/cfg.py:3253}}
Jul 18 13:06:33.766895 np0000005390 nova-scheduler[96492]: DEBUG cotyledon.oslo_config_glue [-] oslo_limit.valid_interfaces = None {{(pid=96492) log_opt_values /opt/stack/data/venv/lib/python3.12/site-packages/oslo_config/cfg.py:3253}}
Jul 18 13:06:33.766895 np0000005390 nova-scheduler[96492]: DEBUG cotyledon.oslo_config_glue [-] oslo_limit.version = None {{(pid=96492) log_opt_values /opt/stack/data/venv/lib/python3.12/site-packages/oslo_config/cfg.py:3253}}
Jul 18 13:06:33.766895 np0000005390 nova-scheduler[96492]: DEBUG cotyledon.oslo_config_glue [-] oslo_reports.file_event_handler = None {{(pid=96492) log_opt_values /opt/stack/data/venv/lib/python3.12/site-packages/oslo_config/cfg.py:3253}}
Jul 18 13:06:33.766895 np0000005390 nova-scheduler[96492]: DEBUG cotyledon.oslo_config_glue [-] oslo_reports.file_event_handler_interval = 1 {{(pid=96492) log_opt_values /opt/stack/data/venv/lib/python3.12/site-packages/oslo_config/cfg.py:3253}}
Jul 18 13:06:33.766895 np0000005390 nova-scheduler[96492]: DEBUG cotyledon.oslo_config_glue [-] oslo_reports.log_dir = None {{(pid=96492) log_opt_values /opt/stack/data/venv/lib/python3.12/site-packages/oslo_config/cfg.py:3253}}
Jul 18 13:06:33.767185 np0000005390 nova-scheduler[96492]: DEBUG cotyledon.oslo_config_glue [-] ******************************************************************************** {{(pid=96492) log_opt_values /opt/stack/data/venv/lib/python3.12/site-packages/oslo_config/cfg.py:3260}}
Jul 18 13:06:33.767185 np0000005390 nova-scheduler[96492]: DEBUG cotyledon._service_worker [-] Run service ServiceWrapper(3) [96492] {{(pid=96492) wait_forever /opt/stack/data/venv/lib/python3.12/site-packages/cotyledon/_service_worker.py:218}}
Jul 18 13:06:33.767185 np0000005390 nova-scheduler[96492]: INFO nova.service [-] Starting scheduler node (version 33.1.0)
Jul 18 13:06:33.767289 np0000005390 nova-scheduler[96488]: DEBUG oslo_db.sqlalchemy.engines [None req-8e14d205-f4bd-4eca-aa64-59126b19cecd None None] MySQL server mode set to STRICT_TRANS_TABLES,STRICT_ALL_TABLES,NO_ZERO_IN_DATE,NO_ZERO_DATE,ERROR_FOR_DIVISION_BY_ZERO,TRADITIONAL,NO_ENGINE_SUBSTITUTION {{(pid=96488) _check_effective_sql_mode /opt/stack/data/venv/lib/python3.12/site-packages/oslo_db/sqlalchemy/engines.py:325}}
Jul 18 13:06:33.767338 np0000005390 nova-scheduler[96492]: INFO dbcounter [None req-ada1a7b1-ddf9-4955-b45e-3e35a07fb40f None None] Registered counter for database nova_cell0
Jul 18 13:06:33.772469 np0000005390 nova-scheduler[96488]: DEBUG dbcounter [-] [96488] Writer thread running {{(pid=96488) stat_writer /opt/stack/data/venv/lib/python3.12/site-packages/dbcounter.py:102}}
Jul 18 13:06:33.775214 np0000005390 nova-scheduler[96486]: DEBUG oslo_db.sqlalchemy.engines [None req-8aabd171-4429-48c8-a0ac-ef684a490ca3 None None] MySQL server mode set to STRICT_TRANS_TABLES,STRICT_ALL_TABLES,NO_ZERO_IN_DATE,NO_ZERO_DATE,ERROR_FOR_DIVISION_BY_ZERO,TRADITIONAL,NO_ENGINE_SUBSTITUTION {{(pid=96486) _check_effective_sql_mode /opt/stack/data/venv/lib/python3.12/site-packages/oslo_db/sqlalchemy/engines.py:325}}
Jul 18 13:06:33.787335 np0000005390 nova-scheduler[96490]: DEBUG oslo_db.sqlalchemy.engines [None req-b6d427bc-d51c-4b39-a4bb-68250bc79cc2 None None] MySQL server mode set to STRICT_TRANS_TABLES,STRICT_ALL_TABLES,NO_ZERO_IN_DATE,NO_ZERO_DATE,ERROR_FOR_DIVISION_BY_ZERO,TRADITIONAL,NO_ENGINE_SUBSTITUTION {{(pid=96490) _check_effective_sql_mode /opt/stack/data/venv/lib/python3.12/site-packages/oslo_db/sqlalchemy/engines.py:325}}
Jul 18 13:06:33.787436 np0000005390 nova-scheduler[96486]: DEBUG dbcounter [-] [96486] Writer thread running {{(pid=96486) stat_writer /opt/stack/data/venv/lib/python3.12/site-packages/dbcounter.py:102}}
Jul 18 13:06:33.795762 np0000005390 nova-scheduler[96488]: DEBUG nova.service [None req-8e14d205-f4bd-4eca-aa64-59126b19cecd None None] Creating RPC server for service: nova-scheduler on topic: scheduler {{(pid=96488) start /opt/stack/nova/nova/service.py:196}}
Jul 18 13:06:33.799459 np0000005390 nova-scheduler[96490]: DEBUG dbcounter [-] [96490] Writer thread running {{(pid=96490) stat_writer /opt/stack/data/venv/lib/python3.12/site-packages/dbcounter.py:102}}
Jul 18 13:06:33.802421 np0000005390 nova-scheduler[96490]: DEBUG nova.service [None req-b6d427bc-d51c-4b39-a4bb-68250bc79cc2 None None] Creating RPC server for service: nova-scheduler on topic: scheduler {{(pid=96490) start /opt/stack/nova/nova/service.py:196}}
Jul 18 13:06:33.806148 np0000005390 nova-scheduler[96486]: DEBUG nova.service [None req-8aabd171-4429-48c8-a0ac-ef684a490ca3 None None] Creating RPC server for service: nova-scheduler on topic: scheduler {{(pid=96486) start /opt/stack/nova/nova/service.py:196}}
Jul 18 13:06:33.813347 np0000005390 nova-scheduler[96492]: DEBUG oslo_db.sqlalchemy.engines [None req-ada1a7b1-ddf9-4955-b45e-3e35a07fb40f None None] MySQL server mode set to STRICT_TRANS_TABLES,STRICT_ALL_TABLES,NO_ZERO_IN_DATE,NO_ZERO_DATE,ERROR_FOR_DIVISION_BY_ZERO,TRADITIONAL,NO_ENGINE_SUBSTITUTION {{(pid=96492) _check_effective_sql_mode /opt/stack/data/venv/lib/python3.12/site-packages/oslo_db/sqlalchemy/engines.py:325}}
Jul 18 13:06:33.826934 np0000005390 nova-scheduler[96492]: DEBUG dbcounter [-] [96492] Writer thread running {{(pid=96492) stat_writer /opt/stack/data/venv/lib/python3.12/site-packages/dbcounter.py:102}}
Jul 18 13:06:33.830696 np0000005390 nova-scheduler[96492]: DEBUG nova.service [None req-ada1a7b1-ddf9-4955-b45e-3e35a07fb40f None None] Creating RPC server for service: nova-scheduler on topic: scheduler {{(pid=96492) start /opt/stack/nova/nova/service.py:196}}
Jul 18 13:06:33.837379 np0000005390 nova-scheduler[96490]: DEBUG nova.service [None req-b6d427bc-d51c-4b39-a4bb-68250bc79cc2 None None] Join ServiceGroup membership for this service scheduler {{(pid=96490) start /opt/stack/nova/nova/service.py:222}}
Jul 18 13:06:33.837542 np0000005390 nova-scheduler[96490]: DEBUG nova.servicegroup.drivers.db [None req-b6d427bc-d51c-4b39-a4bb-68250bc79cc2 None None] DB_Driver: join new ServiceGroup member np0000005390 to the scheduler group, service = {{(pid=96490) join /opt/stack/nova/nova/servicegroup/drivers/db.py:44}}
Jul 18 13:06:33.837647 np0000005390 nova-scheduler[96486]: DEBUG nova.service [None req-8aabd171-4429-48c8-a0ac-ef684a490ca3 None None] Join ServiceGroup membership for this service scheduler {{(pid=96486) start /opt/stack/nova/nova/service.py:222}}
Jul 18 13:06:33.837970 np0000005390 nova-scheduler[96486]: DEBUG nova.servicegroup.drivers.db [None req-8aabd171-4429-48c8-a0ac-ef684a490ca3 None None] DB_Driver: join new ServiceGroup member np0000005390 to the scheduler group, service = {{(pid=96486) join /opt/stack/nova/nova/servicegroup/drivers/db.py:44}}
Jul 18 13:06:33.840161 np0000005390 nova-scheduler[96488]: DEBUG nova.service [None req-8e14d205-f4bd-4eca-aa64-59126b19cecd None None] Join ServiceGroup membership for this service scheduler {{(pid=96488) start /opt/stack/nova/nova/service.py:222}}
Jul 18 13:06:33.840351 np0000005390 nova-scheduler[96488]: DEBUG nova.servicegroup.drivers.db [None req-8e14d205-f4bd-4eca-aa64-59126b19cecd None None] DB_Driver: join new ServiceGroup member np0000005390 to the scheduler group, service = {{(pid=96488) join /opt/stack/nova/nova/servicegroup/drivers/db.py:44}}
Jul 18 13:06:33.849866 np0000005390 nova-scheduler[96492]: DEBUG nova.service [None req-ada1a7b1-ddf9-4955-b45e-3e35a07fb40f None None] Join ServiceGroup membership for this service scheduler {{(pid=96492) start /opt/stack/nova/nova/service.py:222}}
Jul 18 13:06:33.850333 np0000005390 nova-scheduler[96492]: DEBUG nova.servicegroup.drivers.db [None req-ada1a7b1-ddf9-4955-b45e-3e35a07fb40f None None] DB_Driver: join new ServiceGroup member np0000005390 to the scheduler group, service = {{(pid=96492) join /opt/stack/nova/nova/servicegroup/drivers/db.py:44}}
Jul 18 13:06:38.871966 np0000005390 nova-scheduler[96486]: DEBUG oslo.service.backend._threading.loopingcall [-] Fixed interval looping call 'nova.servicegroup.drivers.db.DbDriver._report_state' sleeping for 119.97 seconds {{(pid=96486) _run_loop /opt/stack/data/venv/lib/python3.12/site-packages/oslo_service/backend/_threading/loopingcall.py:125}}
Jul 18 13:06:38.872321 np0000005390 nova-scheduler[96488]: DEBUG oslo.service.backend._threading.loopingcall [-] Fixed interval looping call 'nova.servicegroup.drivers.db.DbDriver._report_state' sleeping for 119.97 seconds {{(pid=96488) _run_loop /opt/stack/data/venv/lib/python3.12/site-packages/oslo_service/backend/_threading/loopingcall.py:125}}
Jul 18 13:06:38.873377 np0000005390 nova-scheduler[96490]: DEBUG oslo.service.backend._threading.loopingcall [-] Fixed interval looping call 'nova.servicegroup.drivers.db.DbDriver._report_state' sleeping for 119.97 seconds {{(pid=96490) _run_loop /opt/stack/data/venv/lib/python3.12/site-packages/oslo_service/backend/_threading/loopingcall.py:125}}
Jul 18 13:06:38.876182 np0000005390 nova-scheduler[96492]: DEBUG oslo.service.backend._threading.loopingcall [-] Fixed interval looping call 'nova.servicegroup.drivers.db.DbDriver._report_state' sleeping for 119.98 seconds {{(pid=96492) _run_loop /opt/stack/data/venv/lib/python3.12/site-packages/oslo_service/backend/_threading/loopingcall.py:125}}
Jul 18 13:06:42.380110 np0000005390 nova-scheduler[95289]: DEBUG dbcounter [-] [95289] Writing DB stats nova_api:SELECT=3 {{(pid=95289) stat_writer /opt/stack/data/venv/lib/python3.12/site-packages/dbcounter.py:115}}
Jul 18 13:06:42.527344 np0000005390 nova-scheduler[95289]: DEBUG dbcounter [-] [95289] Writing DB stats nova_cell0:SELECT=1 {{(pid=95289) stat_writer /opt/stack/data/venv/lib/python3.12/site-packages/dbcounter.py:115}}
Jul 18 13:06:42.531025 np0000005390 nova-scheduler[95289]: DEBUG dbcounter [-] [95289] Writing DB stats nova_cell1:SELECT=1 {{(pid=95289) stat_writer /opt/stack/data/venv/lib/python3.12/site-packages/dbcounter.py:115}}
Jul 18 13:06:44.852301 np0000005390 nova-scheduler[96492]: DEBUG oslo.service.backend._threading.loopingcall [None req-544c28f7-6d78-4f0e-aa96-c5ccaa65093a None None] Dynamic interval looping call 'nova.service.Service.periodic_tasks' sleeping for 60.00 seconds {{(pid=96492) _run_loop /opt/stack/data/venv/lib/python3.12/site-packages/oslo_service/backend/_threading/loopingcall.py:125}}
Jul 18 13:06:48.847699 np0000005390 nova-scheduler[96486]: DEBUG dbcounter [-] [96486] Writing DB stats nova_cell0:SELECT=4,nova_cell0:INSERT=1,nova_cell0:UPDATE=1 {{(pid=96486) stat_writer /opt/stack/data/venv/lib/python3.12/site-packages/dbcounter.py:115}}
Jul 18 13:06:48.850908 np0000005390 nova-scheduler[96488]: DEBUG dbcounter [-] [96488] Writing DB stats nova_cell0:SELECT=4,nova_cell0:INSERT=1,nova_cell0:UPDATE=1 {{(pid=96488) stat_writer /opt/stack/data/venv/lib/python3.12/site-packages/dbcounter.py:115}}
Jul 18 13:06:48.853870 np0000005390 nova-scheduler[96490]: DEBUG dbcounter [-] [96490] Writing DB stats nova_cell0:SELECT=3,nova_cell0:UPDATE=1 {{(pid=96490) stat_writer /opt/stack/data/venv/lib/python3.12/site-packages/dbcounter.py:115}}
Jul 18 13:06:48.862338 np0000005390 nova-scheduler[96492]: DEBUG dbcounter [-] [96492] Writing DB stats nova_cell0:SELECT=3,nova_cell0:UPDATE=1 {{(pid=96492) stat_writer /opt/stack/data/venv/lib/python3.12/site-packages/dbcounter.py:115}}
Jul 18 13:06:58.842339 np0000005390 nova-scheduler[96488]: DEBUG oslo.service.backend._threading.loopingcall [None req-fa8bcd60-c5c7-4805-bbc7-412dc5fb25b7 None None] Dynamic interval looping call 'nova.service.Service.periodic_tasks' sleeping for 60.00 seconds {{(pid=96488) _run_loop /opt/stack/data/venv/lib/python3.12/site-packages/oslo_service/backend/_threading/loopingcall.py:125}}
Jul 18 13:07:07.840817 np0000005390 nova-scheduler[96486]: DEBUG oslo.service.backend._threading.loopingcall [None req-408cbf85-ee0a-4a02-8dd0-9f27235b1e87 None None] Dynamic interval looping call 'nova.service.Service.periodic_tasks' sleeping for 60.00 seconds {{(pid=96486) _run_loop /opt/stack/data/venv/lib/python3.12/site-packages/oslo_service/backend/_threading/loopingcall.py:125}}
Jul 18 13:07:25.841569 np0000005390 nova-scheduler[96490]: DEBUG oslo.service.backend._threading.loopingcall [None req-489af302-dd61-47c9-8975-f18d46821ddc None None] Dynamic interval looping call 'nova.service.Service.periodic_tasks' sleeping for 60.00 seconds {{(pid=96490) _run_loop /opt/stack/data/venv/lib/python3.12/site-packages/oslo_service/backend/_threading/loopingcall.py:125}}
Jul 18 13:07:44.852964 np0000005390 nova-scheduler[96492]: DEBUG oslo.service.backend._threading.loopingcall [None req-544c28f7-6d78-4f0e-aa96-c5ccaa65093a None None] Dynamic interval looping call 'nova.service.Service.periodic_tasks' sleeping for 60.00 seconds {{(pid=96492) _run_loop /opt/stack/data/venv/lib/python3.12/site-packages/oslo_service/backend/_threading/loopingcall.py:125}}
Jul 18 13:07:58.842912 np0000005390 nova-scheduler[96488]: DEBUG oslo.service.backend._threading.loopingcall [None req-fa8bcd60-c5c7-4805-bbc7-412dc5fb25b7 None None] Dynamic interval looping call 'nova.service.Service.periodic_tasks' sleeping for 60.00 seconds {{(pid=96488) _run_loop /opt/stack/data/venv/lib/python3.12/site-packages/oslo_service/backend/_threading/loopingcall.py:125}}
Jul 18 13:08:07.841254 np0000005390 nova-scheduler[96486]: DEBUG oslo.service.backend._threading.loopingcall [None req-408cbf85-ee0a-4a02-8dd0-9f27235b1e87 None None] Dynamic interval looping call 'nova.service.Service.periodic_tasks' sleeping for 60.00 seconds {{(pid=96486) _run_loop /opt/stack/data/venv/lib/python3.12/site-packages/oslo_service/backend/_threading/loopingcall.py:125}}
Jul 18 13:08:25.842112 np0000005390 nova-scheduler[96490]: DEBUG oslo.service.backend._threading.loopingcall [None req-489af302-dd61-47c9-8975-f18d46821ddc None None] Dynamic interval looping call 'nova.service.Service.periodic_tasks' sleeping for 60.00 seconds {{(pid=96490) _run_loop /opt/stack/data/venv/lib/python3.12/site-packages/oslo_service/backend/_threading/loopingcall.py:125}}
Jul 18 13:08:38.856388 np0000005390 nova-scheduler[96488]: DEBUG oslo.service.backend._threading.loopingcall [-] Fixed interval looping call 'nova.servicegroup.drivers.db.DbDriver._report_state' sleeping for 119.99 seconds {{(pid=96488) _run_loop /opt/stack/data/venv/lib/python3.12/site-packages/oslo_service/backend/_threading/loopingcall.py:125}}
Jul 18 13:08:38.856764 np0000005390 nova-scheduler[96490]: DEBUG oslo.service.backend._threading.loopingcall [-] Fixed interval looping call 'nova.servicegroup.drivers.db.DbDriver._report_state' sleeping for 119.99 seconds {{(pid=96490) _run_loop /opt/stack/data/venv/lib/python3.12/site-packages/oslo_service/backend/_threading/loopingcall.py:125}}
Jul 18 13:08:38.863305 np0000005390 nova-scheduler[96486]: DEBUG oslo.service.backend._threading.loopingcall [-] Fixed interval looping call 'nova.servicegroup.drivers.db.DbDriver._report_state' sleeping for 119.98 seconds {{(pid=96486) _run_loop /opt/stack/data/venv/lib/python3.12/site-packages/oslo_service/backend/_threading/loopingcall.py:125}}
Jul 18 13:08:38.863640 np0000005390 nova-scheduler[96492]: DEBUG oslo.service.backend._threading.loopingcall [-] Fixed interval looping call 'nova.servicegroup.drivers.db.DbDriver._report_state' sleeping for 119.99 seconds {{(pid=96492) _run_loop /opt/stack/data/venv/lib/python3.12/site-packages/oslo_service/backend/_threading/loopingcall.py:125}}
Jul 18 13:08:44.857112 np0000005390 nova-scheduler[96492]: DEBUG oslo.service.backend._threading.loopingcall [None req-544c28f7-6d78-4f0e-aa96-c5ccaa65093a None None] Dynamic interval looping call 'nova.service.Service.periodic_tasks' sleeping for 60.00 seconds {{(pid=96492) _run_loop /opt/stack/data/venv/lib/python3.12/site-packages/oslo_service/backend/_threading/loopingcall.py:125}}
Jul 18 13:08:49.308893 np0000005390 nova-scheduler[96488]: DEBUG dbcounter [-] [96488] Writing DB stats nova_cell0:SELECT=1,nova_cell0:UPDATE=1 {{(pid=96488) stat_writer /opt/stack/data/venv/lib/python3.12/site-packages/dbcounter.py:115}}
Jul 18 13:08:49.310134 np0000005390 nova-scheduler[96490]: DEBUG dbcounter [-] [96490] Writing DB stats nova_cell0:SELECT=1,nova_cell0:UPDATE=1 {{(pid=96490) stat_writer /opt/stack/data/venv/lib/python3.12/site-packages/dbcounter.py:115}}
Jul 18 13:08:49.310807 np0000005390 nova-scheduler[96486]: DEBUG dbcounter [-] [96486] Writing DB stats nova_cell0:SELECT=1,nova_cell0:UPDATE=1 {{(pid=96486) stat_writer /opt/stack/data/venv/lib/python3.12/site-packages/dbcounter.py:115}}
Jul 18 13:08:49.311372 np0000005390 nova-scheduler[96492]: DEBUG dbcounter [-] [96492] Writing DB stats nova_cell0:SELECT=1 {{(pid=96492) stat_writer /opt/stack/data/venv/lib/python3.12/site-packages/dbcounter.py:115}}
Jul 18 13:08:58.844208 np0000005390 nova-scheduler[96488]: DEBUG oslo.service.backend._threading.loopingcall [None req-fa8bcd60-c5c7-4805-bbc7-412dc5fb25b7 None None] Dynamic interval looping call 'nova.service.Service.periodic_tasks' sleeping for 60.00 seconds {{(pid=96488) _run_loop /opt/stack/data/venv/lib/python3.12/site-packages/oslo_service/backend/_threading/loopingcall.py:125}}
Jul 18 13:09:01.024489 np0000005390 nova-scheduler[96490]: DEBUG nova.scheduler.manager [None req-20e6febe-9f49-493e-a4e6-4c9b38900508 tempest-DeleteServersTestJSON-1271185799 tempest-DeleteServersTestJSON-1271185799-project-member] Starting to schedule for instances: ['84fc0fac-2f65-4a18-833b-0733f5c0b4be'] {{(pid=96490) select_destinations /opt/stack/nova/nova/scheduler/manager.py:209}}
Jul 18 13:09:01.025109 np0000005390 nova-scheduler[96490]: DEBUG nova.scheduler.request_filter [None req-20e6febe-9f49-493e-a4e6-4c9b38900508 tempest-DeleteServersTestJSON-1271185799 tempest-DeleteServersTestJSON-1271185799-project-member] compute_status_filter request filter added forbidden trait COMPUTE_STATUS_DISABLED {{(pid=96490) compute_status_filter /opt/stack/nova/nova/scheduler/request_filter.py:253}}
Jul 18 13:09:01.025268 np0000005390 nova-scheduler[96490]: DEBUG nova.scheduler.request_filter [None req-20e6febe-9f49-493e-a4e6-4c9b38900508 tempest-DeleteServersTestJSON-1271185799 tempest-DeleteServersTestJSON-1271185799-project-member] Request filter 'compute_status_filter' took 0.0 seconds {{(pid=96490) wrapper /opt/stack/nova/nova/scheduler/request_filter.py:46}}
Jul 18 13:09:01.025919 np0000005390 nova-scheduler[96490]: DEBUG nova.scheduler.request_filter [None req-20e6febe-9f49-493e-a4e6-4c9b38900508 tempest-DeleteServersTestJSON-1271185799 tempest-DeleteServersTestJSON-1271185799-project-member] Request filter 'accelerators_filter' took 0.0 seconds {{(pid=96490) wrapper /opt/stack/nova/nova/scheduler/request_filter.py:46}}
Jul 18 13:09:01.026631 np0000005390 nova-scheduler[96490]: DEBUG nova.scheduler.request_filter [None req-20e6febe-9f49-493e-a4e6-4c9b38900508 tempest-DeleteServersTestJSON-1271185799 tempest-DeleteServersTestJSON-1271185799-project-member] Request filter 'packed_virtqueue_filter' took 0.0 seconds {{(pid=96490) wrapper /opt/stack/nova/nova/scheduler/request_filter.py:46}}
Jul 18 13:09:01.027019 np0000005390 nova-scheduler[96490]: DEBUG nova.scheduler.request_filter [None req-20e6febe-9f49-493e-a4e6-4c9b38900508 tempest-DeleteServersTestJSON-1271185799 tempest-DeleteServersTestJSON-1271185799-project-member] Request filter 'remote_managed_ports_filter' took 0.0 seconds {{(pid=96490) wrapper /opt/stack/nova/nova/scheduler/request_filter.py:46}}
Jul 18 13:09:01.027195 np0000005390 nova-scheduler[96490]: DEBUG nova.scheduler.request_filter [None req-20e6febe-9f49-493e-a4e6-4c9b38900508 tempest-DeleteServersTestJSON-1271185799 tempest-DeleteServersTestJSON-1271185799-project-member] ephemeral_encryption_filter skipped {{(pid=96490) ephemeral_encryption_filter /opt/stack/nova/nova/scheduler/request_filter.py:426}}
Jul 18 13:09:01.027437 np0000005390 nova-scheduler[96490]: DEBUG nova.scheduler.request_filter [None req-20e6febe-9f49-493e-a4e6-4c9b38900508 tempest-DeleteServersTestJSON-1271185799 tempest-DeleteServersTestJSON-1271185799-project-member] virtio_sound_filter skipped {{(pid=96490) virtio_sound_filter /opt/stack/nova/nova/scheduler/request_filter.py:460}}
Jul 18 13:09:01.027530 np0000005390 nova-scheduler[96490]: DEBUG nova.scheduler.request_filter [None req-20e6febe-9f49-493e-a4e6-4c9b38900508 tempest-DeleteServersTestJSON-1271185799 tempest-DeleteServersTestJSON-1271185799-project-member] tpm_secret_security_filter skipped {{(pid=96490) tpm_secret_security_filter /opt/stack/nova/nova/scheduler/request_filter.py:477}}
Jul 18 13:09:01.868821 np0000005390 nova-scheduler[96490]: INFO nova.utils [None req-20e6febe-9f49-493e-a4e6-4c9b38900508 tempest-DeleteServersTestJSON-1271185799 tempest-DeleteServersTestJSON-1271185799-project-member] The cell worker thread pool ForkProcess-3.cell_worker is initialized
Jul 18 13:09:01.869182 np0000005390 nova-scheduler[96490]: DEBUG oslo_concurrency.lockutils [None req-20e6febe-9f49-493e-a4e6-4c9b38900508 tempest-DeleteServersTestJSON-1271185799 tempest-DeleteServersTestJSON-1271185799-project-member] Acquiring lock "53b91b6f-5753-46a4-a1f2-fd92a167a857" by "nova.context.set_target_cell..get_or_set_cached_cell_and_set_connections" {{(pid=96490) inner /opt/stack/data/venv/lib/python3.12/site-packages/oslo_concurrency/lockutils.py:512}}
Jul 18 13:09:01.869405 np0000005390 nova-scheduler[96490]: DEBUG oslo_concurrency.lockutils [None req-20e6febe-9f49-493e-a4e6-4c9b38900508 tempest-DeleteServersTestJSON-1271185799 tempest-DeleteServersTestJSON-1271185799-project-member] Lock "53b91b6f-5753-46a4-a1f2-fd92a167a857" acquired by "nova.context.set_target_cell..get_or_set_cached_cell_and_set_connections" :: waited 0.000s {{(pid=96490) inner /opt/stack/data/venv/lib/python3.12/site-packages/oslo_concurrency/lockutils.py:525}}
Jul 18 13:09:01.871315 np0000005390 nova-scheduler[96490]: DEBUG oslo_concurrency.lockutils [None req-20e6febe-9f49-493e-a4e6-4c9b38900508 tempest-DeleteServersTestJSON-1271185799 tempest-DeleteServersTestJSON-1271185799-project-member] Lock "53b91b6f-5753-46a4-a1f2-fd92a167a857" "released" by "nova.context.set_target_cell..get_or_set_cached_cell_and_set_connections" :: held 0.002s {{(pid=96490) inner /opt/stack/data/venv/lib/python3.12/site-packages/oslo_concurrency/lockutils.py:544}}
Jul 18 13:09:01.876519 np0000005390 nova-scheduler[96490]: INFO dbcounter [None req-20e6febe-9f49-493e-a4e6-4c9b38900508 tempest-DeleteServersTestJSON-1271185799 tempest-DeleteServersTestJSON-1271185799-project-member] Registered counter for database nova_cell1
Jul 18 13:09:01.912096 np0000005390 nova-scheduler[96490]: DEBUG oslo_db.sqlalchemy.engines [None req-20e6febe-9f49-493e-a4e6-4c9b38900508 tempest-DeleteServersTestJSON-1271185799 tempest-DeleteServersTestJSON-1271185799-project-member] MySQL server mode set to STRICT_TRANS_TABLES,STRICT_ALL_TABLES,NO_ZERO_IN_DATE,NO_ZERO_DATE,ERROR_FOR_DIVISION_BY_ZERO,TRADITIONAL,NO_ENGINE_SUBSTITUTION {{(pid=96490) _check_effective_sql_mode /opt/stack/data/venv/lib/python3.12/site-packages/oslo_db/sqlalchemy/engines.py:325}}
Jul 18 13:09:01.922995 np0000005390 nova-scheduler[96490]: DEBUG dbcounter [-] [96490] Writer thread running {{(pid=96490) stat_writer /opt/stack/data/venv/lib/python3.12/site-packages/dbcounter.py:102}}
Jul 18 13:09:01.936763 np0000005390 nova-scheduler[96490]: DEBUG oslo_db.sqlalchemy.engines [None req-20e6febe-9f49-493e-a4e6-4c9b38900508 tempest-DeleteServersTestJSON-1271185799 tempest-DeleteServersTestJSON-1271185799-project-member] Parent process 95289 forked (96490) with an open database connection, which is being discarded and recreated. {{(pid=96490) checkout /opt/stack/data/venv/lib/python3.12/site-packages/oslo_db/sqlalchemy/engines.py:402}}
Jul 18 13:09:01.981978 np0000005390 nova-scheduler[96490]: DEBUG dbcounter [-] [96490] Writer thread running {{(pid=96490) stat_writer /opt/stack/data/venv/lib/python3.12/site-packages/dbcounter.py:102}}
Jul 18 13:09:01.985153 np0000005390 nova-scheduler[96490]: DEBUG oslo_concurrency.lockutils [None req-20e6febe-9f49-493e-a4e6-4c9b38900508 tempest-DeleteServersTestJSON-1271185799 tempest-DeleteServersTestJSON-1271185799-project-member] Acquiring lock "53b91b6f-5753-46a4-a1f2-fd92a167a857" by "nova.context.set_target_cell..get_or_set_cached_cell_and_set_connections" {{(pid=96490) inner /opt/stack/data/venv/lib/python3.12/site-packages/oslo_concurrency/lockutils.py:512}}
