Jun 11 19:14:57.413239 np0000002663 devstack@g-api.service[101921]: DEBUG glance_store.location [-] Registering scheme file with {'store': , 'location_class': , 'store_entry': 'file'} {{(pid=101921) register_scheme_map /opt/stack/data/venv/lib/python3.12/site-packages/glance_store/location.py:146}}
Jun 11 19:14:57.413302 np0000002663 devstack@g-api.service[101921]: DEBUG glance_store.location [-] Registering scheme filesystem with {'store': , 'location_class': , 'store_entry': 'file'} {{(pid=101921) register_scheme_map /opt/stack/data/venv/lib/python3.12/site-packages/glance_store/location.py:146}}
Jun 11 19:14:57.413362 np0000002663 devstack@g-api.service[101921]: DEBUG glance_store.backend [-] Attempting to import store swift {{(pid=101921) _load_store /opt/stack/data/venv/lib/python3.12/site-packages/glance_store/backend.py:215}}
Jun 11 19:14:57.413533 np0000002663 devstack@g-api.service[101921]: WARNING oslo_config.cfg [-] Deprecated: Option "default_store" from group "glance_store" is deprecated for removal (
Jun 11 19:14:57.413533 np0000002663 devstack@g-api.service[101921]: This option is deprecated against new config option
Jun 11 19:14:57.413533 np0000002663 devstack@g-api.service[101921]: ``default_backend`` which acts similar to ``default_store`` config
Jun 11 19:14:57.413533 np0000002663 devstack@g-api.service[101921]: option.
Jun 11 19:14:57.413533 np0000002663 devstack@g-api.service[101921]: This option is scheduled for removal in the U development
Jun 11 19:14:57.413533 np0000002663 devstack@g-api.service[101921]: cycle.
Jun 11 19:14:57.413533 np0000002663 devstack@g-api.service[101921]: ). Its value may be silently ignored in the future.
Jun 11 19:14:57.414671 np0000002663 devstack@g-api.service[101921]: DEBUG glance_store.capabilities [-] Store glance_store._drivers.swift.store.SingleTenantStore doesn't support updating dynamic storage capabilities. Please overwrite 'update_capabilities' method of the store to implement updating logics if needed. {{(pid=101921) update_capabilities /opt/stack/data/venv/lib/python3.12/site-packages/glance_store/capabilities.py:91}}
Jun 11 19:14:57.414724 np0000002663 devstack@g-api.service[101921]: DEBUG glance_store.backend [-] Registering store swift with schemes ('swift+https', 'swift', 'swift+http', 'swift+config') {{(pid=101921) create_stores /opt/stack/data/venv/lib/python3.12/site-packages/glance_store/backend.py:261}}
Jun 11 19:14:57.414793 np0000002663 devstack@g-api.service[101921]: DEBUG glance_store.driver [-] Late loading location class glance_store._drivers.swift.store.StoreLocation {{(pid=101921) get_store_location_class /opt/stack/data/venv/lib/python3.12/site-packages/glance_store/driver.py:134}}
Jun 11 19:14:57.414848 np0000002663 devstack@g-api.service[101921]: DEBUG glance_store.location [-] Registering scheme swift+https with {'store': , 'location_class': , 'store_entry': 'swift'} {{(pid=101921) register_scheme_map /opt/stack/data/venv/lib/python3.12/site-packages/glance_store/location.py:146}}
Jun 11 19:14:57.414909 np0000002663 devstack@g-api.service[101921]: DEBUG glance_store.location [-] Registering scheme swift with {'store': , 'location_class': , 'store_entry': 'swift'} {{(pid=101921) register_scheme_map /opt/stack/data/venv/lib/python3.12/site-packages/glance_store/location.py:146}}
Jun 11 19:14:57.414958 np0000002663 devstack@g-api.service[101921]: DEBUG glance_store.location [-] Registering scheme swift+http with {'store': , 'location_class': , 'store_entry': 'swift'} {{(pid=101921) register_scheme_map /opt/stack/data/venv/lib/python3.12/site-packages/glance_store/location.py:146}}
Jun 11 19:14:57.415004 np0000002663 devstack@g-api.service[101921]: DEBUG glance_store.location [-] Registering scheme swift+config with {'store': , 'location_class': , 'store_entry': 'swift'} {{(pid=101921) register_scheme_map /opt/stack/data/venv/lib/python3.12/site-packages/glance_store/location.py:146}}
Jun 11 19:14:57.415102 np0000002663 devstack@g-api.service[101921]: DEBUG glance_store.backend [-] Attempting to import store swift {{(pid=101921) _load_store /opt/stack/data/venv/lib/python3.12/site-packages/glance_store/backend.py:215}}
Jun 11 19:14:57.416229 np0000002663 devstack@g-api.service[101921]: DEBUG glance_store.capabilities [-] Store glance_store._drivers.swift.store.SingleTenantStore doesn't support updating dynamic storage capabilities. Please overwrite 'update_capabilities' method of the store to implement updating logics if needed. {{(pid=101921) update_capabilities /opt/stack/data/venv/lib/python3.12/site-packages/glance_store/capabilities.py:91}}
Jun 11 19:14:57.416294 np0000002663 devstack@g-api.service[101921]: DEBUG glance_store.driver [-] Late loading location class glance_store._drivers.swift.store.StoreLocation {{(pid=101921) get_store_location_class /opt/stack/data/venv/lib/python3.12/site-packages/glance_store/driver.py:134}}
Jun 11 19:14:57.416349 np0000002663 devstack@g-api.service[101921]: DEBUG glance_store.location [-] Registering scheme swift+https with {'store': , 'location_class': , 'store_entry': 'swift'} {{(pid=101921) register_scheme_map /opt/stack/data/venv/lib/python3.12/site-packages/glance_store/location.py:146}}
Jun 11 19:14:57.416410 np0000002663 devstack@g-api.service[101921]: DEBUG glance_store.location [-] Registering scheme swift+https with {'store': , 'location_class': , 'store_entry': 'swift'} {{(pid=101921) register_scheme_map /opt/stack/data/venv/lib/python3.12/site-packages/glance_store/location.py:146}}
Jun 11 19:14:57.416452 np0000002663 devstack@g-api.service[101921]: DEBUG glance_store.location [-] Registering scheme swift with {'store': , 'location_class': , 'store_entry': 'swift'} {{(pid=101921) register_scheme_map /opt/stack/data/venv/lib/python3.12/site-packages/glance_store/location.py:146}}
Jun 11 19:14:57.416497 np0000002663 devstack@g-api.service[101921]: DEBUG glance_store.location [-] Registering scheme swift+https with {'store': , 'location_class': , 'store_entry': 'swift'} {{(pid=101921) register_scheme_map /opt/stack/data/venv/lib/python3.12/site-packages/glance_store/location.py:146}}
Jun 11 19:14:57.416560 np0000002663 devstack@g-api.service[101921]: DEBUG glance_store.location [-] Registering scheme swift with {'store': , 'location_class': , 'store_entry': 'swift'} {{(pid=101921) register_scheme_map /opt/stack/data/venv/lib/python3.12/site-packages/glance_store/location.py:146}}
Jun 11 19:14:57.416594 np0000002663 devstack@g-api.service[101921]: DEBUG glance_store.location [-] Registering scheme swift+http with {'store': , 'location_class': , 'store_entry': 'swift'} {{(pid=101921) register_scheme_map /opt/stack/data/venv/lib/python3.12/site-packages/glance_store/location.py:146}}
Jun 11 19:14:57.416656 np0000002663 devstack@g-api.service[101921]: DEBUG glance_store.location [-] Registering scheme swift+https with {'store': , 'location_class': , 'store_entry': 'swift'} {{(pid=101921) register_scheme_map /opt/stack/data/venv/lib/python3.12/site-packages/glance_store/location.py:146}}
Jun 11 19:14:57.416715 np0000002663 devstack@g-api.service[101921]: DEBUG glance_store.location [-] Registering scheme swift with {'store': , 'location_class': , 'store_entry': 'swift'} {{(pid=101921) register_scheme_map /opt/stack/data/venv/lib/python3.12/site-packages/glance_store/location.py:146}}
Jun 11 19:14:57.416767 np0000002663 devstack@g-api.service[101921]: DEBUG glance_store.location [-] Registering scheme swift+http with {'store': , 'location_class': , 'store_entry': 'swift'} {{(pid=101921) register_scheme_map /opt/stack/data/venv/lib/python3.12/site-packages/glance_store/location.py:146}}
Jun 11 19:14:57.416817 np0000002663 devstack@g-api.service[101921]: DEBUG glance_store.location [-] Registering scheme swift+config with {'store': , 'location_class': , 'store_entry': 'swift'} {{(pid=101921) register_scheme_map /opt/stack/data/venv/lib/python3.12/site-packages/glance_store/location.py:146}}
Jun 11 19:14:57.417061 np0000002663 devstack@g-api.service[101921]: DEBUG glance.sqlite_migration [-] SQLite caching database not located, skipping migration {{(pid=101921) get_db_path /opt/stack/glance/glance/sqlite_migration.py:68}}
Jun 11 19:14:57.417239 np0000002663 devstack@g-api.service[101921]: WARNING glance.common.wsgi_app [-] Import methods are enabled but staging directory /tmp/staging/ does not exist; Imports will fail!
Jun 11 19:14:57.653093 np0000002663 devstack@g-api.service[101922]: DEBUG glance.common.config [None req-73abd86d-0e0f-425d-9bf4-9bcf0ffa3914 None None] Loading glance-api-keystone+cachemanagement from /etc/glance/glance-api-paste.ini {{(pid=101922) load_paste_app /opt/stack/glance/glance/common/config.py:758}}
Jun 11 19:14:57.662215 np0000002663 devstack@g-api.service[101920]: DEBUG glance.common.config [None req-5dbde81a-65e5-4f53-9dc7-5e89abcc14c2 None None] Loading glance-api-keystone+cachemanagement from /etc/glance/glance-api-paste.ini {{(pid=101920) load_paste_app /opt/stack/glance/glance/common/config.py:758}}
Jun 11 19:14:57.676594 np0000002663 devstack@g-api.service[101921]: DEBUG glance.common.config [None req-f5391613-8256-4a22-8052-2e679953526a None None] Loading glance-api-keystone+cachemanagement from /etc/glance/glance-api-paste.ini {{(pid=101921) load_paste_app /opt/stack/glance/glance/common/config.py:758}}
Jun 11 19:14:58.221184 np0000002663 devstack@g-api.service[101921]: INFO glance.image_cache [None req-f5391613-8256-4a22-8052-2e679953526a None None] Image cache loaded driver 'centralized_db'.
Jun 11 19:14:58.224785 np0000002663 devstack@g-api.service[101920]: INFO glance.image_cache [None req-5dbde81a-65e5-4f53-9dc7-5e89abcc14c2 None None] Image cache loaded driver 'centralized_db'.
Jun 11 19:14:58.240327 np0000002663 devstack@g-api.service[101922]: INFO glance.image_cache [None req-73abd86d-0e0f-425d-9bf4-9bcf0ffa3914 None None] Image cache loaded driver 'centralized_db'.
Jun 11 19:14:58.267126 np0000002663 devstack@g-api.service[101921]: INFO dbcounter [None req-f5391613-8256-4a22-8052-2e679953526a None None] Registered counter for database glance
Jun 11 19:14:58.269653 np0000002663 devstack@g-api.service[101920]: INFO dbcounter [None req-5dbde81a-65e5-4f53-9dc7-5e89abcc14c2 None None] Registered counter for database glance
Jun 11 19:14:58.289042 np0000002663 devstack@g-api.service[101922]: INFO dbcounter [None req-73abd86d-0e0f-425d-9bf4-9bcf0ffa3914 None None] Registered counter for database glance
Jun 11 19:14:58.311974 np0000002663 devstack@g-api.service[101921]: DEBUG oslo_db.sqlalchemy.engines [None req-f5391613-8256-4a22-8052-2e679953526a None None] MySQL server mode set to STRICT_TRANS_TABLES,STRICT_ALL_TABLES,NO_ZERO_IN_DATE,NO_ZERO_DATE,ERROR_FOR_DIVISION_BY_ZERO,TRADITIONAL,NO_ENGINE_SUBSTITUTION {{(pid=101921) _check_effective_sql_mode /opt/stack/data/venv/lib/python3.12/site-packages/oslo_db/sqlalchemy/engines.py:325}}
Jun 11 19:14:58.314752 np0000002663 devstack@g-api.service[101920]: DEBUG oslo_db.sqlalchemy.engines [None req-5dbde81a-65e5-4f53-9dc7-5e89abcc14c2 None None] MySQL server mode set to STRICT_TRANS_TABLES,STRICT_ALL_TABLES,NO_ZERO_IN_DATE,NO_ZERO_DATE,ERROR_FOR_DIVISION_BY_ZERO,TRADITIONAL,NO_ENGINE_SUBSTITUTION {{(pid=101920) _check_effective_sql_mode /opt/stack/data/venv/lib/python3.12/site-packages/oslo_db/sqlalchemy/engines.py:325}}
Jun 11 19:14:58.331498 np0000002663 devstack@g-api.service[101921]: DEBUG dbcounter [-] [101921] Writer thread running {{(pid=101921) stat_writer /opt/stack/data/venv/lib/python3.12/site-packages/dbcounter.py:102}}
Jun 11 19:14:58.336684 np0000002663 devstack@g-api.service[101922]: DEBUG oslo_db.sqlalchemy.engines [None req-73abd86d-0e0f-425d-9bf4-9bcf0ffa3914 None None] MySQL server mode set to STRICT_TRANS_TABLES,STRICT_ALL_TABLES,NO_ZERO_IN_DATE,NO_ZERO_DATE,ERROR_FOR_DIVISION_BY_ZERO,TRADITIONAL,NO_ENGINE_SUBSTITUTION {{(pid=101922) _check_effective_sql_mode /opt/stack/data/venv/lib/python3.12/site-packages/oslo_db/sqlalchemy/engines.py:325}}
Jun 11 19:14:58.343280 np0000002663 devstack@g-api.service[101920]: DEBUG dbcounter [-] [101920] Writer thread running {{(pid=101920) stat_writer /opt/stack/data/venv/lib/python3.12/site-packages/dbcounter.py:102}}
Jun 11 19:14:58.346375 np0000002663 devstack@g-api.service[101921]: INFO glance.image_cache [None req-f5391613-8256-4a22-8052-2e679953526a None None] Image cache loaded driver 'centralized_db'.
Jun 11 19:14:58.347019 np0000002663 devstack@g-api.service[101920]: DEBUG glance.image_cache.drivers.centralized_db [None req-5dbde81a-65e5-4f53-9dc7-5e89abcc14c2 None None] Node reference is already recorded, ignoring it {{(pid=101920) configure /opt/stack/glance/glance/image_cache/drivers/centralized_db.py:71}}
Jun 11 19:14:58.353497 np0000002663 devstack@g-api.service[101921]: DEBUG glance.image_cache.drivers.centralized_db [None req-f5391613-8256-4a22-8052-2e679953526a None None] Node reference is already recorded, ignoring it {{(pid=101921) configure /opt/stack/glance/glance/image_cache/drivers/centralized_db.py:71}}
Jun 11 19:14:58.355434 np0000002663 devstack@g-api.service[101920]: INFO glance.image_cache [None req-5dbde81a-65e5-4f53-9dc7-5e89abcc14c2 None None] Image cache loaded driver 'centralized_db'.
Jun 11 19:14:58.357318 np0000002663 devstack@g-api.service[101922]: DEBUG dbcounter [-] [101922] Writer thread running {{(pid=101922) stat_writer /opt/stack/data/venv/lib/python3.12/site-packages/dbcounter.py:102}}
Jun 11 19:14:58.357984 np0000002663 devstack@g-api.service[101921]: DEBUG glance.api.v2.cached_images [None req-f5391613-8256-4a22-8052-2e679953526a None None] Started cache worker thread {{(pid=101921) __init__ /opt/stack/glance/glance/api/v2/cached_images.py:69}}
Jun 11 19:14:58.358615 np0000002663 devstack@g-api.service[101921]: INFO glance.image_cache [None req-f5391613-8256-4a22-8052-2e679953526a None None] Image cache loaded driver 'centralized_db'.
Jun 11 19:14:58.359827 np0000002663 devstack@g-api.service[101922]: DEBUG glance.image_cache.drivers.centralized_db [None req-73abd86d-0e0f-425d-9bf4-9bcf0ffa3914 None None] Node reference is already recorded, ignoring it {{(pid=101922) configure /opt/stack/glance/glance/image_cache/drivers/centralized_db.py:71}}
Jun 11 19:14:58.364542 np0000002663 devstack@g-api.service[101920]: DEBUG glance.image_cache.drivers.centralized_db [None req-5dbde81a-65e5-4f53-9dc7-5e89abcc14c2 None None] Node reference is already recorded, ignoring it {{(pid=101920) configure /opt/stack/glance/glance/image_cache/drivers/centralized_db.py:71}}
Jun 11 19:14:58.364606 np0000002663 devstack@g-api.service[101922]: INFO glance.image_cache [None req-73abd86d-0e0f-425d-9bf4-9bcf0ffa3914 None None] Image cache loaded driver 'centralized_db'.
Jun 11 19:14:58.364718 np0000002663 devstack@g-api.service[101921]: DEBUG glance.image_cache.drivers.centralized_db [None req-f5391613-8256-4a22-8052-2e679953526a None None] Node reference is already recorded, ignoring it {{(pid=101921) configure /opt/stack/glance/glance/image_cache/drivers/centralized_db.py:71}}
Jun 11 19:14:58.369104 np0000002663 devstack@g-api.service[101921]: INFO glance.api.middleware.cache_manage [None req-f5391613-8256-4a22-8052-2e679953526a None None] Initialized image cache management middleware
Jun 11 19:14:58.369223 np0000002663 devstack@g-api.service[101921]: INFO glance.image_cache [None req-f5391613-8256-4a22-8052-2e679953526a None None] Image cache loaded driver 'centralized_db'.
Jun 11 19:14:58.369617 np0000002663 devstack@g-api.service[101920]: DEBUG glance.api.v2.cached_images [None req-5dbde81a-65e5-4f53-9dc7-5e89abcc14c2 None None] Started cache worker thread {{(pid=101920) __init__ /opt/stack/glance/glance/api/v2/cached_images.py:69}}
Jun 11 19:14:58.370263 np0000002663 devstack@g-api.service[101920]: INFO glance.image_cache [None req-5dbde81a-65e5-4f53-9dc7-5e89abcc14c2 None None] Image cache loaded driver 'centralized_db'.
Jun 11 19:14:58.372534 np0000002663 devstack@g-api.service[101922]: DEBUG glance.image_cache.drivers.centralized_db [None req-73abd86d-0e0f-425d-9bf4-9bcf0ffa3914 None None] Node reference is already recorded, ignoring it {{(pid=101922) configure /opt/stack/glance/glance/image_cache/drivers/centralized_db.py:71}}
Jun 11 19:14:58.375077 np0000002663 devstack@g-api.service[101921]: DEBUG glance.image_cache.drivers.centralized_db [None req-f5391613-8256-4a22-8052-2e679953526a None None] Node reference is already recorded, ignoring it {{(pid=101921) configure /opt/stack/glance/glance/image_cache/drivers/centralized_db.py:71}}
Jun 11 19:14:58.376458 np0000002663 devstack@g-api.service[101920]: DEBUG glance.image_cache.drivers.centralized_db [None req-5dbde81a-65e5-4f53-9dc7-5e89abcc14c2 None None] Node reference is already recorded, ignoring it {{(pid=101920) configure /opt/stack/glance/glance/image_cache/drivers/centralized_db.py:71}}
Jun 11 19:14:58.377710 np0000002663 devstack@g-api.service[101922]: DEBUG glance.api.v2.cached_images [None req-73abd86d-0e0f-425d-9bf4-9bcf0ffa3914 None None] Started cache worker thread {{(pid=101922) __init__ /opt/stack/glance/glance/api/v2/cached_images.py:69}}
Jun 11 19:14:58.378265 np0000002663 devstack@g-api.service[101922]: INFO glance.image_cache [None req-73abd86d-0e0f-425d-9bf4-9bcf0ffa3914 None None] Image cache loaded driver 'centralized_db'.
Jun 11 19:14:58.378657 np0000002663 devstack@g-api.service[101921]: INFO glance.api.middleware.cache [None req-f5391613-8256-4a22-8052-2e679953526a None None] Initialized image cache middleware
Jun 11 19:14:58.380923 np0000002663 devstack@g-api.service[101920]: INFO glance.api.middleware.cache_manage [None req-5dbde81a-65e5-4f53-9dc7-5e89abcc14c2 None None] Initialized image cache management middleware
Jun 11 19:14:58.381063 np0000002663 devstack@g-api.service[101920]: INFO glance.image_cache [None req-5dbde81a-65e5-4f53-9dc7-5e89abcc14c2 None None] Image cache loaded driver 'centralized_db'.
Jun 11 19:14:58.386580 np0000002663 devstack@g-api.service[101922]: DEBUG glance.image_cache.drivers.centralized_db [None req-73abd86d-0e0f-425d-9bf4-9bcf0ffa3914 None None] Node reference is already recorded, ignoring it {{(pid=101922) configure /opt/stack/glance/glance/image_cache/drivers/centralized_db.py:71}}
Jun 11 19:14:58.386736 np0000002663 devstack@g-api.service[101920]: DEBUG glance.image_cache.drivers.centralized_db [None req-5dbde81a-65e5-4f53-9dc7-5e89abcc14c2 None None] Node reference is already recorded, ignoring it {{(pid=101920) configure /opt/stack/glance/glance/image_cache/drivers/centralized_db.py:71}}
Jun 11 19:14:58.390017 np0000002663 devstack@g-api.service[101920]: INFO glance.api.middleware.cache [None req-5dbde81a-65e5-4f53-9dc7-5e89abcc14c2 None None] Initialized image cache middleware
Jun 11 19:14:58.390653 np0000002663 devstack@g-api.service[101922]: INFO glance.api.middleware.cache_manage [None req-73abd86d-0e0f-425d-9bf4-9bcf0ffa3914 None None] Initialized image cache management middleware
Jun 11 19:14:58.390722 np0000002663 devstack@g-api.service[101921]: DEBUG glance.common.config [None req-f5391613-8256-4a22-8052-2e679953526a None None] ******************************************************************************** {{(pid=101921) log_opt_values /opt/stack/data/venv/lib/python3.12/site-packages/oslo_config/cfg.py:3229}}
Jun 11 19:14:58.390762 np0000002663 devstack@g-api.service[101921]: DEBUG glance.common.config [None req-f5391613-8256-4a22-8052-2e679953526a None None] Configuration options gathered from: {{(pid=101921) log_opt_values /opt/stack/data/venv/lib/python3.12/site-packages/oslo_config/cfg.py:3230}}
Jun 11 19:14:58.390792 np0000002663 devstack@g-api.service[101922]: INFO glance.image_cache [None req-73abd86d-0e0f-425d-9bf4-9bcf0ffa3914 None None] Image cache loaded driver 'centralized_db'.
Jun 11 19:14:58.391047 np0000002663 devstack@g-api.service[101921]: DEBUG glance.common.config [None req-f5391613-8256-4a22-8052-2e679953526a None None] command line args: [] {{(pid=101921) log_opt_values /opt/stack/data/venv/lib/python3.12/site-packages/oslo_config/cfg.py:3231}}
Jun 11 19:14:58.391175 np0000002663 devstack@g-api.service[101921]: DEBUG glance.common.config [None req-f5391613-8256-4a22-8052-2e679953526a None None] config files: ['/etc/glance/glance-image-import.conf', '/etc/glance/glance-api.conf'] {{(pid=101921) log_opt_values /opt/stack/data/venv/lib/python3.12/site-packages/oslo_config/cfg.py:3232}}
Jun 11 19:14:58.391228 np0000002663 devstack@g-api.service[101921]: DEBUG glance.common.config [None req-f5391613-8256-4a22-8052-2e679953526a None None] ================================================================================ {{(pid=101921) log_opt_values /opt/stack/data/venv/lib/python3.12/site-packages/oslo_config/cfg.py:3237}}
Jun 11 19:14:58.391343 np0000002663 devstack@g-api.service[101921]: DEBUG glance.common.config [None req-f5391613-8256-4a22-8052-2e679953526a None None] allow_anonymous_access = False {{(pid=101921) log_opt_values /opt/stack/data/venv/lib/python3.12/site-packages/oslo_config/cfg.py:3245}}
Jun 11 19:14:58.391449 np0000002663 devstack@g-api.service[101921]: DEBUG glance.common.config [None req-f5391613-8256-4a22-8052-2e679953526a None None] api_limit_max = 1000 {{(pid=101921) log_opt_values /opt/stack/data/venv/lib/python3.12/site-packages/oslo_config/cfg.py:3245}}
Jun 11 19:14:58.391539 np0000002663 devstack@g-api.service[101921]: DEBUG glance.common.config [None req-f5391613-8256-4a22-8052-2e679953526a None None] backlog = 4096 {{(pid=101921) log_opt_values /opt/stack/data/venv/lib/python3.12/site-packages/oslo_config/cfg.py:3245}}
Jun 11 19:14:58.391700 np0000002663 devstack@g-api.service[101921]: DEBUG glance.common.config [None req-f5391613-8256-4a22-8052-2e679953526a None None] bind_host = 0.0.0.0 {{(pid=101921) log_opt_values /opt/stack/data/venv/lib/python3.12/site-packages/oslo_config/cfg.py:3245}}
Jun 11 19:14:58.391807 np0000002663 devstack@g-api.service[101921]: DEBUG glance.common.config [None req-f5391613-8256-4a22-8052-2e679953526a None None] bind_port = 19292 {{(pid=101921) log_opt_values /opt/stack/data/venv/lib/python3.12/site-packages/oslo_config/cfg.py:3245}}
Jun 11 19:14:58.391896 np0000002663 devstack@g-api.service[101921]: DEBUG glance.common.config [None req-f5391613-8256-4a22-8052-2e679953526a None None] client_socket_timeout = 900 {{(pid=101921) log_opt_values /opt/stack/data/venv/lib/python3.12/site-packages/oslo_config/cfg.py:3245}}
Jun 11 19:14:58.391991 np0000002663 devstack@g-api.service[101921]: DEBUG glance.common.config [None req-f5391613-8256-4a22-8052-2e679953526a None None] config_dir = [] {{(pid=101921) log_opt_values /opt/stack/data/venv/lib/python3.12/site-packages/oslo_config/cfg.py:3245}}
Jun 11 19:14:58.392059 np0000002663 devstack@g-api.service[101921]: DEBUG glance.common.config [None req-f5391613-8256-4a22-8052-2e679953526a None None] config_file = ['/etc/glance/glance-image-import.conf', '/etc/glance/glance-api.conf'] {{(pid=101921) log_opt_values /opt/stack/data/venv/lib/python3.12/site-packages/oslo_config/cfg.py:3245}}
Jun 11 19:14:58.392144 np0000002663 devstack@g-api.service[101921]: DEBUG glance.common.config [None req-f5391613-8256-4a22-8052-2e679953526a None None] config_source = [] {{(pid=101921) log_opt_values /opt/stack/data/venv/lib/python3.12/site-packages/oslo_config/cfg.py:3245}}
Jun 11 19:14:58.392235 np0000002663 devstack@g-api.service[101921]: DEBUG glance.common.config [None req-f5391613-8256-4a22-8052-2e679953526a None None] control_exchange = glance {{(pid=101921) log_opt_values /opt/stack/data/venv/lib/python3.12/site-packages/oslo_config/cfg.py:3245}}
Jun 11 19:14:58.392313 np0000002663 devstack@g-api.service[101921]: DEBUG glance.common.config [None req-f5391613-8256-4a22-8052-2e679953526a None None] debug = True {{(pid=101921) log_opt_values /opt/stack/data/venv/lib/python3.12/site-packages/oslo_config/cfg.py:3245}}
Jun 11 19:14:58.392523 np0000002663 devstack@g-api.service[101921]: DEBUG glance.common.config [None req-f5391613-8256-4a22-8052-2e679953526a None None] default_log_levels = ['amqp=WARN', 'boto=WARN', 'sqlalchemy=WARN', 'suds=INFO', 'oslo.messaging=INFO', 'oslo_messaging=INFO', 'iso8601=WARN', 'requests.packages.urllib3.connectionpool=WARN', 'urllib3.connectionpool=WARN', 'websocket=WARN', 'requests.packages.urllib3.util.retry=WARN', 'urllib3.util.retry=WARN', 'keystonemiddleware=WARN', 'routes.middleware=WARN', 'stevedore=WARN', 'taskflow=WARN', 'keystoneauth=WARN', 'oslo.cache=INFO', 'oslo_policy=INFO', 'dogpile.core.dogpile=INFO'] {{(pid=101921) log_opt_values /opt/stack/data/venv/lib/python3.12/site-packages/oslo_config/cfg.py:3245}}
Jun 11 19:14:58.392669 np0000002663 devstack@g-api.service[101921]: DEBUG glance.common.config [None req-f5391613-8256-4a22-8052-2e679953526a None None] default_publisher_id = image.localhost {{(pid=101921) log_opt_values /opt/stack/data/venv/lib/python3.12/site-packages/oslo_config/cfg.py:3245}}
Jun 11 19:14:58.392764 np0000002663 devstack@g-api.service[101921]: DEBUG glance.common.config [None req-f5391613-8256-4a22-8052-2e679953526a None None] delayed_delete = False {{(pid=101921) log_opt_values /opt/stack/data/venv/lib/python3.12/site-packages/oslo_config/cfg.py:3245}}
Jun 11 19:14:58.392856 np0000002663 devstack@g-api.service[101921]: DEBUG glance.common.config [None req-f5391613-8256-4a22-8052-2e679953526a None None] digest_algorithm = sha256 {{(pid=101921) log_opt_values /opt/stack/data/venv/lib/python3.12/site-packages/oslo_config/cfg.py:3245}}
Jun 11 19:14:58.392946 np0000002663 devstack@g-api.service[101921]: DEBUG glance.common.config [None req-f5391613-8256-4a22-8052-2e679953526a None None] disabled_notifications = [] {{(pid=101921) log_opt_values /opt/stack/data/venv/lib/python3.12/site-packages/oslo_config/cfg.py:3245}}
Jun 11 19:14:58.393030 np0000002663 devstack@g-api.service[101921]: DEBUG glance.common.config [None req-f5391613-8256-4a22-8052-2e679953526a None None] do_secure_hash = True {{(pid=101921) log_opt_values /opt/stack/data/venv/lib/python3.12/site-packages/oslo_config/cfg.py:3245}}
Jun 11 19:14:58.393118 np0000002663 devstack@g-api.service[101921]: DEBUG glance.common.config [None req-f5391613-8256-4a22-8052-2e679953526a None None] enabled_backends = None {{(pid=101921) log_opt_values /opt/stack/data/venv/lib/python3.12/site-packages/oslo_config/cfg.py:3245}}
Jun 11 19:14:58.393214 np0000002663 devstack@g-api.service[101921]: DEBUG glance.common.config [None req-f5391613-8256-4a22-8052-2e679953526a None None] enabled_import_methods = ['glance-direct', 'web-download', 'copy-image'] {{(pid=101921) log_opt_values /opt/stack/data/venv/lib/python3.12/site-packages/oslo_config/cfg.py:3245}}
Jun 11 19:14:58.393299 np0000002663 devstack@g-api.service[101921]: DEBUG glance.common.config [None req-f5391613-8256-4a22-8052-2e679953526a None None] fatal_deprecations = False {{(pid=101921) log_opt_values /opt/stack/data/venv/lib/python3.12/site-packages/oslo_config/cfg.py:3245}}
Jun 11 19:14:58.393408 np0000002663 devstack@g-api.service[101921]: DEBUG glance.common.config [None req-f5391613-8256-4a22-8052-2e679953526a None None] hashing_algorithm = sha512 {{(pid=101921) log_opt_values /opt/stack/data/venv/lib/python3.12/site-packages/oslo_config/cfg.py:3245}}
Jun 11 19:14:58.393497 np0000002663 devstack@g-api.service[101921]: DEBUG glance.common.config [None req-f5391613-8256-4a22-8052-2e679953526a None None] http_keepalive = True {{(pid=101921) log_opt_values /opt/stack/data/venv/lib/python3.12/site-packages/oslo_config/cfg.py:3245}}
Jun 11 19:14:58.393580 np0000002663 devstack@g-api.service[101921]: DEBUG glance.common.config [None req-f5391613-8256-4a22-8052-2e679953526a None None] http_retries = 3 {{(pid=101921) log_opt_values /opt/stack/data/venv/lib/python3.12/site-packages/oslo_config/cfg.py:3245}}
Jun 11 19:14:58.393698 np0000002663 devstack@g-api.service[101921]: DEBUG glance.common.config [None req-f5391613-8256-4a22-8052-2e679953526a None None] image_cache_dir = /opt/stack/data/glance/cache/ {{(pid=101921) log_opt_values /opt/stack/data/venv/lib/python3.12/site-packages/oslo_config/cfg.py:3245}}
Jun 11 19:14:58.393843 np0000002663 devstack@g-api.service[101921]: DEBUG glance.common.config [None req-f5391613-8256-4a22-8052-2e679953526a None None] image_cache_driver = centralized_db {{(pid=101921) log_opt_values /opt/stack/data/venv/lib/python3.12/site-packages/oslo_config/cfg.py:3245}}
Jun 11 19:14:58.393950 np0000002663 devstack@g-api.service[101921]: DEBUG glance.common.config [None req-f5391613-8256-4a22-8052-2e679953526a None None] image_cache_max_size = 10737418240 {{(pid=101921) log_opt_values /opt/stack/data/venv/lib/python3.12/site-packages/oslo_config/cfg.py:3245}}
Jun 11 19:14:58.394038 np0000002663 devstack@g-api.service[101921]: DEBUG glance.common.config [None req-f5391613-8256-4a22-8052-2e679953526a None None] image_cache_sqlite_db = cache.db {{(pid=101921) log_opt_values /opt/stack/data/venv/lib/python3.12/site-packages/oslo_config/cfg.py:3245}}
Jun 11 19:14:58.394125 np0000002663 devstack@g-api.service[101921]: DEBUG glance.common.config [None req-f5391613-8256-4a22-8052-2e679953526a None None] image_cache_stall_time = 86400 {{(pid=101921) log_opt_values /opt/stack/data/venv/lib/python3.12/site-packages/oslo_config/cfg.py:3245}}
Jun 11 19:14:58.394210 np0000002663 devstack@g-api.service[101921]: DEBUG glance.common.config [None req-f5391613-8256-4a22-8052-2e679953526a None None] image_location_quota = 10 {{(pid=101921) log_opt_values /opt/stack/data/venv/lib/python3.12/site-packages/oslo_config/cfg.py:3245}}
Jun 11 19:14:58.394287 np0000002663 devstack@g-api.service[101921]: DEBUG glance.common.config [None req-f5391613-8256-4a22-8052-2e679953526a None None] image_member_quota = 128 {{(pid=101921) log_opt_values /opt/stack/data/venv/lib/python3.12/site-packages/oslo_config/cfg.py:3245}}
Jun 11 19:14:58.394488 np0000002663 devstack@g-api.service[101921]: DEBUG glance.common.config [None req-f5391613-8256-4a22-8052-2e679953526a None None] image_property_quota = 128 {{(pid=101921) log_opt_values /opt/stack/data/venv/lib/python3.12/site-packages/oslo_config/cfg.py:3245}}
Jun 11 19:14:58.394488 np0000002663 devstack@g-api.service[101921]: DEBUG glance.common.config [None req-f5391613-8256-4a22-8052-2e679953526a None None] image_size_cap = 1099511627776 {{(pid=101921) log_opt_values /opt/stack/data/venv/lib/python3.12/site-packages/oslo_config/cfg.py:3245}}
Jun 11 19:14:58.394558 np0000002663 devstack@g-api.service[101921]: DEBUG glance.common.config [None req-f5391613-8256-4a22-8052-2e679953526a None None] image_tag_quota = 128 {{(pid=101921) log_opt_values /opt/stack/data/venv/lib/python3.12/site-packages/oslo_config/cfg.py:3245}}
Jun 11 19:14:58.394638 np0000002663 devstack@g-api.service[101921]: DEBUG glance.common.config [None req-f5391613-8256-4a22-8052-2e679953526a None None] instance_format = [instance: %(uuid)s] {{(pid=101921) log_opt_values /opt/stack/data/venv/lib/python3.12/site-packages/oslo_config/cfg.py:3245}}
Jun 11 19:14:58.394767 np0000002663 devstack@g-api.service[101921]: DEBUG glance.common.config [None req-f5391613-8256-4a22-8052-2e679953526a None None] instance_uuid_format = [instance: %(uuid)s] {{(pid=101921) log_opt_values /opt/stack/data/venv/lib/python3.12/site-packages/oslo_config/cfg.py:3245}}
Jun 11 19:14:58.395158 np0000002663 devstack@g-api.service[101921]: DEBUG glance.common.config [None req-f5391613-8256-4a22-8052-2e679953526a None None] limit_param_default = 25 {{(pid=101921) log_opt_values /opt/stack/data/venv/lib/python3.12/site-packages/oslo_config/cfg.py:3245}}
Jun 11 19:14:58.395158 np0000002663 devstack@g-api.service[101921]: DEBUG glance.common.config [None req-f5391613-8256-4a22-8052-2e679953526a None None] log_color = False {{(pid=101921) log_opt_values /opt/stack/data/venv/lib/python3.12/site-packages/oslo_config/cfg.py:3245}}
Jun 11 19:14:58.395158 np0000002663 devstack@g-api.service[101921]: DEBUG glance.common.config [None req-f5391613-8256-4a22-8052-2e679953526a None None] log_config_append = None {{(pid=101921) log_opt_values /opt/stack/data/venv/lib/python3.12/site-packages/oslo_config/cfg.py:3245}}
Jun 11 19:14:58.395239 np0000002663 devstack@g-api.service[101921]: DEBUG glance.common.config [None req-f5391613-8256-4a22-8052-2e679953526a None None] log_date_format = %Y-%m-%d %H:%M:%S {{(pid=101921) log_opt_values /opt/stack/data/venv/lib/python3.12/site-packages/oslo_config/cfg.py:3245}}
Jun 11 19:14:58.395276 np0000002663 devstack@g-api.service[101921]: DEBUG glance.common.config [None req-f5391613-8256-4a22-8052-2e679953526a None None] log_dir = None {{(pid=101921) log_opt_values /opt/stack/data/venv/lib/python3.12/site-packages/oslo_config/cfg.py:3245}}
Jun 11 19:14:58.395345 np0000002663 devstack@g-api.service[101921]: DEBUG glance.common.config [None req-f5391613-8256-4a22-8052-2e679953526a None None] log_file = None {{(pid=101921) log_opt_values /opt/stack/data/venv/lib/python3.12/site-packages/oslo_config/cfg.py:3245}}
Jun 11 19:14:58.395438 np0000002663 devstack@g-api.service[101921]: DEBUG glance.common.config [None req-f5391613-8256-4a22-8052-2e679953526a None None] log_rotate_interval = 1 {{(pid=101921) log_opt_values /opt/stack/data/venv/lib/python3.12/site-packages/oslo_config/cfg.py:3245}}
Jun 11 19:14:58.395520 np0000002663 devstack@g-api.service[101921]: DEBUG glance.common.config [None req-f5391613-8256-4a22-8052-2e679953526a None None] log_rotate_interval_type = days {{(pid=101921) log_opt_values /opt/stack/data/venv/lib/python3.12/site-packages/oslo_config/cfg.py:3245}}
Jun 11 19:14:58.395607 np0000002663 devstack@g-api.service[101921]: DEBUG glance.common.config [None req-f5391613-8256-4a22-8052-2e679953526a None None] log_rotation_type = none {{(pid=101921) log_opt_values /opt/stack/data/venv/lib/python3.12/site-packages/oslo_config/cfg.py:3245}}
Jun 11 19:14:58.395686 np0000002663 devstack@g-api.service[101921]: DEBUG glance.common.config [None req-f5391613-8256-4a22-8052-2e679953526a None None] logging_context_format_string = %(color)s%(levelname)s %(name)s [%(global_request_id)s %(request_id)s %(project_name)s %(user_name)s%(color)s] %(instance)s%(color)s%(message)s {{(pid=101921) log_opt_values /opt/stack/data/venv/lib/python3.12/site-packages/oslo_config/cfg.py:3245}}
Jun 11 19:14:58.395749 np0000002663 devstack@g-api.service[101921]: DEBUG glance.common.config [None req-f5391613-8256-4a22-8052-2e679953526a None None] logging_debug_format_suffix = {{(pid=%(process)d) %(funcName)s %(pathname)s:%(lineno)d}} {{(pid=101921) log_opt_values /opt/stack/data/venv/lib/python3.12/site-packages/oslo_config/cfg.py:3245}}
Jun 11 19:14:58.395836 np0000002663 devstack@g-api.service[101921]: DEBUG glance.common.config [None req-f5391613-8256-4a22-8052-2e679953526a None None] logging_default_format_string = %(color)s%(levelname)s %(name)s [-%(color)s] %(instance)s%(color)s%(message)s {{(pid=101921) log_opt_values /opt/stack/data/venv/lib/python3.12/site-packages/oslo_config/cfg.py:3245}}
Jun 11 19:14:58.395922 np0000002663 devstack@g-api.service[101921]: DEBUG glance.common.config [None req-f5391613-8256-4a22-8052-2e679953526a None None] logging_exception_prefix = ERROR %(name)s %(instance)s {{(pid=101921) log_opt_values /opt/stack/data/venv/lib/python3.12/site-packages/oslo_config/cfg.py:3245}}
Jun 11 19:14:58.395980 np0000002663 devstack@g-api.service[101921]: DEBUG glance.common.config [None req-f5391613-8256-4a22-8052-2e679953526a None None] logging_user_identity_format = %(user)s %(project)s %(domain)s %(system_scope)s %(user_domain)s %(project_domain)s {{(pid=101921) log_opt_values /opt/stack/data/venv/lib/python3.12/site-packages/oslo_config/cfg.py:3245}}
Jun 11 19:14:58.396066 np0000002663 devstack@g-api.service[101921]: DEBUG glance.common.config [None req-f5391613-8256-4a22-8052-2e679953526a None None] max_header_line = 16384 {{(pid=101921) log_opt_values /opt/stack/data/venv/lib/python3.12/site-packages/oslo_config/cfg.py:3245}}
Jun 11 19:14:58.396148 np0000002663 devstack@g-api.service[101921]: DEBUG glance.common.config [None req-f5391613-8256-4a22-8052-2e679953526a None None] max_logfile_count = 30 {{(pid=101921) log_opt_values /opt/stack/data/venv/lib/python3.12/site-packages/oslo_config/cfg.py:3245}}
Jun 11 19:14:58.396218 np0000002663 devstack@g-api.service[101921]: DEBUG glance.common.config [None req-f5391613-8256-4a22-8052-2e679953526a None None] max_logfile_size_mb = 200 {{(pid=101921) log_opt_values /opt/stack/data/venv/lib/python3.12/site-packages/oslo_config/cfg.py:3245}}
Jun 11 19:14:58.396368 np0000002663 devstack@g-api.service[101921]: DEBUG glance.common.config [None req-f5391613-8256-4a22-8052-2e679953526a None None] max_request_id_length = 64 {{(pid=101921) log_opt_values /opt/stack/data/venv/lib/python3.12/site-packages/oslo_config/cfg.py:3245}}
Jun 11 19:14:58.396406 np0000002663 devstack@g-api.service[101921]: DEBUG glance.common.config [None req-f5391613-8256-4a22-8052-2e679953526a None None] metadata_encryption_key = **** {{(pid=101921) log_opt_values /opt/stack/data/venv/lib/python3.12/site-packages/oslo_config/cfg.py:3245}}
Jun 11 19:14:58.396470 np0000002663 devstack@g-api.service[101921]: DEBUG glance.common.config [None req-f5391613-8256-4a22-8052-2e679953526a None None] node_staging_uri = file:///tmp/staging/ {{(pid=101921) log_opt_values /opt/stack/data/venv/lib/python3.12/site-packages/oslo_config/cfg.py:3245}}
Jun 11 19:14:58.396611 np0000002663 devstack@g-api.service[101921]: DEBUG glance.common.config [None req-f5391613-8256-4a22-8052-2e679953526a None None] property_protection_file = None {{(pid=101921) log_opt_values /opt/stack/data/venv/lib/python3.12/site-packages/oslo_config/cfg.py:3245}}
Jun 11 19:14:58.396703 np0000002663 devstack@g-api.service[101921]: DEBUG glance.common.config [None req-f5391613-8256-4a22-8052-2e679953526a None None] property_protection_rule_format = roles {{(pid=101921) log_opt_values /opt/stack/data/venv/lib/python3.12/site-packages/oslo_config/cfg.py:3245}}
Jun 11 19:14:58.396797 np0000002663 devstack@g-api.service[101921]: DEBUG glance.common.config [None req-f5391613-8256-4a22-8052-2e679953526a None None] public_endpoint = https://10.4.3.141/image {{(pid=101921) log_opt_values /opt/stack/data/venv/lib/python3.12/site-packages/oslo_config/cfg.py:3245}}
Jun 11 19:14:58.396881 np0000002663 devstack@g-api.service[101921]: DEBUG glance.common.config [None req-f5391613-8256-4a22-8052-2e679953526a None None] publish_errors = False {{(pid=101921) log_opt_values /opt/stack/data/venv/lib/python3.12/site-packages/oslo_config/cfg.py:3245}}
Jun 11 19:14:58.396957 np0000002663 devstack@g-api.service[101921]: DEBUG glance.common.config [None req-f5391613-8256-4a22-8052-2e679953526a None None] pydev_worker_debug_host = None {{(pid=101921) log_opt_values /opt/stack/data/venv/lib/python3.12/site-packages/oslo_config/cfg.py:3245}}
Jun 11 19:14:58.396985 np0000002663 devstack@g-api.service[101922]: DEBUG glance.image_cache.drivers.centralized_db [None req-73abd86d-0e0f-425d-9bf4-9bcf0ffa3914 None None] Node reference is already recorded, ignoring it {{(pid=101922) configure /opt/stack/glance/glance/image_cache/drivers/centralized_db.py:71}}
Jun 11 19:14:58.397036 np0000002663 devstack@g-api.service[101921]: DEBUG glance.common.config [None req-f5391613-8256-4a22-8052-2e679953526a None None] pydev_worker_debug_port = 5678 {{(pid=101921) log_opt_values /opt/stack/data/venv/lib/python3.12/site-packages/oslo_config/cfg.py:3245}}
Jun 11 19:14:58.397113 np0000002663 devstack@g-api.service[101921]: DEBUG glance.common.config [None req-f5391613-8256-4a22-8052-2e679953526a None None] rate_limit_burst = 0 {{(pid=101921) log_opt_values /opt/stack/data/venv/lib/python3.12/site-packages/oslo_config/cfg.py:3245}}
Jun 11 19:14:58.397196 np0000002663 devstack@g-api.service[101921]: DEBUG glance.common.config [None req-f5391613-8256-4a22-8052-2e679953526a None None] rate_limit_except_level = CRITICAL {{(pid=101921) log_opt_values /opt/stack/data/venv/lib/python3.12/site-packages/oslo_config/cfg.py:3245}}
Jun 11 19:14:58.397271 np0000002663 devstack@g-api.service[101921]: DEBUG glance.common.config [None req-f5391613-8256-4a22-8052-2e679953526a None None] rate_limit_interval = 0 {{(pid=101921) log_opt_values /opt/stack/data/venv/lib/python3.12/site-packages/oslo_config/cfg.py:3245}}
Jun 11 19:14:58.397358 np0000002663 devstack@g-api.service[101921]: DEBUG glance.common.config [None req-f5391613-8256-4a22-8052-2e679953526a None None] scrub_pool_size = 1 {{(pid=101921) log_opt_values /opt/stack/data/venv/lib/python3.12/site-packages/oslo_config/cfg.py:3245}}
Jun 11 19:14:58.397442 np0000002663 devstack@g-api.service[101921]: DEBUG glance.common.config [None req-f5391613-8256-4a22-8052-2e679953526a None None] scrub_time = 0 {{(pid=101921) log_opt_values /opt/stack/data/venv/lib/python3.12/site-packages/oslo_config/cfg.py:3245}}
Jun 11 19:14:58.397517 np0000002663 devstack@g-api.service[101921]: DEBUG glance.common.config [None req-f5391613-8256-4a22-8052-2e679953526a None None] shell_completion = None {{(pid=101921) log_opt_values /opt/stack/data/venv/lib/python3.12/site-packages/oslo_config/cfg.py:3245}}
Jun 11 19:14:58.397601 np0000002663 devstack@g-api.service[101921]: DEBUG glance.common.config [None req-f5391613-8256-4a22-8052-2e679953526a None None] show_image_direct_url = False {{(pid=101921) log_opt_values /opt/stack/data/venv/lib/python3.12/site-packages/oslo_config/cfg.py:3245}}
Jun 11 19:14:58.397806 np0000002663 devstack@g-api.service[101921]: WARNING oslo_config.cfg [None req-f5391613-8256-4a22-8052-2e679953526a None None] Deprecated: Option "show_multiple_locations" from group "DEFAULT" is deprecated for removal (Use of this option, deprecated since Newton, is a security risk and will be removed once we figure out a way to satisfy those use cases that currently require it. An earlier announcement that the same functionality can be achieved with greater granularity by using policies is incorrect. You cannot work around this option via policy configuration at the present time, though that is the direction we believe the fix will take. Please keep an eye on the Glance release notes to stay up to date on progress in addressing this issue.). Its value may be silently ignored in the future.
Jun 11 19:14:58.397905 np0000002663 devstack@g-api.service[101921]: DEBUG glance.common.config [None req-f5391613-8256-4a22-8052-2e679953526a None None] show_multiple_locations = False {{(pid=101921) log_opt_values /opt/stack/data/venv/lib/python3.12/site-packages/oslo_config/cfg.py:3245}}
Jun 11 19:14:58.397994 np0000002663 devstack@g-api.service[101921]: DEBUG glance.common.config [None req-f5391613-8256-4a22-8052-2e679953526a None None] syslog_log_facility = LOG_USER {{(pid=101921) log_opt_values /opt/stack/data/venv/lib/python3.12/site-packages/oslo_config/cfg.py:3245}}
Jun 11 19:14:58.398073 np0000002663 devstack@g-api.service[101921]: DEBUG glance.common.config [None req-f5391613-8256-4a22-8052-2e679953526a None None] tcp_keepidle = 600 {{(pid=101921) log_opt_values /opt/stack/data/venv/lib/python3.12/site-packages/oslo_config/cfg.py:3245}}
Jun 11 19:14:58.398158 np0000002663 devstack@g-api.service[101921]: DEBUG glance.common.config [None req-f5391613-8256-4a22-8052-2e679953526a None None] transport_url = **** {{(pid=101921) log_opt_values /opt/stack/data/venv/lib/python3.12/site-packages/oslo_config/cfg.py:3245}}
Jun 11 19:14:58.398241 np0000002663 devstack@g-api.service[101921]: DEBUG glance.common.config [None req-f5391613-8256-4a22-8052-2e679953526a None None] use_journal = False {{(pid=101921) log_opt_values /opt/stack/data/venv/lib/python3.12/site-packages/oslo_config/cfg.py:3245}}
Jun 11 19:14:58.398319 np0000002663 devstack@g-api.service[101921]: DEBUG glance.common.config [None req-f5391613-8256-4a22-8052-2e679953526a None None] use_json = False {{(pid=101921) log_opt_values /opt/stack/data/venv/lib/python3.12/site-packages/oslo_config/cfg.py:3245}}
Jun 11 19:14:58.398421 np0000002663 devstack@g-api.service[101921]: DEBUG glance.common.config [None req-f5391613-8256-4a22-8052-2e679953526a None None] use_keystone_limits = True {{(pid=101921) log_opt_values /opt/stack/data/venv/lib/python3.12/site-packages/oslo_config/cfg.py:3245}}
Jun 11 19:14:58.398503 np0000002663 devstack@g-api.service[101921]: DEBUG glance.common.config [None req-f5391613-8256-4a22-8052-2e679953526a None None] use_stderr = False {{(pid=101921) log_opt_values /opt/stack/data/venv/lib/python3.12/site-packages/oslo_config/cfg.py:3245}}
Jun 11 19:14:58.398585 np0000002663 devstack@g-api.service[101921]: DEBUG glance.common.config [None req-f5391613-8256-4a22-8052-2e679953526a None None] use_syslog = False {{(pid=101921) log_opt_values /opt/stack/data/venv/lib/python3.12/site-packages/oslo_config/cfg.py:3245}}
Jun 11 19:14:58.398709 np0000002663 devstack@g-api.service[101921]: DEBUG glance.common.config [None req-f5391613-8256-4a22-8052-2e679953526a None None] user_storage_quota = 0 {{(pid=101921) log_opt_values /opt/stack/data/venv/lib/python3.12/site-packages/oslo_config/cfg.py:3245}}
Jun 11 19:14:58.398810 np0000002663 devstack@g-api.service[101921]: DEBUG glance.common.config [None req-f5391613-8256-4a22-8052-2e679953526a None None] worker_self_reference_url = http://127.0.0.1:60999 {{(pid=101921) log_opt_values /opt/stack/data/venv/lib/python3.12/site-packages/oslo_config/cfg.py:3245}}
Jun 11 19:14:58.398881 np0000002663 devstack@g-api.service[101921]: DEBUG glance.common.config [None req-f5391613-8256-4a22-8052-2e679953526a None None] workers = None {{(pid=101921) log_opt_values /opt/stack/data/venv/lib/python3.12/site-packages/oslo_config/cfg.py:3245}}
Jun 11 19:14:58.398976 np0000002663 devstack@g-api.service[101921]: DEBUG glance.common.config [None req-f5391613-8256-4a22-8052-2e679953526a None None] oslo_concurrency.disable_process_locking = False {{(pid=101921) log_opt_values /opt/stack/data/venv/lib/python3.12/site-packages/oslo_config/cfg.py:3256}}
Jun 11 19:14:58.399067 np0000002663 devstack@g-api.service[101921]: DEBUG glance.common.config [None req-f5391613-8256-4a22-8052-2e679953526a None None] oslo_concurrency.lock_path = /opt/stack/data/glance/locks {{(pid=101921) log_opt_values /opt/stack/data/venv/lib/python3.12/site-packages/oslo_config/cfg.py:3256}}
Jun 11 19:14:58.399158 np0000002663 devstack@g-api.service[101921]: DEBUG glance.common.config [None req-f5391613-8256-4a22-8052-2e679953526a None None] oslo_middleware.enable_proxy_headers_parsing = False {{(pid=101921) log_opt_values /opt/stack/data/venv/lib/python3.12/site-packages/oslo_config/cfg.py:3256}}
Jun 11 19:14:58.399245 np0000002663 devstack@g-api.service[101921]: DEBUG glance.common.config [None req-f5391613-8256-4a22-8052-2e679953526a None None] oslo_middleware.http_basic_auth_user_file = /etc/htpasswd {{(pid=101921) log_opt_values /opt/stack/data/venv/lib/python3.12/site-packages/oslo_config/cfg.py:3256}}
Jun 11 19:14:58.399331 np0000002663 devstack@g-api.service[101921]: DEBUG glance.common.config [None req-f5391613-8256-4a22-8052-2e679953526a None None] paste_deploy.config_file = None {{(pid=101921) log_opt_values /opt/stack/data/venv/lib/python3.12/site-packages/oslo_config/cfg.py:3256}}
Jun 11 19:14:58.399431 np0000002663 devstack@g-api.service[101921]: DEBUG glance.common.config [None req-f5391613-8256-4a22-8052-2e679953526a None None] paste_deploy.flavor = keystone+cachemanagement {{(pid=101921) log_opt_values /opt/stack/data/venv/lib/python3.12/site-packages/oslo_config/cfg.py:3256}}
Jun 11 19:14:58.399550 np0000002663 devstack@g-api.service[101921]: DEBUG glance.common.config [None req-f5391613-8256-4a22-8052-2e679953526a None None] image_format.container_formats = ['ami', 'ari', 'aki', 'bare', 'ovf', 'ova', 'docker', 'compressed'] {{(pid=101921) log_opt_values /opt/stack/data/venv/lib/python3.12/site-packages/oslo_config/cfg.py:3256}}
Jun 11 19:14:58.399686 np0000002663 devstack@g-api.service[101921]: DEBUG glance.common.config [None req-f5391613-8256-4a22-8052-2e679953526a None None] image_format.disk_formats = ['ami', 'ari', 'aki', 'vhd', 'vhdx', 'vmdk', 'raw', 'qcow2', 'vdi', 'iso', 'ploop'] {{(pid=101921) log_opt_values /opt/stack/data/venv/lib/python3.12/site-packages/oslo_config/cfg.py:3256}}
Jun 11 19:14:58.399776 np0000002663 devstack@g-api.service[101921]: DEBUG glance.common.config [None req-f5391613-8256-4a22-8052-2e679953526a None None] image_format.gpt_safety_checks_nonfatal = [] {{(pid=101921) log_opt_values /opt/stack/data/venv/lib/python3.12/site-packages/oslo_config/cfg.py:3256}}
Jun 11 19:14:58.399865 np0000002663 devstack@g-api.service[101921]: DEBUG glance.common.config [None req-f5391613-8256-4a22-8052-2e679953526a None None] image_format.require_image_format_match = True {{(pid=101921) log_opt_values /opt/stack/data/venv/lib/python3.12/site-packages/oslo_config/cfg.py:3256}}
Jun 11 19:14:58.399994 np0000002663 devstack@g-api.service[101921]: DEBUG glance.common.config [None req-f5391613-8256-4a22-8052-2e679953526a None None] image_format.vmdk_allowed_types = ['streamOptimized', 'monolithicSparse'] {{(pid=101921) log_opt_values /opt/stack/data/venv/lib/python3.12/site-packages/oslo_config/cfg.py:3256}}
Jun 11 19:14:58.400101 np0000002663 devstack@g-api.service[101921]: DEBUG glance.common.config [None req-f5391613-8256-4a22-8052-2e679953526a None None] task.task_executor = taskflow {{(pid=101921) log_opt_values /opt/stack/data/venv/lib/python3.12/site-packages/oslo_config/cfg.py:3256}}
Jun 11 19:14:58.400188 np0000002663 devstack@g-api.service[101921]: DEBUG glance.common.config [None req-f5391613-8256-4a22-8052-2e679953526a None None] task.task_time_to_live = 48 {{(pid=101921) log_opt_values /opt/stack/data/venv/lib/python3.12/site-packages/oslo_config/cfg.py:3256}}
