Jun 11 19:14:22.083293 np0000002663 devstack@neutron-api.service[89882]: DEBUG neutron.plugins.ml2.drivers.type_flat [None req-15770f61-c4c9-4502-a1f1-5194029b4583 admin admin] Reserving flat network on physical network public {{(pid=89882) reserve_provider_segment /opt/stack/neutron/neutron/plugins/ml2/drivers/type_flat.py:100}}
Jun 11 19:14:22.096375 np0000002663 devstack@neutron-api.service[89882]: DEBUG neutron_lib.callbacks.manager [None req-15770f61-c4c9-4502-a1f1-5194029b4583 admin admin] Publish callbacks ['neutron.services.segments.db._add_segment_host_mapping_for_segment-8435853733478', 'neutron.plugins.ml2.plugin.Ml2Plugin._handle_segment_change-212200'] for segment (ec9aff94-cf5b-4eca-a89f-a22bb0f8d5db), precommit_create {{(pid=89882) _notify_loop /opt/stack/data/venv/lib/python3.12/site-packages/neutron_lib/callbacks/manager.py:184}}
Jun 11 19:14:22.096622 np0000002663 devstack@neutron-api.service[89882]: DEBUG neutron_lib.callbacks.manager [None req-15770f61-c4c9-4502-a1f1-5194029b4583 admin admin] Unsubscribe: segment precommit_create {{(pid=89882) unsubscribe /opt/stack/data/venv/lib/python3.12/site-packages/neutron_lib/callbacks/manager.py:90}}
Jun 11 19:14:22.096832 np0000002663 devstack@neutron-api.service[89882]: INFO neutron.db.segments_db [None req-15770f61-c4c9-4502-a1f1-5194029b4583 admin admin] Added segment ec9aff94-cf5b-4eca-a89f-a22bb0f8d5db of type flat for network ee84d0ea-d98a-44b6-96d7-6fc69a8eb28e
Jun 11 19:14:22.137669 np0000002663 devstack@neutron-api.service[89882]: DEBUG neutron_lib.callbacks.manager [None req-15770f61-c4c9-4502-a1f1-5194029b4583 admin admin] Publish callbacks ['neutron.services.auto_allocate.db._ensure_external_network_default_value_callback-8435852381418'] for network (ee84d0ea-d98a-44b6-96d7-6fc69a8eb28e), precommit_create {{(pid=89882) _notify_loop /opt/stack/data/venv/lib/python3.12/site-packages/neutron_lib/callbacks/manager.py:184}}
Jun 11 19:14:22.160391 np0000002663 devstack@neutron-api.service[89882]: DEBUG neutron.plugins.ml2.drivers.ovn.mech_driver.mech_driver [None req-15770f61-c4c9-4502-a1f1-5194029b4583 admin admin] Validating network segment with type flat, segmentation ID None, physical network public {{(pid=89882) _validate_network_segments /opt/stack/neutron/neutron/plugins/ml2/drivers/ovn/mech_driver/mech_driver.py:643}}
Jun 11 19:14:22.160520 np0000002663 devstack@neutron-api.service[89882]: DEBUG neutron.db.ovn_revision_numbers_db [None req-15770f61-c4c9-4502-a1f1-5194029b4583 admin admin] create_initial_revision uuid=ee84d0ea-d98a-44b6-96d7-6fc69a8eb28e, type=networks, rev=-1 {{(pid=89882) create_initial_revision /opt/stack/neutron/neutron/db/ovn_revision_numbers_db.py:98}}
Jun 11 19:14:22.195612 np0000002663 devstack@neutron-api.service[89882]: DEBUG neutron_lib.callbacks.manager [None req-15770f61-c4c9-4502-a1f1-5194029b4583 admin admin] Publish callbacks ['neutron.plugins.ml2.ovo_rpc._ObjectChangeHandler.handle_event-1072069163'] for network (ee84d0ea-d98a-44b6-96d7-6fc69a8eb28e), after_create {{(pid=89882) _notify_loop /opt/stack/data/venv/lib/python3.12/site-packages/neutron_lib/callbacks/manager.py:184}}
Jun 11 19:14:22.242600 np0000002663 devstack@neutron-api.service[89882]: DEBUG neutron.api.rpc.handlers.resources_rpc [None req-15770f61-c4c9-4502-a1f1-5194029b4583 admin admin] Pushing event updated for resources: {'Network': ['ID=ee84d0ea-d98a-44b6-96d7-6fc69a8eb28e,revision_number=1']} {{(pid=89882) push /opt/stack/neutron/neutron/api/rpc/handlers/resources_rpc.py:237}}
Jun 11 19:14:22.248862 np0000002663 devstack@neutron-api.service[89882]: DEBUG neutron.api.rpc.callbacks.version_manager [None req-15770f61-c4c9-4502-a1f1-5194029b4583 admin admin] Tracked resource versions report:
Jun 11 19:14:22.248862 np0000002663 devstack@neutron-api.service[89882]: pushed versions:
Jun 11 19:14:22.248862 np0000002663 devstack@neutron-api.service[89882]: { 'AddressGroup': {'1.2'},
Jun 11 19:14:22.248862 np0000002663 devstack@neutron-api.service[89882]: 'Agent': {'1.1'},
Jun 11 19:14:22.248862 np0000002663 devstack@neutron-api.service[89882]: 'ConntrackHelper': {'1.0'},
Jun 11 19:14:22.248862 np0000002663 devstack@neutron-api.service[89882]: 'LocalIPAssociation': {'1.0'},
Jun 11 19:14:22.248862 np0000002663 devstack@neutron-api.service[89882]: 'Log': {'1.0'},
Jun 11 19:14:22.248862 np0000002663 devstack@neutron-api.service[89882]: 'NDPProxy': {'1.0'},
Jun 11 19:14:22.248862 np0000002663 devstack@neutron-api.service[89882]: 'Network': {'1.3'},
Jun 11 19:14:22.248862 np0000002663 devstack@neutron-api.service[89882]: 'Port': {'1.11'},
Jun 11 19:14:22.248862 np0000002663 devstack@neutron-api.service[89882]: 'PortForwarding': {'1.3'},
Jun 11 19:14:22.248862 np0000002663 devstack@neutron-api.service[89882]: 'QosPolicy': {'1.10'},
Jun 11 19:14:22.248862 np0000002663 devstack@neutron-api.service[89882]: 'SecurityGroup': {'1.6'},
Jun 11 19:14:22.248862 np0000002663 devstack@neutron-api.service[89882]: 'SecurityGroupRule': {'1.3'},
Jun 11 19:14:22.248862 np0000002663 devstack@neutron-api.service[89882]: 'SubPort': {'1.0'},
Jun 11 19:14:22.248862 np0000002663 devstack@neutron-api.service[89882]: 'Subnet': {'1.2'},
Jun 11 19:14:22.248862 np0000002663 devstack@neutron-api.service[89882]: 'Trunk': {'1.1'}}
Jun 11 19:14:22.248862 np0000002663 devstack@neutron-api.service[89882]: consumer versions:
Jun 11 19:14:22.248862 np0000002663 devstack@neutron-api.service[89882]: { OVN Controller Gateway agent@np0000002663: {},
Jun 11 19:14:22.248862 np0000002663 devstack@neutron-api.service[89882]: OVN Neutron agent@np0000002663: {}}
Jun 11 19:14:22.248862 np0000002663 devstack@neutron-api.service[89882]: {{(pid=89882) report /opt/stack/neutron/neutron/api/rpc/callbacks/version_manager.py:183}}
Jun 11 19:14:22.266516 np0000002663 devstack@neutron-api.service[89882]: DEBUG ovsdbapp.backend.ovs_idl.transaction [-] Running txn n=1 command(idx=0): AddNetworkCommand(_result=None, network_uuid=ee84d0ea-d98a-44b6-96d7-6fc69a8eb28e, may_exist=True, columns={'external_ids': {'neutron:network_name': 'public', 'neutron:mtu': '1430', 'neutron:revision_number': '1', 'neutron:availability_zone_hints': '', 'neutron:provnet-network-type': 'flat', 'neutron:provnet-physical-network': 'public'}, 'other_config': {'mcast_snoop': 'false', 'mcast_flood_unregistered': 'false', 'vlan-passthru': 'false', 'fdb_age_threshold': '300', 'broadcast-arps-to-all-routers': 'true'}}) {{(pid=89882) do_commit /opt/stack/data/venv/lib/python3.12/site-packages/ovsdbapp/backend/ovs_idl/transaction.py:89}}
Jun 11 19:14:22.266921 np0000002663 devstack@neutron-api.service[89882]: DEBUG neutron.common.ovn.utils [-] OVS persist_uuid supported=True {{(pid=89882) ovs_persist_uuid_supported /opt/stack/neutron/neutron/common/ovn/utils.py:1544}}
Jun 11 19:14:22.267205 np0000002663 devstack@neutron-api.service[89882]: DEBUG ovsdbapp.backend.ovs_idl.transaction [-] Running txn n=1 command(idx=1): AddLSwitchPortCommand(_result=None, lport=provnet-ec9aff94-cf5b-4eca-a89f-a22bb0f8d5db, lswitch=neutron-ee84d0ea-d98a-44b6-96d7-6fc69a8eb28e, may_exist=True, network_uuid=ee84d0ea-d98a-44b6-96d7-6fc69a8eb28e, columns={'addresses': ['unknown'], 'external_ids': {'neutron:provnet-physical-network': 'public'}, 'type': 'localnet', 'tag_request': None, 'options': {'network_name': 'public', 'mcast_flood_reports': 'true', 'mcast_flood': 'false', 'localnet_learn_fdb': 'false'}}) {{(pid=89882) do_commit /opt/stack/data/venv/lib/python3.12/site-packages/ovsdbapp/backend/ovs_idl/transaction.py:89}}
Jun 11 19:14:22.267599 np0000002663 devstack@neutron-api.service[89882]: ERROR ovsdbapp.backend.ovs_idl.vlog [-] attempting to write bad value to column tag_request (ovsdb error: expected integer, got ): ovs.db.error.Error: ovsdb error: expected integer, got
Jun 11 19:14:22.292171 np0000002663 devstack@neutron-api.service[89882]: DEBUG neutron.plugins.ml2.drivers.ovn.mech_driver.ovsdb.ovsdb_monitor [-] Hash Ring: Node b565ff716fac56aabadc55240ceb19aa (host: np0000002663) handling event "create" for row fa9d4486-8588-48d6-99a4-799c3d0ff54d (table: Logical_Switch_Port) {{(pid=89882) notify /opt/stack/neutron/neutron/plugins/ml2/drivers/ovn/mech_driver/ovsdb/ovsdb_monitor.py:1015}}
Jun 11 19:14:22.292475 np0000002663 devstack@neutron-api.service[89881]: DEBUG neutron.plugins.ml2.drivers.ovn.mech_driver.ovsdb.ovsdb_monitor [-] Hash Ring: Node ace89ce9b86e5360ae04601121efcd72 (host: np0000002663) handling event "create" for row ee84d0ea-d98a-44b6-96d7-6fc69a8eb28e (table: Logical_Switch) {{(pid=89881) notify /opt/stack/neutron/neutron/plugins/ml2/drivers/ovn/mech_driver/ovsdb/ovsdb_monitor.py:1015}}
Jun 11 19:14:22.292545 np0000002663 devstack@neutron-api.service[89880]: DEBUG neutron.plugins.ml2.drivers.ovn.mech_driver.ovsdb.ovsdb_monitor [-] Hash Ring: Node cb5ce6fb1be15fc785b502e8527d06f2 (host: np0000002663) handling event "create" for row ee84d0ea-d98a-44b6-96d7-6fc69a8eb28e (table: Logical_Switch) {{(pid=89880) notify /opt/stack/neutron/neutron/plugins/ml2/drivers/ovn/mech_driver/ovsdb/ovsdb_monitor.py:1015}}
Jun 11 19:14:22.292661 np0000002663 devstack@neutron-api.service[89881]: DEBUG neutron.plugins.ml2.drivers.ovn.mech_driver.ovsdb.ovsdb_monitor [-] Hash Ring: Node ace89ce9b86e5360ae04601121efcd72 (host: np0000002663) handling event "create" for row fa9d4486-8588-48d6-99a4-799c3d0ff54d (table: Logical_Switch_Port) {{(pid=89881) notify /opt/stack/neutron/neutron/plugins/ml2/drivers/ovn/mech_driver/ovsdb/ovsdb_monitor.py:1015}}
Jun 11 19:14:22.292704 np0000002663 devstack@neutron-api.service[89880]: DEBUG neutron.plugins.ml2.drivers.ovn.mech_driver.ovsdb.ovsdb_monitor [-] Hash Ring: Node cb5ce6fb1be15fc785b502e8527d06f2 (host: np0000002663) handling event "create" for row fa9d4486-8588-48d6-99a4-799c3d0ff54d (table: Logical_Switch_Port) {{(pid=89880) notify /opt/stack/neutron/neutron/plugins/ml2/drivers/ovn/mech_driver/ovsdb/ovsdb_monitor.py:1015}}
Jun 11 19:14:22.292811 np0000002663 devstack@neutron-api.service[89882]: DEBUG neutron.plugins.ml2.drivers.ovn.mech_driver.ovsdb.ovsdb_monitor [-] Hash Ring: Node b565ff716fac56aabadc55240ceb19aa (host: np0000002663) handling event "update" for row fa9d4486-8588-48d6-99a4-799c3d0ff54d (table: Logical_Switch_Port) {{(pid=89882) notify /opt/stack/neutron/neutron/plugins/ml2/drivers/ovn/mech_driver/ovsdb/ovsdb_monitor.py:1015}}
Jun 11 19:14:22.293225 np0000002663 devstack@neutron-api.service[89881]: DEBUG neutron.plugins.ml2.drivers.ovn.mech_driver.ovsdb.ovsdb_monitor [-] Hash Ring: Node ace89ce9b86e5360ae04601121efcd72 (host: np0000002663) handling event "update" for row fa9d4486-8588-48d6-99a4-799c3d0ff54d (table: Logical_Switch_Port) {{(pid=89881) notify /opt/stack/neutron/neutron/plugins/ml2/drivers/ovn/mech_driver/ovsdb/ovsdb_monitor.py:1015}}
Jun 11 19:14:22.293270 np0000002663 devstack@neutron-api.service[89880]: DEBUG neutron.plugins.ml2.drivers.ovn.mech_driver.ovsdb.ovsdb_monitor [-] Hash Ring: Node cb5ce6fb1be15fc785b502e8527d06f2 (host: np0000002663) handling event "update" for row fa9d4486-8588-48d6-99a4-799c3d0ff54d (table: Logical_Switch_Port) {{(pid=89880) notify /opt/stack/neutron/neutron/plugins/ml2/drivers/ovn/mech_driver/ovsdb/ovsdb_monitor.py:1015}}
Jun 11 19:14:22.296828 np0000002663 devstack@neutron-api.service[89881]: DEBUG neutron.plugins.ml2.drivers.ovn.mech_driver.ovsdb.ovsdb_monitor [-] Hash Ring: Node ace89ce9b86e5360ae04601121efcd72 (host: np0000002663) handling event "create" for row 2268ef67-fd31-4ae5-8621-b7c1da714542 (table: Datapath_Binding) {{(pid=89881) notify /opt/stack/neutron/neutron/plugins/ml2/drivers/ovn/mech_driver/ovsdb/ovsdb_monitor.py:1015}}
Jun 11 19:14:22.297055 np0000002663 devstack@neutron-api.service[89881]: DEBUG neutron.plugins.ml2.drivers.ovn.mech_driver.ovsdb.ovsdb_monitor [-] Hash Ring: Node ace89ce9b86e5360ae04601121efcd72 (host: np0000002663) handling event "create" for row 55d187f0-db59-46ef-9024-900e30522da1 (table: Port_Binding) {{(pid=89881) notify /opt/stack/neutron/neutron/plugins/ml2/drivers/ovn/mech_driver/ovsdb/ovsdb_monitor.py:1015}}
Jun 11 19:14:22.298203 np0000002663 devstack@neutron-api.service[89880]: DEBUG neutron.plugins.ml2.drivers.ovn.mech_driver.ovsdb.ovsdb_monitor [-] Hash Ring: Node cb5ce6fb1be15fc785b502e8527d06f2 (host: np0000002663) handling event "create" for row 55d187f0-db59-46ef-9024-900e30522da1 (table: Port_Binding) {{(pid=89880) notify /opt/stack/neutron/neutron/plugins/ml2/drivers/ovn/mech_driver/ovsdb/ovsdb_monitor.py:1015}}
Jun 11 19:14:22.307890 np0000002663 devstack@neutron-api.service[89882]: DEBUG neutron.plugins.ml2.drivers.ovn.mech_driver.ovsdb.ovsdb_monitor [-] Hash Ring: Node b565ff716fac56aabadc55240ceb19aa (host: np0000002663) handling event "create" for row 2268ef67-fd31-4ae5-8621-b7c1da714542 (table: Datapath_Binding) {{(pid=89882) notify /opt/stack/neutron/neutron/plugins/ml2/drivers/ovn/mech_driver/ovsdb/ovsdb_monitor.py:1015}}
Jun 11 19:14:22.325518 np0000002663 devstack@neutron-api.service[89882]: INFO neutron.db.ovn_revision_numbers_db [None req-15770f61-c4c9-4502-a1f1-5194029b4583 admin admin] Successfully bumped revision number for resource ee84d0ea-d98a-44b6-96d7-6fc69a8eb28e (type: networks) to 1
Jun 11 19:14:22.365488 np0000002663 devstack@neutron-api.service[89882]: DEBUG neutron_lib.callbacks.manager [None req-15770f61-c4c9-4502-a1f1-5194029b4583 admin admin] Publish callbacks ['neutron.plugins.ml2.plugin.SecurityGroupDbMixin._ensure_default_security_group_handler-2066890'] for port (None), before_create {{(pid=89882) _notify_loop /opt/stack/data/venv/lib/python3.12/site-packages/neutron_lib/callbacks/manager.py:184}}
Jun 11 19:14:22.643326 np0000002663 devstack@neutron-api.service[89882]: DEBUG neutron_lib.callbacks.manager [None req-15770f61-c4c9-4502-a1f1-5194029b4583 admin admin] Publish callbacks ['neutron.plugins.ml2.drivers.ovn.mech_driver.mech_driver.OVNMechanismDriver._validate_allowed_address_pairs-2681235'] for allowed_address_pair (06e2815e-d986-4047-8a45-8344e932d967), before_create {{(pid=89882) _notify_loop /opt/stack/data/venv/lib/python3.12/site-packages/neutron_lib/callbacks/manager.py:184}}
Jun 11 19:14:22.643807 np0000002663 devstack@neutron-api.service[89882]: DEBUG neutron_lib.callbacks.manager [None req-15770f61-c4c9-4502-a1f1-5194029b4583 admin admin] Publish callbacks [] for port (06e2815e-d986-4047-8a45-8344e932d967), precommit_create {{(pid=89882) _notify_loop /opt/stack/data/venv/lib/python3.12/site-packages/neutron_lib/callbacks/manager.py:184}}
Jun 11 19:14:22.643988 np0000002663 devstack@neutron-api.service[89882]: DEBUG neutron.plugins.ml2.drivers.ovn.mech_driver.mech_driver [None req-15770f61-c4c9-4502-a1f1-5194029b4583 admin admin] No provisioning block for port 06e2815e-d986-4047-8a45-8344e932d967 since it does not have a host {{(pid=89882) _is_port_provisioning_required /opt/stack/neutron/neutron/plugins/ml2/drivers/ovn/mech_driver/mech_driver.py:896}}
Jun 11 19:14:22.644091 np0000002663 devstack@neutron-api.service[89882]: DEBUG neutron.db.ovn_revision_numbers_db [None req-15770f61-c4c9-4502-a1f1-5194029b4583 admin admin] create_initial_revision uuid=06e2815e-d986-4047-8a45-8344e932d967, type=ports, rev=-1 {{(pid=89882) create_initial_revision /opt/stack/neutron/neutron/db/ovn_revision_numbers_db.py:98}}
Jun 11 19:14:22.685178 np0000002663 devstack@neutron-api.service[89882]: DEBUG neutron_lib.callbacks.manager [None req-15770f61-c4c9-4502-a1f1-5194029b4583 admin admin] Publish callbacks ['neutron.plugins.ml2.ovo_rpc._ObjectChangeHandler.handle_event-1072069159'] for port (06e2815e-d986-4047-8a45-8344e932d967), after_create {{(pid=89882) _notify_loop /opt/stack/data/venv/lib/python3.12/site-packages/neutron_lib/callbacks/manager.py:184}}
Jun 11 19:14:22.728345 np0000002663 devstack@neutron-api.service[89882]: DEBUG neutron.api.rpc.handlers.resources_rpc [None req-15770f61-c4c9-4502-a1f1-5194029b4583 admin admin] Pushing event updated for resources: {'Port': ['ID=06e2815e-d986-4047-8a45-8344e932d967,revision_number=1']} {{(pid=89882) push /opt/stack/neutron/neutron/api/rpc/handlers/resources_rpc.py:237}}
Jun 11 19:14:22.756060 np0000002663 devstack@neutron-api.service[89882]: DEBUG neutron.plugins.ml2.drivers.ovn.mech_driver.ovsdb.commands [None req-15770f61-c4c9-4502-a1f1-5194029b4583 admin admin] Converting tag [] to a tag_request {{(pid=89882) _tag_column_to_tag_request /opt/stack/neutron/neutron/plugins/ml2/drivers/ovn/mech_driver/ovsdb/commands.py:205}}
Jun 11 19:14:22.756781 np0000002663 devstack@neutron-api.service[89882]: DEBUG ovsdbapp.backend.ovs_idl.transaction [-] Running txn n=1 command(idx=0): AddLSwitchPortCommand(_result=None, lport=06e2815e-d986-4047-8a45-8344e932d967, lswitch=neutron-ee84d0ea-d98a-44b6-96d7-6fc69a8eb28e, may_exist=True, network_uuid=ee84d0ea-d98a-44b6-96d7-6fc69a8eb28e, columns={'addresses': ['fa:16:3e:59:21:bc'], 'external_ids': {'neutron:port_name': '', 'neutron:device_id': 'ovnmeta-ee84d0ea-d98a-44b6-96d7-6fc69a8eb28e', 'neutron:project_id': '370d2a76b8e64755b7b99d4aac55ad6d', 'neutron:cidrs': '', 'neutron:device_owner': 'network:distributed', 'neutron:subnet_pool_addr_scope4': '', 'neutron:subnet_pool_addr_scope6': '', 'neutron:network_name': 'neutron-ee84d0ea-d98a-44b6-96d7-6fc69a8eb28e', 'neutron:security_group_ids': '', 'neutron:revision_number': '1', 'neutron:vnic_type': 'normal', 'neutron:port_capabilities': '', 'neutron:mtu': '1430'}, 'parent_name': [], 'enabled': True, 'options': {}, 'type': 'localport', 'port_security': [], 'dhcpv4_options': [], 'dhcpv6_options': [], 'tag_request': []}) {{(pid=89882) do_commit /opt/stack/data/venv/lib/python3.12/site-packages/ovsdbapp/backend/ovs_idl/transaction.py:89}}
Jun 11 19:14:22.757239 np0000002663 devstack@neutron-api.service[89882]: DEBUG ovsdbapp.backend.ovs_idl.transaction [-] Running txn n=1 command(idx=1): QoSDelCommand(_result=None, switch=neutron-ee84d0ea-d98a-44b6-96d7-6fc69a8eb28e, conditions=[('direction', '=', 'to-lport'), ('priority', '=', 2002), ('match', '=', 'outport == "06e2815e-d986-4047-8a45-8344e932d967"')], if_exists=True) {{(pid=89882) do_commit /opt/stack/data/venv/lib/python3.12/site-packages/ovsdbapp/backend/ovs_idl/transaction.py:89}}
Jun 11 19:14:22.757382 np0000002663 devstack@neutron-api.service[89882]: DEBUG ovsdbapp.backend.ovs_idl.transaction [-] Running txn n=1 command(idx=2): QoSDelCommand(_result=None, switch=neutron-ee84d0ea-d98a-44b6-96d7-6fc69a8eb28e, conditions=[('direction', '=', 'from-lport'), ('priority', '=', 2002), ('match', '=', 'inport == "06e2815e-d986-4047-8a45-8344e932d967"')], if_exists=True) {{(pid=89882) do_commit /opt/stack/data/venv/lib/python3.12/site-packages/ovsdbapp/backend/ovs_idl/transaction.py:89}}
Jun 11 19:14:22.757512 np0000002663 devstack@neutron-api.service[89882]: DEBUG ovsdbapp.backend.ovs_idl.transaction [-] Running txn n=1 command(idx=3): UpdateLSwitchPortQosOptionsCommand(_result=None, lport=AddLSwitchPortCommand(_result=763f2b91-dfeb-4bab-92bf-14381a4c45e0, lport=06e2815e-d986-4047-8a45-8344e932d967, lswitch=neutron-ee84d0ea-d98a-44b6-96d7-6fc69a8eb28e, may_exist=True, network_uuid=ee84d0ea-d98a-44b6-96d7-6fc69a8eb28e, columns={'addresses': ['fa:16:3e:59:21:bc'], 'external_ids': {'neutron:port_name': '', 'neutron:device_id': 'ovnmeta-ee84d0ea-d98a-44b6-96d7-6fc69a8eb28e', 'neutron:project_id': '370d2a76b8e64755b7b99d4aac55ad6d', 'neutron:cidrs': '', 'neutron:device_owner': 'network:distributed', 'neutron:subnet_pool_addr_scope4': '', 'neutron:subnet_pool_addr_scope6': '', 'neutron:network_name': 'neutron-ee84d0ea-d98a-44b6-96d7-6fc69a8eb28e', 'neutron:security_group_ids': '', 'neutron:revision_number': '1', 'neutron:vnic_type': 'normal', 'neutron:port_capabilities': '', 'neutron:mtu': '1430'}, 'parent_name': [], 'enabled': True, 'options': {}, 'type': 'localport', 'port_security': [], 'tag_request': []}), if_exists=True, qos={'qos_max_rate': None, 'qos_burst': None, 'qos_min_rate': None}) {{(pid=89882) do_commit /opt/stack/data/venv/lib/python3.12/site-packages/ovsdbapp/backend/ovs_idl/transaction.py:89}}
Jun 11 19:14:22.760537 np0000002663 devstack@neutron-api.service[89881]: DEBUG neutron.plugins.ml2.drivers.ovn.mech_driver.ovsdb.ovsdb_monitor [-] Hash Ring: Node ace89ce9b86e5360ae04601121efcd72 (host: np0000002663) handling event "update" for row ee84d0ea-d98a-44b6-96d7-6fc69a8eb28e (table: Logical_Switch) {{(pid=89881) notify /opt/stack/neutron/neutron/plugins/ml2/drivers/ovn/mech_driver/ovsdb/ovsdb_monitor.py:1015}}
Jun 11 19:14:22.760883 np0000002663 devstack@neutron-api.service[89880]: DEBUG neutron.plugins.ml2.drivers.ovn.mech_driver.ovsdb.ovsdb_monitor [-] Hash Ring: Node cb5ce6fb1be15fc785b502e8527d06f2 (host: np0000002663) handling event "update" for row ee84d0ea-d98a-44b6-96d7-6fc69a8eb28e (table: Logical_Switch) {{(pid=89880) notify /opt/stack/neutron/neutron/plugins/ml2/drivers/ovn/mech_driver/ovsdb/ovsdb_monitor.py:1015}}
Jun 11 19:14:22.761113 np0000002663 devstack@neutron-api.service[89881]: DEBUG neutron.plugins.ml2.drivers.ovn.mech_driver.ovsdb.ovsdb_monitor [-] Hash Ring: Node ace89ce9b86e5360ae04601121efcd72 (host: np0000002663) handling event "create" for row df43158c-2864-49b7-b461-4495e1adf12a (table: Logical_Switch_Port) {{(pid=89881) notify /opt/stack/neutron/neutron/plugins/ml2/drivers/ovn/mech_driver/ovsdb/ovsdb_monitor.py:1015}}
Jun 11 19:14:22.761200 np0000002663 devstack@neutron-api.service[89880]: DEBUG neutron.plugins.ml2.drivers.ovn.mech_driver.ovsdb.ovsdb_monitor [-] Hash Ring: Node cb5ce6fb1be15fc785b502e8527d06f2 (host: np0000002663) handling event "create" for row df43158c-2864-49b7-b461-4495e1adf12a (table: Logical_Switch_Port) {{(pid=89880) notify /opt/stack/neutron/neutron/plugins/ml2/drivers/ovn/mech_driver/ovsdb/ovsdb_monitor.py:1015}}
Jun 11 19:14:22.761619 np0000002663 devstack@neutron-api.service[89880]: DEBUG ovsdbapp.backend.ovs_idl.event [-] Matched CREATE: LogicalSwitchPortCreateEvent(events=('create',), table='Logical_Switch_Port', conditions=[], old_conditions=None), priority=20 to row=Logical_Switch_Port(uuid=df43158c-2864-49b7-b461-4495e1adf12a, addresses=['fa:16:3e:59:21:bc'], dhcpv4_options=[], dhcpv6_options=[], dynamic_addresses=[], enabled=True, external_ids={'neutron:cidrs': '', 'neutron:device_id': 'ovnmeta-ee84d0ea-d98a-44b6-96d7-6fc69a8eb28e', 'neutron:device_owner': 'network:distributed', 'neutron:mtu': '1430', 'neutron:network_name': 'neutron-ee84d0ea-d98a-44b6-96d7-6fc69a8eb28e', 'neutron:port_capabilities': '', 'neutron:port_name': '', 'neutron:project_id': '370d2a76b8e64755b7b99d4aac55ad6d', 'neutron:revision_number': '1', 'neutron:security_group_ids': '', 'neutron:subnet_pool_addr_scope4': '', 'neutron:subnet_pool_addr_scope6': '', 'neutron:vnic_type': 'normal'}, ha_chassis_group=[], mirror_rules=[], name='06e2815e-d986-4047-8a45-8344e932d967', options={}, parent_name=[], port_security=[], tag=[], tag_request=[], type='localport', up=[]) old= {{(pid=89880) matches /opt/stack/data/venv/lib/python3.12/site-packages/ovsdbapp/backend/ovs_idl/event.py:55}}
Jun 11 19:14:22.761718 np0000002663 devstack@neutron-api.service[89881]: DEBUG ovsdbapp.backend.ovs_idl.event [-] Matched CREATE: LogicalSwitchPortCreateEvent(events=('create',), table='Logical_Switch_Port', conditions=[], old_conditions=None), priority=20 to row=Logical_Switch_Port(uuid=df43158c-2864-49b7-b461-4495e1adf12a, addresses=['fa:16:3e:59:21:bc'], dhcpv4_options=[], dhcpv6_options=[], dynamic_addresses=[], enabled=True, external_ids={'neutron:cidrs': '', 'neutron:device_id': 'ovnmeta-ee84d0ea-d98a-44b6-96d7-6fc69a8eb28e', 'neutron:device_owner': 'network:distributed', 'neutron:mtu': '1430', 'neutron:network_name': 'neutron-ee84d0ea-d98a-44b6-96d7-6fc69a8eb28e', 'neutron:port_capabilities': '', 'neutron:port_name': '', 'neutron:project_id': '370d2a76b8e64755b7b99d4aac55ad6d', 'neutron:revision_number': '1', 'neutron:security_group_ids': '', 'neutron:subnet_pool_addr_scope4': '', 'neutron:subnet_pool_addr_scope6': '', 'neutron:vnic_type': 'normal'}, ha_chassis_group=[], mirror_rules=[], name='06e2815e-d986-4047-8a45-8344e932d967', options={}, parent_name=[], port_security=[], tag=[], tag_request=[], type='localport', up=[]) old= {{(pid=89881) matches /opt/stack/data/venv/lib/python3.12/site-packages/ovsdbapp/backend/ovs_idl/event.py:55}}
Jun 11 19:14:22.762431 np0000002663 devstack@neutron-api.service[89880]: INFO neutron.plugins.ml2.drivers.ovn.mech_driver.mech_driver [-] OVN reports status down for port: 06e2815e-d986-4047-8a45-8344e932d967
Jun 11 19:14:22.762585 np0000002663 devstack@neutron-api.service[89881]: INFO neutron.plugins.ml2.drivers.ovn.mech_driver.mech_driver [None req-ba710166-c4f0-41f4-ae9a-f538fc8e17c7 None None] OVN reports status down for port: 06e2815e-d986-4047-8a45-8344e932d967
Jun 11 19:14:22.764066 np0000002663 devstack@neutron-api.service[89880]: DEBUG neutron.plugins.ml2.drivers.ovn.mech_driver.ovsdb.ovsdb_monitor [-] Hash Ring: Node cb5ce6fb1be15fc785b502e8527d06f2 (host: np0000002663) handling event "create" for row ae6795b1-d68c-4363-826c-30b09e4fa030 (table: Port_Binding) {{(pid=89880) notify /opt/stack/neutron/neutron/plugins/ml2/drivers/ovn/mech_driver/ovsdb/ovsdb_monitor.py:1015}}
Jun 11 19:14:22.764121 np0000002663 devstack@neutron-api.service[89881]: DEBUG neutron.plugins.ml2.drivers.ovn.mech_driver.ovsdb.ovsdb_monitor [-] Hash Ring: Node ace89ce9b86e5360ae04601121efcd72 (host: np0000002663) handling event "update" for row df43158c-2864-49b7-b461-4495e1adf12a (table: Logical_Switch_Port) {{(pid=89881) notify /opt/stack/neutron/neutron/plugins/ml2/drivers/ovn/mech_driver/ovsdb/ovsdb_monitor.py:1015}}
Jun 11 19:14:22.764397 np0000002663 devstack@neutron-api.service[89880]: DEBUG neutron.plugins.ml2.drivers.ovn.mech_driver.ovsdb.ovsdb_monitor [-] Hash Ring: Node cb5ce6fb1be15fc785b502e8527d06f2 (host: np0000002663) handling event "update" for row df43158c-2864-49b7-b461-4495e1adf12a (table: Logical_Switch_Port) {{(pid=89880) notify /opt/stack/neutron/neutron/plugins/ml2/drivers/ovn/mech_driver/ovsdb/ovsdb_monitor.py:1015}}
Jun 11 19:14:22.765347 np0000002663 devstack@neutron-api.service[89881]: DEBUG neutron.plugins.ml2.drivers.ovn.mech_driver.ovsdb.ovsdb_monitor [-] Hash Ring: Node ace89ce9b86e5360ae04601121efcd72 (host: np0000002663) handling event "create" for row ae6795b1-d68c-4363-826c-30b09e4fa030 (table: Port_Binding) {{(pid=89881) notify /opt/stack/neutron/neutron/plugins/ml2/drivers/ovn/mech_driver/ovsdb/ovsdb_monitor.py:1015}}
Jun 11 19:14:22.786536 np0000002663 devstack@neutron-api.service[89881]: DEBUG neutron.db.provisioning_blocks [None req-ba710166-c4f0-41f4-ae9a-f538fc8e17c7 None None] Transition to ACTIVE for port object 06e2815e-d986-4047-8a45-8344e932d967 will not be triggered until provisioned by entity L2. {{(pid=89881) add_provisioning_component /opt/stack/neutron/neutron/db/provisioning_blocks.py:74}}
Jun 11 19:14:22.798254 np0000002663 devstack@neutron-api.service[89882]: INFO neutron.db.ovn_revision_numbers_db [None req-15770f61-c4c9-4502-a1f1-5194029b4583 admin admin] Successfully bumped revision number for resource 06e2815e-d986-4047-8a45-8344e932d967 (type: ports) to 1
Jun 11 19:14:22.804205 np0000002663 devstack@neutron-api.service[89881]: DEBUG neutron.plugins.ml2.plugin [None req-ba710166-c4f0-41f4-ae9a-f538fc8e17c7 None None] Current status of the port 06e2815e-d986-4047-8a45-8344e932d967 is: DOWN; New status is: DOWN {{(pid=89881) _update_individual_port_db_status /opt/stack/neutron/neutron/plugins/ml2/plugin.py:2470}}
Jun 11 19:14:22.805185 np0000002663 devstack@neutron-api.service[89881]: DEBUG ovsdbapp.backend.ovs_idl.transaction [-] Running txn n=1 command(idx=0): DbRemoveCommand(_result=None, table=Logical_Switch_Port, record=06e2815e-d986-4047-8a45-8344e932d967, column=external_ids, values=('neutron:host_id',), keyvalues={}, if_exists=True) {{(pid=89881) do_commit /opt/stack/data/venv/lib/python3.12/site-packages/ovsdbapp/backend/ovs_idl/transaction.py:89}}
Jun 11 19:14:22.809230 np0000002663 devstack@neutron-api.service[89882]: DEBUG neutron.pecan_wsgi.hooks.policy_enforcement [None req-15770f61-c4c9-4502-a1f1-5194029b4583 admin admin] Attributes excluded by policy engine: ['standard_attr_id'] {{(pid=89882) _exclude_attributes_by_policy /opt/stack/neutron/neutron/pecan_wsgi/hooks/policy_enforcement.py:256}}
Jun 11 19:14:22.809501 np0000002663 devstack@neutron-api.service[89882]: DEBUG neutron_lib.callbacks.manager [None req-15770f61-c4c9-4502-a1f1-5194029b4583 admin admin] Publish callbacks [] for network (None), before_response {{(pid=89882) _notify_loop /opt/stack/data/venv/lib/python3.12/site-packages/neutron_lib/callbacks/manager.py:184}}
Jun 11 19:14:22.817549 np0000002663 devstack@neutron-api.service[89880]: DEBUG neutron.db.provisioning_blocks [None req-52180d80-20c4-4347-b39d-193089b0aae4 None None] Ignored duplicate provisioning block setup for port 06e2815e-d986-4047-8a45-8344e932d967 by entity L2. {{(pid=89880) add_provisioning_component /opt/stack/neutron/neutron/db/provisioning_blocks.py:69}}
Jun 11 19:14:22.818030 np0000002663 devstack@neutron-api.service[89882]: [pid: 89882|app: 0|req: 5/16] 10.4.3.141 () {68 vars in 1327 bytes} [Thu Jun 11 19:14:22 2026] POST /networking/v2.0/networks => generated 679 bytes in 788 msecs (HTTP/1.1 201) 4 headers in 162 bytes (1 switches on core 0)
Jun 11 19:14:23.031537 np0000002663 devstack@neutron-api.service[89880]: DEBUG neutron.plugins.ml2.plugin [None req-52180d80-20c4-4347-b39d-193089b0aae4 None None] Current status of the port 06e2815e-d986-4047-8a45-8344e932d967 is: DOWN; New status is: DOWN {{(pid=89880) _update_individual_port_db_status /opt/stack/neutron/neutron/plugins/ml2/plugin.py:2470}}
Jun 11 19:14:23.031923 np0000002663 devstack@neutron-api.service[89880]: DEBUG ovsdbapp.backend.ovs_idl.transaction [-] Running txn n=1 command(idx=0): DbRemoveCommand(_result=None, table=Logical_Switch_Port, record=06e2815e-d986-4047-8a45-8344e932d967, column=external_ids, values=('neutron:host_id',), keyvalues={}, if_exists=True) {{(pid=89880) do_commit /opt/stack/data/venv/lib/python3.12/site-packages/ovsdbapp/backend/ovs_idl/transaction.py:89}}
Jun 11 19:14:23.044780 np0000002663 devstack@neutron-api.service[89881]: DEBUG neutron.pecan_wsgi.hooks.policy_enforcement [None req-fba0587e-197d-4a69-bae8-75f3bf015788 admin admin] Attributes excluded by policy engine: ['standard_attr_id', 'shared'] {{(pid=89881) _exclude_attributes_by_policy /opt/stack/neutron/neutron/pecan_wsgi/hooks/policy_enforcement.py:256}}
Jun 11 19:14:23.045457 np0000002663 devstack@neutron-api.service[89881]: [pid: 89881|app: 0|req: 7/17] 10.4.3.141 () {64 vars in 1381 bytes} [Thu Jun 11 19:14:23 2026] GET /networking/v2.0/subnets/b097f10f-caec-4f30-a5ce-38940f2ea086 => generated 666 bytes in 21 msecs (HTTP/1.1 200) 4 headers in 157 bytes (1 switches on core 0)
Jun 11 19:14:23.055160 np0000002663 devstack@neutron-api.service[89880]: DEBUG neutron.api.wsgi [None req-f9cc63f9-056a-4397-a33f-8e2f2603376f admin admin] Missing Content-Type {{(pid=89880) get_content_type /opt/stack/neutron/neutron/api/wsgi.py:80}}
Jun 11 19:14:23.127806 np0000002663 devstack@neutron-api.service[89880]: [pid: 89880|app: 0|req: 6/18] 10.4.3.141 () {64 vars in 1381 bytes} [Thu Jun 11 19:14:23 2026] GET /networking/v2.0/routers/ff2182a1-c50e-400e-bb93-c6ef54a1817e => generated 599 bytes in 74 msecs (HTTP/1.1 200) 4 headers in 157 bytes (1 switches on core 0)
Jun 11 19:14:23.262347 np0000002663 devstack@neutron-api.service[89882]: DEBUG neutron_lib.callbacks.manager [None req-6cdd6d5d-3a1b-4b53-b95d-c909f6c6cdbb admin admin] Publish callbacks ['neutron.plugins.ml2.plugin.SecurityGroupDbMixin._ensure_default_security_group_handler-2066890'] for port (None), before_create {{(pid=89882) _notify_loop /opt/stack/data/venv/lib/python3.12/site-packages/neutron_lib/callbacks/manager.py:184}}
Jun 11 19:14:23.362720 np0000002663 devstack@neutron-api.service[89882]: DEBUG neutron.db.db_base_plugin_common [None req-6cdd6d5d-3a1b-4b53-b95d-c909f6c6cdbb admin admin] Allocated IP 10.1.0.1 (ea1916de-aeb7-463f-a7c6-4c8269cd0152/b097f10f-caec-4f30-a5ce-38940f2ea086/b8b53618-5b53-48b4-a9b5-cd42fe66d23b) {{(pid=89882) _store_ip_allocation /opt/stack/neutron/neutron/db/db_base_plugin_common.py:131}}
Jun 11 19:14:23.421814 np0000002663 devstack@neutron-api.service[89882]: DEBUG neutron_lib.callbacks.manager [None req-6cdd6d5d-3a1b-4b53-b95d-c909f6c6cdbb admin admin] Publish callbacks ['neutron.plugins.ml2.drivers.ovn.mech_driver.mech_driver.OVNMechanismDriver._validate_allowed_address_pairs-2681235'] for allowed_address_pair (b8b53618-5b53-48b4-a9b5-cd42fe66d23b), before_create {{(pid=89882) _notify_loop /opt/stack/data/venv/lib/python3.12/site-packages/neutron_lib/callbacks/manager.py:184}}
Jun 11 19:14:23.422355 np0000002663 devstack@neutron-api.service[89882]: DEBUG neutron_lib.callbacks.manager [None req-6cdd6d5d-3a1b-4b53-b95d-c909f6c6cdbb admin admin] Publish callbacks [] for port (b8b53618-5b53-48b4-a9b5-cd42fe66d23b), precommit_create {{(pid=89882) _notify_loop /opt/stack/data/venv/lib/python3.12/site-packages/neutron_lib/callbacks/manager.py:184}}
Jun 11 19:14:23.422532 np0000002663 devstack@neutron-api.service[89882]: DEBUG neutron.plugins.ml2.drivers.ovn.mech_driver.mech_driver [None req-6cdd6d5d-3a1b-4b53-b95d-c909f6c6cdbb admin admin] No provisioning block for port b8b53618-5b53-48b4-a9b5-cd42fe66d23b since it does not have a host {{(pid=89882) _is_port_provisioning_required /opt/stack/neutron/neutron/plugins/ml2/drivers/ovn/mech_driver/mech_driver.py:896}}
Jun 11 19:14:23.422656 np0000002663 devstack@neutron-api.service[89882]: DEBUG neutron.db.ovn_revision_numbers_db [None req-6cdd6d5d-3a1b-4b53-b95d-c909f6c6cdbb admin admin] create_initial_revision uuid=b8b53618-5b53-48b4-a9b5-cd42fe66d23b, type=ports, rev=-1 {{(pid=89882) create_initial_revision /opt/stack/neutron/neutron/db/ovn_revision_numbers_db.py:98}}
Jun 11 19:14:23.482909 np0000002663 devstack@neutron-api.service[89882]: DEBUG neutron.db.ovn_revision_numbers_db [None req-6cdd6d5d-3a1b-4b53-b95d-c909f6c6cdbb admin admin] create_initial_revision uuid=b8b53618-5b53-48b4-a9b5-cd42fe66d23b, type=router_ports, rev=-1 {{(pid=89882) create_initial_revision /opt/stack/neutron/neutron/db/ovn_revision_numbers_db.py:98}}
Jun 11 19:14:23.509111 np0000002663 devstack@neutron-api.service[89882]: DEBUG neutron_lib.callbacks.manager [None req-6cdd6d5d-3a1b-4b53-b95d-c909f6c6cdbb admin admin] Publish callbacks ['neutron.plugins.ml2.ovo_rpc._ObjectChangeHandler.handle_event-1072069159'] for port (b8b53618-5b53-48b4-a9b5-cd42fe66d23b), after_create {{(pid=89882) _notify_loop /opt/stack/data/venv/lib/python3.12/site-packages/neutron_lib/callbacks/manager.py:184}}
Jun 11 19:14:23.532424 np0000002663 devstack@neutron-api.service[89882]: DEBUG neutron.api.rpc.handlers.resources_rpc [None req-6cdd6d5d-3a1b-4b53-b95d-c909f6c6cdbb admin admin] Pushing event updated for resources: {'Port': ['ID=b8b53618-5b53-48b4-a9b5-cd42fe66d23b,revision_number=1']} {{(pid=89882) push /opt/stack/neutron/neutron/api/rpc/handlers/resources_rpc.py:237}}
Jun 11 19:14:23.587842 np0000002663 devstack@neutron-api.service[89882]: DEBUG neutron.plugins.ml2.drivers.ovn.mech_driver.ovsdb.commands [None req-6cdd6d5d-3a1b-4b53-b95d-c909f6c6cdbb admin admin] Converting tag [] to a tag_request {{(pid=89882) _tag_column_to_tag_request /opt/stack/neutron/neutron/plugins/ml2/drivers/ovn/mech_driver/ovsdb/commands.py:205}}
Jun 11 19:14:23.588372 np0000002663 devstack@neutron-api.service[89882]: DEBUG ovsdbapp.backend.ovs_idl.transaction [-] Running txn n=1 command(idx=0): AddLSwitchPortCommand(_result=None, lport=b8b53618-5b53-48b4-a9b5-cd42fe66d23b, lswitch=neutron-ea1916de-aeb7-463f-a7c6-4c8269cd0152, may_exist=True, network_uuid=ea1916de-aeb7-463f-a7c6-4c8269cd0152, columns={'addresses': ['unknown'], 'external_ids': {'neutron:port_name': '', 'neutron:device_id': 'ff2182a1-c50e-400e-bb93-c6ef54a1817e', 'neutron:project_id': '370d2a76b8e64755b7b99d4aac55ad6d', 'neutron:cidrs': '10.1.0.1/26', 'neutron:device_owner': 'network:router_interface', 'neutron:subnet_pool_addr_scope4': '', 'neutron:subnet_pool_addr_scope6': '', 'neutron:network_name': 'neutron-ea1916de-aeb7-463f-a7c6-4c8269cd0152', 'neutron:security_group_ids': '', 'neutron:revision_number': '1', 'neutron:vnic_type': 'normal', 'neutron:port_capabilities': '', 'neutron:mtu': ''}, 'parent_name': [], 'enabled': True, 'options': {}, 'type': '', 'port_security': [], 'dhcpv4_options': [], 'dhcpv6_options': [], 'tag_request': []}) {{(pid=89882) do_commit /opt/stack/data/venv/lib/python3.12/site-packages/ovsdbapp/backend/ovs_idl/transaction.py:89}}
Jun 11 19:14:23.588734 np0000002663 devstack@neutron-api.service[89882]: DEBUG ovsdbapp.backend.ovs_idl.transaction [-] Running txn n=1 command(idx=1): QoSDelCommand(_result=None, switch=neutron-ea1916de-aeb7-463f-a7c6-4c8269cd0152, conditions=[('direction', '=', 'to-lport'), ('priority', '=', 2002), ('match', '=', 'outport == "b8b53618-5b53-48b4-a9b5-cd42fe66d23b"')], if_exists=True) {{(pid=89882) do_commit /opt/stack/data/venv/lib/python3.12/site-packages/ovsdbapp/backend/ovs_idl/transaction.py:89}}
Jun 11 19:14:23.588867 np0000002663 devstack@neutron-api.service[89882]: DEBUG ovsdbapp.backend.ovs_idl.transaction [-] Running txn n=1 command(idx=2): QoSDelCommand(_result=None, switch=neutron-ea1916de-aeb7-463f-a7c6-4c8269cd0152, conditions=[('direction', '=', 'from-lport'), ('priority', '=', 2002), ('match', '=', 'inport == "b8b53618-5b53-48b4-a9b5-cd42fe66d23b"')], if_exists=True) {{(pid=89882) do_commit /opt/stack/data/venv/lib/python3.12/site-packages/ovsdbapp/backend/ovs_idl/transaction.py:89}}
Jun 11 19:14:23.591457 np0000002663 devstack@neutron-api.service[89882]: DEBUG neutron.plugins.ml2.drivers.ovn.mech_driver.ovsdb.ovsdb_monitor [-] Hash Ring: Node b565ff716fac56aabadc55240ceb19aa (host: np0000002663) handling event "update" for row ea1916de-aeb7-463f-a7c6-4c8269cd0152 (table: Logical_Switch) {{(pid=89882) notify /opt/stack/neutron/neutron/plugins/ml2/drivers/ovn/mech_driver/ovsdb/ovsdb_monitor.py:1015}}
Jun 11 19:14:23.591548 np0000002663 devstack@neutron-api.service[89881]: DEBUG neutron.plugins.ml2.drivers.ovn.mech_driver.ovsdb.ovsdb_monitor [-] Hash Ring: Node ace89ce9b86e5360ae04601121efcd72 (host: np0000002663) handling event "update" for row ea1916de-aeb7-463f-a7c6-4c8269cd0152 (table: Logical_Switch) {{(pid=89881) notify /opt/stack/neutron/neutron/plugins/ml2/drivers/ovn/mech_driver/ovsdb/ovsdb_monitor.py:1015}}
Jun 11 19:14:23.591703 np0000002663 devstack@neutron-api.service[89881]: DEBUG neutron.plugins.ml2.drivers.ovn.mech_driver.ovsdb.ovsdb_monitor [-] Hash Ring: Node ace89ce9b86e5360ae04601121efcd72 (host: np0000002663) handling event "create" for row 5cf4ec7e-e47c-451c-8db8-498cf937f4de (table: Logical_Switch_Port) {{(pid=89881) notify /opt/stack/neutron/neutron/plugins/ml2/drivers/ovn/mech_driver/ovsdb/ovsdb_monitor.py:1015}}
Jun 11 19:14:23.591896 np0000002663 devstack@neutron-api.service[89880]: DEBUG neutron.plugins.ml2.drivers.ovn.mech_driver.ovsdb.ovsdb_monitor [-] Hash Ring: Node cb5ce6fb1be15fc785b502e8527d06f2 (host: np0000002663) handling event "create" for row 5cf4ec7e-e47c-451c-8db8-498cf937f4de (table: Logical_Switch_Port) {{(pid=89880) notify /opt/stack/neutron/neutron/plugins/ml2/drivers/ovn/mech_driver/ovsdb/ovsdb_monitor.py:1015}}
Jun 11 19:14:23.592490 np0000002663 devstack@neutron-api.service[89881]: DEBUG ovsdbapp.backend.ovs_idl.event [-] Matched CREATE: LogicalSwitchPortCreateEvent(events=('create',), table='Logical_Switch_Port', conditions=[], old_conditions=None), priority=20 to row=Logical_Switch_Port(uuid=5cf4ec7e-e47c-451c-8db8-498cf937f4de, addresses=['unknown'], dhcpv4_options=[], dhcpv6_options=[], dynamic_addresses=[], enabled=True, external_ids={'neutron:cidrs': '10.1.0.1/26', 'neutron:device_id': 'ff2182a1-c50e-400e-bb93-c6ef54a1817e', 'neutron:device_owner': 'network:router_interface', 'neutron:mtu': '', 'neutron:network_name': 'neutron-ea1916de-aeb7-463f-a7c6-4c8269cd0152', 'neutron:port_capabilities': '', 'neutron:port_name': '', 'neutron:project_id': '370d2a76b8e64755b7b99d4aac55ad6d', 'neutron:revision_number': '1', 'neutron:security_group_ids': '', 'neutron:subnet_pool_addr_scope4': '', 'neutron:subnet_pool_addr_scope6': '', 'neutron:vnic_type': 'normal'}, ha_chassis_group=[], mirror_rules=[], name='b8b53618-5b53-48b4-a9b5-cd42fe66d23b', options={}, parent_name=[], port_security=[], tag=[], tag_request=[], type='', up=[]) old= {{(pid=89881) matches /opt/stack/data/venv/lib/python3.12/site-packages/ovsdbapp/backend/ovs_idl/event.py:55}}
Jun 11 19:14:23.592788 np0000002663 devstack@neutron-api.service[89880]: DEBUG ovsdbapp.backend.ovs_idl.event [-] Matched CREATE: LogicalSwitchPortCreateEvent(events=('create',), table='Logical_Switch_Port', conditions=[], old_conditions=None), priority=20 to row=Logical_Switch_Port(uuid=5cf4ec7e-e47c-451c-8db8-498cf937f4de, addresses=['unknown'], dhcpv4_options=[], dhcpv6_options=[], dynamic_addresses=[], enabled=True, external_ids={'neutron:cidrs': '10.1.0.1/26', 'neutron:device_id': 'ff2182a1-c50e-400e-bb93-c6ef54a1817e', 'neutron:device_owner': 'network:router_interface', 'neutron:mtu': '', 'neutron:network_name': 'neutron-ea1916de-aeb7-463f-a7c6-4c8269cd0152', 'neutron:port_capabilities': '', 'neutron:port_name': '', 'neutron:project_id': '370d2a76b8e64755b7b99d4aac55ad6d', 'neutron:revision_number': '1', 'neutron:security_group_ids': '', 'neutron:subnet_pool_addr_scope4': '', 'neutron:subnet_pool_addr_scope6': '', 'neutron:vnic_type': 'normal'}, ha_chassis_group=[], mirror_rules=[], name='b8b53618-5b53-48b4-a9b5-cd42fe66d23b', options={}, parent_name=[], port_security=[], tag=[], tag_request=[], type='', up=[]) old= {{(pid=89880) matches /opt/stack/data/venv/lib/python3.12/site-packages/ovsdbapp/backend/ovs_idl/event.py:55}}
Jun 11 19:14:23.593137 np0000002663 devstack@neutron-api.service[89881]: INFO neutron.plugins.ml2.drivers.ovn.mech_driver.mech_driver [None req-ba710166-c4f0-41f4-ae9a-f538fc8e17c7 None None] OVN reports status down for port: b8b53618-5b53-48b4-a9b5-cd42fe66d23b
Jun 11 19:14:23.594478 np0000002663 devstack@neutron-api.service[89881]: DEBUG neutron.plugins.ml2.drivers.ovn.mech_driver.ovsdb.ovsdb_monitor [-] Hash Ring: Node ace89ce9b86e5360ae04601121efcd72 (host: np0000002663) handling event "create" for row 87c27a54-24f3-4501-9c41-ea201367660c (table: Port_Binding) {{(pid=89881) notify /opt/stack/neutron/neutron/plugins/ml2/drivers/ovn/mech_driver/ovsdb/ovsdb_monitor.py:1015}}
Jun 11 19:14:23.594579 np0000002663 devstack@neutron-api.service[89881]: DEBUG neutron.plugins.ml2.drivers.ovn.mech_driver.ovsdb.ovsdb_monitor [-] Hash Ring: Node ace89ce9b86e5360ae04601121efcd72 (host: np0000002663) handling event "update" for row 5cf4ec7e-e47c-451c-8db8-498cf937f4de (table: Logical_Switch_Port) {{(pid=89881) notify /opt/stack/neutron/neutron/plugins/ml2/drivers/ovn/mech_driver/ovsdb/ovsdb_monitor.py:1015}}
Jun 11 19:14:23.596620 np0000002663 devstack@neutron-api.service[89880]: INFO neutron.plugins.ml2.drivers.ovn.mech_driver.mech_driver [None req-52180d80-20c4-4347-b39d-193089b0aae4 None None] OVN reports status down for port: b8b53618-5b53-48b4-a9b5-cd42fe66d23b
Jun 11 19:14:23.597877 np0000002663 devstack@neutron-api.service[89880]: DEBUG neutron.plugins.ml2.drivers.ovn.mech_driver.ovsdb.ovsdb_monitor [-] Hash Ring: Node cb5ce6fb1be15fc785b502e8527d06f2 (host: np0000002663) handling event "update" for row 5cf4ec7e-e47c-451c-8db8-498cf937f4de (table: Logical_Switch_Port) {{(pid=89880) notify /opt/stack/neutron/neutron/plugins/ml2/drivers/ovn/mech_driver/ovsdb/ovsdb_monitor.py:1015}}
Jun 11 19:14:23.598913 np0000002663 devstack@neutron-api.service[89880]: DEBUG neutron.plugins.ml2.drivers.ovn.mech_driver.ovsdb.ovsdb_monitor [-] Hash Ring: Node cb5ce6fb1be15fc785b502e8527d06f2 (host: np0000002663) handling event "create" for row 87c27a54-24f3-4501-9c41-ea201367660c (table: Port_Binding) {{(pid=89880) notify /opt/stack/neutron/neutron/plugins/ml2/drivers/ovn/mech_driver/ovsdb/ovsdb_monitor.py:1015}}
Jun 11 19:14:23.616834 np0000002663 devstack@neutron-api.service[89881]: DEBUG neutron.db.provisioning_blocks [None req-ba710166-c4f0-41f4-ae9a-f538fc8e17c7 None None] Transition to ACTIVE for port object b8b53618-5b53-48b4-a9b5-cd42fe66d23b will not be triggered until provisioned by entity L2. {{(pid=89881) add_provisioning_component /opt/stack/neutron/neutron/db/provisioning_blocks.py:74}}
Jun 11 19:14:23.621616 np0000002663 devstack@neutron-api.service[89880]: DEBUG neutron.db.provisioning_blocks [None req-52180d80-20c4-4347-b39d-193089b0aae4 None None] Ignored duplicate provisioning block setup for port b8b53618-5b53-48b4-a9b5-cd42fe66d23b by entity L2. {{(pid=89880) add_provisioning_component /opt/stack/neutron/neutron/db/provisioning_blocks.py:69}}
Jun 11 19:14:23.627817 np0000002663 devstack@neutron-api.service[89882]: INFO neutron.db.ovn_revision_numbers_db [None req-6cdd6d5d-3a1b-4b53-b95d-c909f6c6cdbb admin admin] Successfully bumped revision number for resource b8b53618-5b53-48b4-a9b5-cd42fe66d23b (type: ports) to 1
Jun 11 19:14:23.636535 np0000002663 devstack@neutron-api.service[89881]: DEBUG neutron.plugins.ml2.plugin [None req-ba710166-c4f0-41f4-ae9a-f538fc8e17c7 None None] Current status of the port b8b53618-5b53-48b4-a9b5-cd42fe66d23b is: DOWN; New status is: DOWN {{(pid=89881) _update_individual_port_db_status /opt/stack/neutron/neutron/plugins/ml2/plugin.py:2470}}
Jun 11 19:14:23.637217 np0000002663 devstack@neutron-api.service[89882]: DEBUG neutron_lib.callbacks.manager [None req-6cdd6d5d-3a1b-4b53-b95d-c909f6c6cdbb admin admin] Publish callbacks [] for router_interface (ff2182a1-c50e-400e-bb93-c6ef54a1817e), before_create {{(pid=89882) _notify_loop /opt/stack/data/venv/lib/python3.12/site-packages/neutron_lib/callbacks/manager.py:184}}
Jun 11 19:14:23.637582 np0000002663 devstack@neutron-api.service[89881]: DEBUG ovsdbapp.backend.ovs_idl.transaction [-] Running txn n=1 command(idx=0): DbRemoveCommand(_result=None, table=Logical_Switch_Port, record=b8b53618-5b53-48b4-a9b5-cd42fe66d23b, column=external_ids, values=('neutron:host_id',), keyvalues={}, if_exists=True) {{(pid=89881) do_commit /opt/stack/data/venv/lib/python3.12/site-packages/ovsdbapp/backend/ovs_idl/transaction.py:89}}
Jun 11 19:14:23.641357 np0000002663 devstack@neutron-api.service[89880]: DEBUG neutron.plugins.ml2.plugin [None req-52180d80-20c4-4347-b39d-193089b0aae4 None None] Current status of the port b8b53618-5b53-48b4-a9b5-cd42fe66d23b is: DOWN; New status is: DOWN {{(pid=89880) _update_individual_port_db_status /opt/stack/neutron/neutron/plugins/ml2/plugin.py:2470}}
Jun 11 19:14:23.642509 np0000002663 devstack@neutron-api.service[89880]: DEBUG ovsdbapp.backend.ovs_idl.transaction [-] Running txn n=1 command(idx=0): DbRemoveCommand(_result=None, table=Logical_Switch_Port, record=b8b53618-5b53-48b4-a9b5-cd42fe66d23b, column=external_ids, values=('neutron:host_id',), keyvalues={}, if_exists=True) {{(pid=89880) do_commit /opt/stack/data/venv/lib/python3.12/site-packages/ovsdbapp/backend/ovs_idl/transaction.py:89}}
Jun 11 19:14:23.821084 np0000002663 devstack@neutron-api.service[89882]: DEBUG neutron_lib.callbacks.manager [None req-6cdd6d5d-3a1b-4b53-b95d-c909f6c6cdbb admin admin] Publish callbacks ['neutron.plugins.ml2.plugin.SecurityGroupDbMixin._ensure_default_security_group_handler-2066890', 'neutron.services.ovn_l3.plugin.OVNL3RouterPlugin._port_update-8435852379750', 'neutron.db.l3_db.L3_NAT_dbonly_mixin._prevent_internal_ip_change_for_fip-8435853611982'] for port (b8b53618-5b53-48b4-a9b5-cd42fe66d23b), before_update {{(pid=89882) _notify_loop /opt/stack/data/venv/lib/python3.12/site-packages/neutron_lib/callbacks/manager.py:184}}
Jun 11 19:14:23.935852 np0000002663 devstack@neutron-api.service[89882]: DEBUG neutron_lib.callbacks.manager [None req-6cdd6d5d-3a1b-4b53-b95d-c909f6c6cdbb admin admin] Publish callbacks [] for port (b8b53618-5b53-48b4-a9b5-cd42fe66d23b), precommit_update {{(pid=89882) _notify_loop /opt/stack/data/venv/lib/python3.12/site-packages/neutron_lib/callbacks/manager.py:184}}
Jun 11 19:14:23.936040 np0000002663 devstack@neutron-api.service[89882]: DEBUG neutron.plugins.ml2.drivers.ovn.mech_driver.mech_driver [None req-6cdd6d5d-3a1b-4b53-b95d-c909f6c6cdbb admin admin] No provisioning block for port b8b53618-5b53-48b4-a9b5-cd42fe66d23b since it does not have a host {{(pid=89882) _is_port_provisioning_required /opt/stack/neutron/neutron/plugins/ml2/drivers/ovn/mech_driver/mech_driver.py:896}}
Jun 11 19:14:23.977663 np0000002663 devstack@neutron-api.service[89882]: DEBUG neutron_lib.callbacks.manager [None req-6cdd6d5d-3a1b-4b53-b95d-c909f6c6cdbb admin admin] Publish callbacks ['neutron.plugins.ml2.ovo_rpc._ObjectChangeHandler.handle_event-1072069159', 'neutron.services.ovn_l3.plugin.OVNL3RouterPlugin._port_update-8435852379750'] for port (b8b53618-5b53-48b4-a9b5-cd42fe66d23b), after_update {{(pid=89882) _notify_loop /opt/stack/data/venv/lib/python3.12/site-packages/neutron_lib/callbacks/manager.py:184}}
Jun 11 19:14:24.009287 np0000002663 devstack@neutron-api.service[89882]: DEBUG neutron.api.rpc.handlers.resources_rpc [None req-6cdd6d5d-3a1b-4b53-b95d-c909f6c6cdbb admin admin] Pushing event updated for resources: {'Port': ['ID=b8b53618-5b53-48b4-a9b5-cd42fe66d23b,revision_number=1']} {{(pid=89882) push /opt/stack/neutron/neutron/api/rpc/handlers/resources_rpc.py:237}}
Jun 11 19:14:24.095375 np0000002663 devstack@neutron-api.service[89882]: DEBUG neutron.plugins.ml2.drivers.ovn.mech_driver.ovsdb.commands [None req-6cdd6d5d-3a1b-4b53-b95d-c909f6c6cdbb admin admin] Converting tag [] to a tag_request {{(pid=89882) _tag_column_to_tag_request /opt/stack/neutron/neutron/plugins/ml2/drivers/ovn/mech_driver/ovsdb/commands.py:205}}
