Aug 24 17:05:58.866038 np0000007988 devstack@g-api.service[103289]: DEBUG glance.api.middleware.version_negotiation [None req-4b482a8a-dc70-445c-83b6-5a2405a02ac9 tempest-VolumesGetTest-886933846 tempest-VolumesGetTest-886933846-project-member] Matched version: v2 {{(pid=103289) process_request /opt/stack/glance/glance/api/middleware/version_negotiation.py:69}}
Aug 24 17:05:58.866038 np0000007988 devstack@g-api.service[103289]: DEBUG glance.api.middleware.version_negotiation [None req-4b482a8a-dc70-445c-83b6-5a2405a02ac9 tempest-VolumesGetTest-886933846 tempest-VolumesGetTest-886933846-project-member] new path /v2/images/ba2bae58-8f09-4c98-908f-099776fdc579 {{(pid=103289) process_request /opt/stack/glance/glance/api/middleware/version_negotiation.py:70}}
Aug 24 17:05:58.876866 np0000007988 devstack@g-api.service[103289]: [pid: 103289|app: 0|req: 78/306] 127.0.0.1 () {44 vars in 1111 bytes} [Mon Aug 24 17:05:58 2026] GET /v2/images/ba2bae58-8f09-4c98-908f-099776fdc579 => generated 1044 bytes in 12 msecs (HTTP/1.1 200) 4 headers in 158 bytes (1 switches on core 0)
Aug 24 17:05:58.888640 np0000007988 devstack@g-api.service[103288]: DEBUG glance.api.middleware.version_negotiation [None req-4b482a8a-dc70-445c-83b6-5a2405a02ac9 tempest-VolumesGetTest-886933846 tempest-VolumesGetTest-886933846-project-member] Determining version of request: GET /v2/schemas/image Accept: */* {{(pid=103288) process_request /opt/stack/glance/glance/api/middleware/version_negotiation.py:44}}
Aug 24 17:05:58.888969 np0000007988 devstack@g-api.service[103288]: DEBUG glance.api.middleware.version_negotiation [None req-4b482a8a-dc70-445c-83b6-5a2405a02ac9 tempest-VolumesGetTest-886933846 tempest-VolumesGetTest-886933846-project-member] Using url versioning {{(pid=103288) process_request /opt/stack/glance/glance/api/middleware/version_negotiation.py:57}}
Aug 24 17:05:58.888969 np0000007988 devstack@g-api.service[103288]: DEBUG glance.api.middleware.version_negotiation [None req-4b482a8a-dc70-445c-83b6-5a2405a02ac9 tempest-VolumesGetTest-886933846 tempest-VolumesGetTest-886933846-project-member] Matched version: v2 {{(pid=103288) process_request /opt/stack/glance/glance/api/middleware/version_negotiation.py:69}}
Aug 24 17:05:58.889047 np0000007988 devstack@g-api.service[103288]: DEBUG glance.api.middleware.version_negotiation [None req-4b482a8a-dc70-445c-83b6-5a2405a02ac9 tempest-VolumesGetTest-886933846 tempest-VolumesGetTest-886933846-project-member] new path /v2/schemas/image {{(pid=103288) process_request /opt/stack/glance/glance/api/middleware/version_negotiation.py:70}}
Aug 24 17:05:58.892334 np0000007988 devstack@g-api.service[103288]: [pid: 103288|app: 0|req: 75/307] 127.0.0.1 () {44 vars in 1051 bytes} [Mon Aug 24 17:05:58 2026] GET /v2/schemas/image => generated 6083 bytes in 4 msecs (HTTP/1.1 200) 4 headers in 158 bytes (1 switches on core 0)
Aug 24 17:05:58.907872 np0000007988 devstack@g-api.service[103291]: DEBUG glance.api.middleware.version_negotiation [None req-4b482a8a-dc70-445c-83b6-5a2405a02ac9 tempest-VolumesGetTest-886933846 tempest-VolumesGetTest-886933846-project-member] Determining version of request: GET /v2/schemas/image Accept: */* {{(pid=103291) process_request /opt/stack/glance/glance/api/middleware/version_negotiation.py:44}}
Aug 24 17:05:58.908066 np0000007988 devstack@g-api.service[103291]: DEBUG glance.api.middleware.version_negotiation [None req-4b482a8a-dc70-445c-83b6-5a2405a02ac9 tempest-VolumesGetTest-886933846 tempest-VolumesGetTest-886933846-project-member] Using url versioning {{(pid=103291) process_request /opt/stack/glance/glance/api/middleware/version_negotiation.py:57}}
Aug 24 17:05:58.908252 np0000007988 devstack@g-api.service[103291]: DEBUG glance.api.middleware.version_negotiation [None req-4b482a8a-dc70-445c-83b6-5a2405a02ac9 tempest-VolumesGetTest-886933846 tempest-VolumesGetTest-886933846-project-member] Matched version: v2 {{(pid=103291) process_request /opt/stack/glance/glance/api/middleware/version_negotiation.py:69}}
Aug 24 17:05:58.908336 np0000007988 devstack@g-api.service[103291]: DEBUG glance.api.middleware.version_negotiation [None req-4b482a8a-dc70-445c-83b6-5a2405a02ac9 tempest-VolumesGetTest-886933846 tempest-VolumesGetTest-886933846-project-member] new path /v2/schemas/image {{(pid=103291) process_request /opt/stack/glance/glance/api/middleware/version_negotiation.py:70}}
Aug 24 17:05:58.910537 np0000007988 devstack@g-api.service[103291]: [pid: 103291|app: 0|req: 81/308] 127.0.0.1 () {44 vars in 1051 bytes} [Mon Aug 24 17:05:58 2026] GET /v2/schemas/image => generated 6083 bytes in 3 msecs (HTTP/1.1 200) 4 headers in 158 bytes (1 switches on core 0)
Aug 24 17:06:01.864964 np0000007988 devstack@g-api.service[103290]: DEBUG glance.api.middleware.version_negotiation [None req-4b482a8a-dc70-445c-83b6-5a2405a02ac9 service glance] Determining version of request: DELETE /v2/images/2db29429-a2e3-4c78-a993-1c40bbcb0d9a Accept: */* {{(pid=103290) process_request /opt/stack/glance/glance/api/middleware/version_negotiation.py:44}}
Aug 24 17:06:01.864964 np0000007988 devstack@g-api.service[103290]: DEBUG glance.api.middleware.version_negotiation [None req-4b482a8a-dc70-445c-83b6-5a2405a02ac9 service glance] Using url versioning {{(pid=103290) process_request /opt/stack/glance/glance/api/middleware/version_negotiation.py:57}}
Aug 24 17:06:01.865312 np0000007988 devstack@g-api.service[103290]: DEBUG glance.api.middleware.version_negotiation [None req-4b482a8a-dc70-445c-83b6-5a2405a02ac9 service glance] Matched version: v2 {{(pid=103290) process_request /opt/stack/glance/glance/api/middleware/version_negotiation.py:69}}
Aug 24 17:06:01.865312 np0000007988 devstack@g-api.service[103290]: DEBUG glance.api.middleware.version_negotiation [None req-4b482a8a-dc70-445c-83b6-5a2405a02ac9 service glance] new path /v2/images/2db29429-a2e3-4c78-a993-1c40bbcb0d9a {{(pid=103290) process_request /opt/stack/glance/glance/api/middleware/version_negotiation.py:70}}
Aug 24 17:06:01.891155 np0000007988 devstack@g-api.service[103290]: WARNING glance.api.v2.images [None req-599bb6ae-7967-4677-9668-5bed234dc16a tempest-AttachVolumeShelveTestJSON-219109623 tempest-AttachVolumeShelveTestJSON-219109623-project-member] After upload to backend, deletion of staged image data has failed because it cannot be found at /tmp/staging//2db29429-a2e3-4c78-a993-1c40bbcb0d9a
Aug 24 17:06:01.891735 np0000007988 devstack@g-api.service[103290]: DEBUG glance_store.backend [None req-599bb6ae-7967-4677-9668-5bed234dc16a tempest-AttachVolumeShelveTestJSON-219109623 tempest-AttachVolumeShelveTestJSON-219109623-project-member] Attempting to import store swift {{(pid=103290) _load_store /opt/stack/data/venv/lib/python3.12/site-packages/glance_store/backend.py:215}}
Aug 24 17:06:01.893040 np0000007988 devstack@g-api.service[103290]: DEBUG glance_store.capabilities [None req-599bb6ae-7967-4677-9668-5bed234dc16a tempest-AttachVolumeShelveTestJSON-219109623 tempest-AttachVolumeShelveTestJSON-219109623-project-member] Store glance_store._drivers.swift.store.SingleTenantStore doesn't support updating dynamic storage capabilities. Please overwrite 'update_capabilities' method of the store to implement updating logics if needed. {{(pid=103290) update_capabilities /opt/stack/data/venv/lib/python3.12/site-packages/glance_store/capabilities.py:91}}
Aug 24 17:06:01.893184 np0000007988 devstack@g-api.service[103290]: DEBUG glance_store.driver [None req-599bb6ae-7967-4677-9668-5bed234dc16a tempest-AttachVolumeShelveTestJSON-219109623 tempest-AttachVolumeShelveTestJSON-219109623-project-member] Late loading location class glance_store._drivers.swift.store.StoreLocation {{(pid=103290) get_store_location_class /opt/stack/data/venv/lib/python3.12/site-packages/glance_store/driver.py:134}}
Aug 24 17:06:01.893284 np0000007988 devstack@g-api.service[103290]: DEBUG glance_store.location [None req-599bb6ae-7967-4677-9668-5bed234dc16a tempest-AttachVolumeShelveTestJSON-219109623 tempest-AttachVolumeShelveTestJSON-219109623-project-member] Registering scheme swift+https with {'store': , 'location_class': , 'store_entry': 'swift'} {{(pid=103290) register_scheme_map /opt/stack/data/venv/lib/python3.12/site-packages/glance_store/location.py:146}}
Aug 24 17:06:01.893413 np0000007988 devstack@g-api.service[103290]: DEBUG glance_store.location [None req-599bb6ae-7967-4677-9668-5bed234dc16a tempest-AttachVolumeShelveTestJSON-219109623 tempest-AttachVolumeShelveTestJSON-219109623-project-member] Registering scheme swift+https with {'store': , 'location_class': , 'store_entry': 'swift'} {{(pid=103290) register_scheme_map /opt/stack/data/venv/lib/python3.12/site-packages/glance_store/location.py:146}}
Aug 24 17:06:01.893581 np0000007988 devstack@g-api.service[103290]: DEBUG glance_store.location [None req-599bb6ae-7967-4677-9668-5bed234dc16a tempest-AttachVolumeShelveTestJSON-219109623 tempest-AttachVolumeShelveTestJSON-219109623-project-member] Registering scheme swift with {'store': , 'location_class': , 'store_entry': 'swift'} {{(pid=103290) register_scheme_map /opt/stack/data/venv/lib/python3.12/site-packages/glance_store/location.py:146}}
Aug 24 17:06:01.894462 np0000007988 devstack@g-api.service[103290]: DEBUG glance_store.location [None req-599bb6ae-7967-4677-9668-5bed234dc16a tempest-AttachVolumeShelveTestJSON-219109623 tempest-AttachVolumeShelveTestJSON-219109623-project-member] Registering scheme swift+https with {'store': , 'location_class': , 'store_entry': 'swift'} {{(pid=103290) register_scheme_map /opt/stack/data/venv/lib/python3.12/site-packages/glance_store/location.py:146}}
Aug 24 17:06:01.894462 np0000007988 devstack@g-api.service[103290]: DEBUG glance_store.location [None req-599bb6ae-7967-4677-9668-5bed234dc16a tempest-AttachVolumeShelveTestJSON-219109623 tempest-AttachVolumeShelveTestJSON-219109623-project-member] Registering scheme swift with {'store': , 'location_class': , 'store_entry': 'swift'} {{(pid=103290) register_scheme_map /opt/stack/data/venv/lib/python3.12/site-packages/glance_store/location.py:146}}
Aug 24 17:06:01.894601 np0000007988 devstack@g-api.service[103290]: DEBUG glance_store.location [None req-599bb6ae-7967-4677-9668-5bed234dc16a tempest-AttachVolumeShelveTestJSON-219109623 tempest-AttachVolumeShelveTestJSON-219109623-project-member] Registering scheme swift+http with {'store': , 'location_class': , 'store_entry': 'swift'} {{(pid=103290) register_scheme_map /opt/stack/data/venv/lib/python3.12/site-packages/glance_store/location.py:146}}
Aug 24 17:06:01.894735 np0000007988 devstack@g-api.service[103290]: DEBUG glance_store.location [None req-599bb6ae-7967-4677-9668-5bed234dc16a tempest-AttachVolumeShelveTestJSON-219109623 tempest-AttachVolumeShelveTestJSON-219109623-project-member] Registering scheme swift+https with {'store': , 'location_class': , 'store_entry': 'swift'} {{(pid=103290) register_scheme_map /opt/stack/data/venv/lib/python3.12/site-packages/glance_store/location.py:146}}
Aug 24 17:06:01.894821 np0000007988 devstack@g-api.service[103290]: DEBUG glance_store.location [None req-599bb6ae-7967-4677-9668-5bed234dc16a tempest-AttachVolumeShelveTestJSON-219109623 tempest-AttachVolumeShelveTestJSON-219109623-project-member] Registering scheme swift with {'store': , 'location_class': , 'store_entry': 'swift'} {{(pid=103290) register_scheme_map /opt/stack/data/venv/lib/python3.12/site-packages/glance_store/location.py:146}}
Aug 24 17:06:01.894944 np0000007988 devstack@g-api.service[103290]: DEBUG glance_store.location [None req-599bb6ae-7967-4677-9668-5bed234dc16a tempest-AttachVolumeShelveTestJSON-219109623 tempest-AttachVolumeShelveTestJSON-219109623-project-member] Registering scheme swift+http with {'store': , 'location_class': , 'store_entry': 'swift'} {{(pid=103290) register_scheme_map /opt/stack/data/venv/lib/python3.12/site-packages/glance_store/location.py:146}}
Aug 24 17:06:01.895040 np0000007988 devstack@g-api.service[103290]: DEBUG glance_store.location [None req-599bb6ae-7967-4677-9668-5bed234dc16a tempest-AttachVolumeShelveTestJSON-219109623 tempest-AttachVolumeShelveTestJSON-219109623-project-member] Registering scheme swift+config with {'store': , 'location_class': , 'store_entry': 'swift'} {{(pid=103290) register_scheme_map /opt/stack/data/venv/lib/python3.12/site-packages/glance_store/location.py:146}}
Aug 24 17:06:01.895610 np0000007988 devstack@g-api.service[103290]: DEBUG keystoneclient.auth.identity.v3.base [None req-599bb6ae-7967-4677-9668-5bed234dc16a tempest-AttachVolumeShelveTestJSON-219109623 tempest-AttachVolumeShelveTestJSON-219109623-project-member] Making authentication request to https://10.4.3.22/identity/v3/auth/tokens {{(pid=103290) get_auth_ref /opt/stack/data/venv/lib/python3.12/site-packages/keystoneclient/auth/identity/v3/base.py:185}}
Aug 24 17:06:02.005342 np0000007988 devstack@g-api.service[103289]: DEBUG glance.api.middleware.version_negotiation [None req-4b482a8a-dc70-445c-83b6-5a2405a02ac9 tempest-VolumesGetTest-886933846 tempest-VolumesGetTest-886933846-project-member] Determining version of request: GET /v2/images/ba2bae58-8f09-4c98-908f-099776fdc579 Accept: */* {{(pid=103289) process_request /opt/stack/glance/glance/api/middleware/version_negotiation.py:44}}
Aug 24 17:06:02.006960 np0000007988 devstack@g-api.service[103289]: DEBUG glance.api.middleware.version_negotiation [None req-4b482a8a-dc70-445c-83b6-5a2405a02ac9 tempest-VolumesGetTest-886933846 tempest-VolumesGetTest-886933846-project-member] Using url versioning {{(pid=103289) process_request /opt/stack/glance/glance/api/middleware/version_negotiation.py:57}}
Aug 24 17:06:02.007376 np0000007988 devstack@g-api.service[103289]: DEBUG glance.api.middleware.version_negotiation [None req-4b482a8a-dc70-445c-83b6-5a2405a02ac9 tempest-VolumesGetTest-886933846 tempest-VolumesGetTest-886933846-project-member] Matched version: v2 {{(pid=103289) process_request /opt/stack/glance/glance/api/middleware/version_negotiation.py:69}}
Aug 24 17:06:02.007376 np0000007988 devstack@g-api.service[103289]: DEBUG glance.api.middleware.version_negotiation [None req-4b482a8a-dc70-445c-83b6-5a2405a02ac9 tempest-VolumesGetTest-886933846 tempest-VolumesGetTest-886933846-project-member] new path /v2/images/ba2bae58-8f09-4c98-908f-099776fdc579 {{(pid=103289) process_request /opt/stack/glance/glance/api/middleware/version_negotiation.py:70}}
Aug 24 17:06:02.019440 np0000007988 devstack@g-api.service[103290]: DEBUG keystoneclient.auth.identity.v3.base [None req-599bb6ae-7967-4677-9668-5bed234dc16a tempest-AttachVolumeShelveTestJSON-219109623 tempest-AttachVolumeShelveTestJSON-219109623-project-member] {"token": {"methods": ["password"], "user": {"domain": {"id": "default", "name": "Default"}, "id": "e96cb9c63173495e831b812a463aa6bc", "name": "glance-swift", "password_expires_at": null}, "audit_ids": ["EAlgWGSxSvO9qxfwpYB62Q"], "expires_at": "2026-08-24T18:06:01.000000Z", "issued_at": "2026-08-24T17:06:01.000000Z", "project": {"domain": {"id": "default", "name": "Default"}, "id": "61c3837914c240efb407e738a8d6b016", "name": "service"}, "is_domain": false, "roles": [{"id": "e0820809b42c4995bf56c969fca1ac33", "name": "ResellerAdmin"}, {"id": "ca3b27d1ea2c481eadc502c2e94c95d5", "name": "service"}], "catalog": [{"endpoints": [{"id": "f08b991a7bd74bd1bdaf6445090bc84e", "interface": "public", "region_id": "RegionOne", "url": "https://10.4.3.22/image", "region": "RegionOne"}], "id": "096bb19c94c14a6a92b85a09137aca26", "type": "image", "name": "glance"}, {"endpoints": [{"id": "0051334d98254056a5eea95a80759def", "interface": "public", "region_id": "RegionOne", "url": "https://10.4.3.22/compute/v2.1", "region": "RegionOne"}], "id": "214e6a0bea6d4c1d8c9407469d534aa8", "type": "compute", "name": "nova"}, {"endpoints": [{"id": "ecfbdfdf18ba4785916cd08ffc140cf5", "interface": "public", "region_id": "RegionOne", "url": "https://10.4.3.22/placement", "region": "RegionOne"}], "id": "3287c8ad07c74d36bce8cef1a5fb565d", "type": "placement", "name": "placement"}, {"endpoints": [{"id": "4d4e8ca654a247f48f110108d70985d9", "interface": "admin", "region_id": "RegionOne", "url": "https://10.4.3.22:8080", "region": "RegionOne"}, {"id": "9335af38fe464d96bd6983c7a0d1ceb8", "interface": "public", "region_id": "RegionOne", "url": "https://10.4.3.22:8080/v1/AUTH_61c3837914c240efb407e738a8d6b016", "region": "RegionOne"}], "id": "3e3ab95f1b404dbd9090750ee0e62e54", "type": "object-store", "name": "swift"}, {"endpoints": [{"id": "824c63f3312f47cd89d25cc45527afc6", "interface": "public", "region_id": "RegionOne", "url": "https://10.4.3.22/networking", "region": "RegionOne"}], "id": "57f83aa81953413dbba4ccde9a877af3", "type": "network", "name": "neutron"}, {"endpoints": [{"id": "34fa46c4ebcc468f94cf0e9c0e393086", "interface": "public", "region_id": "RegionOne", "url": "https://10.4.3.22/volume/v3", "region": "RegionOne"}], "id": "6a3fd253a51f44c2b8d481921f4a4a36", "type": "block-storage", "name": "cinder"}, {"endpoints": [{"id": "12dd8b6e37544efcb74bc339924dd197", "interface": "public", "region_id": "RegionOne", "url": "https://10.4.3.22/compute/v2/61c3837914c240efb407e738a8d6b016", "region": "RegionOne"}], "id": "8af69be466a6459b8a3d996582f7791e", "type": "compute_legacy", "name": "nova_legacy"}, {"endpoints": [{"id": "f961997e581a4faea59f94cf84104b39", "interface": "public", "region_id": "RegionOne", "url": "https://10.4.3.22/identity", "region": "RegionOne"}], "id": "de556f240b9a424dbe2dea23036a7170", "type": "identity", "name": "keystone"}]}} {{(pid=103290) get_auth_ref /opt/stack/data/venv/lib/python3.12/site-packages/keystoneclient/auth/identity/v3/base.py:190}}
Aug 24 17:06:02.019932 np0000007988 devstack@g-api.service[103290]: DEBUG keystoneclient.httpclient [None req-599bb6ae-7967-4677-9668-5bed234dc16a tempest-AttachVolumeShelveTestJSON-219109623 tempest-AttachVolumeShelveTestJSON-219109623-project-member] Failed to find endpoint for management url admin endpoint for identity service not found {{(pid=103290) _process_management_url /opt/stack/data/venv/lib/python3.12/site-packages/keystoneclient/httpclient.py:670}}
Aug 24 17:06:02.024512 np0000007988 devstack@g-api.service[103289]: [pid: 103289|app: 0|req: 79/309] 127.0.0.1 () {44 vars in 1111 bytes} [Mon Aug 24 17:06:02 2026] GET /v2/images/ba2bae58-8f09-4c98-908f-099776fdc579 => generated 1044 bytes in 23 msecs (HTTP/1.1 200) 4 headers in 158 bytes (1 switches on core 0)
Aug 24 17:06:02.039190 np0000007988 devstack@g-api.service[103288]: DEBUG glance.api.middleware.version_negotiation [None req-4b482a8a-dc70-445c-83b6-5a2405a02ac9 tempest-VolumesGetTest-886933846 tempest-VolumesGetTest-886933846-project-member] Determining version of request: GET /v2/schemas/image Accept: */* {{(pid=103288) process_request /opt/stack/glance/glance/api/middleware/version_negotiation.py:44}}
Aug 24 17:06:02.039561 np0000007988 devstack@g-api.service[103288]: DEBUG glance.api.middleware.version_negotiation [None req-4b482a8a-dc70-445c-83b6-5a2405a02ac9 tempest-VolumesGetTest-886933846 tempest-VolumesGetTest-886933846-project-member] Using url versioning {{(pid=103288) process_request /opt/stack/glance/glance/api/middleware/version_negotiation.py:57}}
Aug 24 17:06:02.039561 np0000007988 devstack@g-api.service[103288]: DEBUG glance.api.middleware.version_negotiation [None req-4b482a8a-dc70-445c-83b6-5a2405a02ac9 tempest-VolumesGetTest-886933846 tempest-VolumesGetTest-886933846-project-member] Matched version: v2 {{(pid=103288) process_request /opt/stack/glance/glance/api/middleware/version_negotiation.py:69}}
Aug 24 17:06:02.039658 np0000007988 devstack@g-api.service[103288]: DEBUG glance.api.middleware.version_negotiation [None req-4b482a8a-dc70-445c-83b6-5a2405a02ac9 tempest-VolumesGetTest-886933846 tempest-VolumesGetTest-886933846-project-member] new path /v2/schemas/image {{(pid=103288) process_request /opt/stack/glance/glance/api/middleware/version_negotiation.py:70}}
Aug 24 17:06:02.042532 np0000007988 devstack@g-api.service[103288]: [pid: 103288|app: 0|req: 76/310] 127.0.0.1 () {44 vars in 1051 bytes} [Mon Aug 24 17:06:02 2026] GET /v2/schemas/image => generated 6083 bytes in 3 msecs (HTTP/1.1 200) 4 headers in 158 bytes (1 switches on core 0)
Aug 24 17:06:02.052666 np0000007988 devstack@g-api.service[103291]: DEBUG glance.api.middleware.version_negotiation [None req-4b482a8a-dc70-445c-83b6-5a2405a02ac9 tempest-VolumesGetTest-886933846 tempest-VolumesGetTest-886933846-project-member] Determining version of request: GET /v2/schemas/image Accept: */* {{(pid=103291) process_request /opt/stack/glance/glance/api/middleware/version_negotiation.py:44}}
Aug 24 17:06:02.053184 np0000007988 devstack@g-api.service[103291]: DEBUG glance.api.middleware.version_negotiation [None req-4b482a8a-dc70-445c-83b6-5a2405a02ac9 tempest-VolumesGetTest-886933846 tempest-VolumesGetTest-886933846-project-member] Using url versioning {{(pid=103291) process_request /opt/stack/glance/glance/api/middleware/version_negotiation.py:57}}
Aug 24 17:06:02.053184 np0000007988 devstack@g-api.service[103291]: DEBUG glance.api.middleware.version_negotiation [None req-4b482a8a-dc70-445c-83b6-5a2405a02ac9 tempest-VolumesGetTest-886933846 tempest-VolumesGetTest-886933846-project-member] Matched version: v2 {{(pid=103291) process_request /opt/stack/glance/glance/api/middleware/version_negotiation.py:69}}
Aug 24 17:06:02.053250 np0000007988 devstack@g-api.service[103291]: DEBUG glance.api.middleware.version_negotiation [None req-4b482a8a-dc70-445c-83b6-5a2405a02ac9 tempest-VolumesGetTest-886933846 tempest-VolumesGetTest-886933846-project-member] new path /v2/schemas/image {{(pid=103291) process_request /opt/stack/glance/glance/api/middleware/version_negotiation.py:70}}
Aug 24 17:06:02.058369 np0000007988 devstack@g-api.service[103291]: [pid: 103291|app: 0|req: 82/311] 127.0.0.1 () {44 vars in 1051 bytes} [Mon Aug 24 17:06:02 2026] GET /v2/schemas/image => generated 6083 bytes in 6 msecs (HTTP/1.1 200) 4 headers in 158 bytes (1 switches on core 0)
Aug 24 17:06:02.069257 np0000007988 devstack@g-api.service[103289]: DEBUG glance.api.middleware.version_negotiation [None req-10a40c1d-c62c-42f9-9f98-6f4b124a88bd tempest-AttachVolumeMultiAttachTest-1455908022 tempest-AttachVolumeMultiAttachTest-1455908022-project-member] Determining version of request: GET /v2/images/ba2bae58-8f09-4c98-908f-099776fdc579 Accept: */* {{(pid=103289) process_request /opt/stack/glance/glance/api/middleware/version_negotiation.py:44}}
Aug 24 17:06:02.069431 np0000007988 devstack@g-api.service[103289]: DEBUG glance.api.middleware.version_negotiation [None req-10a40c1d-c62c-42f9-9f98-6f4b124a88bd tempest-AttachVolumeMultiAttachTest-1455908022 tempest-AttachVolumeMultiAttachTest-1455908022-project-member] Using url versioning {{(pid=103289) process_request /opt/stack/glance/glance/api/middleware/version_negotiation.py:57}}
Aug 24 17:06:02.069602 np0000007988 devstack@g-api.service[103289]: DEBUG glance.api.middleware.version_negotiation [None req-10a40c1d-c62c-42f9-9f98-6f4b124a88bd tempest-AttachVolumeMultiAttachTest-1455908022 tempest-AttachVolumeMultiAttachTest-1455908022-project-member] Matched version: v2 {{(pid=103289) process_request /opt/stack/glance/glance/api/middleware/version_negotiation.py:69}}
Aug 24 17:06:02.069738 np0000007988 devstack@g-api.service[103289]: DEBUG glance.api.middleware.version_negotiation [None req-10a40c1d-c62c-42f9-9f98-6f4b124a88bd tempest-AttachVolumeMultiAttachTest-1455908022 tempest-AttachVolumeMultiAttachTest-1455908022-project-member] new path /v2/images/ba2bae58-8f09-4c98-908f-099776fdc579 {{(pid=103289) process_request /opt/stack/glance/glance/api/middleware/version_negotiation.py:70}}
Aug 24 17:06:02.077896 np0000007988 devstack@g-api.service[103289]: [pid: 103289|app: 0|req: 80/312] 127.0.0.1 () {44 vars in 1111 bytes} [Mon Aug 24 17:06:02 2026] GET /v2/images/ba2bae58-8f09-4c98-908f-099776fdc579 => generated 1044 bytes in 9 msecs (HTTP/1.1 200) 4 headers in 158 bytes (1 switches on core 0)
Aug 24 17:06:02.088343 np0000007988 devstack@g-api.service[103288]: DEBUG glance.api.middleware.version_negotiation [None req-10a40c1d-c62c-42f9-9f98-6f4b124a88bd tempest-AttachVolumeMultiAttachTest-1455908022 tempest-AttachVolumeMultiAttachTest-1455908022-project-member] Determining version of request: GET /v2/schemas/image Accept: */* {{(pid=103288) process_request /opt/stack/glance/glance/api/middleware/version_negotiation.py:44}}
Aug 24 17:06:02.088688 np0000007988 devstack@g-api.service[103288]: DEBUG glance.api.middleware.version_negotiation [None req-10a40c1d-c62c-42f9-9f98-6f4b124a88bd tempest-AttachVolumeMultiAttachTest-1455908022 tempest-AttachVolumeMultiAttachTest-1455908022-project-member] Using url versioning {{(pid=103288) process_request /opt/stack/glance/glance/api/middleware/version_negotiation.py:57}}
Aug 24 17:06:02.088910 np0000007988 devstack@g-api.service[103288]: DEBUG glance.api.middleware.version_negotiation [None req-10a40c1d-c62c-42f9-9f98-6f4b124a88bd tempest-AttachVolumeMultiAttachTest-1455908022 tempest-AttachVolumeMultiAttachTest-1455908022-project-member] Matched version: v2 {{(pid=103288) process_request /opt/stack/glance/glance/api/middleware/version_negotiation.py:69}}
Aug 24 17:06:02.089037 np0000007988 devstack@g-api.service[103288]: DEBUG glance.api.middleware.version_negotiation [None req-10a40c1d-c62c-42f9-9f98-6f4b124a88bd tempest-AttachVolumeMultiAttachTest-1455908022 tempest-AttachVolumeMultiAttachTest-1455908022-project-member] new path /v2/schemas/image {{(pid=103288) process_request /opt/stack/glance/glance/api/middleware/version_negotiation.py:70}}
Aug 24 17:06:02.091918 np0000007988 devstack@g-api.service[103288]: [pid: 103288|app: 0|req: 77/313] 127.0.0.1 () {44 vars in 1051 bytes} [Mon Aug 24 17:06:02 2026] GET /v2/schemas/image => generated 6083 bytes in 3 msecs (HTTP/1.1 200) 4 headers in 158 bytes (1 switches on core 0)
Aug 24 17:06:02.104205 np0000007988 devstack@g-api.service[103291]: DEBUG glance.api.middleware.version_negotiation [None req-10a40c1d-c62c-42f9-9f98-6f4b124a88bd tempest-AttachVolumeMultiAttachTest-1455908022 tempest-AttachVolumeMultiAttachTest-1455908022-project-member] Determining version of request: GET /v2/schemas/image Accept: */* {{(pid=103291) process_request /opt/stack/glance/glance/api/middleware/version_negotiation.py:44}}
Aug 24 17:06:02.104205 np0000007988 devstack@g-api.service[103291]: DEBUG glance.api.middleware.version_negotiation [None req-10a40c1d-c62c-42f9-9f98-6f4b124a88bd tempest-AttachVolumeMultiAttachTest-1455908022 tempest-AttachVolumeMultiAttachTest-1455908022-project-member] Using url versioning {{(pid=103291) process_request /opt/stack/glance/glance/api/middleware/version_negotiation.py:57}}
Aug 24 17:06:02.104388 np0000007988 devstack@g-api.service[103291]: DEBUG glance.api.middleware.version_negotiation [None req-10a40c1d-c62c-42f9-9f98-6f4b124a88bd tempest-AttachVolumeMultiAttachTest-1455908022 tempest-AttachVolumeMultiAttachTest-1455908022-project-member] Matched version: v2 {{(pid=103291) process_request /opt/stack/glance/glance/api/middleware/version_negotiation.py:69}}
Aug 24 17:06:02.104493 np0000007988 devstack@g-api.service[103291]: DEBUG glance.api.middleware.version_negotiation [None req-10a40c1d-c62c-42f9-9f98-6f4b124a88bd tempest-AttachVolumeMultiAttachTest-1455908022 tempest-AttachVolumeMultiAttachTest-1455908022-project-member] new path /v2/schemas/image {{(pid=103291) process_request /opt/stack/glance/glance/api/middleware/version_negotiation.py:70}}
Aug 24 17:06:02.110420 np0000007988 devstack@g-api.service[103291]: [pid: 103291|app: 0|req: 83/314] 127.0.0.1 () {44 vars in 1051 bytes} [Mon Aug 24 17:06:02 2026] GET /v2/schemas/image => generated 6083 bytes in 6 msecs (HTTP/1.1 200) 4 headers in 158 bytes (1 switches on core 0)
Aug 24 17:06:02.124152 np0000007988 devstack@g-api.service[103290]: DEBUG swiftclient [None req-599bb6ae-7967-4677-9668-5bed234dc16a tempest-AttachVolumeShelveTestJSON-219109623 tempest-AttachVolumeShelveTestJSON-219109623-project-member] REQ: curl -i https://10.4.3.22:8080/v1/AUTH_61c3837914c240efb407e738a8d6b016/glance/2db29429-a2e3-4c78-a993-1c40bbcb0d9a -I -H "X-Auth-Token: gAAAAABqjHn5DDtL..." {{(pid=103290) http_log /opt/stack/data/venv/lib/python3.12/site-packages/swiftclient/client.py:160}}
Aug 24 17:06:02.124266 np0000007988 devstack@g-api.service[103290]: DEBUG swiftclient [None req-599bb6ae-7967-4677-9668-5bed234dc16a tempest-AttachVolumeShelveTestJSON-219109623 tempest-AttachVolumeShelveTestJSON-219109623-project-member] RESP STATUS: 200 OK {{(pid=103290) http_log /opt/stack/data/venv/lib/python3.12/site-packages/swiftclient/client.py:161}}
Aug 24 17:06:02.124480 np0000007988 devstack@g-api.service[103290]: DEBUG swiftclient [None req-599bb6ae-7967-4677-9668-5bed234dc16a tempest-AttachVolumeShelveTestJSON-219109623 tempest-AttachVolumeShelveTestJSON-219109623-project-member] RESP HEADERS: {'Date': 'Mon, 24 Aug 2026 17:06:02 GMT', 'Server': 'Apache/2.4.58 (Ubuntu)', 'Content-Type': 'application/octet-stream', 'Content-Length': '53542912', 'X-Object-Manifest': 'glance/2db29429-a2e3-4c78-a993-1c40bbcb0d9a-', 'Last-Modified': 'Mon, 24 Aug 2026 17:05:45 GMT', 'X-Timestamp': '1787591144.70341', 'Accept-Ranges': 'bytes', 'Etag': '"cb5f56f0aaf0e58f0d081180762fae23"', 'X-Trans-Id': 'tx10b322d75b3d4e69bb3ba-006a8c79fa', 'X-Openstack-Request-Id': 'tx10b322d75b3d4e69bb3ba-006a8c79fa', 'Connection': 'close'} {{(pid=103290) http_log /opt/stack/data/venv/lib/python3.12/site-packages/swiftclient/client.py:162}}
Aug 24 17:06:02.144819 np0000007988 devstack@g-api.service[103289]: DEBUG glance.api.middleware.version_negotiation [None req-10a40c1d-c62c-42f9-9f98-6f4b124a88bd tempest-AttachVolumeMultiAttachTest-1455908022 tempest-AttachVolumeMultiAttachTest-1455908022-project-member] Determining version of request: GET /v2/images/ba2bae58-8f09-4c98-908f-099776fdc579 Accept: */* {{(pid=103289) process_request /opt/stack/glance/glance/api/middleware/version_negotiation.py:44}}
Aug 24 17:06:02.144819 np0000007988 devstack@g-api.service[103289]: DEBUG glance.api.middleware.version_negotiation [None req-10a40c1d-c62c-42f9-9f98-6f4b124a88bd tempest-AttachVolumeMultiAttachTest-1455908022 tempest-AttachVolumeMultiAttachTest-1455908022-project-member] Using url versioning {{(pid=103289) process_request /opt/stack/glance/glance/api/middleware/version_negotiation.py:57}}
Aug 24 17:06:02.145301 np0000007988 devstack@g-api.service[103289]: DEBUG glance.api.middleware.version_negotiation [None req-10a40c1d-c62c-42f9-9f98-6f4b124a88bd tempest-AttachVolumeMultiAttachTest-1455908022 tempest-AttachVolumeMultiAttachTest-1455908022-project-member] Matched version: v2 {{(pid=103289) process_request /opt/stack/glance/glance/api/middleware/version_negotiation.py:69}}
Aug 24 17:06:02.145301 np0000007988 devstack@g-api.service[103289]: DEBUG glance.api.middleware.version_negotiation [None req-10a40c1d-c62c-42f9-9f98-6f4b124a88bd tempest-AttachVolumeMultiAttachTest-1455908022 tempest-AttachVolumeMultiAttachTest-1455908022-project-member] new path /v2/images/ba2bae58-8f09-4c98-908f-099776fdc579 {{(pid=103289) process_request /opt/stack/glance/glance/api/middleware/version_negotiation.py:70}}
Aug 24 17:06:02.157839 np0000007988 devstack@g-api.service[103289]: [pid: 103289|app: 0|req: 81/315] 127.0.0.1 () {44 vars in 1111 bytes} [Mon Aug 24 17:06:02 2026] GET /v2/images/ba2bae58-8f09-4c98-908f-099776fdc579 => generated 1044 bytes in 13 msecs (HTTP/1.1 200) 4 headers in 158 bytes (1 switches on core 0)
Aug 24 17:06:02.161777 np0000007988 devstack@g-api.service[103290]: DEBUG swiftclient [None req-599bb6ae-7967-4677-9668-5bed234dc16a tempest-AttachVolumeShelveTestJSON-219109623 tempest-AttachVolumeShelveTestJSON-219109623-project-member] REQ: curl -i https://10.4.3.22:8080/v1/AUTH_61c3837914c240efb407e738a8d6b016/glance?format=json&prefix=2db29429-a2e3-4c78-a993-1c40bbcb0d9a- -X GET -H "X-Auth-Token: gAAAAABqjHn5DDtL..." -H "Accept-Encoding: gzip" {{(pid=103290) http_log /opt/stack/data/venv/lib/python3.12/site-packages/swiftclient/client.py:160}}
Aug 24 17:06:02.161913 np0000007988 devstack@g-api.service[103290]: DEBUG swiftclient [None req-599bb6ae-7967-4677-9668-5bed234dc16a tempest-AttachVolumeShelveTestJSON-219109623 tempest-AttachVolumeShelveTestJSON-219109623-project-member] RESP STATUS: 200 OK {{(pid=103290) http_log /opt/stack/data/venv/lib/python3.12/site-packages/swiftclient/client.py:161}}
Aug 24 17:06:02.162382 np0000007988 devstack@g-api.service[103290]: DEBUG swiftclient [None req-599bb6ae-7967-4677-9668-5bed234dc16a tempest-AttachVolumeShelveTestJSON-219109623 tempest-AttachVolumeShelveTestJSON-219109623-project-member] RESP HEADERS: {'Date': 'Mon, 24 Aug 2026 17:06:02 GMT', 'Server': 'Apache/2.4.58 (Ubuntu)', 'Content-Type': 'application/json; charset=utf-8', 'Content-Length': '210', 'X-Container-Object-Count': '7', 'X-Container-Bytes-Used': '139591680', 'X-Timestamp': '1787590700.97853', 'Last-Modified': 'Mon, 24 Aug 2026 16:58:21 GMT', 'Accept-Ranges': 'bytes', 'X-Storage-Policy': 'Policy-0', 'X-Container-Sharding': 'False', 'X-Trans-Id': 'tx461fb510c6a3472cbbc48-006a8c79fa', 'X-Openstack-Request-Id': 'tx461fb510c6a3472cbbc48-006a8c79fa', 'Connection': 'close'} {{(pid=103290) http_log /opt/stack/data/venv/lib/python3.12/site-packages/swiftclient/client.py:162}}
Aug 24 17:06:02.162382 np0000007988 devstack@g-api.service[103290]: DEBUG swiftclient [None req-599bb6ae-7967-4677-9668-5bed234dc16a tempest-AttachVolumeShelveTestJSON-219109623 tempest-AttachVolumeShelveTestJSON-219109623-project-member] RESP BODY: b'[{"bytes": 53542912, "hash": "61d28d5dede2e0e78f387c0510407cd1", "name": "2db29429-a2e3-4c78-a993-1c40bbcb0d9a-00001", "content_type": "application/octet-stream", "last_modified": "2026-08-24T17:05:44.220840"}]' {{(pid=103290) http_log /opt/stack/data/venv/lib/python3.12/site-packages/swiftclient/client.py:166}}
Aug 24 17:06:02.173741 np0000007988 devstack@g-api.service[103288]: DEBUG glance.api.middleware.version_negotiation [None req-10a40c1d-c62c-42f9-9f98-6f4b124a88bd tempest-AttachVolumeMultiAttachTest-1455908022 tempest-AttachVolumeMultiAttachTest-1455908022-project-member] Determining version of request: GET /v2/schemas/image Accept: */* {{(pid=103288) process_request /opt/stack/glance/glance/api/middleware/version_negotiation.py:44}}
Aug 24 17:06:02.173741 np0000007988 devstack@g-api.service[103288]: DEBUG glance.api.middleware.version_negotiation [None req-10a40c1d-c62c-42f9-9f98-6f4b124a88bd tempest-AttachVolumeMultiAttachTest-1455908022 tempest-AttachVolumeMultiAttachTest-1455908022-project-member] Using url versioning {{(pid=103288) process_request /opt/stack/glance/glance/api/middleware/version_negotiation.py:57}}
Aug 24 17:06:02.173741 np0000007988 devstack@g-api.service[103288]: DEBUG glance.api.middleware.version_negotiation [None req-10a40c1d-c62c-42f9-9f98-6f4b124a88bd tempest-AttachVolumeMultiAttachTest-1455908022 tempest-AttachVolumeMultiAttachTest-1455908022-project-member] Matched version: v2 {{(pid=103288) process_request /opt/stack/glance/glance/api/middleware/version_negotiation.py:69}}
Aug 24 17:06:02.173741 np0000007988 devstack@g-api.service[103288]: DEBUG glance.api.middleware.version_negotiation [None req-10a40c1d-c62c-42f9-9f98-6f4b124a88bd tempest-AttachVolumeMultiAttachTest-1455908022 tempest-AttachVolumeMultiAttachTest-1455908022-project-member] new path /v2/schemas/image {{(pid=103288) process_request /opt/stack/glance/glance/api/middleware/version_negotiation.py:70}}
Aug 24 17:06:02.179944 np0000007988 devstack@g-api.service[103288]: [pid: 103288|app: 0|req: 78/316] 127.0.0.1 () {44 vars in 1051 bytes} [Mon Aug 24 17:06:02 2026] GET /v2/schemas/image => generated 6083 bytes in 7 msecs (HTTP/1.1 200) 4 headers in 158 bytes (1 switches on core 0)
Aug 24 17:06:02.189253 np0000007988 devstack@g-api.service[103290]: DEBUG swiftclient [None req-599bb6ae-7967-4677-9668-5bed234dc16a tempest-AttachVolumeShelveTestJSON-219109623 tempest-AttachVolumeShelveTestJSON-219109623-project-member] REQ: curl -i https://10.4.3.22:8080/v1/AUTH_61c3837914c240efb407e738a8d6b016/glance/2db29429-a2e3-4c78-a993-1c40bbcb0d9a-00001 DELETE -H "X-Auth-Token: gAAAAABqjHn5DDtL..." {{(pid=103290) http_log /opt/stack/data/venv/lib/python3.12/site-packages/swiftclient/client.py:160}}
Aug 24 17:06:02.189706 np0000007988 devstack@g-api.service[103290]: DEBUG swiftclient [None req-599bb6ae-7967-4677-9668-5bed234dc16a tempest-AttachVolumeShelveTestJSON-219109623 tempest-AttachVolumeShelveTestJSON-219109623-project-member] RESP STATUS: 204 No Content {{(pid=103290) http_log /opt/stack/data/venv/lib/python3.12/site-packages/swiftclient/client.py:161}}
Aug 24 17:06:02.189706 np0000007988 devstack@g-api.service[103290]: DEBUG swiftclient [None req-599bb6ae-7967-4677-9668-5bed234dc16a tempest-AttachVolumeShelveTestJSON-219109623 tempest-AttachVolumeShelveTestJSON-219109623-project-member] RESP HEADERS: {'Date': 'Mon, 24 Aug 2026 17:06:02 GMT', 'Server': 'Apache/2.4.58 (Ubuntu)', 'Content-Type': 'text/html; charset=UTF-8', 'X-Trans-Id': 'txfdf66203e6d246d3a5ec1-006a8c79fa', 'X-Openstack-Request-Id': 'txfdf66203e6d246d3a5ec1-006a8c79fa', 'Connection': 'close'} {{(pid=103290) http_log /opt/stack/data/venv/lib/python3.12/site-packages/swiftclient/client.py:162}}
Aug 24 17:06:02.191584 np0000007988 devstack@g-api.service[103291]: DEBUG glance.api.middleware.version_negotiation [None req-10a40c1d-c62c-42f9-9f98-6f4b124a88bd tempest-AttachVolumeMultiAttachTest-1455908022 tempest-AttachVolumeMultiAttachTest-1455908022-project-member] Determining version of request: GET /v2/schemas/image Accept: */* {{(pid=103291) process_request /opt/stack/glance/glance/api/middleware/version_negotiation.py:44}}
Aug 24 17:06:02.191921 np0000007988 devstack@g-api.service[103291]: DEBUG glance.api.middleware.version_negotiation [None req-10a40c1d-c62c-42f9-9f98-6f4b124a88bd tempest-AttachVolumeMultiAttachTest-1455908022 tempest-AttachVolumeMultiAttachTest-1455908022-project-member] Using url versioning {{(pid=103291) process_request /opt/stack/glance/glance/api/middleware/version_negotiation.py:57}}
Aug 24 17:06:02.191921 np0000007988 devstack@g-api.service[103291]: DEBUG glance.api.middleware.version_negotiation [None req-10a40c1d-c62c-42f9-9f98-6f4b124a88bd tempest-AttachVolumeMultiAttachTest-1455908022 tempest-AttachVolumeMultiAttachTest-1455908022-project-member] Matched version: v2 {{(pid=103291) process_request /opt/stack/glance/glance/api/middleware/version_negotiation.py:69}}
Aug 24 17:06:02.192075 np0000007988 devstack@g-api.service[103291]: DEBUG glance.api.middleware.version_negotiation [None req-10a40c1d-c62c-42f9-9f98-6f4b124a88bd tempest-AttachVolumeMultiAttachTest-1455908022 tempest-AttachVolumeMultiAttachTest-1455908022-project-member] new path /v2/schemas/image {{(pid=103291) process_request /opt/stack/glance/glance/api/middleware/version_negotiation.py:70}}
Aug 24 17:06:02.195247 np0000007988 devstack@g-api.service[103291]: [pid: 103291|app: 0|req: 84/317] 127.0.0.1 () {44 vars in 1051 bytes} [Mon Aug 24 17:06:02 2026] GET /v2/schemas/image => generated 6083 bytes in 3 msecs (HTTP/1.1 200) 4 headers in 158 bytes (1 switches on core 0)
Aug 24 17:06:02.220731 np0000007988 devstack@g-api.service[103290]: DEBUG swiftclient [None req-599bb6ae-7967-4677-9668-5bed234dc16a tempest-AttachVolumeShelveTestJSON-219109623 tempest-AttachVolumeShelveTestJSON-219109623-project-member] REQ: curl -i https://10.4.3.22:8080/v1/AUTH_61c3837914c240efb407e738a8d6b016/glance/2db29429-a2e3-4c78-a993-1c40bbcb0d9a DELETE -H "X-Auth-Token: gAAAAABqjHn5DDtL..." {{(pid=103290) http_log /opt/stack/data/venv/lib/python3.12/site-packages/swiftclient/client.py:160}}
Aug 24 17:06:02.220797 np0000007988 devstack@g-api.service[103290]: DEBUG swiftclient [None req-599bb6ae-7967-4677-9668-5bed234dc16a tempest-AttachVolumeShelveTestJSON-219109623 tempest-AttachVolumeShelveTestJSON-219109623-project-member] RESP STATUS: 204 No Content {{(pid=103290) http_log /opt/stack/data/venv/lib/python3.12/site-packages/swiftclient/client.py:161}}
Aug 24 17:06:02.220903 np0000007988 devstack@g-api.service[103290]: DEBUG swiftclient [None req-599bb6ae-7967-4677-9668-5bed234dc16a tempest-AttachVolumeShelveTestJSON-219109623 tempest-AttachVolumeShelveTestJSON-219109623-project-member] RESP HEADERS: {'Date': 'Mon, 24 Aug 2026 17:06:02 GMT', 'Server': 'Apache/2.4.58 (Ubuntu)', 'Content-Type': 'text/html; charset=UTF-8', 'X-Trans-Id': 'txf56c3244cc2a4cc0ae0a0-006a8c79fa', 'X-Openstack-Request-Id': 'txf56c3244cc2a4cc0ae0a0-006a8c79fa', 'Connection': 'close'} {{(pid=103290) http_log /opt/stack/data/venv/lib/python3.12/site-packages/swiftclient/client.py:162}}
Aug 24 17:06:02.251113 np0000007988 devstack@g-api.service[103289]: DEBUG glance.api.middleware.version_negotiation [None req-10a40c1d-c62c-42f9-9f98-6f4b124a88bd tempest-AttachVolumeMultiAttachTest-1455908022 tempest-AttachVolumeMultiAttachTest-1455908022-project-member] Determining version of request: POST /v2/images Accept: */* {{(pid=103289) process_request /opt/stack/glance/glance/api/middleware/version_negotiation.py:44}}
Aug 24 17:06:02.251113 np0000007988 devstack@g-api.service[103289]: DEBUG glance.api.middleware.version_negotiation [None req-10a40c1d-c62c-42f9-9f98-6f4b124a88bd tempest-AttachVolumeMultiAttachTest-1455908022 tempest-AttachVolumeMultiAttachTest-1455908022-project-member] Using url versioning {{(pid=103289) process_request /opt/stack/glance/glance/api/middleware/version_negotiation.py:57}}
Aug 24 17:06:02.251300 np0000007988 devstack@g-api.service[103289]: DEBUG glance.api.middleware.version_negotiation [None req-10a40c1d-c62c-42f9-9f98-6f4b124a88bd tempest-AttachVolumeMultiAttachTest-1455908022 tempest-AttachVolumeMultiAttachTest-1455908022-project-member] Matched version: v2 {{(pid=103289) process_request /opt/stack/glance/glance/api/middleware/version_negotiation.py:69}}
Aug 24 17:06:02.251434 np0000007988 devstack@g-api.service[103289]: DEBUG glance.api.middleware.version_negotiation [None req-10a40c1d-c62c-42f9-9f98-6f4b124a88bd tempest-AttachVolumeMultiAttachTest-1455908022 tempest-AttachVolumeMultiAttachTest-1455908022-project-member] new path /v2/images {{(pid=103289) process_request /opt/stack/glance/glance/api/middleware/version_negotiation.py:70}}
Aug 24 17:06:02.359329 np0000007988 devstack@g-api.service[103290]: DEBUG glance.api.middleware.cache [None req-599bb6ae-7967-4677-9668-5bed234dc16a tempest-AttachVolumeShelveTestJSON-219109623 tempest-AttachVolumeShelveTestJSON-219109623-project-member] Removing image 2db29429-a2e3-4c78-a993-1c40bbcb0d9a from cache {{(pid=103290) _process_DELETE_response /opt/stack/glance/glance/api/middleware/cache.py:264}}
Aug 24 17:06:02.359525 np0000007988 devstack@g-api.service[103290]: DEBUG glance.image_cache.drivers.centralized_db [None req-599bb6ae-7967-4677-9668-5bed234dc16a tempest-AttachVolumeShelveTestJSON-219109623 tempest-AttachVolumeShelveTestJSON-219109623-project-member] Deleting image cache file '/opt/stack/data/glance/cache/2db29429-a2e3-4c78-a993-1c40bbcb0d9a' {{(pid=103290) delete_cached_file /opt/stack/glance/glance/image_cache/drivers/centralized_db.py:400}}
Aug 24 17:06:02.388798 np0000007988 devstack@g-api.service[103290]: [pid: 103290|app: 0|req: 75/318] 127.0.0.1 () {46 vars in 1133 bytes} [Mon Aug 24 17:06:01 2026] DELETE /v2/images/2db29429-a2e3-4c78-a993-1c40bbcb0d9a => generated 0 bytes in 524 msecs (HTTP/1.1 204) 4 headers in 171 bytes (1 switches on core 0)
Aug 24 17:06:02.593918 np0000007988 devstack@g-api.service[103288]: DEBUG glance.api.middleware.version_negotiation [None req-10a40c1d-c62c-42f9-9f98-6f4b124a88bd tempest-AttachVolumeMultiAttachTest-1455908022 tempest-AttachVolumeMultiAttachTest-1455908022-project-member] Determining version of request: GET /versions Accept: */* {{(pid=103288) process_request /opt/stack/glance/glance/api/middleware/version_negotiation.py:44}}
Aug 24 17:06:02.594796 np0000007988 devstack@g-api.service[103288]: [pid: 103288|app: 0|req: 79/319] 127.0.0.1 () {44 vars in 1035 bytes} [Mon Aug 24 17:06:02 2026] GET /versions => generated 1501 bytes in 1 msecs (HTTP/1.1 200) 3 headers in 92 bytes (1 switches on core 0)
Aug 24 17:06:02.607570 np0000007988 devstack@g-api.service[103291]: DEBUG glance.api.middleware.version_negotiation [None req-19df896b-e9d1-4e0b-a0d8-b8309aba0965 tempest-ServerBootFromVolumeStableRescueTest-1953652356 tempest-ServerBootFromVolumeStableRescueTest-1953652356-project-member] Determining version of request: GET /v2/images/ba2bae58-8f09-4c98-908f-099776fdc579/locations Accept: */* {{(pid=103291) process_request /opt/stack/glance/glance/api/middleware/version_negotiation.py:44}}
Aug 24 17:06:02.607719 np0000007988 devstack@g-api.service[103291]: DEBUG glance.api.middleware.version_negotiation [None req-19df896b-e9d1-4e0b-a0d8-b8309aba0965 tempest-ServerBootFromVolumeStableRescueTest-1953652356 tempest-ServerBootFromVolumeStableRescueTest-1953652356-project-member] Using url versioning {{(pid=103291) process_request /opt/stack/glance/glance/api/middleware/version_negotiation.py:57}}
Aug 24 17:06:02.607918 np0000007988 devstack@g-api.service[103291]: DEBUG glance.api.middleware.version_negotiation [None req-19df896b-e9d1-4e0b-a0d8-b8309aba0965 tempest-ServerBootFromVolumeStableRescueTest-1953652356 tempest-ServerBootFromVolumeStableRescueTest-1953652356-project-member] Matched version: v2 {{(pid=103291) process_request /opt/stack/glance/glance/api/middleware/version_negotiation.py:69}}
Aug 24 17:06:02.608074 np0000007988 devstack@g-api.service[103291]: DEBUG glance.api.middleware.version_negotiation [None req-19df896b-e9d1-4e0b-a0d8-b8309aba0965 tempest-ServerBootFromVolumeStableRescueTest-1953652356 tempest-ServerBootFromVolumeStableRescueTest-1953652356-project-member] new path /v2/images/ba2bae58-8f09-4c98-908f-099776fdc579/locations {{(pid=103291) process_request /opt/stack/glance/glance/api/middleware/version_negotiation.py:70}}
Aug 24 17:06:02.670043 np0000007988 devstack@g-api.service[103291]: [pid: 103291|app: 0|req: 85/320] 127.0.0.1 () {44 vars in 1131 bytes} [Mon Aug 24 17:06:02 2026] GET /v2/images/ba2bae58-8f09-4c98-908f-099776fdc579/locations => generated 92 bytes in 63 msecs (HTTP/1.1 200) 4 headers in 156 bytes (1 switches on core 0)
Aug 24 17:06:02.678437 np0000007988 devstack@g-api.service[103290]: DEBUG glance.api.middleware.version_negotiation [None req-599bb6ae-7967-4677-9668-5bed234dc16a tempest-AttachVolumeShelveTestJSON-219109623 tempest-AttachVolumeShelveTestJSON-219109623-project-member] Determining version of request: GET /v2/images/ba2bae58-8f09-4c98-908f-099776fdc579 Accept: */* {{(pid=103290) process_request /opt/stack/glance/glance/api/middleware/version_negotiation.py:44}}
Aug 24 17:06:02.678591 np0000007988 devstack@g-api.service[103290]: DEBUG glance.api.middleware.version_negotiation [None req-599bb6ae-7967-4677-9668-5bed234dc16a tempest-AttachVolumeShelveTestJSON-219109623 tempest-AttachVolumeShelveTestJSON-219109623-project-member] Using url versioning {{(pid=103290) process_request /opt/stack/glance/glance/api/middleware/version_negotiation.py:57}}
Aug 24 17:06:02.678666 np0000007988 devstack@g-api.service[103290]: DEBUG glance.api.middleware.version_negotiation [None req-599bb6ae-7967-4677-9668-5bed234dc16a tempest-AttachVolumeShelveTestJSON-219109623 tempest-AttachVolumeShelveTestJSON-219109623-project-member] Matched version: v2 {{(pid=103290) process_request /opt/stack/glance/glance/api/middleware/version_negotiation.py:69}}
Aug 24 17:06:02.678760 np0000007988 devstack@g-api.service[103290]: DEBUG glance.api.middleware.version_negotiation [None req-599bb6ae-7967-4677-9668-5bed234dc16a tempest-AttachVolumeShelveTestJSON-219109623 tempest-AttachVolumeShelveTestJSON-219109623-project-member] new path /v2/images/ba2bae58-8f09-4c98-908f-099776fdc579 {{(pid=103290) process_request /opt/stack/glance/glance/api/middleware/version_negotiation.py:70}}
Aug 24 17:06:02.696553 np0000007988 devstack@g-api.service[103290]: [pid: 103290|app: 0|req: 76/321] 127.0.0.1 () {44 vars in 1111 bytes} [Mon Aug 24 17:06:02 2026] GET /v2/images/ba2bae58-8f09-4c98-908f-099776fdc579 => generated 1044 bytes in 18 msecs (HTTP/1.1 200) 4 headers in 158 bytes (1 switches on core 0)
Aug 24 17:06:02.704920 np0000007988 devstack@g-api.service[103288]: DEBUG glance.api.middleware.version_negotiation [None req-10a40c1d-c62c-42f9-9f98-6f4b124a88bd tempest-AttachVolumeMultiAttachTest-1455908022 tempest-AttachVolumeMultiAttachTest-1455908022-project-member] Determining version of request: GET /v2/schemas/image Accept: */* {{(pid=103288) process_request /opt/stack/glance/glance/api/middleware/version_negotiation.py:44}}
Aug 24 17:06:02.705095 np0000007988 devstack@g-api.service[103288]: DEBUG glance.api.middleware.version_negotiation [None req-10a40c1d-c62c-42f9-9f98-6f4b124a88bd tempest-AttachVolumeMultiAttachTest-1455908022 tempest-AttachVolumeMultiAttachTest-1455908022-project-member] Using url versioning {{(pid=103288) process_request /opt/stack/glance/glance/api/middleware/version_negotiation.py:57}}
Aug 24 17:06:02.705283 np0000007988 devstack@g-api.service[103288]: DEBUG glance.api.middleware.version_negotiation [None req-10a40c1d-c62c-42f9-9f98-6f4b124a88bd tempest-AttachVolumeMultiAttachTest-1455908022 tempest-AttachVolumeMultiAttachTest-1455908022-project-member] Matched version: v2 {{(pid=103288) process_request /opt/stack/glance/glance/api/middleware/version_negotiation.py:69}}
Aug 24 17:06:02.705398 np0000007988 devstack@g-api.service[103288]: DEBUG glance.api.middleware.version_negotiation [None req-10a40c1d-c62c-42f9-9f98-6f4b124a88bd tempest-AttachVolumeMultiAttachTest-1455908022 tempest-AttachVolumeMultiAttachTest-1455908022-project-member] new path /v2/schemas/image {{(pid=103288) process_request /opt/stack/glance/glance/api/middleware/version_negotiation.py:70}}
