Aug 24 16:57:47.620740 np0000007988 nova-scheduler[96913]: DEBUG cotyledon.oslo_config_glue [-] workarounds.disable_libvirt_livesnapshot = False {{(pid=96913) log_opt_values /opt/stack/data/venv/lib/python3.12/site-packages/oslo_config/cfg.py:3560}}
Aug 24 16:57:47.620740 np0000007988 nova-scheduler[96913]: DEBUG cotyledon.oslo_config_glue [-] workarounds.disable_rootwrap = False {{(pid=96913) log_opt_values /opt/stack/data/venv/lib/python3.12/site-packages/oslo_config/cfg.py:3560}}
Aug 24 16:57:47.621000 np0000007988 nova-scheduler[96913]: DEBUG cotyledon.oslo_config_glue [-] workarounds.enable_numa_live_migration = False {{(pid=96913) log_opt_values /opt/stack/data/venv/lib/python3.12/site-packages/oslo_config/cfg.py:3560}}
Aug 24 16:57:47.621000 np0000007988 nova-scheduler[96913]: DEBUG cotyledon.oslo_config_glue [-] workarounds.enable_qemu_monitor_announce_self = False {{(pid=96913) log_opt_values /opt/stack/data/venv/lib/python3.12/site-packages/oslo_config/cfg.py:3560}}
Aug 24 16:57:47.621000 np0000007988 nova-scheduler[96913]: DEBUG cotyledon.oslo_config_glue [-] workarounds.ensure_libvirt_rbd_instance_dir_cleanup = False {{(pid=96913) log_opt_values /opt/stack/data/venv/lib/python3.12/site-packages/oslo_config/cfg.py:3560}}
Aug 24 16:57:47.621000 np0000007988 nova-scheduler[96913]: DEBUG cotyledon.oslo_config_glue [-] workarounds.handle_virt_lifecycle_events = True {{(pid=96913) log_opt_values /opt/stack/data/venv/lib/python3.12/site-packages/oslo_config/cfg.py:3560}}
Aug 24 16:57:47.621000 np0000007988 nova-scheduler[96913]: DEBUG cotyledon.oslo_config_glue [-] workarounds.libvirt_disable_apic = False {{(pid=96913) log_opt_values /opt/stack/data/venv/lib/python3.12/site-packages/oslo_config/cfg.py:3560}}
Aug 24 16:57:47.621000 np0000007988 nova-scheduler[96913]: DEBUG cotyledon.oslo_config_glue [-] workarounds.never_download_image_if_on_rbd = False {{(pid=96913) log_opt_values /opt/stack/data/venv/lib/python3.12/site-packages/oslo_config/cfg.py:3560}}
Aug 24 16:57:47.621000 np0000007988 nova-scheduler[96913]: DEBUG cotyledon.oslo_config_glue [-] workarounds.qemu_monitor_announce_self_count = 3 {{(pid=96913) log_opt_values /opt/stack/data/venv/lib/python3.12/site-packages/oslo_config/cfg.py:3560}}
Aug 24 16:57:47.621000 np0000007988 nova-scheduler[96913]: DEBUG cotyledon.oslo_config_glue [-] workarounds.qemu_monitor_announce_self_interval = 1 {{(pid=96913) log_opt_values /opt/stack/data/venv/lib/python3.12/site-packages/oslo_config/cfg.py:3560}}
Aug 24 16:57:47.621000 np0000007988 nova-scheduler[96913]: DEBUG cotyledon.oslo_config_glue [-] workarounds.reserve_disk_resource_for_image_cache = False {{(pid=96913) log_opt_values /opt/stack/data/venv/lib/python3.12/site-packages/oslo_config/cfg.py:3560}}
Aug 24 16:57:47.621193 np0000007988 nova-scheduler[96913]: DEBUG cotyledon.oslo_config_glue [-] workarounds.skip_cpu_compare_at_startup = False {{(pid=96913) log_opt_values /opt/stack/data/venv/lib/python3.12/site-packages/oslo_config/cfg.py:3560}}
Aug 24 16:57:47.621193 np0000007988 nova-scheduler[96913]: DEBUG cotyledon.oslo_config_glue [-] workarounds.skip_cpu_compare_on_dest = False {{(pid=96913) log_opt_values /opt/stack/data/venv/lib/python3.12/site-packages/oslo_config/cfg.py:3560}}
Aug 24 16:57:47.621193 np0000007988 nova-scheduler[96913]: DEBUG cotyledon.oslo_config_glue [-] workarounds.skip_hypervisor_version_check_on_lm = False {{(pid=96913) log_opt_values /opt/stack/data/venv/lib/python3.12/site-packages/oslo_config/cfg.py:3560}}
Aug 24 16:57:47.621193 np0000007988 nova-scheduler[96913]: DEBUG cotyledon.oslo_config_glue [-] workarounds.skip_reserve_in_use_ironic_nodes = False {{(pid=96913) log_opt_values /opt/stack/data/venv/lib/python3.12/site-packages/oslo_config/cfg.py:3560}}
Aug 24 16:57:47.621193 np0000007988 nova-scheduler[96913]: DEBUG cotyledon.oslo_config_glue [-] workarounds.unified_limits_count_pcpu_as_vcpu = False {{(pid=96913) log_opt_values /opt/stack/data/venv/lib/python3.12/site-packages/oslo_config/cfg.py:3560}}
Aug 24 16:57:47.621193 np0000007988 nova-scheduler[96913]: DEBUG cotyledon.oslo_config_glue [-] workarounds.wait_for_vif_plugged_event_during_hard_reboot = [] {{(pid=96913) log_opt_values /opt/stack/data/venv/lib/python3.12/site-packages/oslo_config/cfg.py:3560}}
Aug 24 16:57:47.621193 np0000007988 nova-scheduler[96913]: DEBUG cotyledon.oslo_config_glue [-] wsgi.api_paste_config = /etc/nova/api-paste.ini {{(pid=96913) log_opt_values /opt/stack/data/venv/lib/python3.12/site-packages/oslo_config/cfg.py:3560}}
Aug 24 16:57:47.621193 np0000007988 nova-scheduler[96913]: DEBUG cotyledon.oslo_config_glue [-] wsgi.secure_proxy_ssl_header = None {{(pid=96913) log_opt_values /opt/stack/data/venv/lib/python3.12/site-packages/oslo_config/cfg.py:3560}}
Aug 24 16:57:47.621193 np0000007988 nova-scheduler[96913]: DEBUG cotyledon.oslo_config_glue [-] zvm.ca_file = None {{(pid=96913) log_opt_values /opt/stack/data/venv/lib/python3.12/site-packages/oslo_config/cfg.py:3560}}
Aug 24 16:57:47.621374 np0000007988 nova-scheduler[96913]: DEBUG cotyledon.oslo_config_glue [-] zvm.cloud_connector_url = None {{(pid=96913) log_opt_values /opt/stack/data/venv/lib/python3.12/site-packages/oslo_config/cfg.py:3560}}
Aug 24 16:57:47.621374 np0000007988 nova-scheduler[96913]: DEBUG cotyledon.oslo_config_glue [-] zvm.image_tmp_path = /opt/stack/data/nova/images {{(pid=96913) log_opt_values /opt/stack/data/venv/lib/python3.12/site-packages/oslo_config/cfg.py:3560}}
Aug 24 16:57:47.621374 np0000007988 nova-scheduler[96913]: DEBUG cotyledon.oslo_config_glue [-] zvm.reachable_timeout = 300 {{(pid=96913) log_opt_values /opt/stack/data/venv/lib/python3.12/site-packages/oslo_config/cfg.py:3560}}
Aug 24 16:57:47.621374 np0000007988 nova-scheduler[96913]: DEBUG cotyledon.oslo_config_glue [-] oslo_versionedobjects.fatal_exception_format_errors = False {{(pid=96913) log_opt_values /opt/stack/data/venv/lib/python3.12/site-packages/oslo_config/cfg.py:3560}}
Aug 24 16:57:47.621374 np0000007988 nova-scheduler[96913]: DEBUG cotyledon.oslo_config_glue [-] oslo_middleware.http_basic_auth_user_file = /etc/htpasswd {{(pid=96913) log_opt_values /opt/stack/data/venv/lib/python3.12/site-packages/oslo_config/cfg.py:3560}}
Aug 24 16:57:47.621374 np0000007988 nova-scheduler[96913]: DEBUG cotyledon.oslo_config_glue [-] oslo_messaging_metrics.metrics_buffer_size = 1000 {{(pid=96913) log_opt_values /opt/stack/data/venv/lib/python3.12/site-packages/oslo_config/cfg.py:3560}}
Aug 24 16:57:47.621374 np0000007988 nova-scheduler[96913]: DEBUG cotyledon.oslo_config_glue [-] oslo_messaging_metrics.metrics_enabled = False {{(pid=96913) log_opt_values /opt/stack/data/venv/lib/python3.12/site-packages/oslo_config/cfg.py:3560}}
Aug 24 16:57:47.621374 np0000007988 nova-scheduler[96913]: DEBUG cotyledon.oslo_config_glue [-] oslo_messaging_metrics.metrics_process_name = {{(pid=96913) log_opt_values /opt/stack/data/venv/lib/python3.12/site-packages/oslo_config/cfg.py:3560}}
Aug 24 16:57:47.621557 np0000007988 nova-scheduler[96913]: DEBUG cotyledon.oslo_config_glue [-] oslo_messaging_metrics.metrics_socket_file = /var/tmp/metrics_collector.sock {{(pid=96913) log_opt_values /opt/stack/data/venv/lib/python3.12/site-packages/oslo_config/cfg.py:3560}}
Aug 24 16:57:47.621557 np0000007988 nova-scheduler[96913]: DEBUG cotyledon.oslo_config_glue [-] oslo_messaging_metrics.metrics_thread_stop_timeout = 10 {{(pid=96913) log_opt_values /opt/stack/data/venv/lib/python3.12/site-packages/oslo_config/cfg.py:3560}}
Aug 24 16:57:47.621557 np0000007988 nova-scheduler[96913]: DEBUG cotyledon.oslo_config_glue [-] profiler.connection_string = messaging:// {{(pid=96913) log_opt_values /opt/stack/data/venv/lib/python3.12/site-packages/oslo_config/cfg.py:3560}}
Aug 24 16:57:47.621557 np0000007988 nova-scheduler[96913]: DEBUG cotyledon.oslo_config_glue [-] profiler.enabled = False {{(pid=96913) log_opt_values /opt/stack/data/venv/lib/python3.12/site-packages/oslo_config/cfg.py:3560}}
Aug 24 16:57:47.621557 np0000007988 nova-scheduler[96913]: DEBUG cotyledon.oslo_config_glue [-] profiler.es_doc_type = notification {{(pid=96913) log_opt_values /opt/stack/data/venv/lib/python3.12/site-packages/oslo_config/cfg.py:3560}}
Aug 24 16:57:47.621557 np0000007988 nova-scheduler[96913]: DEBUG cotyledon.oslo_config_glue [-] profiler.es_scroll_size = 10000 {{(pid=96913) log_opt_values /opt/stack/data/venv/lib/python3.12/site-packages/oslo_config/cfg.py:3560}}
Aug 24 16:57:47.621557 np0000007988 nova-scheduler[96913]: DEBUG cotyledon.oslo_config_glue [-] profiler.es_scroll_time = 2m {{(pid=96913) log_opt_values /opt/stack/data/venv/lib/python3.12/site-packages/oslo_config/cfg.py:3560}}
Aug 24 16:57:47.621557 np0000007988 nova-scheduler[96913]: DEBUG cotyledon.oslo_config_glue [-] profiler.filter_error_trace = False {{(pid=96913) log_opt_values /opt/stack/data/venv/lib/python3.12/site-packages/oslo_config/cfg.py:3560}}
Aug 24 16:57:47.621557 np0000007988 nova-scheduler[96913]: DEBUG cotyledon.oslo_config_glue [-] profiler.hmac_keys = **** {{(pid=96913) log_opt_values /opt/stack/data/venv/lib/python3.12/site-packages/oslo_config/cfg.py:3560}}
Aug 24 16:57:47.621761 np0000007988 nova-scheduler[96913]: DEBUG cotyledon.oslo_config_glue [-] profiler.sentinel_service_name = mymaster {{(pid=96913) log_opt_values /opt/stack/data/venv/lib/python3.12/site-packages/oslo_config/cfg.py:3560}}
Aug 24 16:57:47.621761 np0000007988 nova-scheduler[96913]: DEBUG cotyledon.oslo_config_glue [-] profiler.socket_timeout = 0.1 {{(pid=96913) log_opt_values /opt/stack/data/venv/lib/python3.12/site-packages/oslo_config/cfg.py:3560}}
Aug 24 16:57:47.621761 np0000007988 nova-scheduler[96913]: DEBUG cotyledon.oslo_config_glue [-] profiler.trace_requests = False {{(pid=96913) log_opt_values /opt/stack/data/venv/lib/python3.12/site-packages/oslo_config/cfg.py:3560}}
Aug 24 16:57:47.621761 np0000007988 nova-scheduler[96913]: DEBUG cotyledon.oslo_config_glue [-] profiler.trace_sqlalchemy = False {{(pid=96913) log_opt_values /opt/stack/data/venv/lib/python3.12/site-packages/oslo_config/cfg.py:3560}}
Aug 24 16:57:47.621761 np0000007988 nova-scheduler[96913]: DEBUG cotyledon.oslo_config_glue [-] profiler_jaeger.process_tags = {} {{(pid=96913) log_opt_values /opt/stack/data/venv/lib/python3.12/site-packages/oslo_config/cfg.py:3560}}
Aug 24 16:57:47.621761 np0000007988 nova-scheduler[96913]: DEBUG cotyledon.oslo_config_glue [-] profiler_jaeger.service_name_prefix = None {{(pid=96913) log_opt_values /opt/stack/data/venv/lib/python3.12/site-packages/oslo_config/cfg.py:3560}}
Aug 24 16:57:47.621761 np0000007988 nova-scheduler[96913]: DEBUG cotyledon.oslo_config_glue [-] profiler_otlp.service_name_prefix = None {{(pid=96913) log_opt_values /opt/stack/data/venv/lib/python3.12/site-packages/oslo_config/cfg.py:3560}}
Aug 24 16:57:47.621761 np0000007988 nova-scheduler[96913]: DEBUG cotyledon.oslo_config_glue [-] oslo_messaging_rabbit.amqp_auto_delete = False {{(pid=96913) log_opt_values /opt/stack/data/venv/lib/python3.12/site-packages/oslo_config/cfg.py:3560}}
Aug 24 16:57:47.621761 np0000007988 nova-scheduler[96913]: DEBUG cotyledon.oslo_config_glue [-] oslo_messaging_rabbit.amqp_durable_queues = False {{(pid=96913) log_opt_values /opt/stack/data/venv/lib/python3.12/site-packages/oslo_config/cfg.py:3560}}
Aug 24 16:57:47.621955 np0000007988 nova-scheduler[96913]: DEBUG cotyledon.oslo_config_glue [-] oslo_messaging_rabbit.conn_pool_min_size = 2 {{(pid=96913) log_opt_values /opt/stack/data/venv/lib/python3.12/site-packages/oslo_config/cfg.py:3560}}
Aug 24 16:57:47.621955 np0000007988 nova-scheduler[96913]: DEBUG cotyledon.oslo_config_glue [-] oslo_messaging_rabbit.conn_pool_ttl = 1200 {{(pid=96913) log_opt_values /opt/stack/data/venv/lib/python3.12/site-packages/oslo_config/cfg.py:3560}}
Aug 24 16:57:47.621955 np0000007988 nova-scheduler[96913]: DEBUG cotyledon.oslo_config_glue [-] oslo_messaging_rabbit.direct_mandatory_flag = True {{(pid=96913) log_opt_values /opt/stack/data/venv/lib/python3.12/site-packages/oslo_config/cfg.py:3560}}
Aug 24 16:57:47.621955 np0000007988 nova-scheduler[96913]: DEBUG cotyledon.oslo_config_glue [-] oslo_messaging_rabbit.enable_cancel_on_failover = False {{(pid=96913) log_opt_values /opt/stack/data/venv/lib/python3.12/site-packages/oslo_config/cfg.py:3560}}
Aug 24 16:57:47.621955 np0000007988 nova-scheduler[96913]: DEBUG cotyledon.oslo_config_glue [-] oslo_messaging_rabbit.heartbeat_rate = 3 {{(pid=96913) log_opt_values /opt/stack/data/venv/lib/python3.12/site-packages/oslo_config/cfg.py:3560}}
Aug 24 16:57:47.621955 np0000007988 nova-scheduler[96913]: DEBUG cotyledon.oslo_config_glue [-] oslo_messaging_rabbit.heartbeat_timeout_threshold = 60 {{(pid=96913) log_opt_values /opt/stack/data/venv/lib/python3.12/site-packages/oslo_config/cfg.py:3560}}
Aug 24 16:57:47.621955 np0000007988 nova-scheduler[96913]: DEBUG cotyledon.oslo_config_glue [-] oslo_messaging_rabbit.hostname = np0000007988 {{(pid=96913) log_opt_values /opt/stack/data/venv/lib/python3.12/site-packages/oslo_config/cfg.py:3560}}
Aug 24 16:57:47.621955 np0000007988 nova-scheduler[96913]: DEBUG cotyledon.oslo_config_glue [-] oslo_messaging_rabbit.kombu_compression = None {{(pid=96913) log_opt_values /opt/stack/data/venv/lib/python3.12/site-packages/oslo_config/cfg.py:3560}}
Aug 24 16:57:47.621955 np0000007988 nova-scheduler[96913]: DEBUG cotyledon.oslo_config_glue [-] oslo_messaging_rabbit.kombu_failover_strategy = round-robin {{(pid=96913) log_opt_values /opt/stack/data/venv/lib/python3.12/site-packages/oslo_config/cfg.py:3560}}
Aug 24 16:57:47.622225 np0000007988 nova-scheduler[96913]: DEBUG cotyledon.oslo_config_glue [-] oslo_messaging_rabbit.kombu_missing_consumer_retry_timeout = 60 {{(pid=96913) log_opt_values /opt/stack/data/venv/lib/python3.12/site-packages/oslo_config/cfg.py:3560}}
Aug 24 16:57:47.622225 np0000007988 nova-scheduler[96913]: DEBUG cotyledon.oslo_config_glue [-] oslo_messaging_rabbit.kombu_reconnect_delay = 1.0 {{(pid=96913) log_opt_values /opt/stack/data/venv/lib/python3.12/site-packages/oslo_config/cfg.py:3560}}
Aug 24 16:57:47.622225 np0000007988 nova-scheduler[96913]: DEBUG cotyledon.oslo_config_glue [-] oslo_messaging_rabbit.kombu_reconnect_splay = 0.0 {{(pid=96913) log_opt_values /opt/stack/data/venv/lib/python3.12/site-packages/oslo_config/cfg.py:3560}}
Aug 24 16:57:47.622225 np0000007988 nova-scheduler[96913]: DEBUG cotyledon.oslo_config_glue [-] oslo_messaging_rabbit.processname = nova-scheduler {{(pid=96913) log_opt_values /opt/stack/data/venv/lib/python3.12/site-packages/oslo_config/cfg.py:3560}}
Aug 24 16:57:47.622225 np0000007988 nova-scheduler[96913]: DEBUG cotyledon.oslo_config_glue [-] oslo_messaging_rabbit.rabbit_ha_queues = False {{(pid=96913) log_opt_values /opt/stack/data/venv/lib/python3.12/site-packages/oslo_config/cfg.py:3560}}
Aug 24 16:57:47.622225 np0000007988 nova-scheduler[96913]: DEBUG cotyledon.oslo_config_glue [-] oslo_messaging_rabbit.rabbit_interval_max = 30 {{(pid=96913) log_opt_values /opt/stack/data/venv/lib/python3.12/site-packages/oslo_config/cfg.py:3560}}
Aug 24 16:57:47.622225 np0000007988 nova-scheduler[96913]: DEBUG cotyledon.oslo_config_glue [-] oslo_messaging_rabbit.rabbit_login_method = AMQPLAIN {{(pid=96913) log_opt_values /opt/stack/data/venv/lib/python3.12/site-packages/oslo_config/cfg.py:3560}}
Aug 24 16:57:47.622225 np0000007988 nova-scheduler[96913]: DEBUG cotyledon.oslo_config_glue [-] oslo_messaging_rabbit.rabbit_qos_prefetch_count = 0 {{(pid=96913) log_opt_values /opt/stack/data/venv/lib/python3.12/site-packages/oslo_config/cfg.py:3560}}
Aug 24 16:57:47.622225 np0000007988 nova-scheduler[96913]: DEBUG cotyledon.oslo_config_glue [-] oslo_messaging_rabbit.rabbit_quorum_delivery_limit = 0 {{(pid=96913) log_opt_values /opt/stack/data/venv/lib/python3.12/site-packages/oslo_config/cfg.py:3560}}
Aug 24 16:57:47.622831 np0000007988 nova-scheduler[96913]: DEBUG cotyledon.oslo_config_glue [-] oslo_messaging_rabbit.rabbit_quorum_max_memory_bytes = 0 {{(pid=96913) log_opt_values /opt/stack/data/venv/lib/python3.12/site-packages/oslo_config/cfg.py:3560}}
Aug 24 16:57:47.622831 np0000007988 nova-scheduler[96913]: DEBUG cotyledon.oslo_config_glue [-] oslo_messaging_rabbit.rabbit_quorum_max_memory_length = 0 {{(pid=96913) log_opt_values /opt/stack/data/venv/lib/python3.12/site-packages/oslo_config/cfg.py:3560}}
Aug 24 16:57:47.622831 np0000007988 nova-scheduler[96913]: DEBUG cotyledon.oslo_config_glue [-] oslo_messaging_rabbit.rabbit_quorum_queue = False {{(pid=96913) log_opt_values /opt/stack/data/venv/lib/python3.12/site-packages/oslo_config/cfg.py:3560}}
Aug 24 16:57:47.622831 np0000007988 nova-scheduler[96913]: DEBUG cotyledon.oslo_config_glue [-] oslo_messaging_rabbit.rabbit_retry_backoff = 2 {{(pid=96913) log_opt_values /opt/stack/data/venv/lib/python3.12/site-packages/oslo_config/cfg.py:3560}}
Aug 24 16:57:47.622831 np0000007988 nova-scheduler[96913]: DEBUG cotyledon.oslo_config_glue [-] oslo_messaging_rabbit.rabbit_retry_interval = 1 {{(pid=96913) log_opt_values /opt/stack/data/venv/lib/python3.12/site-packages/oslo_config/cfg.py:3560}}
Aug 24 16:57:47.622831 np0000007988 nova-scheduler[96913]: DEBUG cotyledon.oslo_config_glue [-] oslo_messaging_rabbit.rabbit_stream_fanout = False {{(pid=96913) log_opt_values /opt/stack/data/venv/lib/python3.12/site-packages/oslo_config/cfg.py:3560}}
Aug 24 16:57:47.622831 np0000007988 nova-scheduler[96913]: DEBUG cotyledon.oslo_config_glue [-] oslo_messaging_rabbit.rabbit_transient_queues_ttl = 1800 {{(pid=96913) log_opt_values /opt/stack/data/venv/lib/python3.12/site-packages/oslo_config/cfg.py:3560}}
Aug 24 16:57:47.622831 np0000007988 nova-scheduler[96913]: DEBUG cotyledon.oslo_config_glue [-] oslo_messaging_rabbit.rabbit_transient_quorum_queue = False {{(pid=96913) log_opt_values /opt/stack/data/venv/lib/python3.12/site-packages/oslo_config/cfg.py:3560}}
Aug 24 16:57:47.623025 np0000007988 nova-scheduler[96913]: DEBUG cotyledon.oslo_config_glue [-] oslo_messaging_rabbit.rpc_conn_pool_size = 30 {{(pid=96913) log_opt_values /opt/stack/data/venv/lib/python3.12/site-packages/oslo_config/cfg.py:3560}}
Aug 24 16:57:47.623025 np0000007988 nova-scheduler[96913]: DEBUG cotyledon.oslo_config_glue [-] oslo_messaging_rabbit.ssl = False {{(pid=96913) log_opt_values /opt/stack/data/venv/lib/python3.12/site-packages/oslo_config/cfg.py:3560}}
Aug 24 16:57:47.623025 np0000007988 nova-scheduler[96913]: DEBUG cotyledon.oslo_config_glue [-] oslo_messaging_rabbit.ssl_ca_file = {{(pid=96913) log_opt_values /opt/stack/data/venv/lib/python3.12/site-packages/oslo_config/cfg.py:3560}}
Aug 24 16:57:47.623025 np0000007988 nova-scheduler[96913]: DEBUG cotyledon.oslo_config_glue [-] oslo_messaging_rabbit.ssl_cert_file = {{(pid=96913) log_opt_values /opt/stack/data/venv/lib/python3.12/site-packages/oslo_config/cfg.py:3560}}
Aug 24 16:57:47.623025 np0000007988 nova-scheduler[96913]: DEBUG cotyledon.oslo_config_glue [-] oslo_messaging_rabbit.ssl_enforce_fips_mode = False {{(pid=96913) log_opt_values /opt/stack/data/venv/lib/python3.12/site-packages/oslo_config/cfg.py:3560}}
Aug 24 16:57:47.623025 np0000007988 nova-scheduler[96913]: DEBUG cotyledon.oslo_config_glue [-] oslo_messaging_rabbit.ssl_enforce_hostname_verification = True {{(pid=96913) log_opt_values /opt/stack/data/venv/lib/python3.12/site-packages/oslo_config/cfg.py:3560}}
Aug 24 16:57:47.623025 np0000007988 nova-scheduler[96913]: DEBUG cotyledon.oslo_config_glue [-] oslo_messaging_rabbit.ssl_key_file = {{(pid=96913) log_opt_values /opt/stack/data/venv/lib/python3.12/site-packages/oslo_config/cfg.py:3560}}
Aug 24 16:57:47.623025 np0000007988 nova-scheduler[96913]: DEBUG cotyledon.oslo_config_glue [-] oslo_messaging_rabbit.ssl_version = {{(pid=96913) log_opt_values /opt/stack/data/venv/lib/python3.12/site-packages/oslo_config/cfg.py:3560}}
Aug 24 16:57:47.623025 np0000007988 nova-scheduler[96913]: DEBUG cotyledon.oslo_config_glue [-] oslo_messaging_rabbit.use_queue_manager = False {{(pid=96913) log_opt_values /opt/stack/data/venv/lib/python3.12/site-packages/oslo_config/cfg.py:3560}}
Aug 24 16:57:47.623202 np0000007988 nova-scheduler[96913]: DEBUG cotyledon.oslo_config_glue [-] oslo_messaging_notifications.driver = ['messagingv2'] {{(pid=96913) log_opt_values /opt/stack/data/venv/lib/python3.12/site-packages/oslo_config/cfg.py:3560}}
Aug 24 16:57:47.623202 np0000007988 nova-scheduler[96913]: DEBUG cotyledon.oslo_config_glue [-] oslo_messaging_notifications.retry = -1 {{(pid=96913) log_opt_values /opt/stack/data/venv/lib/python3.12/site-packages/oslo_config/cfg.py:3560}}
Aug 24 16:57:47.623202 np0000007988 nova-scheduler[96913]: DEBUG cotyledon.oslo_config_glue [-] oslo_messaging_notifications.topics = ['notifications'] {{(pid=96913) log_opt_values /opt/stack/data/venv/lib/python3.12/site-packages/oslo_config/cfg.py:3560}}
Aug 24 16:57:47.623202 np0000007988 nova-scheduler[96913]: DEBUG cotyledon.oslo_config_glue [-] oslo_messaging_notifications.transport_url = **** {{(pid=96913) log_opt_values /opt/stack/data/venv/lib/python3.12/site-packages/oslo_config/cfg.py:3560}}
Aug 24 16:57:47.623202 np0000007988 nova-scheduler[96913]: DEBUG cotyledon.oslo_config_glue [-] oslo_limit.auth_section = None {{(pid=96913) log_opt_values /opt/stack/data/venv/lib/python3.12/site-packages/oslo_config/cfg.py:3560}}
Aug 24 16:57:47.623202 np0000007988 nova-scheduler[96913]: DEBUG cotyledon.oslo_config_glue [-] oslo_limit.auth_type = None {{(pid=96913) log_opt_values /opt/stack/data/venv/lib/python3.12/site-packages/oslo_config/cfg.py:3560}}
Aug 24 16:57:47.623202 np0000007988 nova-scheduler[96913]: DEBUG cotyledon.oslo_config_glue [-] oslo_limit.cafile = None {{(pid=96913) log_opt_values /opt/stack/data/venv/lib/python3.12/site-packages/oslo_config/cfg.py:3560}}
Aug 24 16:57:47.623202 np0000007988 nova-scheduler[96913]: DEBUG cotyledon.oslo_config_glue [-] oslo_limit.certfile = None {{(pid=96913) log_opt_values /opt/stack/data/venv/lib/python3.12/site-packages/oslo_config/cfg.py:3560}}
Aug 24 16:57:47.623202 np0000007988 nova-scheduler[96913]: DEBUG cotyledon.oslo_config_glue [-] oslo_limit.collect_timing = False {{(pid=96913) log_opt_values /opt/stack/data/venv/lib/python3.12/site-packages/oslo_config/cfg.py:3560}}
Aug 24 16:57:47.623416 np0000007988 nova-scheduler[96913]: DEBUG cotyledon.oslo_config_glue [-] oslo_limit.connect_retries = None {{(pid=96913) log_opt_values /opt/stack/data/venv/lib/python3.12/site-packages/oslo_config/cfg.py:3560}}
Aug 24 16:57:47.623416 np0000007988 nova-scheduler[96913]: DEBUG cotyledon.oslo_config_glue [-] oslo_limit.connect_retry_delay = None {{(pid=96913) log_opt_values /opt/stack/data/venv/lib/python3.12/site-packages/oslo_config/cfg.py:3560}}
Aug 24 16:57:47.623416 np0000007988 nova-scheduler[96913]: DEBUG cotyledon.oslo_config_glue [-] oslo_limit.endpoint_id = None {{(pid=96913) log_opt_values /opt/stack/data/venv/lib/python3.12/site-packages/oslo_config/cfg.py:3560}}
Aug 24 16:57:47.623416 np0000007988 nova-scheduler[96913]: DEBUG cotyledon.oslo_config_glue [-] oslo_limit.endpoint_interface = public {{(pid=96913) log_opt_values /opt/stack/data/venv/lib/python3.12/site-packages/oslo_config/cfg.py:3560}}
Aug 24 16:57:47.623416 np0000007988 nova-scheduler[96913]: DEBUG cotyledon.oslo_config_glue [-] oslo_limit.endpoint_override = None {{(pid=96913) log_opt_values /opt/stack/data/venv/lib/python3.12/site-packages/oslo_config/cfg.py:3560}}
Aug 24 16:57:47.623416 np0000007988 nova-scheduler[96913]: DEBUG cotyledon.oslo_config_glue [-] oslo_limit.endpoint_region_name = None {{(pid=96913) log_opt_values /opt/stack/data/venv/lib/python3.12/site-packages/oslo_config/cfg.py:3560}}
Aug 24 16:57:47.623416 np0000007988 nova-scheduler[96913]: DEBUG cotyledon.oslo_config_glue [-] oslo_limit.endpoint_service_name = None {{(pid=96913) log_opt_values /opt/stack/data/venv/lib/python3.12/site-packages/oslo_config/cfg.py:3560}}
Aug 24 16:57:47.623416 np0000007988 nova-scheduler[96913]: DEBUG cotyledon.oslo_config_glue [-] oslo_limit.endpoint_service_type = None {{(pid=96913) log_opt_values /opt/stack/data/venv/lib/python3.12/site-packages/oslo_config/cfg.py:3560}}
Aug 24 16:57:47.623416 np0000007988 nova-scheduler[96913]: DEBUG cotyledon.oslo_config_glue [-] oslo_limit.insecure = False {{(pid=96913) log_opt_values /opt/stack/data/venv/lib/python3.12/site-packages/oslo_config/cfg.py:3560}}
Aug 24 16:57:47.623598 np0000007988 nova-scheduler[96913]: DEBUG cotyledon.oslo_config_glue [-] oslo_limit.keyfile = None {{(pid=96913) log_opt_values /opt/stack/data/venv/lib/python3.12/site-packages/oslo_config/cfg.py:3560}}
Aug 24 16:57:47.623598 np0000007988 nova-scheduler[96913]: DEBUG cotyledon.oslo_config_glue [-] oslo_limit.max_version = None {{(pid=96913) log_opt_values /opt/stack/data/venv/lib/python3.12/site-packages/oslo_config/cfg.py:3560}}
Aug 24 16:57:47.623598 np0000007988 nova-scheduler[96913]: DEBUG cotyledon.oslo_config_glue [-] oslo_limit.min_version = None {{(pid=96913) log_opt_values /opt/stack/data/venv/lib/python3.12/site-packages/oslo_config/cfg.py:3560}}
Aug 24 16:57:47.623598 np0000007988 nova-scheduler[96913]: DEBUG cotyledon.oslo_config_glue [-] oslo_limit.region_name = None {{(pid=96913) log_opt_values /opt/stack/data/venv/lib/python3.12/site-packages/oslo_config/cfg.py:3560}}
Aug 24 16:57:47.623598 np0000007988 nova-scheduler[96913]: DEBUG cotyledon.oslo_config_glue [-] oslo_limit.retriable_status_codes = None {{(pid=96913) log_opt_values /opt/stack/data/venv/lib/python3.12/site-packages/oslo_config/cfg.py:3560}}
Aug 24 16:57:47.623598 np0000007988 nova-scheduler[96913]: DEBUG cotyledon.oslo_config_glue [-] oslo_limit.service_name = None {{(pid=96913) log_opt_values /opt/stack/data/venv/lib/python3.12/site-packages/oslo_config/cfg.py:3560}}
Aug 24 16:57:47.623598 np0000007988 nova-scheduler[96913]: DEBUG cotyledon.oslo_config_glue [-] oslo_limit.service_type = None {{(pid=96913) log_opt_values /opt/stack/data/venv/lib/python3.12/site-packages/oslo_config/cfg.py:3560}}
Aug 24 16:57:47.623598 np0000007988 nova-scheduler[96913]: DEBUG cotyledon.oslo_config_glue [-] oslo_limit.split_loggers = False {{(pid=96913) log_opt_values /opt/stack/data/venv/lib/python3.12/site-packages/oslo_config/cfg.py:3560}}
Aug 24 16:57:47.623598 np0000007988 nova-scheduler[96913]: DEBUG cotyledon.oslo_config_glue [-] oslo_limit.status_code_retries = None {{(pid=96913) log_opt_values /opt/stack/data/venv/lib/python3.12/site-packages/oslo_config/cfg.py:3560}}
Aug 24 16:57:47.623844 np0000007988 nova-scheduler[96913]: DEBUG cotyledon.oslo_config_glue [-] oslo_limit.status_code_retry_delay = None {{(pid=96913) log_opt_values /opt/stack/data/venv/lib/python3.12/site-packages/oslo_config/cfg.py:3560}}
Aug 24 16:57:47.623844 np0000007988 nova-scheduler[96913]: DEBUG cotyledon.oslo_config_glue [-] oslo_limit.timeout = None {{(pid=96913) log_opt_values /opt/stack/data/venv/lib/python3.12/site-packages/oslo_config/cfg.py:3560}}
Aug 24 16:57:47.623844 np0000007988 nova-scheduler[96913]: DEBUG cotyledon.oslo_config_glue [-] oslo_limit.valid_interfaces = None {{(pid=96913) log_opt_values /opt/stack/data/venv/lib/python3.12/site-packages/oslo_config/cfg.py:3560}}
Aug 24 16:57:47.623844 np0000007988 nova-scheduler[96913]: DEBUG cotyledon.oslo_config_glue [-] oslo_limit.version = None {{(pid=96913) log_opt_values /opt/stack/data/venv/lib/python3.12/site-packages/oslo_config/cfg.py:3560}}
Aug 24 16:57:47.623844 np0000007988 nova-scheduler[96913]: DEBUG cotyledon.oslo_config_glue [-] oslo_reports.file_event_handler = None {{(pid=96913) log_opt_values /opt/stack/data/venv/lib/python3.12/site-packages/oslo_config/cfg.py:3560}}
Aug 24 16:57:47.623844 np0000007988 nova-scheduler[96913]: DEBUG cotyledon.oslo_config_glue [-] oslo_reports.file_event_handler_interval = 1 {{(pid=96913) log_opt_values /opt/stack/data/venv/lib/python3.12/site-packages/oslo_config/cfg.py:3560}}
Aug 24 16:57:47.623844 np0000007988 nova-scheduler[96913]: DEBUG cotyledon.oslo_config_glue [-] oslo_reports.log_dir = None {{(pid=96913) log_opt_values /opt/stack/data/venv/lib/python3.12/site-packages/oslo_config/cfg.py:3560}}
Aug 24 16:57:47.623844 np0000007988 nova-scheduler[96913]: DEBUG cotyledon.oslo_config_glue [-] ******************************************************************************** {{(pid=96913) log_opt_values /opt/stack/data/venv/lib/python3.12/site-packages/oslo_config/cfg.py:3567}}
Aug 24 16:57:47.623844 np0000007988 nova-scheduler[96913]: DEBUG cotyledon._service_worker [-] Run service ServiceWrapper(3) [96913] {{(pid=96913) wait_forever /opt/stack/data/venv/lib/python3.12/site-packages/cotyledon/_service_worker.py:218}}
Aug 24 16:57:47.624138 np0000007988 nova-scheduler[96913]: INFO nova.service [-] Starting scheduler node (version 33.1.0)
Aug 24 16:57:47.624138 np0000007988 nova-scheduler[96913]: INFO dbcounter [None req-5ca0dfe3-8bee-40fa-8f67-ffa8cdef96c8 None None] Registered counter for database nova_cell0
Aug 24 16:57:47.624205 np0000007988 nova-scheduler[96907]: DEBUG oslo_db.sqlalchemy.engines [None req-d611996c-7fc6-46dc-bae7-a309c2c877be None None] MySQL server mode set to STRICT_TRANS_TABLES,STRICT_ALL_TABLES,NO_ZERO_IN_DATE,NO_ZERO_DATE,ERROR_FOR_DIVISION_BY_ZERO,TRADITIONAL,NO_ENGINE_SUBSTITUTION {{(pid=96907) _check_effective_sql_mode /opt/stack/data/venv/lib/python3.12/site-packages/oslo_db/sqlalchemy/engines.py:325}}
Aug 24 16:57:47.624248 np0000007988 nova-scheduler[96909]: DEBUG oslo_db.sqlalchemy.engines [None req-c791bce8-6c5b-4719-be35-6be4bd8c3a85 None None] MySQL server mode set to STRICT_TRANS_TABLES,STRICT_ALL_TABLES,NO_ZERO_IN_DATE,NO_ZERO_DATE,ERROR_FOR_DIVISION_BY_ZERO,TRADITIONAL,NO_ENGINE_SUBSTITUTION {{(pid=96909) _check_effective_sql_mode /opt/stack/data/venv/lib/python3.12/site-packages/oslo_db/sqlalchemy/engines.py:325}}
Aug 24 16:57:47.624289 np0000007988 nova-scheduler[96907]: DEBUG dbcounter [-] [96907] Writer thread running {{(pid=96907) stat_writer /opt/stack/data/venv/lib/python3.12/site-packages/dbcounter.py:102}}
Aug 24 16:57:47.625913 np0000007988 nova-scheduler[96911]: DEBUG oslo_db.sqlalchemy.engines [None req-6a873eb2-dcc7-4b0c-812c-56a97b8410e4 None None] MySQL server mode set to STRICT_TRANS_TABLES,STRICT_ALL_TABLES,NO_ZERO_IN_DATE,NO_ZERO_DATE,ERROR_FOR_DIVISION_BY_ZERO,TRADITIONAL,NO_ENGINE_SUBSTITUTION {{(pid=96911) _check_effective_sql_mode /opt/stack/data/venv/lib/python3.12/site-packages/oslo_db/sqlalchemy/engines.py:325}}
Aug 24 16:57:47.632409 np0000007988 nova-scheduler[96909]: DEBUG dbcounter [-] [96909] Writer thread running {{(pid=96909) stat_writer /opt/stack/data/venv/lib/python3.12/site-packages/dbcounter.py:102}}
Aug 24 16:57:47.636882 np0000007988 nova-scheduler[96911]: DEBUG dbcounter [-] [96911] Writer thread running {{(pid=96911) stat_writer /opt/stack/data/venv/lib/python3.12/site-packages/dbcounter.py:102}}
Aug 24 16:57:47.643963 np0000007988 nova-scheduler[96907]: DEBUG nova.service [None req-d611996c-7fc6-46dc-bae7-a309c2c877be None None] Creating RPC server for service: nova-scheduler on topic: scheduler {{(pid=96907) start /opt/stack/nova/nova/service.py:262}}
Aug 24 16:57:47.655622 np0000007988 nova-scheduler[96909]: DEBUG nova.service [None req-c791bce8-6c5b-4719-be35-6be4bd8c3a85 None None] Creating RPC server for service: nova-scheduler on topic: scheduler {{(pid=96909) start /opt/stack/nova/nova/service.py:262}}
Aug 24 16:57:47.658177 np0000007988 nova-scheduler[96913]: DEBUG oslo_db.sqlalchemy.engines [None req-5ca0dfe3-8bee-40fa-8f67-ffa8cdef96c8 None None] MySQL server mode set to STRICT_TRANS_TABLES,STRICT_ALL_TABLES,NO_ZERO_IN_DATE,NO_ZERO_DATE,ERROR_FOR_DIVISION_BY_ZERO,TRADITIONAL,NO_ENGINE_SUBSTITUTION {{(pid=96913) _check_effective_sql_mode /opt/stack/data/venv/lib/python3.12/site-packages/oslo_db/sqlalchemy/engines.py:325}}
Aug 24 16:57:47.659495 np0000007988 nova-scheduler[96911]: DEBUG nova.service [None req-6a873eb2-dcc7-4b0c-812c-56a97b8410e4 None None] Creating RPC server for service: nova-scheduler on topic: scheduler {{(pid=96911) start /opt/stack/nova/nova/service.py:262}}
Aug 24 16:57:47.670253 np0000007988 nova-scheduler[96913]: DEBUG dbcounter [-] [96913] Writer thread running {{(pid=96913) stat_writer /opt/stack/data/venv/lib/python3.12/site-packages/dbcounter.py:102}}
Aug 24 16:57:47.675030 np0000007988 nova-scheduler[96913]: DEBUG nova.service [None req-5ca0dfe3-8bee-40fa-8f67-ffa8cdef96c8 None None] Creating RPC server for service: nova-scheduler on topic: scheduler {{(pid=96913) start /opt/stack/nova/nova/service.py:262}}
Aug 24 16:57:47.682765 np0000007988 nova-scheduler[96907]: DEBUG nova.service [None req-d611996c-7fc6-46dc-bae7-a309c2c877be None None] Join ServiceGroup membership for this service scheduler {{(pid=96907) start /opt/stack/nova/nova/service.py:288}}
Aug 24 16:57:47.683269 np0000007988 nova-scheduler[96907]: DEBUG nova.servicegroup.drivers.db [None req-d611996c-7fc6-46dc-bae7-a309c2c877be None None] DB_Driver: join new ServiceGroup member np0000007988 to the scheduler group, service = {{(pid=96907) join /opt/stack/nova/nova/servicegroup/drivers/db.py:44}}
Aug 24 16:57:47.686689 np0000007988 nova-scheduler[96909]: DEBUG nova.service [None req-c791bce8-6c5b-4719-be35-6be4bd8c3a85 None None] Join ServiceGroup membership for this service scheduler {{(pid=96909) start /opt/stack/nova/nova/service.py:288}}
Aug 24 16:57:47.686794 np0000007988 nova-scheduler[96911]: DEBUG nova.service [None req-6a873eb2-dcc7-4b0c-812c-56a97b8410e4 None None] Join ServiceGroup membership for this service scheduler {{(pid=96911) start /opt/stack/nova/nova/service.py:288}}
Aug 24 16:57:47.687030 np0000007988 nova-scheduler[96911]: DEBUG nova.servicegroup.drivers.db [None req-6a873eb2-dcc7-4b0c-812c-56a97b8410e4 None None] DB_Driver: join new ServiceGroup member np0000007988 to the scheduler group, service = {{(pid=96911) join /opt/stack/nova/nova/servicegroup/drivers/db.py:44}}
Aug 24 16:57:47.687201 np0000007988 nova-scheduler[96909]: DEBUG nova.servicegroup.drivers.db [None req-c791bce8-6c5b-4719-be35-6be4bd8c3a85 None None] DB_Driver: join new ServiceGroup member np0000007988 to the scheduler group, service = {{(pid=96909) join /opt/stack/nova/nova/servicegroup/drivers/db.py:44}}
Aug 24 16:57:47.701632 np0000007988 nova-scheduler[96913]: DEBUG nova.service [None req-5ca0dfe3-8bee-40fa-8f67-ffa8cdef96c8 None None] Join ServiceGroup membership for this service scheduler {{(pid=96913) start /opt/stack/nova/nova/service.py:288}}
Aug 24 16:57:47.701865 np0000007988 nova-scheduler[96913]: DEBUG nova.servicegroup.drivers.db [None req-5ca0dfe3-8bee-40fa-8f67-ffa8cdef96c8 None None] DB_Driver: join new ServiceGroup member np0000007988 to the scheduler group, service = {{(pid=96913) join /opt/stack/nova/nova/servicegroup/drivers/db.py:44}}
Aug 24 16:57:52.719591 np0000007988 nova-scheduler[96907]: DEBUG oslo.service.backend._threading.loopingcall [-] Fixed interval looping call 'nova.servicegroup.drivers.db.DbDriver._report_state' sleeping for 119.97 seconds {{(pid=96907) _run_loop /opt/stack/data/venv/lib/python3.12/site-packages/oslo_service/backend/_threading/loopingcall.py:125}}
Aug 24 16:57:52.721435 np0000007988 nova-scheduler[96911]: DEBUG oslo.service.backend._threading.loopingcall [-] Fixed interval looping call 'nova.servicegroup.drivers.db.DbDriver._report_state' sleeping for 119.97 seconds {{(pid=96911) _run_loop /opt/stack/data/venv/lib/python3.12/site-packages/oslo_service/backend/_threading/loopingcall.py:125}}
Aug 24 16:57:52.721718 np0000007988 nova-scheduler[96909]: DEBUG oslo.service.backend._threading.loopingcall [-] Fixed interval looping call 'nova.servicegroup.drivers.db.DbDriver._report_state' sleeping for 119.97 seconds {{(pid=96909) _run_loop /opt/stack/data/venv/lib/python3.12/site-packages/oslo_service/backend/_threading/loopingcall.py:125}}
Aug 24 16:57:52.722890 np0000007988 nova-scheduler[96913]: DEBUG oslo.service.backend._threading.loopingcall [-] Fixed interval looping call 'nova.servicegroup.drivers.db.DbDriver._report_state' sleeping for 119.98 seconds {{(pid=96913) _run_loop /opt/stack/data/venv/lib/python3.12/site-packages/oslo_service/backend/_threading/loopingcall.py:125}}
Aug 24 16:57:56.138057 np0000007988 nova-scheduler[95718]: DEBUG dbcounter [-] [95718] Writing DB stats nova_api:SELECT=3 {{(pid=95718) stat_writer /opt/stack/data/venv/lib/python3.12/site-packages/dbcounter.py:115}}
Aug 24 16:57:56.321478 np0000007988 nova-scheduler[95718]: DEBUG dbcounter [-] [95718] Writing DB stats nova_cell0:SELECT=1 {{(pid=95718) stat_writer /opt/stack/data/venv/lib/python3.12/site-packages/dbcounter.py:115}}
Aug 24 16:57:56.321972 np0000007988 nova-scheduler[95718]: DEBUG dbcounter [-] [95718] Writing DB stats nova_cell1:SELECT=1 {{(pid=95718) stat_writer /opt/stack/data/venv/lib/python3.12/site-packages/dbcounter.py:115}}
Aug 24 16:58:02.694664 np0000007988 nova-scheduler[96907]: DEBUG dbcounter [-] [96907] Writing DB stats nova_cell0:SELECT=4,nova_cell0:INSERT=1,nova_cell0:UPDATE=1 {{(pid=96907) stat_writer /opt/stack/data/venv/lib/python3.12/site-packages/dbcounter.py:115}}
Aug 24 16:58:02.699035 np0000007988 nova-scheduler[96911]: DEBUG dbcounter [-] [96911] Writing DB stats nova_cell0:SELECT=4,nova_cell0:INSERT=1,nova_cell0:UPDATE=1 {{(pid=96911) stat_writer /opt/stack/data/venv/lib/python3.12/site-packages/dbcounter.py:115}}
Aug 24 16:58:02.699673 np0000007988 nova-scheduler[96909]: DEBUG dbcounter [-] [96909] Writing DB stats nova_cell0:SELECT=5,nova_cell0:INSERT=1,nova_cell0:UPDATE=1 {{(pid=96909) stat_writer /opt/stack/data/venv/lib/python3.12/site-packages/dbcounter.py:115}}
Aug 24 16:58:02.717750 np0000007988 nova-scheduler[96913]: DEBUG dbcounter [-] [96913] Writing DB stats nova_cell0:SELECT=3,nova_cell0:UPDATE=1 {{(pid=96913) stat_writer /opt/stack/data/venv/lib/python3.12/site-packages/dbcounter.py:115}}
Aug 24 16:58:08.689654 np0000007988 nova-scheduler[96909]: DEBUG oslo.service.backend._threading.loopingcall [None req-31c5e74e-2945-4a8b-936c-0d7325bdf3df None None] Dynamic interval looping call 'nova.service.Service.periodic_tasks' sleeping for 60.00 seconds {{(pid=96909) _run_loop /opt/stack/data/venv/lib/python3.12/site-packages/oslo_service/backend/_threading/loopingcall.py:125}}
Aug 24 16:58:12.691742 np0000007988 nova-scheduler[96911]: DEBUG oslo.service.backend._threading.loopingcall [None req-d5448cc8-d3e6-4f72-a1a4-2eaad118f1f3 None None] Dynamic interval looping call 'nova.service.Service.periodic_tasks' sleeping for 60.00 seconds {{(pid=96911) _run_loop /opt/stack/data/venv/lib/python3.12/site-packages/oslo_service/backend/_threading/loopingcall.py:125}}
Aug 24 16:58:14.704102 np0000007988 nova-scheduler[96913]: DEBUG oslo.service.backend._threading.loopingcall [None req-d8d723a2-adbb-4d44-9395-22664b74e9da None None] Dynamic interval looping call 'nova.service.Service.periodic_tasks' sleeping for 60.00 seconds {{(pid=96913) _run_loop /opt/stack/data/venv/lib/python3.12/site-packages/oslo_service/backend/_threading/loopingcall.py:125}}
Aug 24 16:58:24.685702 np0000007988 nova-scheduler[96907]: DEBUG oslo.service.backend._threading.loopingcall [None req-3ea770bd-6ef3-4d3d-b1b0-a3d09e847dfd None None] Dynamic interval looping call 'nova.service.Service.periodic_tasks' sleeping for 60.00 seconds {{(pid=96907) _run_loop /opt/stack/data/venv/lib/python3.12/site-packages/oslo_service/backend/_threading/loopingcall.py:125}}
Aug 24 16:59:08.690068 np0000007988 nova-scheduler[96909]: DEBUG oslo.service.backend._threading.loopingcall [None req-31c5e74e-2945-4a8b-936c-0d7325bdf3df None None] Dynamic interval looping call 'nova.service.Service.periodic_tasks' sleeping for 60.00 seconds {{(pid=96909) _run_loop /opt/stack/data/venv/lib/python3.12/site-packages/oslo_service/backend/_threading/loopingcall.py:125}}
Aug 24 16:59:12.692217 np0000007988 nova-scheduler[96911]: DEBUG oslo.service.backend._threading.loopingcall [None req-d5448cc8-d3e6-4f72-a1a4-2eaad118f1f3 None None] Dynamic interval looping call 'nova.service.Service.periodic_tasks' sleeping for 60.00 seconds {{(pid=96911) _run_loop /opt/stack/data/venv/lib/python3.12/site-packages/oslo_service/backend/_threading/loopingcall.py:125}}
Aug 24 16:59:14.704630 np0000007988 nova-scheduler[96913]: DEBUG oslo.service.backend._threading.loopingcall [None req-d8d723a2-adbb-4d44-9395-22664b74e9da None None] Dynamic interval looping call 'nova.service.Service.periodic_tasks' sleeping for 60.00 seconds {{(pid=96913) _run_loop /opt/stack/data/venv/lib/python3.12/site-packages/oslo_service/backend/_threading/loopingcall.py:125}}
Aug 24 16:59:24.686253 np0000007988 nova-scheduler[96907]: DEBUG oslo.service.backend._threading.loopingcall [None req-3ea770bd-6ef3-4d3d-b1b0-a3d09e847dfd None None] Dynamic interval looping call 'nova.service.Service.periodic_tasks' sleeping for 60.00 seconds {{(pid=96907) _run_loop /opt/stack/data/venv/lib/python3.12/site-packages/oslo_service/backend/_threading/loopingcall.py:125}}
Aug 24 16:59:52.699174 np0000007988 nova-scheduler[96907]: DEBUG oslo.service.backend._threading.loopingcall [-] Fixed interval looping call 'nova.servicegroup.drivers.db.DbDriver._report_state' sleeping for 119.99 seconds {{(pid=96907) _run_loop /opt/stack/data/venv/lib/python3.12/site-packages/oslo_service/backend/_threading/loopingcall.py:125}}
Aug 24 16:59:52.700041 np0000007988 nova-scheduler[96911]: DEBUG oslo.service.backend._threading.loopingcall [-] Fixed interval looping call 'nova.servicegroup.drivers.db.DbDriver._report_state' sleeping for 119.99 seconds {{(pid=96911) _run_loop /opt/stack/data/venv/lib/python3.12/site-packages/oslo_service/backend/_threading/loopingcall.py:125}}
Aug 24 16:59:52.700721 np0000007988 nova-scheduler[96909]: DEBUG oslo.service.backend._threading.loopingcall [-] Fixed interval looping call 'nova.servicegroup.drivers.db.DbDriver._report_state' sleeping for 119.99 seconds {{(pid=96909) _run_loop /opt/stack/data/venv/lib/python3.12/site-packages/oslo_service/backend/_threading/loopingcall.py:125}}
Aug 24 16:59:52.706850 np0000007988 nova-scheduler[96913]: DEBUG oslo.service.backend._threading.loopingcall [-] Fixed interval looping call 'nova.servicegroup.drivers.db.DbDriver._report_state' sleeping for 120.00 seconds {{(pid=96913) _run_loop /opt/stack/data/venv/lib/python3.12/site-packages/oslo_service/backend/_threading/loopingcall.py:125}}
Aug 24 17:00:02.693656 np0000007988 nova-scheduler[96907]: DEBUG dbcounter [-] [96907] Writing DB stats nova_cell0:SELECT=1,nova_cell0:UPDATE=1 {{(pid=96907) stat_writer /opt/stack/data/venv/lib/python3.12/site-packages/dbcounter.py:115}}
Aug 24 17:00:02.695021 np0000007988 nova-scheduler[96911]: DEBUG dbcounter [-] [96911] Writing DB stats nova_cell0:SELECT=1,nova_cell0:UPDATE=1 {{(pid=96911) stat_writer /opt/stack/data/venv/lib/python3.12/site-packages/dbcounter.py:115}}
Aug 24 17:00:02.695312 np0000007988 nova-scheduler[96909]: DEBUG dbcounter [-] [96909] Writing DB stats nova_cell0:SELECT=1,nova_cell0:UPDATE=1 {{(pid=96909) stat_writer /opt/stack/data/venv/lib/python3.12/site-packages/dbcounter.py:115}}
Aug 24 17:00:02.705024 np0000007988 nova-scheduler[96913]: DEBUG dbcounter [-] [96913] Writing DB stats nova_cell0:SELECT=1 {{(pid=96913) stat_writer /opt/stack/data/venv/lib/python3.12/site-packages/dbcounter.py:115}}
Aug 24 17:00:08.690542 np0000007988 nova-scheduler[96909]: DEBUG oslo.service.backend._threading.loopingcall [None req-31c5e74e-2945-4a8b-936c-0d7325bdf3df None None] Dynamic interval looping call 'nova.service.Service.periodic_tasks' sleeping for 60.00 seconds {{(pid=96909) _run_loop /opt/stack/data/venv/lib/python3.12/site-packages/oslo_service/backend/_threading/loopingcall.py:125}}
Aug 24 17:00:12.692768 np0000007988 nova-scheduler[96911]: DEBUG oslo.service.backend._threading.loopingcall [None req-d5448cc8-d3e6-4f72-a1a4-2eaad118f1f3 None None] Dynamic interval looping call 'nova.service.Service.periodic_tasks' sleeping for 60.00 seconds {{(pid=96911) _run_loop /opt/stack/data/venv/lib/python3.12/site-packages/oslo_service/backend/_threading/loopingcall.py:125}}
Aug 24 17:00:14.705147 np0000007988 nova-scheduler[96913]: DEBUG oslo.service.backend._threading.loopingcall [None req-d8d723a2-adbb-4d44-9395-22664b74e9da None None] Dynamic interval looping call 'nova.service.Service.periodic_tasks' sleeping for 60.00 seconds {{(pid=96913) _run_loop /opt/stack/data/venv/lib/python3.12/site-packages/oslo_service/backend/_threading/loopingcall.py:125}}
Aug 24 17:00:24.686741 np0000007988 nova-scheduler[96907]: DEBUG oslo.service.backend._threading.loopingcall [None req-3ea770bd-6ef3-4d3d-b1b0-a3d09e847dfd None None] Dynamic interval looping call 'nova.service.Service.periodic_tasks' sleeping for 60.00 seconds {{(pid=96907) _run_loop /opt/stack/data/venv/lib/python3.12/site-packages/oslo_service/backend/_threading/loopingcall.py:125}}
Aug 24 17:00:30.703600 np0000007988 nova-scheduler[96907]: DEBUG nova.scheduler.manager [None req-84dd2d0e-ce72-4739-9664-b9382402b2eb tempest-ServerActionsTestOtherA-1275782541 tempest-ServerActionsTestOtherA-1275782541-project-member] Starting to schedule for instances: ['dbe0e366-f295-40cf-a014-d9c5d3fed650'] {{(pid=96907) select_destinations /opt/stack/nova/nova/scheduler/manager.py:197}}
Aug 24 17:00:30.704325 np0000007988 nova-scheduler[96907]: DEBUG nova.scheduler.request_filter [None req-84dd2d0e-ce72-4739-9664-b9382402b2eb tempest-ServerActionsTestOtherA-1275782541 tempest-ServerActionsTestOtherA-1275782541-project-member] compute_status_filter request filter added forbidden trait COMPUTE_STATUS_DISABLED {{(pid=96907) compute_status_filter /opt/stack/nova/nova/scheduler/request_filter.py:258}}
Aug 24 17:00:30.705371 np0000007988 nova-scheduler[96907]: DEBUG nova.scheduler.request_filter [None req-84dd2d0e-ce72-4739-9664-b9382402b2eb tempest-ServerActionsTestOtherA-1275782541 tempest-ServerActionsTestOtherA-1275782541-project-member] Request filter 'compute_status_filter' took 0.0 seconds {{(pid=96907) wrapper /opt/stack/nova/nova/scheduler/request_filter.py:51}}
Aug 24 17:00:30.705371 np0000007988 nova-scheduler[96907]: DEBUG nova.scheduler.request_filter [None req-84dd2d0e-ce72-4739-9664-b9382402b2eb tempest-ServerActionsTestOtherA-1275782541 tempest-ServerActionsTestOtherA-1275782541-project-member] Request filter 'accelerators_filter' took 0.0 seconds {{(pid=96907) wrapper /opt/stack/nova/nova/scheduler/request_filter.py:51}}
Aug 24 17:00:30.705371 np0000007988 nova-scheduler[96907]: DEBUG nova.scheduler.request_filter [None req-84dd2d0e-ce72-4739-9664-b9382402b2eb tempest-ServerActionsTestOtherA-1275782541 tempest-ServerActionsTestOtherA-1275782541-project-member] Request filter 'packed_virtqueue_filter' took 0.0 seconds {{(pid=96907) wrapper /opt/stack/nova/nova/scheduler/request_filter.py:51}}
Aug 24 17:00:30.705371 np0000007988 nova-scheduler[96907]: DEBUG nova.scheduler.request_filter [None req-84dd2d0e-ce72-4739-9664-b9382402b2eb tempest-ServerActionsTestOtherA-1275782541 tempest-ServerActionsTestOtherA-1275782541-project-member] Request filter 'remote_managed_ports_filter' took 0.0 seconds {{(pid=96907) wrapper /opt/stack/nova/nova/scheduler/request_filter.py:51}}
Aug 24 17:00:30.705371 np0000007988 nova-scheduler[96907]: DEBUG nova.scheduler.request_filter [None req-84dd2d0e-ce72-4739-9664-b9382402b2eb tempest-ServerActionsTestOtherA-1275782541 tempest-ServerActionsTestOtherA-1275782541-project-member] ephemeral_encryption_filter skipped {{(pid=96907) ephemeral_encryption_filter /opt/stack/nova/nova/scheduler/request_filter.py:431}}
Aug 24 17:00:30.705618 np0000007988 nova-scheduler[96907]: DEBUG nova.scheduler.request_filter [None req-84dd2d0e-ce72-4739-9664-b9382402b2eb tempest-ServerActionsTestOtherA-1275782541 tempest-ServerActionsTestOtherA-1275782541-project-member] virtio_sound_filter skipped {{(pid=96907) virtio_sound_filter /opt/stack/nova/nova/scheduler/request_filter.py:465}}
Aug 24 17:00:30.705618 np0000007988 nova-scheduler[96907]: DEBUG nova.scheduler.request_filter [None req-84dd2d0e-ce72-4739-9664-b9382402b2eb tempest-ServerActionsTestOtherA-1275782541 tempest-ServerActionsTestOtherA-1275782541-project-member] tpm_secret_security_filter skipped {{(pid=96907) tpm_secret_security_filter /opt/stack/nova/nova/scheduler/request_filter.py:482}}
Aug 24 17:00:30.707061 np0000007988 nova-scheduler[96907]: DEBUG oslo_concurrency.lockutils [None req-84dd2d0e-ce72-4739-9664-b9382402b2eb tempest-ServerActionsTestOtherA-1275782541 tempest-ServerActionsTestOtherA-1275782541-project-member] Acquiring lock "00000000-0000-0000-0000-000000000000" by "nova.context.set_target_cell..get_or_set_cached_cell_and_set_connections" {{(pid=96907) inner /opt/stack/data/venv/lib/python3.12/site-packages/oslo_concurrency/lockutils.py:512}}
Aug 24 17:00:30.707061 np0000007988 nova-scheduler[96907]: DEBUG oslo_concurrency.lockutils [None req-84dd2d0e-ce72-4739-9664-b9382402b2eb tempest-ServerActionsTestOtherA-1275782541 tempest-ServerActionsTestOtherA-1275782541-project-member] Lock "00000000-0000-0000-0000-000000000000" acquired by "nova.context.set_target_cell..get_or_set_cached_cell_and_set_connections" :: waited 0.000s {{(pid=96907) inner /opt/stack/data/venv/lib/python3.12/site-packages/oslo_concurrency/lockutils.py:525}}
Aug 24 17:00:30.707289 np0000007988 nova-scheduler[96907]: DEBUG oslo_concurrency.lockutils [None req-84dd2d0e-ce72-4739-9664-b9382402b2eb tempest-ServerActionsTestOtherA-1275782541 tempest-ServerActionsTestOtherA-1275782541-project-member] Lock "00000000-0000-0000-0000-000000000000" "released" by "nova.context.set_target_cell..get_or_set_cached_cell_and_set_connections" :: held 0.001s {{(pid=96907) inner /opt/stack/data/venv/lib/python3.12/site-packages/oslo_concurrency/lockutils.py:544}}
