Jul 18 13:08:56.738280 np0000005387 devstack@g-api.service[99810]: DEBUG glance.api.middleware.version_negotiation [None req-fae10025-1b82-44f5-b38a-43ad49382244 tempest-ServerBootFromVolumeStableRescueTest-2068311727 tempest-ServerBootFromVolumeStableRescueTest-2068311727-project-member] Matched version: v2 {{(pid=99810) process_request /opt/stack/glance/glance/api/middleware/version_negotiation.py:69}}
Jul 18 13:08:56.738407 np0000005387 devstack@g-api.service[99810]: DEBUG glance.api.middleware.version_negotiation [None req-fae10025-1b82-44f5-b38a-43ad49382244 tempest-ServerBootFromVolumeStableRescueTest-2068311727 tempest-ServerBootFromVolumeStableRescueTest-2068311727-project-member] new path /v2/schemas/image {{(pid=99810) process_request /opt/stack/glance/glance/api/middleware/version_negotiation.py:70}}
Jul 18 13:08:56.740960 np0000005387 devstack@g-api.service[99810]: [pid: 99810|app: 0|req: 26/77] 127.0.0.1 () {44 vars in 1055 bytes} [Sat Jul 18 13:08:56 2026] GET /v2/schemas/image => generated 6083 bytes in 3 msecs (HTTP/1.1 200) 4 headers in 158 bytes (1 switches on core 0)
Jul 18 13:08:57.488061 np0000005387 devstack@g-api.service[99809]: DEBUG glance.api.middleware.version_negotiation [None req-c82c1ff6-e67d-4af8-8617-2fa043e749d3 tempest-ServerBootFromVolumeStableRescueTest-2068311727 tempest-ServerBootFromVolumeStableRescueTest-2068311727-project-member] Determining version of request: GET /v2/images/bd5eda7d-aeb9-45ac-a645-4685f4e48646 Accept: application/json {{(pid=99809) process_request /opt/stack/glance/glance/api/middleware/version_negotiation.py:44}}
Jul 18 13:08:57.488493 np0000005387 devstack@g-api.service[99809]: DEBUG glance.api.middleware.version_negotiation [None req-c82c1ff6-e67d-4af8-8617-2fa043e749d3 tempest-ServerBootFromVolumeStableRescueTest-2068311727 tempest-ServerBootFromVolumeStableRescueTest-2068311727-project-member] Using url versioning {{(pid=99809) process_request /opt/stack/glance/glance/api/middleware/version_negotiation.py:57}}
Jul 18 13:08:57.488493 np0000005387 devstack@g-api.service[99809]: DEBUG glance.api.middleware.version_negotiation [None req-c82c1ff6-e67d-4af8-8617-2fa043e749d3 tempest-ServerBootFromVolumeStableRescueTest-2068311727 tempest-ServerBootFromVolumeStableRescueTest-2068311727-project-member] Matched version: v2 {{(pid=99809) process_request /opt/stack/glance/glance/api/middleware/version_negotiation.py:69}}
Jul 18 13:08:57.488829 np0000005387 devstack@g-api.service[99809]: DEBUG glance.api.middleware.version_negotiation [None req-c82c1ff6-e67d-4af8-8617-2fa043e749d3 tempest-ServerBootFromVolumeStableRescueTest-2068311727 tempest-ServerBootFromVolumeStableRescueTest-2068311727-project-member] new path /v2/images/bd5eda7d-aeb9-45ac-a645-4685f4e48646 {{(pid=99809) process_request /opt/stack/glance/glance/api/middleware/version_negotiation.py:70}}
Jul 18 13:08:57.512717 np0000005387 devstack@g-api.service[99809]: [pid: 99809|app: 0|req: 26/78] 127.0.0.1 () {40 vars in 838 bytes} [Sat Jul 18 13:08:57 2026] GET /v2/images/bd5eda7d-aeb9-45ac-a645-4685f4e48646 => generated 1359 bytes in 26 msecs (HTTP/1.1 200) 4 headers in 158 bytes (1 switches on core 0)
Jul 18 13:08:58.033737 np0000005387 devstack@g-api.service[99808]: DEBUG glance.api.middleware.version_negotiation [None req-fae10025-1b82-44f5-b38a-43ad49382244 tempest-ServerBootFromVolumeStableRescueTest-2068311727 tempest-ServerBootFromVolumeStableRescueTest-2068311727-project-member] Determining version of request: GET /v2/images/bd5eda7d-aeb9-45ac-a645-4685f4e48646 Accept: */* {{(pid=99808) process_request /opt/stack/glance/glance/api/middleware/version_negotiation.py:44}}
Jul 18 13:08:58.034399 np0000005387 devstack@g-api.service[99808]: DEBUG glance.api.middleware.version_negotiation [None req-fae10025-1b82-44f5-b38a-43ad49382244 tempest-ServerBootFromVolumeStableRescueTest-2068311727 tempest-ServerBootFromVolumeStableRescueTest-2068311727-project-member] Using url versioning {{(pid=99808) process_request /opt/stack/glance/glance/api/middleware/version_negotiation.py:57}}
Jul 18 13:08:58.034653 np0000005387 devstack@g-api.service[99808]: DEBUG glance.api.middleware.version_negotiation [None req-fae10025-1b82-44f5-b38a-43ad49382244 tempest-ServerBootFromVolumeStableRescueTest-2068311727 tempest-ServerBootFromVolumeStableRescueTest-2068311727-project-member] Matched version: v2 {{(pid=99808) process_request /opt/stack/glance/glance/api/middleware/version_negotiation.py:69}}
Jul 18 13:08:58.034854 np0000005387 devstack@g-api.service[99808]: DEBUG glance.api.middleware.version_negotiation [None req-fae10025-1b82-44f5-b38a-43ad49382244 tempest-ServerBootFromVolumeStableRescueTest-2068311727 tempest-ServerBootFromVolumeStableRescueTest-2068311727-project-member] new path /v2/images/bd5eda7d-aeb9-45ac-a645-4685f4e48646 {{(pid=99808) process_request /opt/stack/glance/glance/api/middleware/version_negotiation.py:70}}
Jul 18 13:08:58.046821 np0000005387 devstack@g-api.service[99808]: [pid: 99808|app: 0|req: 27/79] 127.0.0.1 () {44 vars in 1115 bytes} [Sat Jul 18 13:08:58 2026] GET /v2/images/bd5eda7d-aeb9-45ac-a645-4685f4e48646 => generated 1359 bytes in 13 msecs (HTTP/1.1 200) 4 headers in 158 bytes (1 switches on core 0)
Jul 18 13:08:58.085508 np0000005387 devstack@g-api.service[99810]: DEBUG glance.api.middleware.version_negotiation [None req-fae10025-1b82-44f5-b38a-43ad49382244 tempest-ServerBootFromVolumeStableRescueTest-2068311727 tempest-ServerBootFromVolumeStableRescueTest-2068311727-project-member] Determining version of request: GET /v2/schemas/image Accept: */* {{(pid=99810) process_request /opt/stack/glance/glance/api/middleware/version_negotiation.py:44}}
Jul 18 13:08:58.085508 np0000005387 devstack@g-api.service[99810]: DEBUG glance.api.middleware.version_negotiation [None req-fae10025-1b82-44f5-b38a-43ad49382244 tempest-ServerBootFromVolumeStableRescueTest-2068311727 tempest-ServerBootFromVolumeStableRescueTest-2068311727-project-member] Using url versioning {{(pid=99810) process_request /opt/stack/glance/glance/api/middleware/version_negotiation.py:57}}
Jul 18 13:08:58.085508 np0000005387 devstack@g-api.service[99810]: DEBUG glance.api.middleware.version_negotiation [None req-fae10025-1b82-44f5-b38a-43ad49382244 tempest-ServerBootFromVolumeStableRescueTest-2068311727 tempest-ServerBootFromVolumeStableRescueTest-2068311727-project-member] Matched version: v2 {{(pid=99810) process_request /opt/stack/glance/glance/api/middleware/version_negotiation.py:69}}
Jul 18 13:08:58.085508 np0000005387 devstack@g-api.service[99810]: DEBUG glance.api.middleware.version_negotiation [None req-fae10025-1b82-44f5-b38a-43ad49382244 tempest-ServerBootFromVolumeStableRescueTest-2068311727 tempest-ServerBootFromVolumeStableRescueTest-2068311727-project-member] new path /v2/schemas/image {{(pid=99810) process_request /opt/stack/glance/glance/api/middleware/version_negotiation.py:70}}
Jul 18 13:08:58.087939 np0000005387 devstack@g-api.service[99810]: [pid: 99810|app: 0|req: 27/80] 127.0.0.1 () {44 vars in 1055 bytes} [Sat Jul 18 13:08:58 2026] GET /v2/schemas/image => generated 6083 bytes in 4 msecs (HTTP/1.1 200) 4 headers in 158 bytes (1 switches on core 0)
Jul 18 13:08:58.117606 np0000005387 devstack@g-api.service[99809]: DEBUG glance.api.middleware.version_negotiation [None req-5f9b444f-05ea-4350-92bd-6a71ed5c1a38 tempest-ServerBootFromVolumeStableRescueTest-2068311727 tempest-ServerBootFromVolumeStableRescueTest-2068311727-project-member] Determining version of request: GET /v2/schemas/image Accept: */* {{(pid=99809) process_request /opt/stack/glance/glance/api/middleware/version_negotiation.py:44}}
Jul 18 13:08:58.117858 np0000005387 devstack@g-api.service[99809]: DEBUG glance.api.middleware.version_negotiation [None req-5f9b444f-05ea-4350-92bd-6a71ed5c1a38 tempest-ServerBootFromVolumeStableRescueTest-2068311727 tempest-ServerBootFromVolumeStableRescueTest-2068311727-project-member] Using url versioning {{(pid=99809) process_request /opt/stack/glance/glance/api/middleware/version_negotiation.py:57}}
Jul 18 13:08:58.118057 np0000005387 devstack@g-api.service[99809]: DEBUG glance.api.middleware.version_negotiation [None req-5f9b444f-05ea-4350-92bd-6a71ed5c1a38 tempest-ServerBootFromVolumeStableRescueTest-2068311727 tempest-ServerBootFromVolumeStableRescueTest-2068311727-project-member] Matched version: v2 {{(pid=99809) process_request /opt/stack/glance/glance/api/middleware/version_negotiation.py:69}}
Jul 18 13:08:58.118189 np0000005387 devstack@g-api.service[99809]: DEBUG glance.api.middleware.version_negotiation [None req-5f9b444f-05ea-4350-92bd-6a71ed5c1a38 tempest-ServerBootFromVolumeStableRescueTest-2068311727 tempest-ServerBootFromVolumeStableRescueTest-2068311727-project-member] new path /v2/schemas/image {{(pid=99809) process_request /opt/stack/glance/glance/api/middleware/version_negotiation.py:70}}
Jul 18 13:08:58.122422 np0000005387 devstack@g-api.service[99809]: [pid: 99809|app: 0|req: 27/81] 127.0.0.1 () {44 vars in 1055 bytes} [Sat Jul 18 13:08:58 2026] GET /v2/schemas/image => generated 6083 bytes in 5 msecs (HTTP/1.1 200) 4 headers in 158 bytes (1 switches on core 0)
Jul 18 13:08:58.173896 np0000005387 devstack@g-api.service[99808]: DEBUG glance.api.middleware.version_negotiation [None req-fae10025-1b82-44f5-b38a-43ad49382244 tempest-ServerBootFromVolumeStableRescueTest-2068311727 tempest-ServerBootFromVolumeStableRescueTest-2068311727-project-member] Determining version of request: PATCH /v2/images/bd5eda7d-aeb9-45ac-a645-4685f4e48646 Accept: */* {{(pid=99808) process_request /opt/stack/glance/glance/api/middleware/version_negotiation.py:44}}
Jul 18 13:08:58.174072 np0000005387 devstack@g-api.service[99808]: DEBUG glance.api.middleware.version_negotiation [None req-fae10025-1b82-44f5-b38a-43ad49382244 tempest-ServerBootFromVolumeStableRescueTest-2068311727 tempest-ServerBootFromVolumeStableRescueTest-2068311727-project-member] Using url versioning {{(pid=99808) process_request /opt/stack/glance/glance/api/middleware/version_negotiation.py:57}}
Jul 18 13:08:58.174206 np0000005387 devstack@g-api.service[99808]: DEBUG glance.api.middleware.version_negotiation [None req-fae10025-1b82-44f5-b38a-43ad49382244 tempest-ServerBootFromVolumeStableRescueTest-2068311727 tempest-ServerBootFromVolumeStableRescueTest-2068311727-project-member] Matched version: v2 {{(pid=99808) process_request /opt/stack/glance/glance/api/middleware/version_negotiation.py:69}}
Jul 18 13:08:58.174368 np0000005387 devstack@g-api.service[99808]: DEBUG glance.api.middleware.version_negotiation [None req-fae10025-1b82-44f5-b38a-43ad49382244 tempest-ServerBootFromVolumeStableRescueTest-2068311727 tempest-ServerBootFromVolumeStableRescueTest-2068311727-project-member] new path /v2/images/bd5eda7d-aeb9-45ac-a645-4685f4e48646 {{(pid=99808) process_request /opt/stack/glance/glance/api/middleware/version_negotiation.py:70}}
Jul 18 13:08:58.361937 np0000005387 devstack@g-api.service[99808]: [pid: 99808|app: 0|req: 28/82] 127.0.0.1 () {46 vars in 1158 bytes} [Sat Jul 18 13:08:58 2026] PATCH /v2/images/bd5eda7d-aeb9-45ac-a645-4685f4e48646 => generated 1470 bytes in 189 msecs (HTTP/1.1 200) 4 headers in 158 bytes (1 switches on core 0)
Jul 18 13:08:58.413884 np0000005387 devstack@g-api.service[99810]: DEBUG glance.api.middleware.version_negotiation [None req-fae10025-1b82-44f5-b38a-43ad49382244 tempest-ServerBootFromVolumeStableRescueTest-2068311727 tempest-ServerBootFromVolumeStableRescueTest-2068311727-project-member] Determining version of request: GET /v2/images/bd5eda7d-aeb9-45ac-a645-4685f4e48646 Accept: */* {{(pid=99810) process_request /opt/stack/glance/glance/api/middleware/version_negotiation.py:44}}
Jul 18 13:08:58.413884 np0000005387 devstack@g-api.service[99810]: DEBUG glance.api.middleware.version_negotiation [None req-fae10025-1b82-44f5-b38a-43ad49382244 tempest-ServerBootFromVolumeStableRescueTest-2068311727 tempest-ServerBootFromVolumeStableRescueTest-2068311727-project-member] Using url versioning {{(pid=99810) process_request /opt/stack/glance/glance/api/middleware/version_negotiation.py:57}}
Jul 18 13:08:58.413884 np0000005387 devstack@g-api.service[99810]: DEBUG glance.api.middleware.version_negotiation [None req-fae10025-1b82-44f5-b38a-43ad49382244 tempest-ServerBootFromVolumeStableRescueTest-2068311727 tempest-ServerBootFromVolumeStableRescueTest-2068311727-project-member] Matched version: v2 {{(pid=99810) process_request /opt/stack/glance/glance/api/middleware/version_negotiation.py:69}}
Jul 18 13:08:58.413884 np0000005387 devstack@g-api.service[99810]: DEBUG glance.api.middleware.version_negotiation [None req-fae10025-1b82-44f5-b38a-43ad49382244 tempest-ServerBootFromVolumeStableRescueTest-2068311727 tempest-ServerBootFromVolumeStableRescueTest-2068311727-project-member] new path /v2/images/bd5eda7d-aeb9-45ac-a645-4685f4e48646 {{(pid=99810) process_request /opt/stack/glance/glance/api/middleware/version_negotiation.py:70}}
Jul 18 13:08:58.425080 np0000005387 devstack@g-api.service[99810]: [pid: 99810|app: 0|req: 28/83] 127.0.0.1 () {44 vars in 1115 bytes} [Sat Jul 18 13:08:58 2026] GET /v2/images/bd5eda7d-aeb9-45ac-a645-4685f4e48646 => generated 1470 bytes in 12 msecs (HTTP/1.1 200) 4 headers in 158 bytes (1 switches on core 0)
Jul 18 13:08:58.482929 np0000005387 devstack@g-api.service[99809]: DEBUG glance.api.middleware.version_negotiation [None req-fae10025-1b82-44f5-b38a-43ad49382244 tempest-ServerBootFromVolumeStableRescueTest-2068311727 tempest-ServerBootFromVolumeStableRescueTest-2068311727-project-member] Determining version of request: GET /v2/images/1a6a2270-6e5e-4bf4-89f0-3a2cf41861da Accept: */* {{(pid=99809) process_request /opt/stack/glance/glance/api/middleware/version_negotiation.py:44}}
Jul 18 13:08:58.483099 np0000005387 devstack@g-api.service[99809]: DEBUG glance.api.middleware.version_negotiation [None req-fae10025-1b82-44f5-b38a-43ad49382244 tempest-ServerBootFromVolumeStableRescueTest-2068311727 tempest-ServerBootFromVolumeStableRescueTest-2068311727-project-member] Using url versioning {{(pid=99809) process_request /opt/stack/glance/glance/api/middleware/version_negotiation.py:57}}
Jul 18 13:08:58.483875 np0000005387 devstack@g-api.service[99809]: DEBUG glance.api.middleware.version_negotiation [None req-fae10025-1b82-44f5-b38a-43ad49382244 tempest-ServerBootFromVolumeStableRescueTest-2068311727 tempest-ServerBootFromVolumeStableRescueTest-2068311727-project-member] Matched version: v2 {{(pid=99809) process_request /opt/stack/glance/glance/api/middleware/version_negotiation.py:69}}
Jul 18 13:08:58.483875 np0000005387 devstack@g-api.service[99809]: DEBUG glance.api.middleware.version_negotiation [None req-fae10025-1b82-44f5-b38a-43ad49382244 tempest-ServerBootFromVolumeStableRescueTest-2068311727 tempest-ServerBootFromVolumeStableRescueTest-2068311727-project-member] new path /v2/images/1a6a2270-6e5e-4bf4-89f0-3a2cf41861da {{(pid=99809) process_request /opt/stack/glance/glance/api/middleware/version_negotiation.py:70}}
Jul 18 13:08:58.498471 np0000005387 devstack@g-api.service[99809]: [pid: 99809|app: 0|req: 28/84] 127.0.0.1 () {44 vars in 1115 bytes} [Sat Jul 18 13:08:58 2026] GET /v2/images/1a6a2270-6e5e-4bf4-89f0-3a2cf41861da => generated 1044 bytes in 14 msecs (HTTP/1.1 200) 4 headers in 158 bytes (1 switches on core 0)
Jul 18 13:08:58.498984 np0000005387 devstack@g-api.service[99808]: DEBUG glance.api.middleware.version_negotiation [None req-fae10025-1b82-44f5-b38a-43ad49382244 tempest-ServerBootFromVolumeStableRescueTest-2068311727 tempest-ServerBootFromVolumeStableRescueTest-2068311727-project-member] Determining version of request: PUT /v2/images/bd5eda7d-aeb9-45ac-a645-4685f4e48646/file Accept: */* {{(pid=99808) process_request /opt/stack/glance/glance/api/middleware/version_negotiation.py:44}}
Jul 18 13:08:58.498984 np0000005387 devstack@g-api.service[99808]: DEBUG glance.api.middleware.version_negotiation [None req-fae10025-1b82-44f5-b38a-43ad49382244 tempest-ServerBootFromVolumeStableRescueTest-2068311727 tempest-ServerBootFromVolumeStableRescueTest-2068311727-project-member] Using url versioning {{(pid=99808) process_request /opt/stack/glance/glance/api/middleware/version_negotiation.py:57}}
Jul 18 13:08:58.498984 np0000005387 devstack@g-api.service[99808]: DEBUG glance.api.middleware.version_negotiation [None req-fae10025-1b82-44f5-b38a-43ad49382244 tempest-ServerBootFromVolumeStableRescueTest-2068311727 tempest-ServerBootFromVolumeStableRescueTest-2068311727-project-member] Matched version: v2 {{(pid=99808) process_request /opt/stack/glance/glance/api/middleware/version_negotiation.py:69}}
Jul 18 13:08:58.498984 np0000005387 devstack@g-api.service[99808]: DEBUG glance.api.middleware.version_negotiation [None req-fae10025-1b82-44f5-b38a-43ad49382244 tempest-ServerBootFromVolumeStableRescueTest-2068311727 tempest-ServerBootFromVolumeStableRescueTest-2068311727-project-member] new path /v2/images/bd5eda7d-aeb9-45ac-a645-4685f4e48646/file {{(pid=99808) process_request /opt/stack/glance/glance/api/middleware/version_negotiation.py:70}}
Jul 18 13:08:58.526826 np0000005387 devstack@g-api.service[99810]: DEBUG glance.api.middleware.version_negotiation [None req-fae10025-1b82-44f5-b38a-43ad49382244 tempest-ServerBootFromVolumeStableRescueTest-2068311727 tempest-ServerBootFromVolumeStableRescueTest-2068311727-project-member] Determining version of request: GET /v2/images/bd5eda7d-aeb9-45ac-a645-4685f4e48646 Accept: application/json {{(pid=99810) process_request /opt/stack/glance/glance/api/middleware/version_negotiation.py:44}}
Jul 18 13:08:58.526950 np0000005387 devstack@g-api.service[99810]: DEBUG glance.api.middleware.version_negotiation [None req-fae10025-1b82-44f5-b38a-43ad49382244 tempest-ServerBootFromVolumeStableRescueTest-2068311727 tempest-ServerBootFromVolumeStableRescueTest-2068311727-project-member] Using url versioning {{(pid=99810) process_request /opt/stack/glance/glance/api/middleware/version_negotiation.py:57}}
Jul 18 13:08:58.527122 np0000005387 devstack@g-api.service[99810]: DEBUG glance.api.middleware.version_negotiation [None req-fae10025-1b82-44f5-b38a-43ad49382244 tempest-ServerBootFromVolumeStableRescueTest-2068311727 tempest-ServerBootFromVolumeStableRescueTest-2068311727-project-member] Matched version: v2 {{(pid=99810) process_request /opt/stack/glance/glance/api/middleware/version_negotiation.py:69}}
Jul 18 13:08:58.527227 np0000005387 devstack@g-api.service[99810]: DEBUG glance.api.middleware.version_negotiation [None req-fae10025-1b82-44f5-b38a-43ad49382244 tempest-ServerBootFromVolumeStableRescueTest-2068311727 tempest-ServerBootFromVolumeStableRescueTest-2068311727-project-member] new path /v2/images/bd5eda7d-aeb9-45ac-a645-4685f4e48646 {{(pid=99810) process_request /opt/stack/glance/glance/api/middleware/version_negotiation.py:70}}
Jul 18 13:08:58.550457 np0000005387 devstack@g-api.service[99810]: [pid: 99810|app: 0|req: 29/85] 127.0.0.1 () {40 vars in 838 bytes} [Sat Jul 18 13:08:58 2026] GET /v2/images/bd5eda7d-aeb9-45ac-a645-4685f4e48646 => generated 1470 bytes in 24 msecs (HTTP/1.1 200) 4 headers in 158 bytes (1 switches on core 0)
Jul 18 13:08:58.569600 np0000005387 devstack@g-api.service[99809]: DEBUG glance.api.middleware.version_negotiation [None req-822da437-55b6-4a47-a68a-38f1a7963d9a tempest-ServerRescueNegativeTestJSON-1093388969 tempest-ServerRescueNegativeTestJSON-1093388969-project-member] Determining version of request: GET /v2/schemas/image Accept: */* {{(pid=99809) process_request /opt/stack/glance/glance/api/middleware/version_negotiation.py:44}}
Jul 18 13:08:58.569884 np0000005387 devstack@g-api.service[99809]: DEBUG glance.api.middleware.version_negotiation [None req-822da437-55b6-4a47-a68a-38f1a7963d9a tempest-ServerRescueNegativeTestJSON-1093388969 tempest-ServerRescueNegativeTestJSON-1093388969-project-member] Using url versioning {{(pid=99809) process_request /opt/stack/glance/glance/api/middleware/version_negotiation.py:57}}
Jul 18 13:08:58.570653 np0000005387 devstack@g-api.service[99809]: DEBUG glance.api.middleware.version_negotiation [None req-822da437-55b6-4a47-a68a-38f1a7963d9a tempest-ServerRescueNegativeTestJSON-1093388969 tempest-ServerRescueNegativeTestJSON-1093388969-project-member] Matched version: v2 {{(pid=99809) process_request /opt/stack/glance/glance/api/middleware/version_negotiation.py:69}}
Jul 18 13:08:58.570653 np0000005387 devstack@g-api.service[99809]: DEBUG glance.api.middleware.version_negotiation [None req-822da437-55b6-4a47-a68a-38f1a7963d9a tempest-ServerRescueNegativeTestJSON-1093388969 tempest-ServerRescueNegativeTestJSON-1093388969-project-member] new path /v2/schemas/image {{(pid=99809) process_request /opt/stack/glance/glance/api/middleware/version_negotiation.py:70}}
Jul 18 13:08:58.581832 np0000005387 devstack@g-api.service[99809]: [pid: 99809|app: 0|req: 29/86] 127.0.0.1 () {44 vars in 1055 bytes} [Sat Jul 18 13:08:58 2026] GET /v2/schemas/image => generated 6083 bytes in 12 msecs (HTTP/1.1 200) 4 headers in 158 bytes (1 switches on core 0)
Jul 18 13:08:59.376451 np0000005387 devstack@g-api.service[99810]: DEBUG glance.api.middleware.version_negotiation [None req-80c1461c-18c8-4bd9-9a0c-f5d7d8110ffe tempest-ServerBootFromVolumeStableRescueTest-2068311727 tempest-ServerBootFromVolumeStableRescueTest-2068311727-project-member] Determining version of request: GET /v2/schemas/image Accept: */* {{(pid=99810) process_request /opt/stack/glance/glance/api/middleware/version_negotiation.py:44}}
Jul 18 13:08:59.376900 np0000005387 devstack@g-api.service[99810]: DEBUG glance.api.middleware.version_negotiation [None req-80c1461c-18c8-4bd9-9a0c-f5d7d8110ffe tempest-ServerBootFromVolumeStableRescueTest-2068311727 tempest-ServerBootFromVolumeStableRescueTest-2068311727-project-member] Using url versioning {{(pid=99810) process_request /opt/stack/glance/glance/api/middleware/version_negotiation.py:57}}
Jul 18 13:08:59.377019 np0000005387 devstack@g-api.service[99810]: DEBUG glance.api.middleware.version_negotiation [None req-80c1461c-18c8-4bd9-9a0c-f5d7d8110ffe tempest-ServerBootFromVolumeStableRescueTest-2068311727 tempest-ServerBootFromVolumeStableRescueTest-2068311727-project-member] Matched version: v2 {{(pid=99810) process_request /opt/stack/glance/glance/api/middleware/version_negotiation.py:69}}
Jul 18 13:08:59.377304 np0000005387 devstack@g-api.service[99810]: DEBUG glance.api.middleware.version_negotiation [None req-80c1461c-18c8-4bd9-9a0c-f5d7d8110ffe tempest-ServerBootFromVolumeStableRescueTest-2068311727 tempest-ServerBootFromVolumeStableRescueTest-2068311727-project-member] new path /v2/schemas/image {{(pid=99810) process_request /opt/stack/glance/glance/api/middleware/version_negotiation.py:70}}
Jul 18 13:08:59.389354 np0000005387 devstack@g-api.service[99810]: [pid: 99810|app: 0|req: 30/87] 127.0.0.1 () {44 vars in 1055 bytes} [Sat Jul 18 13:08:59 2026] GET /v2/schemas/image => generated 6083 bytes in 16 msecs (HTTP/1.1 200) 4 headers in 158 bytes (1 switches on core 0)
Jul 18 13:08:59.466424 np0000005387 devstack@g-api.service[99809]: DEBUG glance.api.middleware.version_negotiation [None req-822da437-55b6-4a47-a68a-38f1a7963d9a tempest-ServerRescueNegativeTestJSON-1093388969 tempest-ServerRescueNegativeTestJSON-1093388969-project-member] Determining version of request: POST /v2/images Accept: */* {{(pid=99809) process_request /opt/stack/glance/glance/api/middleware/version_negotiation.py:44}}
Jul 18 13:08:59.466424 np0000005387 devstack@g-api.service[99809]: DEBUG glance.api.middleware.version_negotiation [None req-822da437-55b6-4a47-a68a-38f1a7963d9a tempest-ServerRescueNegativeTestJSON-1093388969 tempest-ServerRescueNegativeTestJSON-1093388969-project-member] Using url versioning {{(pid=99809) process_request /opt/stack/glance/glance/api/middleware/version_negotiation.py:57}}
Jul 18 13:08:59.466424 np0000005387 devstack@g-api.service[99809]: DEBUG glance.api.middleware.version_negotiation [None req-822da437-55b6-4a47-a68a-38f1a7963d9a tempest-ServerRescueNegativeTestJSON-1093388969 tempest-ServerRescueNegativeTestJSON-1093388969-project-member] Matched version: v2 {{(pid=99809) process_request /opt/stack/glance/glance/api/middleware/version_negotiation.py:69}}
Jul 18 13:08:59.466424 np0000005387 devstack@g-api.service[99809]: DEBUG glance.api.middleware.version_negotiation [None req-822da437-55b6-4a47-a68a-38f1a7963d9a tempest-ServerRescueNegativeTestJSON-1093388969 tempest-ServerRescueNegativeTestJSON-1093388969-project-member] new path /v2/images {{(pid=99809) process_request /opt/stack/glance/glance/api/middleware/version_negotiation.py:70}}
Jul 18 13:08:59.558837 np0000005387 devstack@g-api.service[99808]: INFO glance.api.v2.image_data [None req-fae10025-1b82-44f5-b38a-43ad49382244 tempest-ServerBootFromVolumeStableRescueTest-2068311727 tempest-ServerBootFromVolumeStableRescueTest-2068311727-project-member] Unable to create trust: no such option collect_timing in group [keystone_authtoken] Use the existing user token.
Jul 18 13:08:59.563538 np0000005387 devstack@g-api.service[99810]: DEBUG glance.api.middleware.version_negotiation [None req-8ee9555a-a9c7-4d2c-af8b-a5c8a09a7cdf tempest-ImageDependencyTests-1428040831 tempest-ImageDependencyTests-1428040831-project-member] Determining version of request: GET /v2/images/bd5eda7d-aeb9-45ac-a645-4685f4e48646 Accept: application/json {{(pid=99810) process_request /opt/stack/glance/glance/api/middleware/version_negotiation.py:44}}
Jul 18 13:08:59.563765 np0000005387 devstack@g-api.service[99810]: DEBUG glance.api.middleware.version_negotiation [None req-8ee9555a-a9c7-4d2c-af8b-a5c8a09a7cdf tempest-ImageDependencyTests-1428040831 tempest-ImageDependencyTests-1428040831-project-member] Using url versioning {{(pid=99810) process_request /opt/stack/glance/glance/api/middleware/version_negotiation.py:57}}
Jul 18 13:08:59.563848 np0000005387 devstack@g-api.service[99810]: DEBUG glance.api.middleware.version_negotiation [None req-8ee9555a-a9c7-4d2c-af8b-a5c8a09a7cdf tempest-ImageDependencyTests-1428040831 tempest-ImageDependencyTests-1428040831-project-member] Matched version: v2 {{(pid=99810) process_request /opt/stack/glance/glance/api/middleware/version_negotiation.py:69}}
Jul 18 13:08:59.563969 np0000005387 devstack@g-api.service[99810]: DEBUG glance.api.middleware.version_negotiation [None req-8ee9555a-a9c7-4d2c-af8b-a5c8a09a7cdf tempest-ImageDependencyTests-1428040831 tempest-ImageDependencyTests-1428040831-project-member] new path /v2/images/bd5eda7d-aeb9-45ac-a645-4685f4e48646 {{(pid=99810) process_request /opt/stack/glance/glance/api/middleware/version_negotiation.py:70}}
Jul 18 13:08:59.578122 np0000005387 devstack@g-api.service[99810]: [pid: 99810|app: 0|req: 31/88] 127.0.0.1 () {40 vars in 838 bytes} [Sat Jul 18 13:08:59 2026] GET /v2/images/bd5eda7d-aeb9-45ac-a645-4685f4e48646 => generated 1470 bytes in 15 msecs (HTTP/1.1 200) 4 headers in 158 bytes (1 switches on core 0)
Jul 18 13:09:00.433324 np0000005387 devstack@g-api.service[99809]: [pid: 99809|app: 0|req: 30/89] 127.0.0.1 () {46 vars in 1056 bytes} [Sat Jul 18 13:08:59 2026] POST /v2/images => generated 1606 bytes in 967 msecs (HTTP/1.1 201) 6 headers in 316 bytes (1 switches on core 0)
Jul 18 13:09:00.480144 np0000005387 devstack@g-api.service[99808]: DEBUG glance.location [None req-fae10025-1b82-44f5-b38a-43ad49382244 tempest-ServerBootFromVolumeStableRescueTest-2068311727 tempest-ServerBootFromVolumeStableRescueTest-2068311727-project-member] Enabling in-flight format inspection for qcow2 {{(pid=99808) set_data /opt/stack/glance/glance/location.py:596}}
Jul 18 13:09:00.480144 np0000005387 devstack@g-api.service[99808]: DEBUG glance_store.backend [None req-fae10025-1b82-44f5-b38a-43ad49382244 tempest-ServerBootFromVolumeStableRescueTest-2068311727 tempest-ServerBootFromVolumeStableRescueTest-2068311727-project-member] Attempting to import store swift {{(pid=99808) _load_store /opt/stack/data/venv/lib/python3.12/site-packages/glance_store/backend.py:215}}
Jul 18 13:09:00.482002 np0000005387 devstack@g-api.service[99808]: DEBUG glance_store.capabilities [None req-fae10025-1b82-44f5-b38a-43ad49382244 tempest-ServerBootFromVolumeStableRescueTest-2068311727 tempest-ServerBootFromVolumeStableRescueTest-2068311727-project-member] Store glance_store._drivers.swift.store.SingleTenantStore doesn't support updating dynamic storage capabilities. Please overwrite 'update_capabilities' method of the store to implement updating logics if needed. {{(pid=99808) update_capabilities /opt/stack/data/venv/lib/python3.12/site-packages/glance_store/capabilities.py:91}}
Jul 18 13:09:00.482144 np0000005387 devstack@g-api.service[99808]: DEBUG glance_store.driver [None req-fae10025-1b82-44f5-b38a-43ad49382244 tempest-ServerBootFromVolumeStableRescueTest-2068311727 tempest-ServerBootFromVolumeStableRescueTest-2068311727-project-member] Late loading location class glance_store._drivers.swift.store.StoreLocation {{(pid=99808) get_store_location_class /opt/stack/data/venv/lib/python3.12/site-packages/glance_store/driver.py:134}}
Jul 18 13:09:00.483120 np0000005387 devstack@g-api.service[99808]: DEBUG glance_store.location [None req-fae10025-1b82-44f5-b38a-43ad49382244 tempest-ServerBootFromVolumeStableRescueTest-2068311727 tempest-ServerBootFromVolumeStableRescueTest-2068311727-project-member] Registering scheme swift+https with {'store': , 'location_class': , 'store_entry': 'swift'} {{(pid=99808) register_scheme_map /opt/stack/data/venv/lib/python3.12/site-packages/glance_store/location.py:146}}
Jul 18 13:09:00.483120 np0000005387 devstack@g-api.service[99808]: DEBUG glance_store.location [None req-fae10025-1b82-44f5-b38a-43ad49382244 tempest-ServerBootFromVolumeStableRescueTest-2068311727 tempest-ServerBootFromVolumeStableRescueTest-2068311727-project-member] Registering scheme swift+https with {'store': , 'location_class': , 'store_entry': 'swift'} {{(pid=99808) register_scheme_map /opt/stack/data/venv/lib/python3.12/site-packages/glance_store/location.py:146}}
Jul 18 13:09:00.483120 np0000005387 devstack@g-api.service[99808]: DEBUG glance_store.location [None req-fae10025-1b82-44f5-b38a-43ad49382244 tempest-ServerBootFromVolumeStableRescueTest-2068311727 tempest-ServerBootFromVolumeStableRescueTest-2068311727-project-member] Registering scheme swift with {'store': , 'location_class': , 'store_entry': 'swift'} {{(pid=99808) register_scheme_map /opt/stack/data/venv/lib/python3.12/site-packages/glance_store/location.py:146}}
Jul 18 13:09:00.483559 np0000005387 devstack@g-api.service[99808]: DEBUG glance_store.location [None req-fae10025-1b82-44f5-b38a-43ad49382244 tempest-ServerBootFromVolumeStableRescueTest-2068311727 tempest-ServerBootFromVolumeStableRescueTest-2068311727-project-member] Registering scheme swift+https with {'store': , 'location_class': , 'store_entry': 'swift'} {{(pid=99808) register_scheme_map /opt/stack/data/venv/lib/python3.12/site-packages/glance_store/location.py:146}}
Jul 18 13:09:00.483559 np0000005387 devstack@g-api.service[99808]: DEBUG glance_store.location [None req-fae10025-1b82-44f5-b38a-43ad49382244 tempest-ServerBootFromVolumeStableRescueTest-2068311727 tempest-ServerBootFromVolumeStableRescueTest-2068311727-project-member] Registering scheme swift with {'store': , 'location_class': , 'store_entry': 'swift'} {{(pid=99808) register_scheme_map /opt/stack/data/venv/lib/python3.12/site-packages/glance_store/location.py:146}}
Jul 18 13:09:00.483559 np0000005387 devstack@g-api.service[99808]: DEBUG glance_store.location [None req-fae10025-1b82-44f5-b38a-43ad49382244 tempest-ServerBootFromVolumeStableRescueTest-2068311727 tempest-ServerBootFromVolumeStableRescueTest-2068311727-project-member] Registering scheme swift+http with {'store': , 'location_class': , 'store_entry': 'swift'} {{(pid=99808) register_scheme_map /opt/stack/data/venv/lib/python3.12/site-packages/glance_store/location.py:146}}
Jul 18 13:09:00.483736 np0000005387 devstack@g-api.service[99808]: DEBUG glance_store.location [None req-fae10025-1b82-44f5-b38a-43ad49382244 tempest-ServerBootFromVolumeStableRescueTest-2068311727 tempest-ServerBootFromVolumeStableRescueTest-2068311727-project-member] Registering scheme swift+https with {'store': , 'location_class': , 'store_entry': 'swift'} {{(pid=99808) register_scheme_map /opt/stack/data/venv/lib/python3.12/site-packages/glance_store/location.py:146}}
Jul 18 13:09:00.483736 np0000005387 devstack@g-api.service[99808]: DEBUG glance_store.location [None req-fae10025-1b82-44f5-b38a-43ad49382244 tempest-ServerBootFromVolumeStableRescueTest-2068311727 tempest-ServerBootFromVolumeStableRescueTest-2068311727-project-member] Registering scheme swift with {'store': , 'location_class': , 'store_entry': 'swift'} {{(pid=99808) register_scheme_map /opt/stack/data/venv/lib/python3.12/site-packages/glance_store/location.py:146}}
Jul 18 13:09:00.483736 np0000005387 devstack@g-api.service[99808]: DEBUG glance_store.location [None req-fae10025-1b82-44f5-b38a-43ad49382244 tempest-ServerBootFromVolumeStableRescueTest-2068311727 tempest-ServerBootFromVolumeStableRescueTest-2068311727-project-member] Registering scheme swift+http with {'store': , 'location_class': , 'store_entry': 'swift'} {{(pid=99808) register_scheme_map /opt/stack/data/venv/lib/python3.12/site-packages/glance_store/location.py:146}}
Jul 18 13:09:00.483871 np0000005387 devstack@g-api.service[99808]: DEBUG glance_store.location [None req-fae10025-1b82-44f5-b38a-43ad49382244 tempest-ServerBootFromVolumeStableRescueTest-2068311727 tempest-ServerBootFromVolumeStableRescueTest-2068311727-project-member] Registering scheme swift+config with {'store': , 'location_class': , 'store_entry': 'swift'} {{(pid=99808) register_scheme_map /opt/stack/data/venv/lib/python3.12/site-packages/glance_store/location.py:146}}
Jul 18 13:09:00.513897 np0000005387 devstack@g-api.service[99810]: DEBUG glance.api.middleware.version_negotiation [None req-ab03a956-9583-4a78-ac5d-3f11cc4bbf84 tempest-ServerBootFromVolumeStableRescueTest-2068311727 tempest-ServerBootFromVolumeStableRescueTest-2068311727-project-member] Determining version of request: PUT /v2/images/af28aa0e-5e88-4ab3-a651-d7e446832100/file Accept: */* {{(pid=99810) process_request /opt/stack/glance/glance/api/middleware/version_negotiation.py:44}}
Jul 18 13:09:00.513897 np0000005387 devstack@g-api.service[99810]: DEBUG glance.api.middleware.version_negotiation [None req-ab03a956-9583-4a78-ac5d-3f11cc4bbf84 tempest-ServerBootFromVolumeStableRescueTest-2068311727 tempest-ServerBootFromVolumeStableRescueTest-2068311727-project-member] Using url versioning {{(pid=99810) process_request /opt/stack/glance/glance/api/middleware/version_negotiation.py:57}}
Jul 18 13:09:00.513897 np0000005387 devstack@g-api.service[99810]: DEBUG glance.api.middleware.version_negotiation [None req-ab03a956-9583-4a78-ac5d-3f11cc4bbf84 tempest-ServerBootFromVolumeStableRescueTest-2068311727 tempest-ServerBootFromVolumeStableRescueTest-2068311727-project-member] Matched version: v2 {{(pid=99810) process_request /opt/stack/glance/glance/api/middleware/version_negotiation.py:69}}
Jul 18 13:09:00.513897 np0000005387 devstack@g-api.service[99810]: DEBUG glance.api.middleware.version_negotiation [None req-ab03a956-9583-4a78-ac5d-3f11cc4bbf84 tempest-ServerBootFromVolumeStableRescueTest-2068311727 tempest-ServerBootFromVolumeStableRescueTest-2068311727-project-member] new path /v2/images/af28aa0e-5e88-4ab3-a651-d7e446832100/file {{(pid=99810) process_request /opt/stack/glance/glance/api/middleware/version_negotiation.py:70}}
Jul 18 13:09:00.589368 np0000005387 devstack@g-api.service[99809]: DEBUG glance.api.middleware.version_negotiation [None req-8ee9555a-a9c7-4d2c-af8b-a5c8a09a7cdf tempest-ImageDependencyTests-1428040831 tempest-ImageDependencyTests-1428040831-project-member] Determining version of request: GET /v2/images/bd5eda7d-aeb9-45ac-a645-4685f4e48646 Accept: application/json {{(pid=99809) process_request /opt/stack/glance/glance/api/middleware/version_negotiation.py:44}}
Jul 18 13:09:00.594278 np0000005387 devstack@g-api.service[99809]: DEBUG glance.api.middleware.version_negotiation [None req-8ee9555a-a9c7-4d2c-af8b-a5c8a09a7cdf tempest-ImageDependencyTests-1428040831 tempest-ImageDependencyTests-1428040831-project-member] Using url versioning {{(pid=99809) process_request /opt/stack/glance/glance/api/middleware/version_negotiation.py:57}}
Jul 18 13:09:00.595766 np0000005387 devstack@g-api.service[99809]: DEBUG glance.api.middleware.version_negotiation [None req-8ee9555a-a9c7-4d2c-af8b-a5c8a09a7cdf tempest-ImageDependencyTests-1428040831 tempest-ImageDependencyTests-1428040831-project-member] Matched version: v2 {{(pid=99809) process_request /opt/stack/glance/glance/api/middleware/version_negotiation.py:69}}
Jul 18 13:09:00.595766 np0000005387 devstack@g-api.service[99809]: DEBUG glance.api.middleware.version_negotiation [None req-8ee9555a-a9c7-4d2c-af8b-a5c8a09a7cdf tempest-ImageDependencyTests-1428040831 tempest-ImageDependencyTests-1428040831-project-member] new path /v2/images/bd5eda7d-aeb9-45ac-a645-4685f4e48646 {{(pid=99809) process_request /opt/stack/glance/glance/api/middleware/version_negotiation.py:70}}
Jul 18 13:09:00.615602 np0000005387 devstack@g-api.service[99809]: [pid: 99809|app: 0|req: 31/90] 127.0.0.1 () {40 vars in 838 bytes} [Sat Jul 18 13:09:00 2026] GET /v2/images/bd5eda7d-aeb9-45ac-a645-4685f4e48646 => generated 1470 bytes in 28 msecs (HTTP/1.1 200) 4 headers in 158 bytes (1 switches on core 0)
Jul 18 13:09:01.161107 np0000005387 devstack@g-api.service[99808]: DEBUG swiftclient [None req-fae10025-1b82-44f5-b38a-43ad49382244 tempest-ServerBootFromVolumeStableRescueTest-2068311727 tempest-ServerBootFromVolumeStableRescueTest-2068311727-project-member] REQ: curl -i https://10.4.3.133:8080/v1/AUTH_13a8bcd6e7d94003960e156e02675844/glance -I -H "X-Auth-Token: gAAAAABqW3rsVnC9..." {{(pid=99808) http_log /opt/stack/data/venv/lib/python3.12/site-packages/swiftclient/client.py:160}}
Jul 18 13:09:01.161107 np0000005387 devstack@g-api.service[99808]: DEBUG swiftclient [None req-fae10025-1b82-44f5-b38a-43ad49382244 tempest-ServerBootFromVolumeStableRescueTest-2068311727 tempest-ServerBootFromVolumeStableRescueTest-2068311727-project-member] RESP STATUS: 204 No Content {{(pid=99808) http_log /opt/stack/data/venv/lib/python3.12/site-packages/swiftclient/client.py:161}}
Jul 18 13:09:01.161107 np0000005387 devstack@g-api.service[99808]: DEBUG swiftclient [None req-fae10025-1b82-44f5-b38a-43ad49382244 tempest-ServerBootFromVolumeStableRescueTest-2068311727 tempest-ServerBootFromVolumeStableRescueTest-2068311727-project-member] RESP HEADERS: {'Date': 'Sat, 18 Jul 2026 13:09:01 GMT', 'Server': 'Apache/2.4.58 (Ubuntu)', 'Content-Type': 'text/plain; charset=utf-8', 'X-Container-Object-Count': '6', 'X-Container-Bytes-Used': '86049792', 'X-Timestamp': '1784379994.68976', 'Last-Modified': 'Sat, 18 Jul 2026 13:06:35 GMT', 'Accept-Ranges': 'bytes', 'X-Storage-Policy': 'Policy-0', 'X-Container-Sharding': 'False', 'Vary': 'Accept', 'X-Trans-Id': 'tx9ad70e0f88604180bbab8-006a5b7aec', 'X-Openstack-Request-Id': 'tx9ad70e0f88604180bbab8-006a5b7aec', 'Connection': 'close'} {{(pid=99808) http_log /opt/stack/data/venv/lib/python3.12/site-packages/swiftclient/client.py:162}}
Jul 18 13:09:01.161711 np0000005387 devstack@g-api.service[99808]: DEBUG glance_store._drivers.swift.store [None req-fae10025-1b82-44f5-b38a-43ad49382244 tempest-ServerBootFromVolumeStableRescueTest-2068311727 tempest-ServerBootFromVolumeStableRescueTest-2068311727-project-member] Adding image object 'bd5eda7d-aeb9-45ac-a645-4685f4e48646' to Swift {{(pid=99808) add /opt/stack/data/venv/lib/python3.12/site-packages/glance_store/_drivers/swift/store.py:970}}
Jul 18 13:09:01.161711 np0000005387 devstack@g-api.service[99808]: DEBUG glance_store._drivers.swift.store [None req-fae10025-1b82-44f5-b38a-43ad49382244 tempest-ServerBootFromVolumeStableRescueTest-2068311727 tempest-ServerBootFromVolumeStableRescueTest-2068311727-project-member] Cannot determine image size because it is either not provided in the request or chunked-transfer encoding is used. Adding image as a segmented object to Swift. {{(pid=99808) add /opt/stack/data/venv/lib/python3.12/site-packages/glance_store/_drivers/swift/store.py:994}}
Jul 18 13:09:01.173027 np0000005387 devstack@g-api.service[99808]: DEBUG oslo_utils.imageutils.format_inspector [None req-fae10025-1b82-44f5-b38a-43ad49382244 tempest-ServerBootFromVolumeStableRescueTest-2068311727 tempest-ServerBootFromVolumeStableRescueTest-2068311727-project-member] Format inspector for vmdk does not match, excluding from consideration (Signature KDMV not found: b'QFI\xfb') {{(pid=99808) _process_chunk /opt/stack/data/venv/lib/python3.12/site-packages/oslo_utils/imageutils/format_inspector.py:1758}}
Jul 18 13:09:01.179914 np0000005387 devstack@g-api.service[99808]: DEBUG oslo_utils.imageutils.format_inspector [None req-fae10025-1b82-44f5-b38a-43ad49382244 tempest-ServerBootFromVolumeStableRescueTest-2068311727 tempest-ServerBootFromVolumeStableRescueTest-2068311727-project-member] Format inspector for vhdx does not match, excluding from consideration (Region signature not found at 30000) {{(pid=99808) _process_chunk /opt/stack/data/venv/lib/python3.12/site-packages/oslo_utils/imageutils/format_inspector.py:1758}}
Jul 18 13:09:01.526103 np0000005387 devstack@g-api.service[99808]: DEBUG swiftclient [None req-fae10025-1b82-44f5-b38a-43ad49382244 tempest-ServerBootFromVolumeStableRescueTest-2068311727 tempest-ServerBootFromVolumeStableRescueTest-2068311727-project-member] REQ: curl -i https://10.4.3.133:8080/v1/AUTH_13a8bcd6e7d94003960e156e02675844/glance/bd5eda7d-aeb9-45ac-a645-4685f4e48646-00001 -X PUT -H "X-Auth-Token: gAAAAABqW3rsVnC9..." {{(pid=99808) http_log /opt/stack/data/venv/lib/python3.12/site-packages/swiftclient/client.py:160}}
Jul 18 13:09:01.526103 np0000005387 devstack@g-api.service[99808]: DEBUG swiftclient [None req-fae10025-1b82-44f5-b38a-43ad49382244 tempest-ServerBootFromVolumeStableRescueTest-2068311727 tempest-ServerBootFromVolumeStableRescueTest-2068311727-project-member] RESP STATUS: 201 Created {{(pid=99808) http_log /opt/stack/data/venv/lib/python3.12/site-packages/swiftclient/client.py:161}}
Jul 18 13:09:01.526103 np0000005387 devstack@g-api.service[99808]: DEBUG swiftclient [None req-fae10025-1b82-44f5-b38a-43ad49382244 tempest-ServerBootFromVolumeStableRescueTest-2068311727 tempest-ServerBootFromVolumeStableRescueTest-2068311727-project-member] RESP HEADERS: {'Date': 'Sat, 18 Jul 2026 13:09:01 GMT', 'Server': 'Apache/2.4.58 (Ubuntu)', 'Content-Type': 'text/html; charset=UTF-8', 'Content-Length': '0', 'Etag': '4fa343ee581d8d2e78533191fd1ac3e1', 'Last-Modified': 'Sat, 18 Jul 2026 13:09:02 GMT', 'X-Trans-Id': 'tx0ff61db4b86b44ca9e018-006a5b7aed', 'X-Openstack-Request-Id': 'tx0ff61db4b86b44ca9e018-006a5b7aed', 'Connection': 'close'} {{(pid=99808) http_log /opt/stack/data/venv/lib/python3.12/site-packages/swiftclient/client.py:162}}
Jul 18 13:09:01.527300 np0000005387 devstack@g-api.service[99808]: DEBUG glance_store._drivers.swift.store [None req-fae10025-1b82-44f5-b38a-43ad49382244 tempest-ServerBootFromVolumeStableRescueTest-2068311727 tempest-ServerBootFromVolumeStableRescueTest-2068311727-project-member] Wrote chunk bd5eda7d-aeb9-45ac-a645-4685f4e48646-00001 (1/?) of length 23527424 to Swift returning MD5 of content: 4fa343ee581d8d2e78533191fd1ac3e1 {{(pid=99808) add /opt/stack/data/venv/lib/python3.12/site-packages/glance_store/_drivers/swift/store.py:1059}}
Jul 18 13:09:01.527300 np0000005387 devstack@g-api.service[99808]: DEBUG glance_store._drivers.swift.store [None req-fae10025-1b82-44f5-b38a-43ad49382244 tempest-ServerBootFromVolumeStableRescueTest-2068311727 tempest-ServerBootFromVolumeStableRescueTest-2068311727-project-member] Not writing zero-length chunk. {{(pid=99808) add /opt/stack/data/venv/lib/python3.12/site-packages/glance_store/_drivers/swift/store.py:1028}}
Jul 18 13:09:01.556468 np0000005387 devstack@g-api.service[99810]: INFO glance.api.v2.image_data [None req-8ee9555a-a9c7-4d2c-af8b-a5c8a09a7cdf tempest-ImageDependencyTests-1428040831 tempest-ImageDependencyTests-1428040831-project-member] Unable to create trust: no such option collect_timing in group [keystone_authtoken] Use the existing user token.
Jul 18 13:09:01.576115 np0000005387 devstack@g-api.service[99808]: DEBUG swiftclient [None req-fae10025-1b82-44f5-b38a-43ad49382244 tempest-ServerBootFromVolumeStableRescueTest-2068311727 tempest-ServerBootFromVolumeStableRescueTest-2068311727-project-member] REQ: curl -i https://10.4.3.133:8080/v1/AUTH_13a8bcd6e7d94003960e156e02675844/glance/bd5eda7d-aeb9-45ac-a645-4685f4e48646 -X PUT -H "X-Object-Manifest: glance/bd5eda7d-aeb9-45ac-a645-4685f4e48646-" -H "X-Auth-Token: gAAAAABqW3rsVnC9..." -H "Content-Length: 0" {{(pid=99808) http_log /opt/stack/data/venv/lib/python3.12/site-packages/swiftclient/client.py:160}}
Jul 18 13:09:01.576588 np0000005387 devstack@g-api.service[99808]: DEBUG swiftclient [None req-fae10025-1b82-44f5-b38a-43ad49382244 tempest-ServerBootFromVolumeStableRescueTest-2068311727 tempest-ServerBootFromVolumeStableRescueTest-2068311727-project-member] RESP STATUS: 201 Created {{(pid=99808) http_log /opt/stack/data/venv/lib/python3.12/site-packages/swiftclient/client.py:161}}
Jul 18 13:09:01.580265 np0000005387 devstack@g-api.service[99808]: DEBUG swiftclient [None req-fae10025-1b82-44f5-b38a-43ad49382244 tempest-ServerBootFromVolumeStableRescueTest-2068311727 tempest-ServerBootFromVolumeStableRescueTest-2068311727-project-member] RESP HEADERS: {'Date': 'Sat, 18 Jul 2026 13:09:01 GMT', 'Server': 'Apache/2.4.58 (Ubuntu)', 'Content-Type': 'text/html; charset=UTF-8', 'Content-Length': '0', 'Etag': 'd41d8cd98f00b204e9800998ecf8427e', 'Last-Modified': 'Sat, 18 Jul 2026 13:09:02 GMT', 'X-Trans-Id': 'tx7fe942299e914fad8728e-006a5b7aed', 'X-Openstack-Request-Id': 'tx7fe942299e914fad8728e-006a5b7aed', 'Connection': 'close'} {{(pid=99808) http_log /opt/stack/data/venv/lib/python3.12/site-packages/swiftclient/client.py:162}}
Jul 18 13:09:01.580698 np0000005387 devstack@g-api.service[99808]: INFO glance.location [None req-fae10025-1b82-44f5-b38a-43ad49382244 tempest-ServerBootFromVolumeStableRescueTest-2068311727 tempest-ServerBootFromVolumeStableRescueTest-2068311727-project-member] Image format matched and virtual size computed: 1073741824
Jul 18 13:09:01.625373 np0000005387 devstack@g-api.service[99809]: DEBUG glance.api.middleware.version_negotiation [None req-9284cdf9-2e78-4fd3-ab24-8b3f452332ce tempest-ServerBootFromVolumeStableRescueTest-2068311727 tempest-ServerBootFromVolumeStableRescueTest-2068311727-project-member] Determining version of request: GET /v2/images/bd5eda7d-aeb9-45ac-a645-4685f4e48646 Accept: application/json {{(pid=99809) process_request /opt/stack/glance/glance/api/middleware/version_negotiation.py:44}}
Jul 18 13:09:01.625910 np0000005387 devstack@g-api.service[99809]: DEBUG glance.api.middleware.version_negotiation [None req-9284cdf9-2e78-4fd3-ab24-8b3f452332ce tempest-ServerBootFromVolumeStableRescueTest-2068311727 tempest-ServerBootFromVolumeStableRescueTest-2068311727-project-member] Using url versioning {{(pid=99809) process_request /opt/stack/glance/glance/api/middleware/version_negotiation.py:57}}
Jul 18 13:09:01.625976 np0000005387 devstack@g-api.service[99809]: DEBUG glance.api.middleware.version_negotiation [None req-9284cdf9-2e78-4fd3-ab24-8b3f452332ce tempest-ServerBootFromVolumeStableRescueTest-2068311727 tempest-ServerBootFromVolumeStableRescueTest-2068311727-project-member] Matched version: v2 {{(pid=99809) process_request /opt/stack/glance/glance/api/middleware/version_negotiation.py:69}}
Jul 18 13:09:01.626125 np0000005387 devstack@g-api.service[99809]: DEBUG glance.api.middleware.version_negotiation [None req-9284cdf9-2e78-4fd3-ab24-8b3f452332ce tempest-ServerBootFromVolumeStableRescueTest-2068311727 tempest-ServerBootFromVolumeStableRescueTest-2068311727-project-member] new path /v2/images/bd5eda7d-aeb9-45ac-a645-4685f4e48646 {{(pid=99809) process_request /opt/stack/glance/glance/api/middleware/version_negotiation.py:70}}
Jul 18 13:09:01.649740 np0000005387 devstack@g-api.service[99809]: [pid: 99809|app: 0|req: 32/91] 127.0.0.1 () {40 vars in 838 bytes} [Sat Jul 18 13:09:01 2026] GET /v2/images/bd5eda7d-aeb9-45ac-a645-4685f4e48646 => generated 1470 bytes in 24 msecs (HTTP/1.1 200) 4 headers in 158 bytes (1 switches on core 0)
Jul 18 13:09:01.678403 np0000005387 devstack@g-api.service[99808]: DEBUG glance_store.backend [None req-fae10025-1b82-44f5-b38a-43ad49382244 tempest-ServerBootFromVolumeStableRescueTest-2068311727 tempest-ServerBootFromVolumeStableRescueTest-2068311727-project-member] Attempting to import store swift {{(pid=99808) _load_store /opt/stack/data/venv/lib/python3.12/site-packages/glance_store/backend.py:215}}
Jul 18 13:09:01.680400 np0000005387 devstack@g-api.service[99808]: DEBUG glance_store.capabilities [None req-fae10025-1b82-44f5-b38a-43ad49382244 tempest-ServerBootFromVolumeStableRescueTest-2068311727 tempest-ServerBootFromVolumeStableRescueTest-2068311727-project-member] Store glance_store._drivers.swift.store.SingleTenantStore doesn't support updating dynamic storage capabilities. Please overwrite 'update_capabilities' method of the store to implement updating logics if needed. {{(pid=99808) update_capabilities /opt/stack/data/venv/lib/python3.12/site-packages/glance_store/capabilities.py:91}}
