Jul 18 13:09:29.265857 np0000005387 devstack@g-api.service[99808]: DEBUG glance.api.middleware.version_negotiation [None req-07413c68-3f33-400a-85f5-f9dc9a4743d0 tempest-ServerBootFromVolumeStableRescueTest-2068311727 tempest-ServerBootFromVolumeStableRescueTest-2068311727-project-member] Matched version: v2 {{(pid=99808) process_request /opt/stack/glance/glance/api/middleware/version_negotiation.py:69}}
Jul 18 13:09:29.266149 np0000005387 devstack@g-api.service[99808]: DEBUG glance.api.middleware.version_negotiation [None req-07413c68-3f33-400a-85f5-f9dc9a4743d0 tempest-ServerBootFromVolumeStableRescueTest-2068311727 tempest-ServerBootFromVolumeStableRescueTest-2068311727-project-member] new path /v2/images/1a6a2270-6e5e-4bf4-89f0-3a2cf41861da {{(pid=99808) process_request /opt/stack/glance/glance/api/middleware/version_negotiation.py:70}}
Jul 18 13:09:29.281493 np0000005387 devstack@g-api.service[99808]: [pid: 99808|app: 0|req: 42/129] 127.0.0.1 () {44 vars in 1115 bytes} [Sat Jul 18 13:09:29 2026] GET /v2/images/1a6a2270-6e5e-4bf4-89f0-3a2cf41861da => generated 1044 bytes in 16 msecs (HTTP/1.1 200) 4 headers in 158 bytes (1 switches on core 0)
Jul 18 13:09:29.319235 np0000005387 devstack@g-api.service[99809]: DEBUG glance.api.middleware.version_negotiation [None req-2bd64af1-382b-4de5-bbb9-80b7c22b0104 tempest-ServerRescueNegativeTestJSON-1093388969 tempest-ServerRescueNegativeTestJSON-1093388969-project-member] Determining version of request: GET /v2/schemas/image Accept: */* {{(pid=99809) process_request /opt/stack/glance/glance/api/middleware/version_negotiation.py:44}}
Jul 18 13:09:29.319959 np0000005387 devstack@g-api.service[99809]: DEBUG glance.api.middleware.version_negotiation [None req-2bd64af1-382b-4de5-bbb9-80b7c22b0104 tempest-ServerRescueNegativeTestJSON-1093388969 tempest-ServerRescueNegativeTestJSON-1093388969-project-member] Using url versioning {{(pid=99809) process_request /opt/stack/glance/glance/api/middleware/version_negotiation.py:57}}
Jul 18 13:09:29.319959 np0000005387 devstack@g-api.service[99809]: DEBUG glance.api.middleware.version_negotiation [None req-2bd64af1-382b-4de5-bbb9-80b7c22b0104 tempest-ServerRescueNegativeTestJSON-1093388969 tempest-ServerRescueNegativeTestJSON-1093388969-project-member] Matched version: v2 {{(pid=99809) process_request /opt/stack/glance/glance/api/middleware/version_negotiation.py:69}}
Jul 18 13:09:29.320157 np0000005387 devstack@g-api.service[99809]: DEBUG glance.api.middleware.version_negotiation [None req-2bd64af1-382b-4de5-bbb9-80b7c22b0104 tempest-ServerRescueNegativeTestJSON-1093388969 tempest-ServerRescueNegativeTestJSON-1093388969-project-member] new path /v2/schemas/image {{(pid=99809) process_request /opt/stack/glance/glance/api/middleware/version_negotiation.py:70}}
Jul 18 13:09:29.327552 np0000005387 devstack@g-api.service[99809]: [pid: 99809|app: 0|req: 45/130] 127.0.0.1 () {44 vars in 1055 bytes} [Sat Jul 18 13:09:29 2026] GET /v2/schemas/image => generated 6083 bytes in 9 msecs (HTTP/1.1 200) 4 headers in 158 bytes (1 switches on core 0)
Jul 18 13:09:39.278590 np0000005387 devstack@g-api.service[99808]: DEBUG dbcounter [-] [99808] Writing DB stats glance:SELECT=2 {{(pid=99808) stat_writer /opt/stack/data/venv/lib/python3.12/site-packages/dbcounter.py:115}}
Jul 18 13:09:39.558853 np0000005387 devstack@g-api.service[99810]: DEBUG glance.api.middleware.version_negotiation [None req-2bd64af1-382b-4de5-bbb9-80b7c22b0104 tempest-ServerRescueNegativeTestJSON-1093388969 tempest-ServerRescueNegativeTestJSON-1093388969-project-member] Determining version of request: GET /v2/schemas/image Accept: */* {{(pid=99810) process_request /opt/stack/glance/glance/api/middleware/version_negotiation.py:44}}
Jul 18 13:09:39.559607 np0000005387 devstack@g-api.service[99810]: DEBUG glance.api.middleware.version_negotiation [None req-2bd64af1-382b-4de5-bbb9-80b7c22b0104 tempest-ServerRescueNegativeTestJSON-1093388969 tempest-ServerRescueNegativeTestJSON-1093388969-project-member] Using url versioning {{(pid=99810) process_request /opt/stack/glance/glance/api/middleware/version_negotiation.py:57}}
Jul 18 13:09:39.559607 np0000005387 devstack@g-api.service[99810]: DEBUG glance.api.middleware.version_negotiation [None req-2bd64af1-382b-4de5-bbb9-80b7c22b0104 tempest-ServerRescueNegativeTestJSON-1093388969 tempest-ServerRescueNegativeTestJSON-1093388969-project-member] Matched version: v2 {{(pid=99810) process_request /opt/stack/glance/glance/api/middleware/version_negotiation.py:69}}
Jul 18 13:09:39.559607 np0000005387 devstack@g-api.service[99810]: DEBUG glance.api.middleware.version_negotiation [None req-2bd64af1-382b-4de5-bbb9-80b7c22b0104 tempest-ServerRescueNegativeTestJSON-1093388969 tempest-ServerRescueNegativeTestJSON-1093388969-project-member] new path /v2/schemas/image {{(pid=99810) process_request /opt/stack/glance/glance/api/middleware/version_negotiation.py:70}}
Jul 18 13:09:39.563791 np0000005387 devstack@g-api.service[99810]: [pid: 99810|app: 0|req: 44/131] 127.0.0.1 () {44 vars in 1055 bytes} [Sat Jul 18 13:09:39 2026] GET /v2/schemas/image => generated 6083 bytes in 4 msecs (HTTP/1.1 200) 4 headers in 158 bytes (1 switches on core 0)
Jul 18 13:09:39.614841 np0000005387 devstack@g-api.service[99808]: DEBUG glance.api.middleware.version_negotiation [None req-266f044c-5f98-4500-a3a0-11d6c6459a32 tempest-ServerBootFromVolumeStableRescueTest-2068311727 tempest-ServerBootFromVolumeStableRescueTest-2068311727-project-member] Determining version of request: POST /v2/images Accept: */* {{(pid=99808) process_request /opt/stack/glance/glance/api/middleware/version_negotiation.py:44}}
Jul 18 13:09:39.615166 np0000005387 devstack@g-api.service[99808]: DEBUG glance.api.middleware.version_negotiation [None req-266f044c-5f98-4500-a3a0-11d6c6459a32 tempest-ServerBootFromVolumeStableRescueTest-2068311727 tempest-ServerBootFromVolumeStableRescueTest-2068311727-project-member] Using url versioning {{(pid=99808) process_request /opt/stack/glance/glance/api/middleware/version_negotiation.py:57}}
Jul 18 13:09:39.615303 np0000005387 devstack@g-api.service[99808]: DEBUG glance.api.middleware.version_negotiation [None req-266f044c-5f98-4500-a3a0-11d6c6459a32 tempest-ServerBootFromVolumeStableRescueTest-2068311727 tempest-ServerBootFromVolumeStableRescueTest-2068311727-project-member] Matched version: v2 {{(pid=99808) process_request /opt/stack/glance/glance/api/middleware/version_negotiation.py:69}}
Jul 18 13:09:39.615403 np0000005387 devstack@g-api.service[99808]: DEBUG glance.api.middleware.version_negotiation [None req-266f044c-5f98-4500-a3a0-11d6c6459a32 tempest-ServerBootFromVolumeStableRescueTest-2068311727 tempest-ServerBootFromVolumeStableRescueTest-2068311727-project-member] new path /v2/images {{(pid=99808) process_request /opt/stack/glance/glance/api/middleware/version_negotiation.py:70}}
Jul 18 13:09:40.609940 np0000005387 devstack@g-api.service[99808]: [pid: 99808|app: 0|req: 43/132] 127.0.0.1 () {46 vars in 1055 bytes} [Sat Jul 18 13:09:39 2026] POST /v2/images => generated 1359 bytes in 995 msecs (HTTP/1.1 201) 6 headers in 316 bytes (1 switches on core 0)
Jul 18 13:09:40.681583 np0000005387 devstack@g-api.service[99809]: DEBUG glance.api.middleware.version_negotiation [None req-266f044c-5f98-4500-a3a0-11d6c6459a32 tempest-ServerBootFromVolumeStableRescueTest-2068311727 tempest-ServerBootFromVolumeStableRescueTest-2068311727-project-member] Determining version of request: GET /v2/images/aa8e56fb-e68b-4544-9d66-af439381da13 Accept: application/json {{(pid=99809) process_request /opt/stack/glance/glance/api/middleware/version_negotiation.py:44}}
Jul 18 13:09:40.681583 np0000005387 devstack@g-api.service[99809]: DEBUG glance.api.middleware.version_negotiation [None req-266f044c-5f98-4500-a3a0-11d6c6459a32 tempest-ServerBootFromVolumeStableRescueTest-2068311727 tempest-ServerBootFromVolumeStableRescueTest-2068311727-project-member] Using url versioning {{(pid=99809) process_request /opt/stack/glance/glance/api/middleware/version_negotiation.py:57}}
Jul 18 13:09:40.681583 np0000005387 devstack@g-api.service[99809]: DEBUG glance.api.middleware.version_negotiation [None req-266f044c-5f98-4500-a3a0-11d6c6459a32 tempest-ServerBootFromVolumeStableRescueTest-2068311727 tempest-ServerBootFromVolumeStableRescueTest-2068311727-project-member] Matched version: v2 {{(pid=99809) process_request /opt/stack/glance/glance/api/middleware/version_negotiation.py:69}}
Jul 18 13:09:40.681583 np0000005387 devstack@g-api.service[99809]: DEBUG glance.api.middleware.version_negotiation [None req-266f044c-5f98-4500-a3a0-11d6c6459a32 tempest-ServerBootFromVolumeStableRescueTest-2068311727 tempest-ServerBootFromVolumeStableRescueTest-2068311727-project-member] new path /v2/images/aa8e56fb-e68b-4544-9d66-af439381da13 {{(pid=99809) process_request /opt/stack/glance/glance/api/middleware/version_negotiation.py:70}}
Jul 18 13:09:40.694980 np0000005387 devstack@g-api.service[99809]: [pid: 99809|app: 0|req: 46/133] 127.0.0.1 () {40 vars in 838 bytes} [Sat Jul 18 13:09:40 2026] GET /v2/images/aa8e56fb-e68b-4544-9d66-af439381da13 => generated 1359 bytes in 14 msecs (HTTP/1.1 200) 4 headers in 158 bytes (1 switches on core 0)
Jul 18 13:09:40.848767 np0000005387 devstack@g-api.service[99810]: DEBUG glance.api.middleware.version_negotiation [None req-bd813a27-6418-47e9-9033-3641d91e21d2 tempest-ServerBootFromVolumeStableRescueTest-2068311727 tempest-ServerBootFromVolumeStableRescueTest-2068311727-project-member] Determining version of request: GET /v2/images/aa8e56fb-e68b-4544-9d66-af439381da13 Accept: */* {{(pid=99810) process_request /opt/stack/glance/glance/api/middleware/version_negotiation.py:44}}
Jul 18 13:09:40.851784 np0000005387 devstack@g-api.service[99810]: DEBUG glance.api.middleware.version_negotiation [None req-bd813a27-6418-47e9-9033-3641d91e21d2 tempest-ServerBootFromVolumeStableRescueTest-2068311727 tempest-ServerBootFromVolumeStableRescueTest-2068311727-project-member] Using url versioning {{(pid=99810) process_request /opt/stack/glance/glance/api/middleware/version_negotiation.py:57}}
Jul 18 13:09:40.851784 np0000005387 devstack@g-api.service[99810]: DEBUG glance.api.middleware.version_negotiation [None req-bd813a27-6418-47e9-9033-3641d91e21d2 tempest-ServerBootFromVolumeStableRescueTest-2068311727 tempest-ServerBootFromVolumeStableRescueTest-2068311727-project-member] Matched version: v2 {{(pid=99810) process_request /opt/stack/glance/glance/api/middleware/version_negotiation.py:69}}
Jul 18 13:09:40.851784 np0000005387 devstack@g-api.service[99810]: DEBUG glance.api.middleware.version_negotiation [None req-bd813a27-6418-47e9-9033-3641d91e21d2 tempest-ServerBootFromVolumeStableRescueTest-2068311727 tempest-ServerBootFromVolumeStableRescueTest-2068311727-project-member] new path /v2/images/aa8e56fb-e68b-4544-9d66-af439381da13 {{(pid=99810) process_request /opt/stack/glance/glance/api/middleware/version_negotiation.py:70}}
Jul 18 13:09:40.866278 np0000005387 devstack@g-api.service[99810]: [pid: 99810|app: 0|req: 45/134] 127.0.0.1 () {44 vars in 1115 bytes} [Sat Jul 18 13:09:40 2026] GET /v2/images/aa8e56fb-e68b-4544-9d66-af439381da13 => generated 1359 bytes in 17 msecs (HTTP/1.1 200) 4 headers in 158 bytes (1 switches on core 0)
Jul 18 13:09:40.919043 np0000005387 devstack@g-api.service[99808]: DEBUG glance.api.middleware.version_negotiation [None req-bd813a27-6418-47e9-9033-3641d91e21d2 tempest-ServerBootFromVolumeStableRescueTest-2068311727 tempest-ServerBootFromVolumeStableRescueTest-2068311727-project-member] Determining version of request: GET /v2/schemas/image Accept: */* {{(pid=99808) process_request /opt/stack/glance/glance/api/middleware/version_negotiation.py:44}}
Jul 18 13:09:40.919043 np0000005387 devstack@g-api.service[99808]: DEBUG glance.api.middleware.version_negotiation [None req-bd813a27-6418-47e9-9033-3641d91e21d2 tempest-ServerBootFromVolumeStableRescueTest-2068311727 tempest-ServerBootFromVolumeStableRescueTest-2068311727-project-member] Using url versioning {{(pid=99808) process_request /opt/stack/glance/glance/api/middleware/version_negotiation.py:57}}
Jul 18 13:09:40.919043 np0000005387 devstack@g-api.service[99808]: DEBUG glance.api.middleware.version_negotiation [None req-bd813a27-6418-47e9-9033-3641d91e21d2 tempest-ServerBootFromVolumeStableRescueTest-2068311727 tempest-ServerBootFromVolumeStableRescueTest-2068311727-project-member] Matched version: v2 {{(pid=99808) process_request /opt/stack/glance/glance/api/middleware/version_negotiation.py:69}}
Jul 18 13:09:40.919043 np0000005387 devstack@g-api.service[99808]: DEBUG glance.api.middleware.version_negotiation [None req-bd813a27-6418-47e9-9033-3641d91e21d2 tempest-ServerBootFromVolumeStableRescueTest-2068311727 tempest-ServerBootFromVolumeStableRescueTest-2068311727-project-member] new path /v2/schemas/image {{(pid=99808) process_request /opt/stack/glance/glance/api/middleware/version_negotiation.py:70}}
Jul 18 13:09:40.924656 np0000005387 devstack@g-api.service[99808]: [pid: 99808|app: 0|req: 44/135] 127.0.0.1 () {44 vars in 1055 bytes} [Sat Jul 18 13:09:40 2026] GET /v2/schemas/image => generated 6083 bytes in 7 msecs (HTTP/1.1 200) 4 headers in 158 bytes (1 switches on core 0)
Jul 18 13:09:41.707368 np0000005387 devstack@g-api.service[99809]: DEBUG glance.api.middleware.version_negotiation [None req-1d39dfd4-2bec-4ccb-85a4-4780448671f8 tempest-ServerBootFromVolumeStableRescueTest-2068311727 tempest-ServerBootFromVolumeStableRescueTest-2068311727-project-member] Determining version of request: GET /v2/images/aa8e56fb-e68b-4544-9d66-af439381da13 Accept: application/json {{(pid=99809) process_request /opt/stack/glance/glance/api/middleware/version_negotiation.py:44}}
Jul 18 13:09:41.708039 np0000005387 devstack@g-api.service[99809]: DEBUG glance.api.middleware.version_negotiation [None req-1d39dfd4-2bec-4ccb-85a4-4780448671f8 tempest-ServerBootFromVolumeStableRescueTest-2068311727 tempest-ServerBootFromVolumeStableRescueTest-2068311727-project-member] Using url versioning {{(pid=99809) process_request /opt/stack/glance/glance/api/middleware/version_negotiation.py:57}}
Jul 18 13:09:41.708039 np0000005387 devstack@g-api.service[99809]: DEBUG glance.api.middleware.version_negotiation [None req-1d39dfd4-2bec-4ccb-85a4-4780448671f8 tempest-ServerBootFromVolumeStableRescueTest-2068311727 tempest-ServerBootFromVolumeStableRescueTest-2068311727-project-member] Matched version: v2 {{(pid=99809) process_request /opt/stack/glance/glance/api/middleware/version_negotiation.py:69}}
Jul 18 13:09:41.708110 np0000005387 devstack@g-api.service[99809]: DEBUG glance.api.middleware.version_negotiation [None req-1d39dfd4-2bec-4ccb-85a4-4780448671f8 tempest-ServerBootFromVolumeStableRescueTest-2068311727 tempest-ServerBootFromVolumeStableRescueTest-2068311727-project-member] new path /v2/images/aa8e56fb-e68b-4544-9d66-af439381da13 {{(pid=99809) process_request /opt/stack/glance/glance/api/middleware/version_negotiation.py:70}}
Jul 18 13:09:41.725347 np0000005387 devstack@g-api.service[99809]: [pid: 99809|app: 0|req: 47/136] 127.0.0.1 () {40 vars in 838 bytes} [Sat Jul 18 13:09:41 2026] GET /v2/images/aa8e56fb-e68b-4544-9d66-af439381da13 => generated 1359 bytes in 18 msecs (HTTP/1.1 200) 4 headers in 158 bytes (1 switches on core 0)
Jul 18 13:09:42.202416 np0000005387 devstack@g-api.service[99810]: DEBUG glance.api.middleware.version_negotiation [None req-bd813a27-6418-47e9-9033-3641d91e21d2 tempest-ServerBootFromVolumeStableRescueTest-2068311727 tempest-ServerBootFromVolumeStableRescueTest-2068311727-project-member] Determining version of request: GET /v2/images/aa8e56fb-e68b-4544-9d66-af439381da13 Accept: */* {{(pid=99810) process_request /opt/stack/glance/glance/api/middleware/version_negotiation.py:44}}
Jul 18 13:09:42.202934 np0000005387 devstack@g-api.service[99810]: DEBUG glance.api.middleware.version_negotiation [None req-bd813a27-6418-47e9-9033-3641d91e21d2 tempest-ServerBootFromVolumeStableRescueTest-2068311727 tempest-ServerBootFromVolumeStableRescueTest-2068311727-project-member] Using url versioning {{(pid=99810) process_request /opt/stack/glance/glance/api/middleware/version_negotiation.py:57}}
Jul 18 13:09:42.202934 np0000005387 devstack@g-api.service[99810]: DEBUG glance.api.middleware.version_negotiation [None req-bd813a27-6418-47e9-9033-3641d91e21d2 tempest-ServerBootFromVolumeStableRescueTest-2068311727 tempest-ServerBootFromVolumeStableRescueTest-2068311727-project-member] Matched version: v2 {{(pid=99810) process_request /opt/stack/glance/glance/api/middleware/version_negotiation.py:69}}
Jul 18 13:09:42.203238 np0000005387 devstack@g-api.service[99810]: DEBUG glance.api.middleware.version_negotiation [None req-bd813a27-6418-47e9-9033-3641d91e21d2 tempest-ServerBootFromVolumeStableRescueTest-2068311727 tempest-ServerBootFromVolumeStableRescueTest-2068311727-project-member] new path /v2/images/aa8e56fb-e68b-4544-9d66-af439381da13 {{(pid=99810) process_request /opt/stack/glance/glance/api/middleware/version_negotiation.py:70}}
Jul 18 13:09:42.221752 np0000005387 devstack@g-api.service[99810]: [pid: 99810|app: 0|req: 46/137] 127.0.0.1 () {44 vars in 1115 bytes} [Sat Jul 18 13:09:42 2026] GET /v2/images/aa8e56fb-e68b-4544-9d66-af439381da13 => generated 1359 bytes in 20 msecs (HTTP/1.1 200) 4 headers in 158 bytes (1 switches on core 0)
Jul 18 13:09:42.269404 np0000005387 devstack@g-api.service[99808]: DEBUG glance.api.middleware.version_negotiation [None req-bd813a27-6418-47e9-9033-3641d91e21d2 tempest-ServerBootFromVolumeStableRescueTest-2068311727 tempest-ServerBootFromVolumeStableRescueTest-2068311727-project-member] Determining version of request: GET /v2/schemas/image Accept: */* {{(pid=99808) process_request /opt/stack/glance/glance/api/middleware/version_negotiation.py:44}}
Jul 18 13:09:42.270364 np0000005387 devstack@g-api.service[99808]: DEBUG glance.api.middleware.version_negotiation [None req-bd813a27-6418-47e9-9033-3641d91e21d2 tempest-ServerBootFromVolumeStableRescueTest-2068311727 tempest-ServerBootFromVolumeStableRescueTest-2068311727-project-member] Using url versioning {{(pid=99808) process_request /opt/stack/glance/glance/api/middleware/version_negotiation.py:57}}
Jul 18 13:09:42.270364 np0000005387 devstack@g-api.service[99808]: DEBUG glance.api.middleware.version_negotiation [None req-bd813a27-6418-47e9-9033-3641d91e21d2 tempest-ServerBootFromVolumeStableRescueTest-2068311727 tempest-ServerBootFromVolumeStableRescueTest-2068311727-project-member] Matched version: v2 {{(pid=99808) process_request /opt/stack/glance/glance/api/middleware/version_negotiation.py:69}}
Jul 18 13:09:42.270364 np0000005387 devstack@g-api.service[99808]: DEBUG glance.api.middleware.version_negotiation [None req-bd813a27-6418-47e9-9033-3641d91e21d2 tempest-ServerBootFromVolumeStableRescueTest-2068311727 tempest-ServerBootFromVolumeStableRescueTest-2068311727-project-member] new path /v2/schemas/image {{(pid=99808) process_request /opt/stack/glance/glance/api/middleware/version_negotiation.py:70}}
Jul 18 13:09:42.275728 np0000005387 devstack@g-api.service[99808]: [pid: 99808|app: 0|req: 45/138] 127.0.0.1 () {44 vars in 1055 bytes} [Sat Jul 18 13:09:42 2026] GET /v2/schemas/image => generated 6083 bytes in 7 msecs (HTTP/1.1 200) 4 headers in 158 bytes (1 switches on core 0)
Jul 18 13:09:42.326126 np0000005387 devstack@g-api.service[99809]: DEBUG glance.api.middleware.version_negotiation [None req-d9001e10-6586-45b3-b5df-d9a75f97998d tempest-ServerBootFromVolumeStableRescueTest-2068311727 tempest-ServerBootFromVolumeStableRescueTest-2068311727-project-member] Determining version of request: GET /v2/schemas/image Accept: */* {{(pid=99809) process_request /opt/stack/glance/glance/api/middleware/version_negotiation.py:44}}
Jul 18 13:09:42.326305 np0000005387 devstack@g-api.service[99809]: DEBUG glance.api.middleware.version_negotiation [None req-d9001e10-6586-45b3-b5df-d9a75f97998d tempest-ServerBootFromVolumeStableRescueTest-2068311727 tempest-ServerBootFromVolumeStableRescueTest-2068311727-project-member] Using url versioning {{(pid=99809) process_request /opt/stack/glance/glance/api/middleware/version_negotiation.py:57}}
Jul 18 13:09:42.326689 np0000005387 devstack@g-api.service[99809]: DEBUG glance.api.middleware.version_negotiation [None req-d9001e10-6586-45b3-b5df-d9a75f97998d tempest-ServerBootFromVolumeStableRescueTest-2068311727 tempest-ServerBootFromVolumeStableRescueTest-2068311727-project-member] Matched version: v2 {{(pid=99809) process_request /opt/stack/glance/glance/api/middleware/version_negotiation.py:69}}
Jul 18 13:09:42.326887 np0000005387 devstack@g-api.service[99809]: DEBUG glance.api.middleware.version_negotiation [None req-d9001e10-6586-45b3-b5df-d9a75f97998d tempest-ServerBootFromVolumeStableRescueTest-2068311727 tempest-ServerBootFromVolumeStableRescueTest-2068311727-project-member] new path /v2/schemas/image {{(pid=99809) process_request /opt/stack/glance/glance/api/middleware/version_negotiation.py:70}}
Jul 18 13:09:42.329598 np0000005387 devstack@g-api.service[99809]: [pid: 99809|app: 0|req: 48/139] 127.0.0.1 () {44 vars in 1055 bytes} [Sat Jul 18 13:09:42 2026] GET /v2/schemas/image => generated 6083 bytes in 4 msecs (HTTP/1.1 200) 4 headers in 158 bytes (1 switches on core 0)
Jul 18 13:09:42.375325 np0000005387 devstack@g-api.service[99810]: DEBUG glance.api.middleware.version_negotiation [None req-bd813a27-6418-47e9-9033-3641d91e21d2 tempest-ServerBootFromVolumeStableRescueTest-2068311727 tempest-ServerBootFromVolumeStableRescueTest-2068311727-project-member] Determining version of request: PATCH /v2/images/aa8e56fb-e68b-4544-9d66-af439381da13 Accept: */* {{(pid=99810) process_request /opt/stack/glance/glance/api/middleware/version_negotiation.py:44}}
Jul 18 13:09:42.375540 np0000005387 devstack@g-api.service[99810]: DEBUG glance.api.middleware.version_negotiation [None req-bd813a27-6418-47e9-9033-3641d91e21d2 tempest-ServerBootFromVolumeStableRescueTest-2068311727 tempest-ServerBootFromVolumeStableRescueTest-2068311727-project-member] Using url versioning {{(pid=99810) process_request /opt/stack/glance/glance/api/middleware/version_negotiation.py:57}}
Jul 18 13:09:42.375628 np0000005387 devstack@g-api.service[99810]: DEBUG glance.api.middleware.version_negotiation [None req-bd813a27-6418-47e9-9033-3641d91e21d2 tempest-ServerBootFromVolumeStableRescueTest-2068311727 tempest-ServerBootFromVolumeStableRescueTest-2068311727-project-member] Matched version: v2 {{(pid=99810) process_request /opt/stack/glance/glance/api/middleware/version_negotiation.py:69}}
Jul 18 13:09:42.375708 np0000005387 devstack@g-api.service[99810]: DEBUG glance.api.middleware.version_negotiation [None req-bd813a27-6418-47e9-9033-3641d91e21d2 tempest-ServerBootFromVolumeStableRescueTest-2068311727 tempest-ServerBootFromVolumeStableRescueTest-2068311727-project-member] new path /v2/images/aa8e56fb-e68b-4544-9d66-af439381da13 {{(pid=99810) process_request /opt/stack/glance/glance/api/middleware/version_negotiation.py:70}}
Jul 18 13:09:42.616646 np0000005387 devstack@g-api.service[99810]: [pid: 99810|app: 0|req: 47/140] 127.0.0.1 () {46 vars in 1158 bytes} [Sat Jul 18 13:09:42 2026] PATCH /v2/images/aa8e56fb-e68b-4544-9d66-af439381da13 => generated 1470 bytes in 241 msecs (HTTP/1.1 200) 4 headers in 158 bytes (1 switches on core 0)
Jul 18 13:09:42.666462 np0000005387 devstack@g-api.service[99808]: DEBUG glance.api.middleware.version_negotiation [None req-bd813a27-6418-47e9-9033-3641d91e21d2 tempest-ServerBootFromVolumeStableRescueTest-2068311727 tempest-ServerBootFromVolumeStableRescueTest-2068311727-project-member] Determining version of request: GET /v2/images/aa8e56fb-e68b-4544-9d66-af439381da13 Accept: */* {{(pid=99808) process_request /opt/stack/glance/glance/api/middleware/version_negotiation.py:44}}
Jul 18 13:09:42.666462 np0000005387 devstack@g-api.service[99808]: DEBUG glance.api.middleware.version_negotiation [None req-bd813a27-6418-47e9-9033-3641d91e21d2 tempest-ServerBootFromVolumeStableRescueTest-2068311727 tempest-ServerBootFromVolumeStableRescueTest-2068311727-project-member] Using url versioning {{(pid=99808) process_request /opt/stack/glance/glance/api/middleware/version_negotiation.py:57}}
Jul 18 13:09:42.666757 np0000005387 devstack@g-api.service[99808]: DEBUG glance.api.middleware.version_negotiation [None req-bd813a27-6418-47e9-9033-3641d91e21d2 tempest-ServerBootFromVolumeStableRescueTest-2068311727 tempest-ServerBootFromVolumeStableRescueTest-2068311727-project-member] Matched version: v2 {{(pid=99808) process_request /opt/stack/glance/glance/api/middleware/version_negotiation.py:69}}
Jul 18 13:09:42.666757 np0000005387 devstack@g-api.service[99808]: DEBUG glance.api.middleware.version_negotiation [None req-bd813a27-6418-47e9-9033-3641d91e21d2 tempest-ServerBootFromVolumeStableRescueTest-2068311727 tempest-ServerBootFromVolumeStableRescueTest-2068311727-project-member] new path /v2/images/aa8e56fb-e68b-4544-9d66-af439381da13 {{(pid=99808) process_request /opt/stack/glance/glance/api/middleware/version_negotiation.py:70}}
Jul 18 13:09:42.688884 np0000005387 devstack@g-api.service[99808]: [pid: 99808|app: 0|req: 46/141] 127.0.0.1 () {44 vars in 1115 bytes} [Sat Jul 18 13:09:42 2026] GET /v2/images/aa8e56fb-e68b-4544-9d66-af439381da13 => generated 1470 bytes in 22 msecs (HTTP/1.1 200) 4 headers in 158 bytes (1 switches on core 0)
Jul 18 13:09:42.736319 np0000005387 devstack@g-api.service[99809]: DEBUG glance.api.middleware.version_negotiation [None req-bd813a27-6418-47e9-9033-3641d91e21d2 tempest-ServerBootFromVolumeStableRescueTest-2068311727 tempest-ServerBootFromVolumeStableRescueTest-2068311727-project-member] Determining version of request: GET /v2/images/aa8e56fb-e68b-4544-9d66-af439381da13 Accept: application/json {{(pid=99809) process_request /opt/stack/glance/glance/api/middleware/version_negotiation.py:44}}
Jul 18 13:09:42.736846 np0000005387 devstack@g-api.service[99809]: DEBUG glance.api.middleware.version_negotiation [None req-bd813a27-6418-47e9-9033-3641d91e21d2 tempest-ServerBootFromVolumeStableRescueTest-2068311727 tempest-ServerBootFromVolumeStableRescueTest-2068311727-project-member] Using url versioning {{(pid=99809) process_request /opt/stack/glance/glance/api/middleware/version_negotiation.py:57}}
Jul 18 13:09:42.736846 np0000005387 devstack@g-api.service[99809]: DEBUG glance.api.middleware.version_negotiation [None req-bd813a27-6418-47e9-9033-3641d91e21d2 tempest-ServerBootFromVolumeStableRescueTest-2068311727 tempest-ServerBootFromVolumeStableRescueTest-2068311727-project-member] Matched version: v2 {{(pid=99809) process_request /opt/stack/glance/glance/api/middleware/version_negotiation.py:69}}
Jul 18 13:09:42.737880 np0000005387 devstack@g-api.service[99809]: DEBUG glance.api.middleware.version_negotiation [None req-bd813a27-6418-47e9-9033-3641d91e21d2 tempest-ServerBootFromVolumeStableRescueTest-2068311727 tempest-ServerBootFromVolumeStableRescueTest-2068311727-project-member] new path /v2/images/aa8e56fb-e68b-4544-9d66-af439381da13 {{(pid=99809) process_request /opt/stack/glance/glance/api/middleware/version_negotiation.py:70}}
Jul 18 13:09:42.751336 np0000005387 devstack@g-api.service[99810]: DEBUG glance.api.middleware.version_negotiation [None req-bd813a27-6418-47e9-9033-3641d91e21d2 tempest-ServerBootFromVolumeStableRescueTest-2068311727 tempest-ServerBootFromVolumeStableRescueTest-2068311727-project-member] Determining version of request: PUT /v2/images/aa8e56fb-e68b-4544-9d66-af439381da13/file Accept: */* {{(pid=99810) process_request /opt/stack/glance/glance/api/middleware/version_negotiation.py:44}}
Jul 18 13:09:42.751960 np0000005387 devstack@g-api.service[99810]: DEBUG glance.api.middleware.version_negotiation [None req-bd813a27-6418-47e9-9033-3641d91e21d2 tempest-ServerBootFromVolumeStableRescueTest-2068311727 tempest-ServerBootFromVolumeStableRescueTest-2068311727-project-member] Using url versioning {{(pid=99810) process_request /opt/stack/glance/glance/api/middleware/version_negotiation.py:57}}
Jul 18 13:09:42.753133 np0000005387 devstack@g-api.service[99810]: DEBUG glance.api.middleware.version_negotiation [None req-bd813a27-6418-47e9-9033-3641d91e21d2 tempest-ServerBootFromVolumeStableRescueTest-2068311727 tempest-ServerBootFromVolumeStableRescueTest-2068311727-project-member] Matched version: v2 {{(pid=99810) process_request /opt/stack/glance/glance/api/middleware/version_negotiation.py:69}}
Jul 18 13:09:42.753133 np0000005387 devstack@g-api.service[99810]: DEBUG glance.api.middleware.version_negotiation [None req-bd813a27-6418-47e9-9033-3641d91e21d2 tempest-ServerBootFromVolumeStableRescueTest-2068311727 tempest-ServerBootFromVolumeStableRescueTest-2068311727-project-member] new path /v2/images/aa8e56fb-e68b-4544-9d66-af439381da13/file {{(pid=99810) process_request /opt/stack/glance/glance/api/middleware/version_negotiation.py:70}}
Jul 18 13:09:42.760932 np0000005387 devstack@g-api.service[99809]: [pid: 99809|app: 0|req: 49/142] 127.0.0.1 () {40 vars in 838 bytes} [Sat Jul 18 13:09:42 2026] GET /v2/images/aa8e56fb-e68b-4544-9d66-af439381da13 => generated 1470 bytes in 24 msecs (HTTP/1.1 200) 4 headers in 158 bytes (1 switches on core 0)
Jul 18 13:09:43.748345 np0000005387 devstack@g-api.service[99810]: INFO glance.api.v2.image_data [None req-bd813a27-6418-47e9-9033-3641d91e21d2 tempest-ServerBootFromVolumeStableRescueTest-2068311727 tempest-ServerBootFromVolumeStableRescueTest-2068311727-project-member] Unable to create trust: no such option collect_timing in group [keystone_authtoken] Use the existing user token.
Jul 18 13:09:43.770230 np0000005387 devstack@g-api.service[99808]: DEBUG glance.api.middleware.version_negotiation [None req-bd813a27-6418-47e9-9033-3641d91e21d2 tempest-ServerBootFromVolumeStableRescueTest-2068311727 tempest-ServerBootFromVolumeStableRescueTest-2068311727-project-member] Determining version of request: GET /v2/images/aa8e56fb-e68b-4544-9d66-af439381da13 Accept: application/json {{(pid=99808) process_request /opt/stack/glance/glance/api/middleware/version_negotiation.py:44}}
Jul 18 13:09:43.770806 np0000005387 devstack@g-api.service[99808]: DEBUG glance.api.middleware.version_negotiation [None req-bd813a27-6418-47e9-9033-3641d91e21d2 tempest-ServerBootFromVolumeStableRescueTest-2068311727 tempest-ServerBootFromVolumeStableRescueTest-2068311727-project-member] Using url versioning {{(pid=99808) process_request /opt/stack/glance/glance/api/middleware/version_negotiation.py:57}}
Jul 18 13:09:43.770806 np0000005387 devstack@g-api.service[99808]: DEBUG glance.api.middleware.version_negotiation [None req-bd813a27-6418-47e9-9033-3641d91e21d2 tempest-ServerBootFromVolumeStableRescueTest-2068311727 tempest-ServerBootFromVolumeStableRescueTest-2068311727-project-member] Matched version: v2 {{(pid=99808) process_request /opt/stack/glance/glance/api/middleware/version_negotiation.py:69}}
Jul 18 13:09:43.770806 np0000005387 devstack@g-api.service[99808]: DEBUG glance.api.middleware.version_negotiation [None req-bd813a27-6418-47e9-9033-3641d91e21d2 tempest-ServerBootFromVolumeStableRescueTest-2068311727 tempest-ServerBootFromVolumeStableRescueTest-2068311727-project-member] new path /v2/images/aa8e56fb-e68b-4544-9d66-af439381da13 {{(pid=99808) process_request /opt/stack/glance/glance/api/middleware/version_negotiation.py:70}}
Jul 18 13:09:43.799941 np0000005387 devstack@g-api.service[99808]: [pid: 99808|app: 0|req: 47/143] 127.0.0.1 () {40 vars in 838 bytes} [Sat Jul 18 13:09:43 2026] GET /v2/images/aa8e56fb-e68b-4544-9d66-af439381da13 => generated 1470 bytes in 30 msecs (HTTP/1.1 200) 4 headers in 158 bytes (1 switches on core 0)
Jul 18 13:09:44.767939 np0000005387 devstack@g-api.service[99810]: DEBUG glance.location [None req-bd813a27-6418-47e9-9033-3641d91e21d2 tempest-ServerBootFromVolumeStableRescueTest-2068311727 tempest-ServerBootFromVolumeStableRescueTest-2068311727-project-member] Enabling in-flight format inspection for qcow2 {{(pid=99810) set_data /opt/stack/glance/glance/location.py:596}}
Jul 18 13:09:44.768939 np0000005387 devstack@g-api.service[99810]: DEBUG glance_store.backend [None req-bd813a27-6418-47e9-9033-3641d91e21d2 tempest-ServerBootFromVolumeStableRescueTest-2068311727 tempest-ServerBootFromVolumeStableRescueTest-2068311727-project-member] Attempting to import store swift {{(pid=99810) _load_store /opt/stack/data/venv/lib/python3.12/site-packages/glance_store/backend.py:215}}
Jul 18 13:09:44.770612 np0000005387 devstack@g-api.service[99810]: DEBUG glance_store.capabilities [None req-bd813a27-6418-47e9-9033-3641d91e21d2 tempest-ServerBootFromVolumeStableRescueTest-2068311727 tempest-ServerBootFromVolumeStableRescueTest-2068311727-project-member] Store glance_store._drivers.swift.store.SingleTenantStore doesn't support updating dynamic storage capabilities. Please overwrite 'update_capabilities' method of the store to implement updating logics if needed. {{(pid=99810) update_capabilities /opt/stack/data/venv/lib/python3.12/site-packages/glance_store/capabilities.py:91}}
Jul 18 13:09:44.770850 np0000005387 devstack@g-api.service[99810]: DEBUG glance_store.driver [None req-bd813a27-6418-47e9-9033-3641d91e21d2 tempest-ServerBootFromVolumeStableRescueTest-2068311727 tempest-ServerBootFromVolumeStableRescueTest-2068311727-project-member] Late loading location class glance_store._drivers.swift.store.StoreLocation {{(pid=99810) get_store_location_class /opt/stack/data/venv/lib/python3.12/site-packages/glance_store/driver.py:134}}
Jul 18 13:09:44.771080 np0000005387 devstack@g-api.service[99810]: DEBUG glance_store.location [None req-bd813a27-6418-47e9-9033-3641d91e21d2 tempest-ServerBootFromVolumeStableRescueTest-2068311727 tempest-ServerBootFromVolumeStableRescueTest-2068311727-project-member] Registering scheme swift+https with {'store': , 'location_class': , 'store_entry': 'swift'} {{(pid=99810) register_scheme_map /opt/stack/data/venv/lib/python3.12/site-packages/glance_store/location.py:146}}
Jul 18 13:09:44.771257 np0000005387 devstack@g-api.service[99810]: DEBUG glance_store.location [None req-bd813a27-6418-47e9-9033-3641d91e21d2 tempest-ServerBootFromVolumeStableRescueTest-2068311727 tempest-ServerBootFromVolumeStableRescueTest-2068311727-project-member] Registering scheme swift+https with {'store': , 'location_class': , 'store_entry': 'swift'} {{(pid=99810) register_scheme_map /opt/stack/data/venv/lib/python3.12/site-packages/glance_store/location.py:146}}
Jul 18 13:09:44.771429 np0000005387 devstack@g-api.service[99810]: DEBUG glance_store.location [None req-bd813a27-6418-47e9-9033-3641d91e21d2 tempest-ServerBootFromVolumeStableRescueTest-2068311727 tempest-ServerBootFromVolumeStableRescueTest-2068311727-project-member] Registering scheme swift with {'store': , 'location_class': , 'store_entry': 'swift'} {{(pid=99810) register_scheme_map /opt/stack/data/venv/lib/python3.12/site-packages/glance_store/location.py:146}}
Jul 18 13:09:44.771605 np0000005387 devstack@g-api.service[99810]: DEBUG glance_store.location [None req-bd813a27-6418-47e9-9033-3641d91e21d2 tempest-ServerBootFromVolumeStableRescueTest-2068311727 tempest-ServerBootFromVolumeStableRescueTest-2068311727-project-member] Registering scheme swift+https with {'store': , 'location_class': , 'store_entry': 'swift'} {{(pid=99810) register_scheme_map /opt/stack/data/venv/lib/python3.12/site-packages/glance_store/location.py:146}}
Jul 18 13:09:44.771762 np0000005387 devstack@g-api.service[99810]: DEBUG glance_store.location [None req-bd813a27-6418-47e9-9033-3641d91e21d2 tempest-ServerBootFromVolumeStableRescueTest-2068311727 tempest-ServerBootFromVolumeStableRescueTest-2068311727-project-member] Registering scheme swift with {'store': , 'location_class': , 'store_entry': 'swift'} {{(pid=99810) register_scheme_map /opt/stack/data/venv/lib/python3.12/site-packages/glance_store/location.py:146}}
Jul 18 13:09:44.771916 np0000005387 devstack@g-api.service[99810]: DEBUG glance_store.location [None req-bd813a27-6418-47e9-9033-3641d91e21d2 tempest-ServerBootFromVolumeStableRescueTest-2068311727 tempest-ServerBootFromVolumeStableRescueTest-2068311727-project-member] Registering scheme swift+http with {'store': , 'location_class': , 'store_entry': 'swift'} {{(pid=99810) register_scheme_map /opt/stack/data/venv/lib/python3.12/site-packages/glance_store/location.py:146}}
Jul 18 13:09:44.772078 np0000005387 devstack@g-api.service[99810]: DEBUG glance_store.location [None req-bd813a27-6418-47e9-9033-3641d91e21d2 tempest-ServerBootFromVolumeStableRescueTest-2068311727 tempest-ServerBootFromVolumeStableRescueTest-2068311727-project-member] Registering scheme swift+https with {'store': , 'location_class': , 'store_entry': 'swift'} {{(pid=99810) register_scheme_map /opt/stack/data/venv/lib/python3.12/site-packages/glance_store/location.py:146}}
Jul 18 13:09:44.772227 np0000005387 devstack@g-api.service[99810]: DEBUG glance_store.location [None req-bd813a27-6418-47e9-9033-3641d91e21d2 tempest-ServerBootFromVolumeStableRescueTest-2068311727 tempest-ServerBootFromVolumeStableRescueTest-2068311727-project-member] Registering scheme swift with {'store': , 'location_class': , 'store_entry': 'swift'} {{(pid=99810) register_scheme_map /opt/stack/data/venv/lib/python3.12/site-packages/glance_store/location.py:146}}
Jul 18 13:09:44.772369 np0000005387 devstack@g-api.service[99810]: DEBUG glance_store.location [None req-bd813a27-6418-47e9-9033-3641d91e21d2 tempest-ServerBootFromVolumeStableRescueTest-2068311727 tempest-ServerBootFromVolumeStableRescueTest-2068311727-project-member] Registering scheme swift+http with {'store': , 'location_class': , 'store_entry': 'swift'} {{(pid=99810) register_scheme_map /opt/stack/data/venv/lib/python3.12/site-packages/glance_store/location.py:146}}
Jul 18 13:09:44.772512 np0000005387 devstack@g-api.service[99810]: DEBUG glance_store.location [None req-bd813a27-6418-47e9-9033-3641d91e21d2 tempest-ServerBootFromVolumeStableRescueTest-2068311727 tempest-ServerBootFromVolumeStableRescueTest-2068311727-project-member] Registering scheme swift+config with {'store': , 'location_class': , 'store_entry': 'swift'} {{(pid=99810) register_scheme_map /opt/stack/data/venv/lib/python3.12/site-packages/glance_store/location.py:146}}
Jul 18 13:09:44.813739 np0000005387 devstack@g-api.service[99809]: DEBUG glance.api.middleware.version_negotiation [None req-3a8cf28e-1b76-4647-8ea0-27c9bacaf5cd tempest-ServerBootFromVolumeStableRescueTest-2068311727 tempest-ServerBootFromVolumeStableRescueTest-2068311727-project-member] Determining version of request: GET /v2/images/aa8e56fb-e68b-4544-9d66-af439381da13 Accept: application/json {{(pid=99809) process_request /opt/stack/glance/glance/api/middleware/version_negotiation.py:44}}
Jul 18 13:09:44.814711 np0000005387 devstack@g-api.service[99809]: DEBUG glance.api.middleware.version_negotiation [None req-3a8cf28e-1b76-4647-8ea0-27c9bacaf5cd tempest-ServerBootFromVolumeStableRescueTest-2068311727 tempest-ServerBootFromVolumeStableRescueTest-2068311727-project-member] Using url versioning {{(pid=99809) process_request /opt/stack/glance/glance/api/middleware/version_negotiation.py:57}}
Jul 18 13:09:44.814813 np0000005387 devstack@g-api.service[99809]: DEBUG glance.api.middleware.version_negotiation [None req-3a8cf28e-1b76-4647-8ea0-27c9bacaf5cd tempest-ServerBootFromVolumeStableRescueTest-2068311727 tempest-ServerBootFromVolumeStableRescueTest-2068311727-project-member] Matched version: v2 {{(pid=99809) process_request /opt/stack/glance/glance/api/middleware/version_negotiation.py:69}}
Jul 18 13:09:44.815047 np0000005387 devstack@g-api.service[99809]: DEBUG glance.api.middleware.version_negotiation [None req-3a8cf28e-1b76-4647-8ea0-27c9bacaf5cd tempest-ServerBootFromVolumeStableRescueTest-2068311727 tempest-ServerBootFromVolumeStableRescueTest-2068311727-project-member] new path /v2/images/aa8e56fb-e68b-4544-9d66-af439381da13 {{(pid=99809) process_request /opt/stack/glance/glance/api/middleware/version_negotiation.py:70}}
Jul 18 13:09:44.833922 np0000005387 devstack@g-api.service[99809]: [pid: 99809|app: 0|req: 50/144] 127.0.0.1 () {40 vars in 838 bytes} [Sat Jul 18 13:09:44 2026] GET /v2/images/aa8e56fb-e68b-4544-9d66-af439381da13 => generated 1470 bytes in 20 msecs (HTTP/1.1 200) 4 headers in 158 bytes (1 switches on core 0)
Jul 18 13:09:45.463857 np0000005387 devstack@g-api.service[99810]: DEBUG swiftclient [None req-bd813a27-6418-47e9-9033-3641d91e21d2 tempest-ServerBootFromVolumeStableRescueTest-2068311727 tempest-ServerBootFromVolumeStableRescueTest-2068311727-project-member] REQ: curl -i https://10.4.3.133:8080/v1/AUTH_13a8bcd6e7d94003960e156e02675844/glance -I -H "X-Auth-Token: gAAAAABqW3sYIyBr..." {{(pid=99810) http_log /opt/stack/data/venv/lib/python3.12/site-packages/swiftclient/client.py:160}}
Jul 18 13:09:45.464463 np0000005387 devstack@g-api.service[99810]: DEBUG swiftclient [None req-bd813a27-6418-47e9-9033-3641d91e21d2 tempest-ServerBootFromVolumeStableRescueTest-2068311727 tempest-ServerBootFromVolumeStableRescueTest-2068311727-project-member] RESP STATUS: 204 No Content {{(pid=99810) http_log /opt/stack/data/venv/lib/python3.12/site-packages/swiftclient/client.py:161}}
Jul 18 13:09:45.465260 np0000005387 devstack@g-api.service[99810]: DEBUG swiftclient [None req-bd813a27-6418-47e9-9033-3641d91e21d2 tempest-ServerBootFromVolumeStableRescueTest-2068311727 tempest-ServerBootFromVolumeStableRescueTest-2068311727-project-member] RESP HEADERS: {'Date': 'Sat, 18 Jul 2026 13:09:45 GMT', 'Server': 'Apache/2.4.58 (Ubuntu)', 'Content-Type': 'text/plain; charset=utf-8', 'X-Container-Object-Count': '7', 'X-Container-Bytes-Used': '109576192', 'X-Timestamp': '1784379994.68976', 'Last-Modified': 'Sat, 18 Jul 2026 13:06:35 GMT', 'Accept-Ranges': 'bytes', 'X-Storage-Policy': 'Policy-0', 'X-Container-Sharding': 'False', 'Vary': 'Accept', 'X-Trans-Id': 'tx9c18e1f47b8446c8a3f18-006a5b7b18', 'X-Openstack-Request-Id': 'tx9c18e1f47b8446c8a3f18-006a5b7b18', 'Connection': 'close'} {{(pid=99810) http_log /opt/stack/data/venv/lib/python3.12/site-packages/swiftclient/client.py:162}}
Jul 18 13:09:45.466030 np0000005387 devstack@g-api.service[99810]: DEBUG glance_store._drivers.swift.store [None req-bd813a27-6418-47e9-9033-3641d91e21d2 tempest-ServerBootFromVolumeStableRescueTest-2068311727 tempest-ServerBootFromVolumeStableRescueTest-2068311727-project-member] Adding image object 'aa8e56fb-e68b-4544-9d66-af439381da13' to Swift {{(pid=99810) add /opt/stack/data/venv/lib/python3.12/site-packages/glance_store/_drivers/swift/store.py:970}}
Jul 18 13:09:45.466188 np0000005387 devstack@g-api.service[99810]: DEBUG glance_store._drivers.swift.store [None req-bd813a27-6418-47e9-9033-3641d91e21d2 tempest-ServerBootFromVolumeStableRescueTest-2068311727 tempest-ServerBootFromVolumeStableRescueTest-2068311727-project-member] Cannot determine image size because it is either not provided in the request or chunked-transfer encoding is used. Adding image as a segmented object to Swift. {{(pid=99810) add /opt/stack/data/venv/lib/python3.12/site-packages/glance_store/_drivers/swift/store.py:994}}
Jul 18 13:09:45.486115 np0000005387 devstack@g-api.service[99810]: DEBUG oslo_utils.imageutils.format_inspector [None req-bd813a27-6418-47e9-9033-3641d91e21d2 tempest-ServerBootFromVolumeStableRescueTest-2068311727 tempest-ServerBootFromVolumeStableRescueTest-2068311727-project-member] Format inspector for vmdk does not match, excluding from consideration (Signature KDMV not found: b'QFI\xfb') {{(pid=99810) _process_chunk /opt/stack/data/venv/lib/python3.12/site-packages/oslo_utils/imageutils/format_inspector.py:1758}}
Jul 18 13:09:45.495195 np0000005387 devstack@g-api.service[99810]: DEBUG oslo_utils.imageutils.format_inspector [None req-bd813a27-6418-47e9-9033-3641d91e21d2 tempest-ServerBootFromVolumeStableRescueTest-2068311727 tempest-ServerBootFromVolumeStableRescueTest-2068311727-project-member] Format inspector for vhdx does not match, excluding from consideration (Region signature not found at 30000) {{(pid=99810) _process_chunk /opt/stack/data/venv/lib/python3.12/site-packages/oslo_utils/imageutils/format_inspector.py:1758}}
Jul 18 13:09:45.845615 np0000005387 devstack@g-api.service[99808]: DEBUG glance.api.middleware.version_negotiation [None req-ad7218c4-2e4d-468b-b284-2b6993e198e6 tempest-ServerBootFromVolumeStableRescueTest-2068311727 tempest-ServerBootFromVolumeStableRescueTest-2068311727-project-member] Determining version of request: GET /v2/images/aa8e56fb-e68b-4544-9d66-af439381da13 Accept: application/json {{(pid=99808) process_request /opt/stack/glance/glance/api/middleware/version_negotiation.py:44}}
Jul 18 13:09:45.846186 np0000005387 devstack@g-api.service[99808]: DEBUG glance.api.middleware.version_negotiation [None req-ad7218c4-2e4d-468b-b284-2b6993e198e6 tempest-ServerBootFromVolumeStableRescueTest-2068311727 tempest-ServerBootFromVolumeStableRescueTest-2068311727-project-member] Using url versioning {{(pid=99808) process_request /opt/stack/glance/glance/api/middleware/version_negotiation.py:57}}
Jul 18 13:09:45.846186 np0000005387 devstack@g-api.service[99808]: DEBUG glance.api.middleware.version_negotiation [None req-ad7218c4-2e4d-468b-b284-2b6993e198e6 tempest-ServerBootFromVolumeStableRescueTest-2068311727 tempest-ServerBootFromVolumeStableRescueTest-2068311727-project-member] Matched version: v2 {{(pid=99808) process_request /opt/stack/glance/glance/api/middleware/version_negotiation.py:69}}
Jul 18 13:09:45.846337 np0000005387 devstack@g-api.service[99808]: DEBUG glance.api.middleware.version_negotiation [None req-ad7218c4-2e4d-468b-b284-2b6993e198e6 tempest-ServerBootFromVolumeStableRescueTest-2068311727 tempest-ServerBootFromVolumeStableRescueTest-2068311727-project-member] new path /v2/images/aa8e56fb-e68b-4544-9d66-af439381da13 {{(pid=99808) process_request /opt/stack/glance/glance/api/middleware/version_negotiation.py:70}}
Jul 18 13:09:45.850836 np0000005387 devstack@g-api.service[99810]: DEBUG swiftclient [None req-bd813a27-6418-47e9-9033-3641d91e21d2 tempest-ServerBootFromVolumeStableRescueTest-2068311727 tempest-ServerBootFromVolumeStableRescueTest-2068311727-project-member] REQ: curl -i https://10.4.3.133:8080/v1/AUTH_13a8bcd6e7d94003960e156e02675844/glance/aa8e56fb-e68b-4544-9d66-af439381da13-00001 -X PUT -H "X-Auth-Token: gAAAAABqW3sYIyBr..." {{(pid=99810) http_log /opt/stack/data/venv/lib/python3.12/site-packages/swiftclient/client.py:160}}
Jul 18 13:09:45.851543 np0000005387 devstack@g-api.service[99810]: DEBUG swiftclient [None req-bd813a27-6418-47e9-9033-3641d91e21d2 tempest-ServerBootFromVolumeStableRescueTest-2068311727 tempest-ServerBootFromVolumeStableRescueTest-2068311727-project-member] RESP STATUS: 201 Created {{(pid=99810) http_log /opt/stack/data/venv/lib/python3.12/site-packages/swiftclient/client.py:161}}
Jul 18 13:09:45.851543 np0000005387 devstack@g-api.service[99810]: DEBUG swiftclient [None req-bd813a27-6418-47e9-9033-3641d91e21d2 tempest-ServerBootFromVolumeStableRescueTest-2068311727 tempest-ServerBootFromVolumeStableRescueTest-2068311727-project-member] RESP HEADERS: {'Date': 'Sat, 18 Jul 2026 13:09:45 GMT', 'Server': 'Apache/2.4.58 (Ubuntu)', 'Content-Type': 'text/html; charset=UTF-8', 'Content-Length': '0', 'Etag': '4fa343ee581d8d2e78533191fd1ac3e1', 'Last-Modified': 'Sat, 18 Jul 2026 13:09:46 GMT', 'X-Trans-Id': 'tx97a8bfef5d89453e8e069-006a5b7b19', 'X-Openstack-Request-Id': 'tx97a8bfef5d89453e8e069-006a5b7b19', 'Connection': 'close'} {{(pid=99810) http_log /opt/stack/data/venv/lib/python3.12/site-packages/swiftclient/client.py:162}}
Jul 18 13:09:45.851543 np0000005387 devstack@g-api.service[99810]: DEBUG glance_store._drivers.swift.store [None req-bd813a27-6418-47e9-9033-3641d91e21d2 tempest-ServerBootFromVolumeStableRescueTest-2068311727 tempest-ServerBootFromVolumeStableRescueTest-2068311727-project-member] Wrote chunk aa8e56fb-e68b-4544-9d66-af439381da13-00001 (1/?) of length 23527424 to Swift returning MD5 of content: 4fa343ee581d8d2e78533191fd1ac3e1 {{(pid=99810) add /opt/stack/data/venv/lib/python3.12/site-packages/glance_store/_drivers/swift/store.py:1059}}
Jul 18 13:09:45.852514 np0000005387 devstack@g-api.service[99810]: DEBUG glance_store._drivers.swift.store [None req-bd813a27-6418-47e9-9033-3641d91e21d2 tempest-ServerBootFromVolumeStableRescueTest-2068311727 tempest-ServerBootFromVolumeStableRescueTest-2068311727-project-member] Not writing zero-length chunk. {{(pid=99810) add /opt/stack/data/venv/lib/python3.12/site-packages/glance_store/_drivers/swift/store.py:1028}}
Jul 18 13:09:45.876147 np0000005387 devstack@g-api.service[99808]: [pid: 99808|app: 0|req: 48/145] 127.0.0.1 () {40 vars in 838 bytes} [Sat Jul 18 13:09:45 2026] GET /v2/images/aa8e56fb-e68b-4544-9d66-af439381da13 => generated 1470 bytes in 30 msecs (HTTP/1.1 200) 4 headers in 158 bytes (1 switches on core 0)
Jul 18 13:09:45.902293 np0000005387 devstack@g-api.service[99810]: DEBUG swiftclient [None req-bd813a27-6418-47e9-9033-3641d91e21d2 tempest-ServerBootFromVolumeStableRescueTest-2068311727 tempest-ServerBootFromVolumeStableRescueTest-2068311727-project-member] REQ: curl -i https://10.4.3.133:8080/v1/AUTH_13a8bcd6e7d94003960e156e02675844/glance/aa8e56fb-e68b-4544-9d66-af439381da13 -X PUT -H "X-Object-Manifest: glance/aa8e56fb-e68b-4544-9d66-af439381da13-" -H "X-Auth-Token: gAAAAABqW3sYIyBr..." -H "Content-Length: 0" {{(pid=99810) http_log /opt/stack/data/venv/lib/python3.12/site-packages/swiftclient/client.py:160}}
Jul 18 13:09:45.902293 np0000005387 devstack@g-api.service[99810]: DEBUG swiftclient [None req-bd813a27-6418-47e9-9033-3641d91e21d2 tempest-ServerBootFromVolumeStableRescueTest-2068311727 tempest-ServerBootFromVolumeStableRescueTest-2068311727-project-member] RESP STATUS: 201 Created {{(pid=99810) http_log /opt/stack/data/venv/lib/python3.12/site-packages/swiftclient/client.py:161}}
