Jul 18 13:06:04.526067 np0000005387 nova-scheduler[93507]: DEBUG cotyledon.oslo_config_glue [-] oslo_messaging_rabbit.rabbit_login_method = AMQPLAIN {{(pid=93507) log_opt_values /opt/stack/data/venv/lib/python3.12/site-packages/oslo_config/cfg.py:3253}}
Jul 18 13:06:04.526067 np0000005387 nova-scheduler[93507]: DEBUG cotyledon.oslo_config_glue [-] oslo_messaging_rabbit.rabbit_qos_prefetch_count = 0 {{(pid=93507) log_opt_values /opt/stack/data/venv/lib/python3.12/site-packages/oslo_config/cfg.py:3253}}
Jul 18 13:06:04.526067 np0000005387 nova-scheduler[93507]: DEBUG cotyledon.oslo_config_glue [-] oslo_messaging_rabbit.rabbit_quorum_delivery_limit = 0 {{(pid=93507) log_opt_values /opt/stack/data/venv/lib/python3.12/site-packages/oslo_config/cfg.py:3253}}
Jul 18 13:06:04.526067 np0000005387 nova-scheduler[93507]: DEBUG cotyledon.oslo_config_glue [-] oslo_messaging_rabbit.rabbit_quorum_max_memory_bytes = 0 {{(pid=93507) log_opt_values /opt/stack/data/venv/lib/python3.12/site-packages/oslo_config/cfg.py:3253}}
Jul 18 13:06:04.526067 np0000005387 nova-scheduler[93507]: DEBUG cotyledon.oslo_config_glue [-] oslo_messaging_rabbit.rabbit_quorum_max_memory_length = 0 {{(pid=93507) log_opt_values /opt/stack/data/venv/lib/python3.12/site-packages/oslo_config/cfg.py:3253}}
Jul 18 13:06:04.526067 np0000005387 nova-scheduler[93507]: DEBUG cotyledon.oslo_config_glue [-] oslo_messaging_rabbit.rabbit_quorum_queue = False {{(pid=93507) log_opt_values /opt/stack/data/venv/lib/python3.12/site-packages/oslo_config/cfg.py:3253}}
Jul 18 13:06:04.526067 np0000005387 nova-scheduler[93507]: DEBUG cotyledon.oslo_config_glue [-] oslo_messaging_rabbit.rabbit_retry_backoff = 2 {{(pid=93507) log_opt_values /opt/stack/data/venv/lib/python3.12/site-packages/oslo_config/cfg.py:3253}}
Jul 18 13:06:04.526324 np0000005387 nova-scheduler[93507]: DEBUG cotyledon.oslo_config_glue [-] oslo_messaging_rabbit.rabbit_retry_interval = 1 {{(pid=93507) log_opt_values /opt/stack/data/venv/lib/python3.12/site-packages/oslo_config/cfg.py:3253}}
Jul 18 13:06:04.526324 np0000005387 nova-scheduler[93507]: DEBUG cotyledon.oslo_config_glue [-] oslo_messaging_rabbit.rabbit_stream_fanout = False {{(pid=93507) log_opt_values /opt/stack/data/venv/lib/python3.12/site-packages/oslo_config/cfg.py:3253}}
Jul 18 13:06:04.526324 np0000005387 nova-scheduler[93507]: DEBUG cotyledon.oslo_config_glue [-] oslo_messaging_rabbit.rabbit_transient_queues_ttl = 1800 {{(pid=93507) log_opt_values /opt/stack/data/venv/lib/python3.12/site-packages/oslo_config/cfg.py:3253}}
Jul 18 13:06:04.526324 np0000005387 nova-scheduler[93507]: DEBUG cotyledon.oslo_config_glue [-] oslo_messaging_rabbit.rabbit_transient_quorum_queue = False {{(pid=93507) log_opt_values /opt/stack/data/venv/lib/python3.12/site-packages/oslo_config/cfg.py:3253}}
Jul 18 13:06:04.526324 np0000005387 nova-scheduler[93507]: DEBUG cotyledon.oslo_config_glue [-] oslo_messaging_rabbit.rpc_conn_pool_size = 30 {{(pid=93507) log_opt_values /opt/stack/data/venv/lib/python3.12/site-packages/oslo_config/cfg.py:3253}}
Jul 18 13:06:04.526324 np0000005387 nova-scheduler[93507]: DEBUG cotyledon.oslo_config_glue [-] oslo_messaging_rabbit.ssl = False {{(pid=93507) log_opt_values /opt/stack/data/venv/lib/python3.12/site-packages/oslo_config/cfg.py:3253}}
Jul 18 13:06:04.526324 np0000005387 nova-scheduler[93507]: DEBUG cotyledon.oslo_config_glue [-] oslo_messaging_rabbit.ssl_ca_file = {{(pid=93507) log_opt_values /opt/stack/data/venv/lib/python3.12/site-packages/oslo_config/cfg.py:3253}}
Jul 18 13:06:04.526324 np0000005387 nova-scheduler[93507]: DEBUG cotyledon.oslo_config_glue [-] oslo_messaging_rabbit.ssl_cert_file = {{(pid=93507) log_opt_values /opt/stack/data/venv/lib/python3.12/site-packages/oslo_config/cfg.py:3253}}
Jul 18 13:06:04.526324 np0000005387 nova-scheduler[93507]: DEBUG cotyledon.oslo_config_glue [-] oslo_messaging_rabbit.ssl_enforce_fips_mode = False {{(pid=93507) log_opt_values /opt/stack/data/venv/lib/python3.12/site-packages/oslo_config/cfg.py:3253}}
Jul 18 13:06:04.526610 np0000005387 nova-scheduler[93507]: DEBUG cotyledon.oslo_config_glue [-] oslo_messaging_rabbit.ssl_enforce_hostname_verification = True {{(pid=93507) log_opt_values /opt/stack/data/venv/lib/python3.12/site-packages/oslo_config/cfg.py:3253}}
Jul 18 13:06:04.526610 np0000005387 nova-scheduler[93507]: DEBUG cotyledon.oslo_config_glue [-] oslo_messaging_rabbit.ssl_key_file = {{(pid=93507) log_opt_values /opt/stack/data/venv/lib/python3.12/site-packages/oslo_config/cfg.py:3253}}
Jul 18 13:06:04.526610 np0000005387 nova-scheduler[93507]: DEBUG cotyledon.oslo_config_glue [-] oslo_messaging_rabbit.ssl_version = {{(pid=93507) log_opt_values /opt/stack/data/venv/lib/python3.12/site-packages/oslo_config/cfg.py:3253}}
Jul 18 13:06:04.526610 np0000005387 nova-scheduler[93507]: DEBUG cotyledon.oslo_config_glue [-] oslo_messaging_rabbit.use_queue_manager = False {{(pid=93507) log_opt_values /opt/stack/data/venv/lib/python3.12/site-packages/oslo_config/cfg.py:3253}}
Jul 18 13:06:04.526610 np0000005387 nova-scheduler[93507]: DEBUG cotyledon.oslo_config_glue [-] oslo_messaging_notifications.driver = ['messagingv2'] {{(pid=93507) log_opt_values /opt/stack/data/venv/lib/python3.12/site-packages/oslo_config/cfg.py:3253}}
Jul 18 13:06:04.526610 np0000005387 nova-scheduler[93507]: DEBUG cotyledon.oslo_config_glue [-] oslo_messaging_notifications.retry = -1 {{(pid=93507) log_opt_values /opt/stack/data/venv/lib/python3.12/site-packages/oslo_config/cfg.py:3253}}
Jul 18 13:06:04.526610 np0000005387 nova-scheduler[93507]: DEBUG cotyledon.oslo_config_glue [-] oslo_messaging_notifications.topics = ['notifications'] {{(pid=93507) log_opt_values /opt/stack/data/venv/lib/python3.12/site-packages/oslo_config/cfg.py:3253}}
Jul 18 13:06:04.526610 np0000005387 nova-scheduler[93507]: DEBUG cotyledon.oslo_config_glue [-] oslo_messaging_notifications.transport_url = **** {{(pid=93507) log_opt_values /opt/stack/data/venv/lib/python3.12/site-packages/oslo_config/cfg.py:3253}}
Jul 18 13:06:04.526610 np0000005387 nova-scheduler[93507]: DEBUG cotyledon.oslo_config_glue [-] oslo_limit.auth_section = None {{(pid=93507) log_opt_values /opt/stack/data/venv/lib/python3.12/site-packages/oslo_config/cfg.py:3253}}
Jul 18 13:06:04.526904 np0000005387 nova-scheduler[93507]: DEBUG cotyledon.oslo_config_glue [-] oslo_limit.auth_type = None {{(pid=93507) log_opt_values /opt/stack/data/venv/lib/python3.12/site-packages/oslo_config/cfg.py:3253}}
Jul 18 13:06:04.526904 np0000005387 nova-scheduler[93507]: DEBUG cotyledon.oslo_config_glue [-] oslo_limit.cafile = None {{(pid=93507) log_opt_values /opt/stack/data/venv/lib/python3.12/site-packages/oslo_config/cfg.py:3253}}
Jul 18 13:06:04.526904 np0000005387 nova-scheduler[93507]: DEBUG cotyledon.oslo_config_glue [-] oslo_limit.certfile = None {{(pid=93507) log_opt_values /opt/stack/data/venv/lib/python3.12/site-packages/oslo_config/cfg.py:3253}}
Jul 18 13:06:04.526904 np0000005387 nova-scheduler[93507]: DEBUG cotyledon.oslo_config_glue [-] oslo_limit.collect_timing = False {{(pid=93507) log_opt_values /opt/stack/data/venv/lib/python3.12/site-packages/oslo_config/cfg.py:3253}}
Jul 18 13:06:04.526904 np0000005387 nova-scheduler[93507]: DEBUG cotyledon.oslo_config_glue [-] oslo_limit.connect_retries = None {{(pid=93507) log_opt_values /opt/stack/data/venv/lib/python3.12/site-packages/oslo_config/cfg.py:3253}}
Jul 18 13:06:04.526904 np0000005387 nova-scheduler[93507]: DEBUG cotyledon.oslo_config_glue [-] oslo_limit.connect_retry_delay = None {{(pid=93507) log_opt_values /opt/stack/data/venv/lib/python3.12/site-packages/oslo_config/cfg.py:3253}}
Jul 18 13:06:04.526904 np0000005387 nova-scheduler[93507]: DEBUG cotyledon.oslo_config_glue [-] oslo_limit.endpoint_id = None {{(pid=93507) log_opt_values /opt/stack/data/venv/lib/python3.12/site-packages/oslo_config/cfg.py:3253}}
Jul 18 13:06:04.526904 np0000005387 nova-scheduler[93507]: DEBUG cotyledon.oslo_config_glue [-] oslo_limit.endpoint_interface = public {{(pid=93507) log_opt_values /opt/stack/data/venv/lib/python3.12/site-packages/oslo_config/cfg.py:3253}}
Jul 18 13:06:04.526904 np0000005387 nova-scheduler[93507]: DEBUG cotyledon.oslo_config_glue [-] oslo_limit.endpoint_override = None {{(pid=93507) log_opt_values /opt/stack/data/venv/lib/python3.12/site-packages/oslo_config/cfg.py:3253}}
Jul 18 13:06:04.527183 np0000005387 nova-scheduler[93507]: DEBUG cotyledon.oslo_config_glue [-] oslo_limit.endpoint_region_name = None {{(pid=93507) log_opt_values /opt/stack/data/venv/lib/python3.12/site-packages/oslo_config/cfg.py:3253}}
Jul 18 13:06:04.527183 np0000005387 nova-scheduler[93507]: DEBUG cotyledon.oslo_config_glue [-] oslo_limit.endpoint_service_name = None {{(pid=93507) log_opt_values /opt/stack/data/venv/lib/python3.12/site-packages/oslo_config/cfg.py:3253}}
Jul 18 13:06:04.527183 np0000005387 nova-scheduler[93507]: DEBUG cotyledon.oslo_config_glue [-] oslo_limit.endpoint_service_type = None {{(pid=93507) log_opt_values /opt/stack/data/venv/lib/python3.12/site-packages/oslo_config/cfg.py:3253}}
Jul 18 13:06:04.527183 np0000005387 nova-scheduler[93507]: DEBUG cotyledon.oslo_config_glue [-] oslo_limit.insecure = False {{(pid=93507) log_opt_values /opt/stack/data/venv/lib/python3.12/site-packages/oslo_config/cfg.py:3253}}
Jul 18 13:06:04.527183 np0000005387 nova-scheduler[93507]: DEBUG cotyledon.oslo_config_glue [-] oslo_limit.keyfile = None {{(pid=93507) log_opt_values /opt/stack/data/venv/lib/python3.12/site-packages/oslo_config/cfg.py:3253}}
Jul 18 13:06:04.527183 np0000005387 nova-scheduler[93507]: DEBUG cotyledon.oslo_config_glue [-] oslo_limit.max_version = None {{(pid=93507) log_opt_values /opt/stack/data/venv/lib/python3.12/site-packages/oslo_config/cfg.py:3253}}
Jul 18 13:06:04.527183 np0000005387 nova-scheduler[93507]: DEBUG cotyledon.oslo_config_glue [-] oslo_limit.min_version = None {{(pid=93507) log_opt_values /opt/stack/data/venv/lib/python3.12/site-packages/oslo_config/cfg.py:3253}}
Jul 18 13:06:04.527183 np0000005387 nova-scheduler[93507]: DEBUG cotyledon.oslo_config_glue [-] oslo_limit.region_name = None {{(pid=93507) log_opt_values /opt/stack/data/venv/lib/python3.12/site-packages/oslo_config/cfg.py:3253}}
Jul 18 13:06:04.527183 np0000005387 nova-scheduler[93507]: DEBUG cotyledon.oslo_config_glue [-] oslo_limit.retriable_status_codes = None {{(pid=93507) log_opt_values /opt/stack/data/venv/lib/python3.12/site-packages/oslo_config/cfg.py:3253}}
Jul 18 13:06:04.527453 np0000005387 nova-scheduler[93507]: DEBUG cotyledon.oslo_config_glue [-] oslo_limit.service_name = None {{(pid=93507) log_opt_values /opt/stack/data/venv/lib/python3.12/site-packages/oslo_config/cfg.py:3253}}
Jul 18 13:06:04.527453 np0000005387 nova-scheduler[93507]: DEBUG cotyledon.oslo_config_glue [-] oslo_limit.service_type = None {{(pid=93507) log_opt_values /opt/stack/data/venv/lib/python3.12/site-packages/oslo_config/cfg.py:3253}}
Jul 18 13:06:04.527453 np0000005387 nova-scheduler[93507]: DEBUG cotyledon.oslo_config_glue [-] oslo_limit.split_loggers = False {{(pid=93507) log_opt_values /opt/stack/data/venv/lib/python3.12/site-packages/oslo_config/cfg.py:3253}}
Jul 18 13:06:04.527453 np0000005387 nova-scheduler[93507]: DEBUG cotyledon.oslo_config_glue [-] oslo_limit.status_code_retries = None {{(pid=93507) log_opt_values /opt/stack/data/venv/lib/python3.12/site-packages/oslo_config/cfg.py:3253}}
Jul 18 13:06:04.527453 np0000005387 nova-scheduler[93507]: DEBUG cotyledon.oslo_config_glue [-] oslo_limit.status_code_retry_delay = None {{(pid=93507) log_opt_values /opt/stack/data/venv/lib/python3.12/site-packages/oslo_config/cfg.py:3253}}
Jul 18 13:06:04.527453 np0000005387 nova-scheduler[93507]: DEBUG cotyledon.oslo_config_glue [-] oslo_limit.timeout = None {{(pid=93507) log_opt_values /opt/stack/data/venv/lib/python3.12/site-packages/oslo_config/cfg.py:3253}}
Jul 18 13:06:04.527654 np0000005387 nova-scheduler[93509]: INFO dbcounter [None req-6a9802ac-e8e7-4e20-a687-5a7a9b1d278c None None] Registered counter for database nova_cell0
Jul 18 13:06:04.527693 np0000005387 nova-scheduler[93507]: DEBUG cotyledon.oslo_config_glue [-] oslo_limit.valid_interfaces = None {{(pid=93507) log_opt_values /opt/stack/data/venv/lib/python3.12/site-packages/oslo_config/cfg.py:3253}}
Jul 18 13:06:04.527693 np0000005387 nova-scheduler[93507]: DEBUG cotyledon.oslo_config_glue [-] oslo_limit.version = None {{(pid=93507) log_opt_values /opt/stack/data/venv/lib/python3.12/site-packages/oslo_config/cfg.py:3253}}
Jul 18 13:06:04.527693 np0000005387 nova-scheduler[93507]: DEBUG cotyledon.oslo_config_glue [-] oslo_reports.file_event_handler = None {{(pid=93507) log_opt_values /opt/stack/data/venv/lib/python3.12/site-packages/oslo_config/cfg.py:3253}}
Jul 18 13:06:04.527693 np0000005387 nova-scheduler[93507]: DEBUG cotyledon.oslo_config_glue [-] oslo_reports.file_event_handler_interval = 1 {{(pid=93507) log_opt_values /opt/stack/data/venv/lib/python3.12/site-packages/oslo_config/cfg.py:3253}}
Jul 18 13:06:04.527693 np0000005387 nova-scheduler[93507]: DEBUG cotyledon.oslo_config_glue [-] oslo_reports.log_dir = None {{(pid=93507) log_opt_values /opt/stack/data/venv/lib/python3.12/site-packages/oslo_config/cfg.py:3253}}
Jul 18 13:06:04.527693 np0000005387 nova-scheduler[93507]: DEBUG cotyledon.oslo_config_glue [-] ******************************************************************************** {{(pid=93507) log_opt_values /opt/stack/data/venv/lib/python3.12/site-packages/oslo_config/cfg.py:3260}}
Jul 18 13:06:04.527693 np0000005387 nova-scheduler[93507]: DEBUG cotyledon._service_worker [-] Run service ServiceWrapper(1) [93507] {{(pid=93507) wait_forever /opt/stack/data/venv/lib/python3.12/site-packages/cotyledon/_service_worker.py:218}}
Jul 18 13:06:04.527693 np0000005387 nova-scheduler[93507]: INFO nova.service [-] Starting scheduler node (version 33.1.0)
Jul 18 13:06:04.527693 np0000005387 nova-scheduler[93507]: INFO dbcounter [None req-44bd410c-4b14-4bb8-88ca-ef65bb322fa1 None None] Registered counter for database nova_cell0
Jul 18 13:06:04.528004 np0000005387 nova-scheduler[93505]: DEBUG oslo_db.sqlalchemy.engines [None req-180c3619-55d4-4e6c-94cd-13e6d5f6782c None None] MySQL server mode set to STRICT_TRANS_TABLES,STRICT_ALL_TABLES,NO_ZERO_IN_DATE,NO_ZERO_DATE,ERROR_FOR_DIVISION_BY_ZERO,TRADITIONAL,NO_ENGINE_SUBSTITUTION {{(pid=93505) _check_effective_sql_mode /opt/stack/data/venv/lib/python3.12/site-packages/oslo_db/sqlalchemy/engines.py:325}}
Jul 18 13:06:04.530541 np0000005387 nova-scheduler[93505]: DEBUG dbcounter [-] [93505] Writer thread running {{(pid=93505) stat_writer /opt/stack/data/venv/lib/python3.12/site-packages/dbcounter.py:102}}
Jul 18 13:06:04.545708 np0000005387 nova-scheduler[93509]: DEBUG oslo_db.sqlalchemy.engines [None req-6a9802ac-e8e7-4e20-a687-5a7a9b1d278c None None] MySQL server mode set to STRICT_TRANS_TABLES,STRICT_ALL_TABLES,NO_ZERO_IN_DATE,NO_ZERO_DATE,ERROR_FOR_DIVISION_BY_ZERO,TRADITIONAL,NO_ENGINE_SUBSTITUTION {{(pid=93509) _check_effective_sql_mode /opt/stack/data/venv/lib/python3.12/site-packages/oslo_db/sqlalchemy/engines.py:325}}
Jul 18 13:06:04.549292 np0000005387 nova-scheduler[93505]: DEBUG nova.service [None req-180c3619-55d4-4e6c-94cd-13e6d5f6782c None None] Creating RPC server for service: nova-scheduler on topic: scheduler {{(pid=93505) start /opt/stack/nova/nova/service.py:196}}
Jul 18 13:06:04.556551 np0000005387 nova-scheduler[93507]: DEBUG oslo_db.sqlalchemy.engines [None req-44bd410c-4b14-4bb8-88ca-ef65bb322fa1 None None] MySQL server mode set to STRICT_TRANS_TABLES,STRICT_ALL_TABLES,NO_ZERO_IN_DATE,NO_ZERO_DATE,ERROR_FOR_DIVISION_BY_ZERO,TRADITIONAL,NO_ENGINE_SUBSTITUTION {{(pid=93507) _check_effective_sql_mode /opt/stack/data/venv/lib/python3.12/site-packages/oslo_db/sqlalchemy/engines.py:325}}
Jul 18 13:06:04.558314 np0000005387 nova-scheduler[93509]: DEBUG dbcounter [-] [93509] Writer thread running {{(pid=93509) stat_writer /opt/stack/data/venv/lib/python3.12/site-packages/dbcounter.py:102}}
Jul 18 13:06:04.561601 np0000005387 nova-scheduler[93509]: DEBUG nova.service [None req-6a9802ac-e8e7-4e20-a687-5a7a9b1d278c None None] Creating RPC server for service: nova-scheduler on topic: scheduler {{(pid=93509) start /opt/stack/nova/nova/service.py:196}}
Jul 18 13:06:04.568481 np0000005387 nova-scheduler[93507]: DEBUG dbcounter [-] [93507] Writer thread running {{(pid=93507) stat_writer /opt/stack/data/venv/lib/python3.12/site-packages/dbcounter.py:102}}
Jul 18 13:06:04.573382 np0000005387 nova-scheduler[93507]: DEBUG nova.service [None req-44bd410c-4b14-4bb8-88ca-ef65bb322fa1 None None] Creating RPC server for service: nova-scheduler on topic: scheduler {{(pid=93507) start /opt/stack/nova/nova/service.py:196}}
Jul 18 13:06:04.582579 np0000005387 nova-scheduler[93505]: DEBUG nova.service [None req-180c3619-55d4-4e6c-94cd-13e6d5f6782c None None] Join ServiceGroup membership for this service scheduler {{(pid=93505) start /opt/stack/nova/nova/service.py:222}}
Jul 18 13:06:04.583144 np0000005387 nova-scheduler[93505]: DEBUG nova.servicegroup.drivers.db [None req-180c3619-55d4-4e6c-94cd-13e6d5f6782c None None] DB_Driver: join new ServiceGroup member np0000005387 to the scheduler group, service = {{(pid=93505) join /opt/stack/nova/nova/servicegroup/drivers/db.py:44}}
Jul 18 13:06:04.585780 np0000005387 nova-scheduler[93509]: DEBUG nova.service [None req-6a9802ac-e8e7-4e20-a687-5a7a9b1d278c None None] Join ServiceGroup membership for this service scheduler {{(pid=93509) start /opt/stack/nova/nova/service.py:222}}
Jul 18 13:06:04.586090 np0000005387 nova-scheduler[93509]: DEBUG nova.servicegroup.drivers.db [None req-6a9802ac-e8e7-4e20-a687-5a7a9b1d278c None None] DB_Driver: join new ServiceGroup member np0000005387 to the scheduler group, service = {{(pid=93509) join /opt/stack/nova/nova/servicegroup/drivers/db.py:44}}
Jul 18 13:06:04.592778 np0000005387 nova-scheduler[93507]: DEBUG nova.service [None req-44bd410c-4b14-4bb8-88ca-ef65bb322fa1 None None] Join ServiceGroup membership for this service scheduler {{(pid=93507) start /opt/stack/nova/nova/service.py:222}}
Jul 18 13:06:04.593054 np0000005387 nova-scheduler[93507]: DEBUG nova.servicegroup.drivers.db [None req-44bd410c-4b14-4bb8-88ca-ef65bb322fa1 None None] DB_Driver: join new ServiceGroup member np0000005387 to the scheduler group, service = {{(pid=93507) join /opt/stack/nova/nova/servicegroup/drivers/db.py:44}}
Jul 18 13:06:07.586244 np0000005387 nova-scheduler[93505]: DEBUG oslo.service.backend._threading.loopingcall [None req-d5633856-3633-4bc9-b82c-0450788c8b99 None None] Dynamic interval looping call 'nova.service.Service.periodic_tasks' sleeping for 60.00 seconds {{(pid=93505) _run_loop /opt/stack/data/venv/lib/python3.12/site-packages/oslo_service/backend/_threading/loopingcall.py:125}}
Jul 18 13:06:09.597627 np0000005387 nova-scheduler[93505]: DEBUG oslo.service.backend._threading.loopingcall [-] Fixed interval looping call 'nova.servicegroup.drivers.db.DbDriver._report_state' sleeping for 119.99 seconds {{(pid=93505) _run_loop /opt/stack/data/venv/lib/python3.12/site-packages/oslo_service/backend/_threading/loopingcall.py:125}}
Jul 18 13:06:09.603062 np0000005387 nova-scheduler[93509]: DEBUG oslo.service.backend._threading.loopingcall [-] Fixed interval looping call 'nova.servicegroup.drivers.db.DbDriver._report_state' sleeping for 119.99 seconds {{(pid=93509) _run_loop /opt/stack/data/venv/lib/python3.12/site-packages/oslo_service/backend/_threading/loopingcall.py:125}}
Jul 18 13:06:09.604756 np0000005387 nova-scheduler[93507]: DEBUG oslo.service.backend._threading.loopingcall [-] Fixed interval looping call 'nova.servicegroup.drivers.db.DbDriver._report_state' sleeping for 119.99 seconds {{(pid=93507) _run_loop /opt/stack/data/venv/lib/python3.12/site-packages/oslo_service/backend/_threading/loopingcall.py:125}}
Jul 18 13:06:13.096430 np0000005387 nova-scheduler[92310]: DEBUG dbcounter [-] [92310] Writing DB stats nova_api:SELECT=3 {{(pid=92310) stat_writer /opt/stack/data/venv/lib/python3.12/site-packages/dbcounter.py:115}}
Jul 18 13:06:13.224887 np0000005387 nova-scheduler[92310]: DEBUG dbcounter [-] [92310] Writing DB stats nova_cell1:SELECT=1 {{(pid=92310) stat_writer /opt/stack/data/venv/lib/python3.12/site-packages/dbcounter.py:115}}
Jul 18 13:06:13.238030 np0000005387 nova-scheduler[92310]: DEBUG dbcounter [-] [92310] Writing DB stats nova_cell0:SELECT=1 {{(pid=92310) stat_writer /opt/stack/data/venv/lib/python3.12/site-packages/dbcounter.py:115}}
Jul 18 13:06:19.596540 np0000005387 nova-scheduler[93505]: DEBUG dbcounter [-] [93505] Writing DB stats nova_cell0:SELECT=4,nova_cell0:INSERT=1,nova_cell0:UPDATE=1 {{(pid=93505) stat_writer /opt/stack/data/venv/lib/python3.12/site-packages/dbcounter.py:115}}
Jul 18 13:06:19.601076 np0000005387 nova-scheduler[93509]: DEBUG dbcounter [-] [93509] Writing DB stats nova_cell0:SELECT=3,nova_cell0:UPDATE=1 {{(pid=93509) stat_writer /opt/stack/data/venv/lib/python3.12/site-packages/dbcounter.py:115}}
Jul 18 13:06:19.604953 np0000005387 nova-scheduler[93507]: DEBUG dbcounter [-] [93507] Writing DB stats nova_cell0:SELECT=3 {{(pid=93507) stat_writer /opt/stack/data/venv/lib/python3.12/site-packages/dbcounter.py:115}}
Jul 18 13:06:22.589055 np0000005387 nova-scheduler[93509]: DEBUG oslo.service.backend._threading.loopingcall [None req-bbb0bc40-678e-4fe8-a8ed-b4a1f1cc5795 None None] Dynamic interval looping call 'nova.service.Service.periodic_tasks' sleeping for 60.00 seconds {{(pid=93509) _run_loop /opt/stack/data/venv/lib/python3.12/site-packages/oslo_service/backend/_threading/loopingcall.py:125}}
Jul 18 13:06:37.595138 np0000005387 nova-scheduler[93507]: DEBUG oslo.service.backend._threading.loopingcall [None req-2d2a7aed-ae6e-4e1b-8169-593b990be5fa None None] Dynamic interval looping call 'nova.service.Service.periodic_tasks' sleeping for 60.00 seconds {{(pid=93507) _run_loop /opt/stack/data/venv/lib/python3.12/site-packages/oslo_service/backend/_threading/loopingcall.py:125}}
Jul 18 13:07:07.586813 np0000005387 nova-scheduler[93505]: DEBUG oslo.service.backend._threading.loopingcall [None req-d5633856-3633-4bc9-b82c-0450788c8b99 None None] Dynamic interval looping call 'nova.service.Service.periodic_tasks' sleeping for 60.00 seconds {{(pid=93505) _run_loop /opt/stack/data/venv/lib/python3.12/site-packages/oslo_service/backend/_threading/loopingcall.py:125}}
Jul 18 13:07:22.589659 np0000005387 nova-scheduler[93509]: DEBUG oslo.service.backend._threading.loopingcall [None req-bbb0bc40-678e-4fe8-a8ed-b4a1f1cc5795 None None] Dynamic interval looping call 'nova.service.Service.periodic_tasks' sleeping for 60.00 seconds {{(pid=93509) _run_loop /opt/stack/data/venv/lib/python3.12/site-packages/oslo_service/backend/_threading/loopingcall.py:125}}
Jul 18 13:07:37.595636 np0000005387 nova-scheduler[93507]: DEBUG oslo.service.backend._threading.loopingcall [None req-2d2a7aed-ae6e-4e1b-8169-593b990be5fa None None] Dynamic interval looping call 'nova.service.Service.periodic_tasks' sleeping for 60.00 seconds {{(pid=93507) _run_loop /opt/stack/data/venv/lib/python3.12/site-packages/oslo_service/backend/_threading/loopingcall.py:125}}
Jul 18 13:08:07.587355 np0000005387 nova-scheduler[93505]: DEBUG oslo.service.backend._threading.loopingcall [None req-d5633856-3633-4bc9-b82c-0450788c8b99 None None] Dynamic interval looping call 'nova.service.Service.periodic_tasks' sleeping for 60.00 seconds {{(pid=93505) _run_loop /opt/stack/data/venv/lib/python3.12/site-packages/oslo_service/backend/_threading/loopingcall.py:125}}
Jul 18 13:08:09.598920 np0000005387 nova-scheduler[93505]: DEBUG oslo.service.backend._threading.loopingcall [-] Fixed interval looping call 'nova.servicegroup.drivers.db.DbDriver._report_state' sleeping for 119.99 seconds {{(pid=93505) _run_loop /opt/stack/data/venv/lib/python3.12/site-packages/oslo_service/backend/_threading/loopingcall.py:125}}
Jul 18 13:08:09.599562 np0000005387 nova-scheduler[93509]: DEBUG oslo.service.backend._threading.loopingcall [-] Fixed interval looping call 'nova.servicegroup.drivers.db.DbDriver._report_state' sleeping for 119.99 seconds {{(pid=93509) _run_loop /opt/stack/data/venv/lib/python3.12/site-packages/oslo_service/backend/_threading/loopingcall.py:125}}
Jul 18 13:08:09.600187 np0000005387 nova-scheduler[93507]: DEBUG oslo.service.backend._threading.loopingcall [-] Fixed interval looping call 'nova.servicegroup.drivers.db.DbDriver._report_state' sleeping for 119.99 seconds {{(pid=93507) _run_loop /opt/stack/data/venv/lib/python3.12/site-packages/oslo_service/backend/_threading/loopingcall.py:125}}
Jul 18 13:08:19.591069 np0000005387 nova-scheduler[93505]: DEBUG dbcounter [-] [93505] Writing DB stats nova_cell0:SELECT=1,nova_cell0:UPDATE=1 {{(pid=93505) stat_writer /opt/stack/data/venv/lib/python3.12/site-packages/dbcounter.py:115}}
Jul 18 13:08:19.596826 np0000005387 nova-scheduler[93509]: DEBUG dbcounter [-] [93509] Writing DB stats nova_cell0:SELECT=1,nova_cell0:UPDATE=1 {{(pid=93509) stat_writer /opt/stack/data/venv/lib/python3.12/site-packages/dbcounter.py:115}}
Jul 18 13:08:19.599355 np0000005387 nova-scheduler[93507]: DEBUG dbcounter [-] [93507] Writing DB stats nova_cell0:SELECT=1,nova_cell0:UPDATE=1 {{(pid=93507) stat_writer /opt/stack/data/venv/lib/python3.12/site-packages/dbcounter.py:115}}
Jul 18 13:08:22.590072 np0000005387 nova-scheduler[93509]: DEBUG oslo.service.backend._threading.loopingcall [None req-bbb0bc40-678e-4fe8-a8ed-b4a1f1cc5795 None None] Dynamic interval looping call 'nova.service.Service.periodic_tasks' sleeping for 60.00 seconds {{(pid=93509) _run_loop /opt/stack/data/venv/lib/python3.12/site-packages/oslo_service/backend/_threading/loopingcall.py:125}}
Jul 18 13:08:28.134019 np0000005387 nova-scheduler[93505]: DEBUG nova.scheduler.manager [None req-2dabc9dc-a16d-4918-8f41-b8b8ac5304a8 tempest-ImageDependencyTests-1428040831 tempest-ImageDependencyTests-1428040831-project-member] Starting to schedule for instances: ['75fa5379-02ba-4863-80b1-e1545d86fbfc'] {{(pid=93505) select_destinations /opt/stack/nova/nova/scheduler/manager.py:209}}
Jul 18 13:08:28.134623 np0000005387 nova-scheduler[93505]: DEBUG nova.scheduler.request_filter [None req-2dabc9dc-a16d-4918-8f41-b8b8ac5304a8 tempest-ImageDependencyTests-1428040831 tempest-ImageDependencyTests-1428040831-project-member] compute_status_filter request filter added forbidden trait COMPUTE_STATUS_DISABLED {{(pid=93505) compute_status_filter /opt/stack/nova/nova/scheduler/request_filter.py:253}}
Jul 18 13:08:28.134696 np0000005387 nova-scheduler[93505]: DEBUG nova.scheduler.request_filter [None req-2dabc9dc-a16d-4918-8f41-b8b8ac5304a8 tempest-ImageDependencyTests-1428040831 tempest-ImageDependencyTests-1428040831-project-member] Request filter 'compute_status_filter' took 0.0 seconds {{(pid=93505) wrapper /opt/stack/nova/nova/scheduler/request_filter.py:46}}
Jul 18 13:08:28.134841 np0000005387 nova-scheduler[93505]: DEBUG nova.scheduler.request_filter [None req-2dabc9dc-a16d-4918-8f41-b8b8ac5304a8 tempest-ImageDependencyTests-1428040831 tempest-ImageDependencyTests-1428040831-project-member] Request filter 'accelerators_filter' took 0.0 seconds {{(pid=93505) wrapper /opt/stack/nova/nova/scheduler/request_filter.py:46}}
Jul 18 13:08:28.135046 np0000005387 nova-scheduler[93505]: DEBUG nova.scheduler.request_filter [None req-2dabc9dc-a16d-4918-8f41-b8b8ac5304a8 tempest-ImageDependencyTests-1428040831 tempest-ImageDependencyTests-1428040831-project-member] Request filter 'packed_virtqueue_filter' took 0.0 seconds {{(pid=93505) wrapper /opt/stack/nova/nova/scheduler/request_filter.py:46}}
Jul 18 13:08:28.135258 np0000005387 nova-scheduler[93505]: DEBUG nova.scheduler.request_filter [None req-2dabc9dc-a16d-4918-8f41-b8b8ac5304a8 tempest-ImageDependencyTests-1428040831 tempest-ImageDependencyTests-1428040831-project-member] Request filter 'remote_managed_ports_filter' took 0.0 seconds {{(pid=93505) wrapper /opt/stack/nova/nova/scheduler/request_filter.py:46}}
Jul 18 13:08:28.135402 np0000005387 nova-scheduler[93505]: DEBUG nova.scheduler.request_filter [None req-2dabc9dc-a16d-4918-8f41-b8b8ac5304a8 tempest-ImageDependencyTests-1428040831 tempest-ImageDependencyTests-1428040831-project-member] ephemeral_encryption_filter skipped {{(pid=93505) ephemeral_encryption_filter /opt/stack/nova/nova/scheduler/request_filter.py:426}}
Jul 18 13:08:28.135785 np0000005387 nova-scheduler[93505]: DEBUG nova.scheduler.request_filter [None req-2dabc9dc-a16d-4918-8f41-b8b8ac5304a8 tempest-ImageDependencyTests-1428040831 tempest-ImageDependencyTests-1428040831-project-member] virtio_sound_filter skipped {{(pid=93505) virtio_sound_filter /opt/stack/nova/nova/scheduler/request_filter.py:460}}
Jul 18 13:08:28.135904 np0000005387 nova-scheduler[93505]: DEBUG nova.scheduler.request_filter [None req-2dabc9dc-a16d-4918-8f41-b8b8ac5304a8 tempest-ImageDependencyTests-1428040831 tempest-ImageDependencyTests-1428040831-project-member] tpm_secret_security_filter skipped {{(pid=93505) tpm_secret_security_filter /opt/stack/nova/nova/scheduler/request_filter.py:477}}
Jul 18 13:08:28.621403 np0000005387 nova-scheduler[93505]: INFO nova.utils [None req-2dabc9dc-a16d-4918-8f41-b8b8ac5304a8 tempest-ImageDependencyTests-1428040831 tempest-ImageDependencyTests-1428040831-project-member] The cell worker thread pool ForkProcess-1.cell_worker is initialized
Jul 18 13:08:28.621765 np0000005387 nova-scheduler[93505]: DEBUG oslo_concurrency.lockutils [None req-2dabc9dc-a16d-4918-8f41-b8b8ac5304a8 tempest-ImageDependencyTests-1428040831 tempest-ImageDependencyTests-1428040831-project-member] Acquiring lock "e346f73c-7898-4737-91e2-05a8dda07c70" by "nova.context.set_target_cell..get_or_set_cached_cell_and_set_connections" {{(pid=93505) inner /opt/stack/data/venv/lib/python3.12/site-packages/oslo_concurrency/lockutils.py:512}}
Jul 18 13:08:28.621994 np0000005387 nova-scheduler[93505]: DEBUG oslo_concurrency.lockutils [None req-2dabc9dc-a16d-4918-8f41-b8b8ac5304a8 tempest-ImageDependencyTests-1428040831 tempest-ImageDependencyTests-1428040831-project-member] Lock "e346f73c-7898-4737-91e2-05a8dda07c70" acquired by "nova.context.set_target_cell..get_or_set_cached_cell_and_set_connections" :: waited 0.000s {{(pid=93505) inner /opt/stack/data/venv/lib/python3.12/site-packages/oslo_concurrency/lockutils.py:525}}
Jul 18 13:08:28.623221 np0000005387 nova-scheduler[93505]: DEBUG oslo_concurrency.lockutils [None req-2dabc9dc-a16d-4918-8f41-b8b8ac5304a8 tempest-ImageDependencyTests-1428040831 tempest-ImageDependencyTests-1428040831-project-member] Lock "e346f73c-7898-4737-91e2-05a8dda07c70" "released" by "nova.context.set_target_cell..get_or_set_cached_cell_and_set_connections" :: held 0.001s {{(pid=93505) inner /opt/stack/data/venv/lib/python3.12/site-packages/oslo_concurrency/lockutils.py:544}}
Jul 18 13:08:28.625167 np0000005387 nova-scheduler[93505]: INFO dbcounter [None req-2dabc9dc-a16d-4918-8f41-b8b8ac5304a8 tempest-ImageDependencyTests-1428040831 tempest-ImageDependencyTests-1428040831-project-member] Registered counter for database nova_cell1
Jul 18 13:08:28.661978 np0000005387 nova-scheduler[93505]: DEBUG oslo_db.sqlalchemy.engines [None req-2dabc9dc-a16d-4918-8f41-b8b8ac5304a8 tempest-ImageDependencyTests-1428040831 tempest-ImageDependencyTests-1428040831-project-member] MySQL server mode set to STRICT_TRANS_TABLES,STRICT_ALL_TABLES,NO_ZERO_IN_DATE,NO_ZERO_DATE,ERROR_FOR_DIVISION_BY_ZERO,TRADITIONAL,NO_ENGINE_SUBSTITUTION {{(pid=93505) _check_effective_sql_mode /opt/stack/data/venv/lib/python3.12/site-packages/oslo_db/sqlalchemy/engines.py:325}}
Jul 18 13:08:28.667113 np0000005387 nova-scheduler[93505]: DEBUG dbcounter [-] [93505] Writer thread running {{(pid=93505) stat_writer /opt/stack/data/venv/lib/python3.12/site-packages/dbcounter.py:102}}
Jul 18 13:08:28.679679 np0000005387 nova-scheduler[93505]: DEBUG oslo_db.sqlalchemy.engines [None req-2dabc9dc-a16d-4918-8f41-b8b8ac5304a8 tempest-ImageDependencyTests-1428040831 tempest-ImageDependencyTests-1428040831-project-member] Parent process 92310 forked (93505) with an open database connection, which is being discarded and recreated. {{(pid=93505) checkout /opt/stack/data/venv/lib/python3.12/site-packages/oslo_db/sqlalchemy/engines.py:402}}
Jul 18 13:08:28.716452 np0000005387 nova-scheduler[93505]: DEBUG dbcounter [-] [93505] Writer thread running {{(pid=93505) stat_writer /opt/stack/data/venv/lib/python3.12/site-packages/dbcounter.py:102}}
Jul 18 13:08:28.718893 np0000005387 nova-scheduler[93505]: DEBUG oslo_concurrency.lockutils [None req-2dabc9dc-a16d-4918-8f41-b8b8ac5304a8 tempest-ImageDependencyTests-1428040831 tempest-ImageDependencyTests-1428040831-project-member] Acquiring lock "e346f73c-7898-4737-91e2-05a8dda07c70" by "nova.context.set_target_cell..get_or_set_cached_cell_and_set_connections" {{(pid=93505) inner /opt/stack/data/venv/lib/python3.12/site-packages/oslo_concurrency/lockutils.py:512}}
Jul 18 13:08:28.719476 np0000005387 nova-scheduler[93505]: DEBUG oslo_concurrency.lockutils [None req-2dabc9dc-a16d-4918-8f41-b8b8ac5304a8 tempest-ImageDependencyTests-1428040831 tempest-ImageDependencyTests-1428040831-project-member] Lock "e346f73c-7898-4737-91e2-05a8dda07c70" acquired by "nova.context.set_target_cell..get_or_set_cached_cell_and_set_connections" :: waited 0.001s {{(pid=93505) inner /opt/stack/data/venv/lib/python3.12/site-packages/oslo_concurrency/lockutils.py:525}}
Jul 18 13:08:28.719610 np0000005387 nova-scheduler[93505]: DEBUG oslo_concurrency.lockutils [None req-2dabc9dc-a16d-4918-8f41-b8b8ac5304a8 tempest-ImageDependencyTests-1428040831 tempest-ImageDependencyTests-1428040831-project-member] Lock "e346f73c-7898-4737-91e2-05a8dda07c70" "released" by "nova.context.set_target_cell..get_or_set_cached_cell_and_set_connections" :: held 0.000s {{(pid=93505) inner /opt/stack/data/venv/lib/python3.12/site-packages/oslo_concurrency/lockutils.py:544}}
Jul 18 13:08:28.724567 np0000005387 nova-scheduler[93505]: DEBUG oslo_concurrency.lockutils [None req-2dabc9dc-a16d-4918-8f41-b8b8ac5304a8 tempest-ImageDependencyTests-1428040831 tempest-ImageDependencyTests-1428040831-project-member] Acquiring lock "np0000005387-np0000005387" by "nova.scheduler.host_manager.HostState.update.._locked_update" {{(pid=93505) inner /opt/stack/data/venv/lib/python3.12/site-packages/oslo_concurrency/lockutils.py:512}}
Jul 18 13:08:28.724567 np0000005387 nova-scheduler[93505]: DEBUG oslo_concurrency.lockutils [None req-2dabc9dc-a16d-4918-8f41-b8b8ac5304a8 tempest-ImageDependencyTests-1428040831 tempest-ImageDependencyTests-1428040831-project-member] Lock "np0000005387-np0000005387" acquired by "nova.scheduler.host_manager.HostState.update.._locked_update" :: waited 0.000s {{(pid=93505) inner /opt/stack/data/venv/lib/python3.12/site-packages/oslo_concurrency/lockutils.py:525}}
Jul 18 13:08:28.725624 np0000005387 nova-scheduler[93505]: DEBUG nova.scheduler.host_manager [None req-2dabc9dc-a16d-4918-8f41-b8b8ac5304a8 tempest-ImageDependencyTests-1428040831 tempest-ImageDependencyTests-1428040831-project-member] Update host state from compute node: ComputeNode(cpu_allocation_ratio=4.0,cpu_info='{"arch": "x86_64", "model": "EPYC-Milan", "vendor": "AMD", "topology": {"cells": 1, "sockets": 16, "cores": 1, "threads": 1}, "maxphysaddr": {"mode": "emulate", "bits": 40}, "features": ["arat", "null-sel-clr-base", "3dnowprefetch", "fsrm", "avx2", "mce", "apic", "vmcb-clean", "fpu", "fsgsbase", "sha-ni", "popcnt", "osvw", "nrip-save", "pdpe1gb", "pae", "avx", "rdtscp", "ibrs", "cx16", "lbrv", "pause-filter", "ssbd", "ssse3", "fxsr_opt", "tsc-deadline", "xsaveerptr", "flushbyasid", "pcid", "vaes", "invpcid", "xsavec", "xsaves", "mca", "sse4.1", "tsc", "de", "sse4.2", "arch-capabilities", "syscall", "virt-ssbd", "nx", "tsc-scale", "tsc_adjust", "perfctr_core", "lm", "mtrr", "amd-ssbd", "cmp_legacy", "vpclmulqdq", "msr", "pge", "pschange-mc-no", "mmx", "amd-stibp", "pse", "rdctl-no", "v-vmsave-vmload", "cx8", "hypervisor", "lfence-always-serializing", "mds-no", "spec-ctrl", "smap", "cmov", "pku", "misalignsse", "vgif", "pse36", "sse2", "wbnoinvd", "skip-l1dfl-vmentry", "rdseed", "xgetbv1", "rdpid", "stibp", "umip", "fma", "mmxext", "clflushopt", "npt", "ibpb", "bmi1", "x2apic", "clzero", "erms", "smep", "svme-addr-chk", "movbe", "sse4a", "pclmuldq", "cr8legacy", "f16c", "abm", "rdrand", "gds-no", "sse", "clflush", "adx", "xsave", "fxsr", "pfthreshold", "aes", "stibp-always-on", "amd-psfd", "bmi2", "svm", "xsaveopt", "pni", "sep", "topoext", "vme", "pat", "clwb", "lahf_lm", "no-nested-data-bp"]}',created_at=2026-07-18T13:06:26Z,current_workload=0,deleted=False,deleted_at=None,disk_allocation_ratio=1.0,disk_available_least=73,free_disk_gb=95,free_ram_mb=62765,host='np0000005387',host_ip=10.4.3.133,hypervisor_hostname='np0000005387',hypervisor_type='QEMU',hypervisor_version=8002002,id=1,local_gb=95,local_gb_used=0,mapped=1,memory_mb=63277,memory_mb_used=512,metrics='[]',numa_topology='{"nova_object.name": "NUMATopology", "nova_object.namespace": "nova", "nova_object.version": "1.2", "nova_object.data": {"cells": [{"nova_object.name": "NUMACell", "nova_object.namespace": "nova", "nova_object.version": "1.5", "nova_object.data": {"id": 0, "cpuset": [0, 1, 2, 3, 4, 5, 6, 7, 8, 9, 10, 11, 12, 13, 14, 15], "pcpuset": [0, 1, 2, 3, 4, 5, 6, 7, 8, 9, 10, 11, 12, 13, 14, 15], "memory": 63277, "cpu_usage": 0, "memory_usage": 0, "pinned_cpus": [], "siblings": [[6], [12], [2], [15], [5], [11], [8], [14], [4], [1], [7], [10], [0], [13], [3], [9]], "mempages": [{"nova_object.name": "NUMAPagesTopology", "nova_object.namespace": "nova", "nova_object.version": "1.1", "nova_object.data": {"size_kb": 4, "total": 16177928, "used": 0, "reserved": 0}, "nova_object.changes": ["used", "total", "size_kb", "reserved"]}, {"nova_object.name": "NUMAPagesTopology", "nova_object.namespace": "nova", "nova_object.version": "1.1", "nova_object.data": {"size_kb": 2048, "total": 41, "used": 0, "reserved": 0}, "nova_object.changes": ["used", "total", "size_kb", "reserved"]}, {"nova_object.name": "NUMAPagesTopology", "nova_object.namespace": "nova", "nova_object.version": "1.1", "nova_object.data": {"size_kb": 1048576, "total": 0, "used": 0, "reserved": 0}, "nova_object.changes": ["used", "total", "size_kb", "reserved"]}], "network_metadata": {"nova_object.name": "NetworkMetadata", "nova_object.namespace": "nova", "nova_object.version": "1.0", "nova_object.data": {"physnets": [], "tunneled": false}, "nova_object.changes": ["physnets", "tunneled"]}, "socket": null}, "nova_object.changes": ["pinned_cpus", "socket", "memory_usage", "memory", "network_metadata", "id", "pcpuset", "siblings", "cpuset", "mempages", "cpu_usage"]}]}, "nova_object.changes": ["cells"]}',pci_device_pools=PciDevicePoolList,ram_allocation_ratio=1.0,running_vms=0,service_id=3,stats={failed_builds='0',uptime=' 13:08:13 up 13 min, 2 users, load average: 2.07, 1.72, 0.96
Jul 18 13:08:28.725624 np0000005387 nova-scheduler[93505]: '},supported_hv_specs=[HVSpec,HVSpec,HVSpec,HVSpec,HVSpec,HVSpec,HVSpec,HVSpec,HVSpec,HVSpec,HVSpec,HVSpec,HVSpec,HVSpec,HVSpec,HVSpec,HVSpec,HVSpec,HVSpec,HVSpec,HVSpec,HVSpec,HVSpec,HVSpec,HVSpec],updated_at=2026-07-18T13:08:14Z,uuid=2b9f3619-309e-459f-98f2-2517e6cbe202,vcpus=16,vcpus_used=0) {{(pid=93505) _locked_update /opt/stack/nova/nova/scheduler/host_manager.py:168}}
Jul 18 13:08:28.726657 np0000005387 nova-scheduler[93505]: DEBUG nova.scheduler.host_manager [None req-2dabc9dc-a16d-4918-8f41-b8b8ac5304a8 tempest-ImageDependencyTests-1428040831 tempest-ImageDependencyTests-1428040831-project-member] Update host state with aggregates: [] {{(pid=93505) _locked_update /opt/stack/nova/nova/scheduler/host_manager.py:171}}
Jul 18 13:08:28.727069 np0000005387 nova-scheduler[93505]: DEBUG nova.scheduler.host_manager [None req-2dabc9dc-a16d-4918-8f41-b8b8ac5304a8 tempest-ImageDependencyTests-1428040831 tempest-ImageDependencyTests-1428040831-project-member] Update host state with service dict: {'id': 3, 'uuid': 'd7422332-9917-4d66-b429-42463dd9ee36', 'host': 'np0000005387', 'binary': 'nova-compute', 'topic': 'compute', 'report_count': 1, 'disabled': False, 'disabled_reason': None, 'last_seen_up': datetime.datetime(2026, 7, 18, 13, 6, 32, tzinfo=datetime.timezone.utc), 'forced_down': False, 'version': 72, 'created_at': datetime.datetime(2026, 7, 18, 13, 6, 26, tzinfo=datetime.timezone.utc), 'updated_at': datetime.datetime(2026, 7, 18, 13, 6, 32, tzinfo=datetime.timezone.utc), 'deleted_at': None, 'deleted': False} {{(pid=93505) _locked_update /opt/stack/nova/nova/scheduler/host_manager.py:174}}
Jul 18 13:08:28.727069 np0000005387 nova-scheduler[93505]: DEBUG nova.scheduler.host_manager [None req-2dabc9dc-a16d-4918-8f41-b8b8ac5304a8 tempest-ImageDependencyTests-1428040831 tempest-ImageDependencyTests-1428040831-project-member] Update host state with instances: [] {{(pid=93505) _locked_update /opt/stack/nova/nova/scheduler/host_manager.py:177}}
Jul 18 13:08:28.727069 np0000005387 nova-scheduler[93505]: DEBUG oslo_concurrency.lockutils [None req-2dabc9dc-a16d-4918-8f41-b8b8ac5304a8 tempest-ImageDependencyTests-1428040831 tempest-ImageDependencyTests-1428040831-project-member] Lock "np0000005387-np0000005387" "released" by "nova.scheduler.host_manager.HostState.update.._locked_update" :: held 0.003s {{(pid=93505) inner /opt/stack/data/venv/lib/python3.12/site-packages/oslo_concurrency/lockutils.py:544}}
Jul 18 13:08:28.727586 np0000005387 nova-scheduler[93505]: DEBUG nova.filters [None req-2dabc9dc-a16d-4918-8f41-b8b8ac5304a8 tempest-ImageDependencyTests-1428040831 tempest-ImageDependencyTests-1428040831-project-member] Starting with 1 host(s) {{(pid=93505) get_filtered_objects /opt/stack/nova/nova/filters.py:70}}
Jul 18 13:08:28.727844 np0000005387 nova-scheduler[93505]: DEBUG nova.filters [None req-2dabc9dc-a16d-4918-8f41-b8b8ac5304a8 tempest-ImageDependencyTests-1428040831 tempest-ImageDependencyTests-1428040831-project-member] Filter ComputeFilter returned 1 host(s) {{(pid=93505) get_filtered_objects /opt/stack/nova/nova/filters.py:102}}
Jul 18 13:08:28.728056 np0000005387 nova-scheduler[93505]: DEBUG nova.filters [None req-2dabc9dc-a16d-4918-8f41-b8b8ac5304a8 tempest-ImageDependencyTests-1428040831 tempest-ImageDependencyTests-1428040831-project-member] Filter ComputeCapabilitiesFilter returned 1 host(s) {{(pid=93505) get_filtered_objects /opt/stack/nova/nova/filters.py:102}}
Jul 18 13:08:28.728314 np0000005387 nova-scheduler[93505]: DEBUG nova.filters [None req-2dabc9dc-a16d-4918-8f41-b8b8ac5304a8 tempest-ImageDependencyTests-1428040831 tempest-ImageDependencyTests-1428040831-project-member] Filter ImagePropertiesFilter returned 1 host(s) {{(pid=93505) get_filtered_objects /opt/stack/nova/nova/filters.py:102}}
Jul 18 13:08:28.728483 np0000005387 nova-scheduler[93505]: DEBUG nova.filters [None req-2dabc9dc-a16d-4918-8f41-b8b8ac5304a8 tempest-ImageDependencyTests-1428040831 tempest-ImageDependencyTests-1428040831-project-member] Filter ServerGroupAntiAffinityFilter returned 1 host(s) {{(pid=93505) get_filtered_objects /opt/stack/nova/nova/filters.py:102}}
Jul 18 13:08:28.728665 np0000005387 nova-scheduler[93505]: DEBUG nova.filters [None req-2dabc9dc-a16d-4918-8f41-b8b8ac5304a8 tempest-ImageDependencyTests-1428040831 tempest-ImageDependencyTests-1428040831-project-member] Filter ServerGroupAffinityFilter returned 1 host(s) {{(pid=93505) get_filtered_objects /opt/stack/nova/nova/filters.py:102}}
Jul 18 13:08:28.728899 np0000005387 nova-scheduler[93505]: DEBUG nova.filters [None req-2dabc9dc-a16d-4918-8f41-b8b8ac5304a8 tempest-ImageDependencyTests-1428040831 tempest-ImageDependencyTests-1428040831-project-member] Filter SameHostFilter returned 1 host(s) {{(pid=93505) get_filtered_objects /opt/stack/nova/nova/filters.py:102}}
Jul 18 13:08:28.728987 np0000005387 nova-scheduler[93505]: DEBUG nova.filters [None req-2dabc9dc-a16d-4918-8f41-b8b8ac5304a8 tempest-ImageDependencyTests-1428040831 tempest-ImageDependencyTests-1428040831-project-member] Filter DifferentHostFilter returned 1 host(s) {{(pid=93505) get_filtered_objects /opt/stack/nova/nova/filters.py:102}}
Jul 18 13:08:28.729122 np0000005387 nova-scheduler[93505]: DEBUG nova.scheduler.manager [None req-2dabc9dc-a16d-4918-8f41-b8b8ac5304a8 tempest-ImageDependencyTests-1428040831 tempest-ImageDependencyTests-1428040831-project-member] Filtered [(np0000005387, np0000005387) ram: 62765MB disk: 74752MB io_ops: 0 instances: 0, allocation_candidates: 1] {{(pid=93505) _get_sorted_hosts /opt/stack/nova/nova/scheduler/manager.py:742}}
Jul 18 13:08:28.730271 np0000005387 nova-scheduler[93505]: DEBUG nova.scheduler.manager [None req-2dabc9dc-a16d-4918-8f41-b8b8ac5304a8 tempest-ImageDependencyTests-1428040831 tempest-ImageDependencyTests-1428040831-project-member] Weighed [WeighedHost [host: (np0000005387, np0000005387) ram: 62765MB disk: 74752MB io_ops: 0 instances: 0, allocation_candidates: 1, weight: 0.0]] {{(pid=93505) _get_sorted_hosts /opt/stack/nova/nova/scheduler/manager.py:764}}
Jul 18 13:08:28.730271 np0000005387 nova-scheduler[93505]: DEBUG nova.scheduler.utils [None req-2dabc9dc-a16d-4918-8f41-b8b8ac5304a8 tempest-ImageDependencyTests-1428040831 tempest-ImageDependencyTests-1428040831-project-member] Attempting to claim resources in the placement API for instance 75fa5379-02ba-4863-80b1-e1545d86fbfc {{(pid=93505) claim_resources /opt/stack/nova/nova/scheduler/utils.py:1345}}
Jul 18 13:08:28.871257 np0000005387 nova-scheduler[93505]: DEBUG nova.scheduler.manager [None req-2dabc9dc-a16d-4918-8f41-b8b8ac5304a8 tempest-ImageDependencyTests-1428040831 tempest-ImageDependencyTests-1428040831-project-member] [instance: 75fa5379-02ba-4863-80b1-e1545d86fbfc] Selected host: (np0000005387, np0000005387) ram: 62765MB disk: 74752MB io_ops: 0 instances: 0, allocation_candidates: 1 {{(pid=93505) _consume_selected_host /opt/stack/nova/nova/scheduler/manager.py:624}}
Jul 18 13:08:28.872257 np0000005387 nova-scheduler[93505]: DEBUG oslo_concurrency.lockutils [None req-2dabc9dc-a16d-4918-8f41-b8b8ac5304a8 tempest-ImageDependencyTests-1428040831 tempest-ImageDependencyTests-1428040831-project-member] Acquiring lock "np0000005387-np0000005387" by "nova.scheduler.host_manager.HostState.consume_from_request.._locked" {{(pid=93505) inner /opt/stack/data/venv/lib/python3.12/site-packages/oslo_concurrency/lockutils.py:512}}
Jul 18 13:08:28.872257 np0000005387 nova-scheduler[93505]: DEBUG oslo_concurrency.lockutils [None req-2dabc9dc-a16d-4918-8f41-b8b8ac5304a8 tempest-ImageDependencyTests-1428040831 tempest-ImageDependencyTests-1428040831-project-member] Lock "np0000005387-np0000005387" acquired by "nova.scheduler.host_manager.HostState.consume_from_request.._locked" :: waited 0.000s {{(pid=93505) inner /opt/stack/data/venv/lib/python3.12/site-packages/oslo_concurrency/lockutils.py:525}}
Jul 18 13:08:28.872257 np0000005387 nova-scheduler[93505]: DEBUG oslo_concurrency.lockutils [None req-2dabc9dc-a16d-4918-8f41-b8b8ac5304a8 tempest-ImageDependencyTests-1428040831 tempest-ImageDependencyTests-1428040831-project-member] Lock "np0000005387-np0000005387" "released" by "nova.scheduler.host_manager.HostState.consume_from_request.._locked" :: held 0.000s {{(pid=93505) inner /opt/stack/data/venv/lib/python3.12/site-packages/oslo_concurrency/lockutils.py:544}}
Jul 18 13:08:34.997615 np0000005387 nova-scheduler[93509]: DEBUG nova.scheduler.manager [None req-2f91a8f5-4c82-4cff-8b86-38ab92d73429 tempest-ServerBootFromVolumeStableRescueTest-2068311727 tempest-ServerBootFromVolumeStableRescueTest-2068311727-project-member] Starting to schedule for instances: ['dee75682-6475-4932-b7fc-9d035c631738'] {{(pid=93509) select_destinations /opt/stack/nova/nova/scheduler/manager.py:209}}
Jul 18 13:08:34.998763 np0000005387 nova-scheduler[93509]: DEBUG nova.scheduler.request_filter [None req-2f91a8f5-4c82-4cff-8b86-38ab92d73429 tempest-ServerBootFromVolumeStableRescueTest-2068311727 tempest-ServerBootFromVolumeStableRescueTest-2068311727-project-member] compute_status_filter request filter added forbidden trait COMPUTE_STATUS_DISABLED {{(pid=93509) compute_status_filter /opt/stack/nova/nova/scheduler/request_filter.py:253}}
Jul 18 13:08:34.998763 np0000005387 nova-scheduler[93509]: DEBUG nova.scheduler.request_filter [None req-2f91a8f5-4c82-4cff-8b86-38ab92d73429 tempest-ServerBootFromVolumeStableRescueTest-2068311727 tempest-ServerBootFromVolumeStableRescueTest-2068311727-project-member] Request filter 'compute_status_filter' took 0.0 seconds {{(pid=93509) wrapper /opt/stack/nova/nova/scheduler/request_filter.py:46}}
Jul 18 13:08:34.999174 np0000005387 nova-scheduler[93509]: DEBUG nova.scheduler.request_filter [None req-2f91a8f5-4c82-4cff-8b86-38ab92d73429 tempest-ServerBootFromVolumeStableRescueTest-2068311727 tempest-ServerBootFromVolumeStableRescueTest-2068311727-project-member] Request filter 'accelerators_filter' took 0.0 seconds {{(pid=93509) wrapper /opt/stack/nova/nova/scheduler/request_filter.py:46}}
Jul 18 13:08:34.999351 np0000005387 nova-scheduler[93509]: DEBUG nova.scheduler.request_filter [None req-2f91a8f5-4c82-4cff-8b86-38ab92d73429 tempest-ServerBootFromVolumeStableRescueTest-2068311727 tempest-ServerBootFromVolumeStableRescueTest-2068311727-project-member] Request filter 'packed_virtqueue_filter' took 0.0 seconds {{(pid=93509) wrapper /opt/stack/nova/nova/scheduler/request_filter.py:46}}
Jul 18 13:08:34.999682 np0000005387 nova-scheduler[93509]: DEBUG nova.scheduler.request_filter [None req-2f91a8f5-4c82-4cff-8b86-38ab92d73429 tempest-ServerBootFromVolumeStableRescueTest-2068311727 tempest-ServerBootFromVolumeStableRescueTest-2068311727-project-member] Request filter 'remote_managed_ports_filter' took 0.0 seconds {{(pid=93509) wrapper /opt/stack/nova/nova/scheduler/request_filter.py:46}}
