Jul 18 13:05:38.538755 np0000005387 devstack@neutron-api.service[87664]: WARNING neutron.quota.resource_registry [None req-45557ccc-fdb9-4aa9-81a5-97789ab2bbc5 None None] floatingip is already registered
Jul 18 13:05:38.539246 np0000005387 devstack@neutron-api.service[87663]: DEBUG neutron.api.extensions [None req-a64c8507-71db-4996-aab3-1639e6126f71 None None] Extended resource: floatingip-pools {{(pid=87663) __init__ /opt/stack/neutron/neutron/api/extensions.py:156}}
Jul 18 13:05:38.539489 np0000005387 devstack@neutron-api.service[87664]: INFO neutron.quota.resource_registry [None req-45557ccc-fdb9-4aa9-81a5-97789ab2bbc5 None None] Creating instance of CountableResource for resource:rbac_policy
Jul 18 13:05:38.539613 np0000005387 devstack@neutron-api.service[87664]: WARNING neutron.quota.resource_registry [None req-45557ccc-fdb9-4aa9-81a5-97789ab2bbc5 None None] rbac_policy is already registered
Jul 18 13:05:38.539858 np0000005387 devstack@neutron-api.service[87663]: DEBUG neutron.api.extensions [None req-a64c8507-71db-4996-aab3-1639e6126f71 None None] Extended resource: routers {{(pid=87663) __init__ /opt/stack/neutron/neutron/api/extensions.py:156}}
Jul 18 13:05:38.540253 np0000005387 devstack@neutron-api.service[87664]: INFO neutron.quota.resource_registry [None req-45557ccc-fdb9-4aa9-81a5-97789ab2bbc5 None None] Creating instance of TrackedResource for resource:security_group
Jul 18 13:05:38.540347 np0000005387 devstack@neutron-api.service[87664]: WARNING neutron.quota.resource_registry [None req-45557ccc-fdb9-4aa9-81a5-97789ab2bbc5 None None] security_group is already registered
Jul 18 13:05:38.540701 np0000005387 devstack@neutron-api.service[87664]: INFO neutron.quota.resource_registry [None req-45557ccc-fdb9-4aa9-81a5-97789ab2bbc5 None None] Creating instance of TrackedResource for resource:security_group_rule
Jul 18 13:05:38.540806 np0000005387 devstack@neutron-api.service[87663]: DEBUG neutron.api.extensions [None req-a64c8507-71db-4996-aab3-1639e6126f71 None None] Extended resource: floatingips {{(pid=87663) __init__ /opt/stack/neutron/neutron/api/extensions.py:156}}
Jul 18 13:05:38.540899 np0000005387 devstack@neutron-api.service[87664]: WARNING neutron.quota.resource_registry [None req-45557ccc-fdb9-4aa9-81a5-97789ab2bbc5 None None] security_group_rule is already registered
Jul 18 13:05:38.541256 np0000005387 devstack@neutron-api.service[87664]: DEBUG neutron.api.v2.resource_helper [None req-45557ccc-fdb9-4aa9-81a5-97789ab2bbc5 None None] Service CORE assigned prefix: {{(pid=87664) build_resource_info /opt/stack/neutron/neutron/api/v2/resource_helper.py:77}}
Jul 18 13:05:38.541394 np0000005387 devstack@neutron-api.service[87664]: INFO neutron.quota.resource_registry [None req-45557ccc-fdb9-4aa9-81a5-97789ab2bbc5 None None] Creating instance of TrackedResource for resource:subnetpool
Jul 18 13:05:38.541490 np0000005387 devstack@neutron-api.service[87664]: WARNING neutron.quota.resource_registry [None req-45557ccc-fdb9-4aa9-81a5-97789ab2bbc5 None None] subnetpool is already registered
Jul 18 13:05:38.541943 np0000005387 devstack@neutron-api.service[87664]: DEBUG neutron.api.v2.resource_helper [None req-45557ccc-fdb9-4aa9-81a5-97789ab2bbc5 None None] Service CORE assigned prefix: {{(pid=87664) build_resource_info /opt/stack/neutron/neutron/api/v2/resource_helper.py:77}}
Jul 18 13:05:38.542035 np0000005387 devstack@neutron-api.service[87664]: INFO neutron.quota.resource_registry [None req-45557ccc-fdb9-4aa9-81a5-97789ab2bbc5 None None] Creating instance of TrackedResource for resource:subnetpool
Jul 18 13:05:38.542126 np0000005387 devstack@neutron-api.service[87664]: WARNING neutron.quota.resource_registry [None req-45557ccc-fdb9-4aa9-81a5-97789ab2bbc5 None None] subnetpool is already registered
Jul 18 13:05:38.542262 np0000005387 devstack@neutron-api.service[87663]: DEBUG neutron.api.extensions [None req-a64c8507-71db-4996-aab3-1639e6126f71 None None] Extended resource: l3-routers {{(pid=87663) __init__ /opt/stack/neutron/neutron/api/extensions.py:156}}
Jul 18 13:05:38.542566 np0000005387 devstack@neutron-api.service[87664]: DEBUG neutron.api.extensions [None req-45557ccc-fdb9-4aa9-81a5-97789ab2bbc5 None None] Extended resource: extensions {{(pid=87664) __init__ /opt/stack/neutron/neutron/api/extensions.py:156}}
Jul 18 13:05:38.542713 np0000005387 devstack@neutron-api.service[87663]: DEBUG neutron.api.extensions [None req-a64c8507-71db-4996-aab3-1639e6126f71 None None] Extended resource: l3-agents {{(pid=87663) __init__ /opt/stack/neutron/neutron/api/extensions.py:156}}
Jul 18 13:05:38.543277 np0000005387 devstack@neutron-api.service[87664]: DEBUG neutron.api.extensions [None req-45557ccc-fdb9-4aa9-81a5-97789ab2bbc5 None None] Extended resource: address-groups {{(pid=87664) __init__ /opt/stack/neutron/neutron/api/extensions.py:156}}
Jul 18 13:05:38.543454 np0000005387 devstack@neutron-api.service[87663]: DEBUG neutron.api.extensions [None req-a64c8507-71db-4996-aab3-1639e6126f71 None None] Extended resource: network-ip-availabilities {{(pid=87663) __init__ /opt/stack/neutron/neutron/api/extensions.py:156}}
Jul 18 13:05:38.543834 np0000005387 devstack@neutron-api.service[87663]: DEBUG neutron.api.extensions [None req-a64c8507-71db-4996-aab3-1639e6126f71 None None] Extended resource: network-ip-availabilities {{(pid=87663) __init__ /opt/stack/neutron/neutron/api/extensions.py:156}}
Jul 18 13:05:38.544013 np0000005387 devstack@neutron-api.service[87664]: DEBUG neutron.api.extensions [None req-45557ccc-fdb9-4aa9-81a5-97789ab2bbc5 None None] Extended resource: address-scopes {{(pid=87664) __init__ /opt/stack/neutron/neutron/api/extensions.py:156}}
Jul 18 13:05:38.544197 np0000005387 devstack@neutron-api.service[87663]: DEBUG neutron.api.extensions [None req-a64c8507-71db-4996-aab3-1639e6126f71 None None] Extended resource: bindings {{(pid=87663) __init__ /opt/stack/neutron/neutron/api/extensions.py:156}}
Jul 18 13:05:38.544344 np0000005387 devstack@neutron-api.service[87664]: DEBUG neutron.api.extensions [None req-45557ccc-fdb9-4aa9-81a5-97789ab2bbc5 None None] Extended resource: agents {{(pid=87664) __init__ /opt/stack/neutron/neutron/api/extensions.py:156}}
Jul 18 13:05:38.544726 np0000005387 devstack@neutron-api.service[87664]: DEBUG neutron.api.extensions [None req-45557ccc-fdb9-4aa9-81a5-97789ab2bbc5 None None] Extended resource: auto-allocated-topology {{(pid=87664) __init__ /opt/stack/neutron/neutron/api/extensions.py:156}}
Jul 18 13:05:38.544983 np0000005387 devstack@neutron-api.service[87663]: DEBUG neutron.api.extensions [None req-a64c8507-71db-4996-aab3-1639e6126f71 None None] Extended resource: quotas {{(pid=87663) __init__ /opt/stack/neutron/neutron/api/extensions.py:156}}
Jul 18 13:05:38.545172 np0000005387 devstack@neutron-api.service[87664]: DEBUG neutron.api.extensions [None req-45557ccc-fdb9-4aa9-81a5-97789ab2bbc5 None None] Extended resource: availability_zones {{(pid=87664) __init__ /opt/stack/neutron/neutron/api/extensions.py:156}}
Jul 18 13:05:38.545588 np0000005387 devstack@neutron-api.service[87664]: DEBUG neutron.api.extensions [None req-45557ccc-fdb9-4aa9-81a5-97789ab2bbc5 None None] Extended resource: dhcp-networks {{(pid=87664) __init__ /opt/stack/neutron/neutron/api/extensions.py:156}}
Jul 18 13:05:38.545685 np0000005387 devstack@neutron-api.service[87663]: DEBUG neutron.api.extensions [None req-a64c8507-71db-4996-aab3-1639e6126f71 None None] Extended resource: quotas {{(pid=87663) __init__ /opt/stack/neutron/neutron/api/extensions.py:156}}
Jul 18 13:05:38.546093 np0000005387 devstack@neutron-api.service[87663]: DEBUG neutron.api.extensions [None req-a64c8507-71db-4996-aab3-1639e6126f71 None None] Extended resource: rbac-policies {{(pid=87663) __init__ /opt/stack/neutron/neutron/api/extensions.py:156}}
Jul 18 13:05:38.546199 np0000005387 devstack@neutron-api.service[87664]: DEBUG neutron.api.extensions [None req-45557ccc-fdb9-4aa9-81a5-97789ab2bbc5 None None] Extended resource: dhcp-agents {{(pid=87664) __init__ /opt/stack/neutron/neutron/api/extensions.py:156}}
Jul 18 13:05:38.546490 np0000005387 devstack@neutron-api.service[87663]: DEBUG neutron.api.extensions [None req-a64c8507-71db-4996-aab3-1639e6126f71 None None] Extended resource: default-security-group-rules {{(pid=87663) __init__ /opt/stack/neutron/neutron/api/extensions.py:156}}
Jul 18 13:05:38.546647 np0000005387 devstack@neutron-api.service[87664]: DEBUG neutron.api.extensions [None req-45557ccc-fdb9-4aa9-81a5-97789ab2bbc5 None None] Extended resource: routers {{(pid=87664) __init__ /opt/stack/neutron/neutron/api/extensions.py:156}}
Jul 18 13:05:38.547078 np0000005387 devstack@neutron-api.service[87663]: DEBUG neutron.api.extensions [None req-a64c8507-71db-4996-aab3-1639e6126f71 None None] Extended resource: security-groups-default-statefulness {{(pid=87663) __init__ /opt/stack/neutron/neutron/api/extensions.py:156}}
Jul 18 13:05:38.547410 np0000005387 devstack@neutron-api.service[87664]: DEBUG neutron.api.extensions [None req-45557ccc-fdb9-4aa9-81a5-97789ab2bbc5 None None] Extended resource: flavors {{(pid=87664) __init__ /opt/stack/neutron/neutron/api/extensions.py:156}}
Jul 18 13:05:38.547500 np0000005387 devstack@neutron-api.service[87663]: DEBUG neutron.api.extensions [None req-a64c8507-71db-4996-aab3-1639e6126f71 None None] Extended resource: security-groups {{(pid=87663) __init__ /opt/stack/neutron/neutron/api/extensions.py:156}}
Jul 18 13:05:38.547881 np0000005387 devstack@neutron-api.service[87664]: DEBUG neutron.api.extensions [None req-45557ccc-fdb9-4aa9-81a5-97789ab2bbc5 None None] Extended resource: service_profiles {{(pid=87664) __init__ /opt/stack/neutron/neutron/api/extensions.py:156}}
Jul 18 13:05:38.547986 np0000005387 devstack@neutron-api.service[87663]: DEBUG neutron.api.extensions [None req-a64c8507-71db-4996-aab3-1639e6126f71 None None] Extended resource: security-group-rules {{(pid=87663) __init__ /opt/stack/neutron/neutron/api/extensions.py:156}}
Jul 18 13:05:38.548354 np0000005387 devstack@neutron-api.service[87663]: DEBUG neutron.api.extensions [None req-a64c8507-71db-4996-aab3-1639e6126f71 None None] Extended resource: service-providers {{(pid=87663) __init__ /opt/stack/neutron/neutron/api/extensions.py:156}}
Jul 18 13:05:38.548699 np0000005387 devstack@neutron-api.service[87664]: DEBUG neutron.api.extensions [None req-45557ccc-fdb9-4aa9-81a5-97789ab2bbc5 None None] Extended resource: next_providers {{(pid=87664) __init__ /opt/stack/neutron/neutron/api/extensions.py:156}}
Jul 18 13:05:38.549056 np0000005387 devstack@neutron-api.service[87663]: DEBUG neutron.api.extensions [None req-a64c8507-71db-4996-aab3-1639e6126f71 None None] Extended resource: subnetpools {{(pid=87663) __init__ /opt/stack/neutron/neutron/api/extensions.py:156}}
Jul 18 13:05:38.549225 np0000005387 devstack@neutron-api.service[87664]: DEBUG neutron.api.extensions [None req-45557ccc-fdb9-4aa9-81a5-97789ab2bbc5 None None] Extended resource: service_profiles {{(pid=87664) __init__ /opt/stack/neutron/neutron/api/extensions.py:156}}
Jul 18 13:05:38.549377 np0000005387 devstack@neutron-api.service[87663]: DEBUG neutron.api.extensions [None req-a64c8507-71db-4996-aab3-1639e6126f71 None None] Extended resource: subnetpools {{(pid=87663) __init__ /opt/stack/neutron/neutron/api/extensions.py:156}}
Jul 18 13:05:38.549454 np0000005387 devstack@neutron-api.service[87664]: DEBUG neutron.api.extensions [None req-45557ccc-fdb9-4aa9-81a5-97789ab2bbc5 None None] Extended resource: floatingip-pools {{(pid=87664) __init__ /opt/stack/neutron/neutron/api/extensions.py:156}}
Jul 18 13:05:38.549702 np0000005387 devstack@neutron-api.service[87663]: DEBUG neutron.api.extensions [None req-a64c8507-71db-4996-aab3-1639e6126f71 None None] Extended resource: tags {{(pid=87663) __init__ /opt/stack/neutron/neutron/api/extensions.py:156}}
Jul 18 13:05:38.549835 np0000005387 devstack@neutron-api.service[87664]: DEBUG neutron.api.extensions [None req-45557ccc-fdb9-4aa9-81a5-97789ab2bbc5 None None] Extended resource: routers {{(pid=87664) __init__ /opt/stack/neutron/neutron/api/extensions.py:156}}
Jul 18 13:05:38.550327 np0000005387 devstack@neutron-api.service[87663]: DEBUG neutron.api.extensions [None req-a64c8507-71db-4996-aab3-1639e6126f71 None None] Extended resource: tags {{(pid=87663) __init__ /opt/stack/neutron/neutron/api/extensions.py:156}}
Jul 18 13:05:38.550584 np0000005387 devstack@neutron-api.service[87664]: DEBUG neutron.api.extensions [None req-45557ccc-fdb9-4aa9-81a5-97789ab2bbc5 None None] Extended resource: floatingips {{(pid=87664) __init__ /opt/stack/neutron/neutron/api/extensions.py:156}}
Jul 18 13:05:38.550926 np0000005387 devstack@neutron-api.service[87663]: DEBUG neutron.api.extensions [None req-a64c8507-71db-4996-aab3-1639e6126f71 None None] Extended resource: tags {{(pid=87663) __init__ /opt/stack/neutron/neutron/api/extensions.py:156}}
Jul 18 13:05:38.551856 np0000005387 devstack@neutron-api.service[87664]: DEBUG neutron.api.extensions [None req-45557ccc-fdb9-4aa9-81a5-97789ab2bbc5 None None] Extended resource: l3-routers {{(pid=87664) __init__ /opt/stack/neutron/neutron/api/extensions.py:156}}
Jul 18 13:05:38.552020 np0000005387 devstack@neutron-api.service[87663]: DEBUG neutron.api.extensions [None req-a64c8507-71db-4996-aab3-1639e6126f71 None None] Extended resource: tags {{(pid=87663) __init__ /opt/stack/neutron/neutron/api/extensions.py:156}}
Jul 18 13:05:38.552370 np0000005387 devstack@neutron-api.service[87664]: DEBUG neutron.api.extensions [None req-45557ccc-fdb9-4aa9-81a5-97789ab2bbc5 None None] Extended resource: l3-agents {{(pid=87664) __init__ /opt/stack/neutron/neutron/api/extensions.py:156}}
Jul 18 13:05:38.552819 np0000005387 devstack@neutron-api.service[87664]: DEBUG neutron.api.extensions [None req-45557ccc-fdb9-4aa9-81a5-97789ab2bbc5 None None] Extended resource: network-ip-availabilities {{(pid=87664) __init__ /opt/stack/neutron/neutron/api/extensions.py:156}}
Jul 18 13:05:38.553015 np0000005387 devstack@neutron-api.service[87663]: DEBUG neutron.api.extensions [None req-a64c8507-71db-4996-aab3-1639e6126f71 None None] Extended resource: tags {{(pid=87663) __init__ /opt/stack/neutron/neutron/api/extensions.py:156}}
Jul 18 13:05:38.553271 np0000005387 devstack@neutron-api.service[87664]: DEBUG neutron.api.extensions [None req-45557ccc-fdb9-4aa9-81a5-97789ab2bbc5 None None] Extended resource: network-ip-availabilities {{(pid=87664) __init__ /opt/stack/neutron/neutron/api/extensions.py:156}}
Jul 18 13:05:38.553680 np0000005387 devstack@neutron-api.service[87664]: DEBUG neutron.api.extensions [None req-45557ccc-fdb9-4aa9-81a5-97789ab2bbc5 None None] Extended resource: bindings {{(pid=87664) __init__ /opt/stack/neutron/neutron/api/extensions.py:156}}
Jul 18 13:05:38.553985 np0000005387 devstack@neutron-api.service[87663]: DEBUG neutron.api.extensions [None req-a64c8507-71db-4996-aab3-1639e6126f71 None None] Extended resource: tags {{(pid=87663) __init__ /opt/stack/neutron/neutron/api/extensions.py:156}}
Jul 18 13:05:38.554198 np0000005387 devstack@neutron-api.service[87664]: DEBUG neutron.api.extensions [None req-45557ccc-fdb9-4aa9-81a5-97789ab2bbc5 None None] Extended resource: quotas {{(pid=87664) __init__ /opt/stack/neutron/neutron/api/extensions.py:156}}
Jul 18 13:05:38.554842 np0000005387 devstack@neutron-api.service[87664]: DEBUG neutron.api.extensions [None req-45557ccc-fdb9-4aa9-81a5-97789ab2bbc5 None None] Extended resource: quotas {{(pid=87664) __init__ /opt/stack/neutron/neutron/api/extensions.py:156}}
Jul 18 13:05:38.555075 np0000005387 devstack@neutron-api.service[87663]: DEBUG neutron.api.extensions [None req-a64c8507-71db-4996-aab3-1639e6126f71 None None] Extended resource: tags {{(pid=87663) __init__ /opt/stack/neutron/neutron/api/extensions.py:156}}
Jul 18 13:05:38.555266 np0000005387 devstack@neutron-api.service[87664]: DEBUG neutron.api.extensions [None req-45557ccc-fdb9-4aa9-81a5-97789ab2bbc5 None None] Extended resource: rbac-policies {{(pid=87664) __init__ /opt/stack/neutron/neutron/api/extensions.py:156}}
Jul 18 13:05:38.555686 np0000005387 devstack@neutron-api.service[87664]: DEBUG neutron.api.extensions [None req-45557ccc-fdb9-4aa9-81a5-97789ab2bbc5 None None] Extended resource: default-security-group-rules {{(pid=87664) __init__ /opt/stack/neutron/neutron/api/extensions.py:156}}
Jul 18 13:05:38.555981 np0000005387 devstack@neutron-api.service[87663]: DEBUG neutron.api.extensions [None req-a64c8507-71db-4996-aab3-1639e6126f71 None None] Extended resource: tags {{(pid=87663) __init__ /opt/stack/neutron/neutron/api/extensions.py:156}}
Jul 18 13:05:38.556163 np0000005387 devstack@neutron-api.service[87664]: DEBUG neutron.api.extensions [None req-45557ccc-fdb9-4aa9-81a5-97789ab2bbc5 None None] Extended resource: security-groups-default-statefulness {{(pid=87664) __init__ /opt/stack/neutron/neutron/api/extensions.py:156}}
Jul 18 13:05:38.556586 np0000005387 devstack@neutron-api.service[87664]: DEBUG neutron.api.extensions [None req-45557ccc-fdb9-4aa9-81a5-97789ab2bbc5 None None] Extended resource: security-groups {{(pid=87664) __init__ /opt/stack/neutron/neutron/api/extensions.py:156}}
Jul 18 13:05:38.557001 np0000005387 devstack@neutron-api.service[87663]: DEBUG neutron.api.extensions [None req-a64c8507-71db-4996-aab3-1639e6126f71 None None] Extended resource: tags {{(pid=87663) __init__ /opt/stack/neutron/neutron/api/extensions.py:156}}
Jul 18 13:05:38.557179 np0000005387 devstack@neutron-api.service[87664]: DEBUG neutron.api.extensions [None req-45557ccc-fdb9-4aa9-81a5-97789ab2bbc5 None None] Extended resource: security-group-rules {{(pid=87664) __init__ /opt/stack/neutron/neutron/api/extensions.py:156}}
Jul 18 13:05:38.557380 np0000005387 devstack@neutron-api.service[87664]: DEBUG neutron.api.extensions [None req-45557ccc-fdb9-4aa9-81a5-97789ab2bbc5 None None] Extended resource: service-providers {{(pid=87664) __init__ /opt/stack/neutron/neutron/api/extensions.py:156}}
Jul 18 13:05:38.557811 np0000005387 devstack@neutron-api.service[87664]: DEBUG neutron.api.extensions [None req-45557ccc-fdb9-4aa9-81a5-97789ab2bbc5 None None] Extended resource: subnetpools {{(pid=87664) __init__ /opt/stack/neutron/neutron/api/extensions.py:156}}
Jul 18 13:05:38.558054 np0000005387 devstack@neutron-api.service[87663]: DEBUG neutron.api.extensions [None req-a64c8507-71db-4996-aab3-1639e6126f71 None None] Extended resource: tags {{(pid=87663) __init__ /opt/stack/neutron/neutron/api/extensions.py:156}}
Jul 18 13:05:38.558245 np0000005387 devstack@neutron-api.service[87664]: DEBUG neutron.api.extensions [None req-45557ccc-fdb9-4aa9-81a5-97789ab2bbc5 None None] Extended resource: subnetpools {{(pid=87664) __init__ /opt/stack/neutron/neutron/api/extensions.py:156}}
Jul 18 13:05:38.558903 np0000005387 devstack@neutron-api.service[87664]: DEBUG neutron.api.extensions [None req-45557ccc-fdb9-4aa9-81a5-97789ab2bbc5 None None] Extended resource: tags {{(pid=87664) __init__ /opt/stack/neutron/neutron/api/extensions.py:156}}
Jul 18 13:05:38.559393 np0000005387 devstack@neutron-api.service[87664]: DEBUG neutron.api.extensions [None req-45557ccc-fdb9-4aa9-81a5-97789ab2bbc5 None None] Extended resource: tags {{(pid=87664) __init__ /opt/stack/neutron/neutron/api/extensions.py:156}}
Jul 18 13:05:38.560033 np0000005387 devstack@neutron-api.service[87664]: DEBUG neutron.api.extensions [None req-45557ccc-fdb9-4aa9-81a5-97789ab2bbc5 None None] Extended resource: tags {{(pid=87664) __init__ /opt/stack/neutron/neutron/api/extensions.py:156}}
Jul 18 13:05:38.560689 np0000005387 devstack@neutron-api.service[87664]: DEBUG neutron.api.extensions [None req-45557ccc-fdb9-4aa9-81a5-97789ab2bbc5 None None] Extended resource: tags {{(pid=87664) __init__ /opt/stack/neutron/neutron/api/extensions.py:156}}
Jul 18 13:05:38.561227 np0000005387 devstack@neutron-api.service[87664]: DEBUG neutron.api.extensions [None req-45557ccc-fdb9-4aa9-81a5-97789ab2bbc5 None None] Extended resource: tags {{(pid=87664) __init__ /opt/stack/neutron/neutron/api/extensions.py:156}}
Jul 18 13:05:38.562110 np0000005387 devstack@neutron-api.service[87664]: DEBUG neutron.api.extensions [None req-45557ccc-fdb9-4aa9-81a5-97789ab2bbc5 None None] Extended resource: tags {{(pid=87664) __init__ /opt/stack/neutron/neutron/api/extensions.py:156}}
Jul 18 13:05:38.562605 np0000005387 devstack@neutron-api.service[87664]: DEBUG neutron.api.extensions [None req-45557ccc-fdb9-4aa9-81a5-97789ab2bbc5 None None] Extended resource: tags {{(pid=87664) __init__ /opt/stack/neutron/neutron/api/extensions.py:156}}
Jul 18 13:05:38.563174 np0000005387 devstack@neutron-api.service[87664]: DEBUG neutron.api.extensions [None req-45557ccc-fdb9-4aa9-81a5-97789ab2bbc5 None None] Extended resource: tags {{(pid=87664) __init__ /opt/stack/neutron/neutron/api/extensions.py:156}}
Jul 18 13:05:38.563810 np0000005387 devstack@neutron-api.service[87664]: DEBUG neutron.api.extensions [None req-45557ccc-fdb9-4aa9-81a5-97789ab2bbc5 None None] Extended resource: tags {{(pid=87664) __init__ /opt/stack/neutron/neutron/api/extensions.py:156}}
Jul 18 13:05:38.564403 np0000005387 devstack@neutron-api.service[87664]: DEBUG neutron.api.extensions [None req-45557ccc-fdb9-4aa9-81a5-97789ab2bbc5 None None] Extended resource: tags {{(pid=87664) __init__ /opt/stack/neutron/neutron/api/extensions.py:156}}
Jul 18 13:05:38.571325 np0000005387 devstack@neutron-api.service[87663]: DEBUG neutron_lib.callbacks.manager [None req-a64c8507-71db-4996-aab3-1639e6126f71 None None] Publish callbacks ['neutron.plugins.ml2.drivers.ovn.mech_driver.mech_driver.OVNMechanismDriver.pre_fork_initialize-828942'] for process (None), before_spawn {{(pid=87663) _notify_loop /opt/stack/data/venv/lib/python3.12/site-packages/neutron_lib/callbacks/manager.py:184}}
Jul 18 13:05:38.571848 np0000005387 devstack@neutron-api.service[87663]: DEBUG oslo_concurrency.processutils [None req-a64c8507-71db-4996-aab3-1639e6126f71 None None] Running cmd (subprocess): ovsdb-client transact ssl:10.4.3.133:6641 --timeout 180 -p /opt/stack/data/CA/int-ca/private/devstack-cert.key -c /opt/stack/data/CA/int-ca/devstack-cert.crt -C /opt/stack/data/CA/int-ca/ca-chain.pem ["OVN_Northbound", {"op": "wait", "timeout": 0, "table": "Port_Group", "where": [["name", "==", "neutron_pg_drop"]], "until": "==", "rows": []}, {"op": "insert", "table": "ACL", "row": {"action": "drop", "direction": "to-lport", "match": "outport == @neutron_pg_drop && ip", "priority": 1001}, "uuid-name": "droptoport"}, {"op": "insert", "table": "ACL", "row": {"action": "drop", "direction": "from-lport", "match": "inport == @neutron_pg_drop && ip", "priority": 1001}, "uuid-name": "dropfromport"}, {"op": "insert", "table": "Port_Group", "row": {"name": "neutron_pg_drop", "acls": ["set", [["named-uuid", "droptoport"], ["named-uuid", "dropfromport"]]]}}] {{(pid=87663) execute /opt/stack/data/venv/lib/python3.12/site-packages/oslo_concurrency/processutils.py:440}}
Jul 18 13:05:38.572912 np0000005387 devstack@neutron-api.service[87664]: DEBUG neutron_lib.callbacks.manager [None req-45557ccc-fdb9-4aa9-81a5-97789ab2bbc5 None None] Publish callbacks ['neutron.plugins.ml2.drivers.ovn.mech_driver.mech_driver.OVNMechanismDriver.pre_fork_initialize-862826'] for process (None), before_spawn {{(pid=87664) _notify_loop /opt/stack/data/venv/lib/python3.12/site-packages/neutron_lib/callbacks/manager.py:184}}
Jul 18 13:05:38.573314 np0000005387 devstack@neutron-api.service[87664]: DEBUG oslo_concurrency.processutils [None req-45557ccc-fdb9-4aa9-81a5-97789ab2bbc5 None None] Running cmd (subprocess): ovsdb-client transact ssl:10.4.3.133:6641 --timeout 180 -p /opt/stack/data/CA/int-ca/private/devstack-cert.key -c /opt/stack/data/CA/int-ca/devstack-cert.crt -C /opt/stack/data/CA/int-ca/ca-chain.pem ["OVN_Northbound", {"op": "wait", "timeout": 0, "table": "Port_Group", "where": [["name", "==", "neutron_pg_drop"]], "until": "==", "rows": []}, {"op": "insert", "table": "ACL", "row": {"action": "drop", "direction": "to-lport", "match": "outport == @neutron_pg_drop && ip", "priority": 1001}, "uuid-name": "droptoport"}, {"op": "insert", "table": "ACL", "row": {"action": "drop", "direction": "from-lport", "match": "inport == @neutron_pg_drop && ip", "priority": 1001}, "uuid-name": "dropfromport"}, {"op": "insert", "table": "Port_Group", "row": {"name": "neutron_pg_drop", "acls": ["set", [["named-uuid", "droptoport"], ["named-uuid", "dropfromport"]]]}}] {{(pid=87664) execute /opt/stack/data/venv/lib/python3.12/site-packages/oslo_concurrency/processutils.py:440}}
Jul 18 13:05:38.615695 np0000005387 devstack@neutron-api.service[87664]: DEBUG oslo_concurrency.processutils [None req-45557ccc-fdb9-4aa9-81a5-97789ab2bbc5 None None] CMD "ovsdb-client transact ssl:10.4.3.133:6641 --timeout 180 -p /opt/stack/data/CA/int-ca/private/devstack-cert.key -c /opt/stack/data/CA/int-ca/devstack-cert.crt -C /opt/stack/data/CA/int-ca/ca-chain.pem ["OVN_Northbound", {"op": "wait", "timeout": 0, "table": "Port_Group", "where": [["name", "==", "neutron_pg_drop"]], "until": "==", "rows": []}, {"op": "insert", "table": "ACL", "row": {"action": "drop", "direction": "to-lport", "match": "outport == @neutron_pg_drop && ip", "priority": 1001}, "uuid-name": "droptoport"}, {"op": "insert", "table": "ACL", "row": {"action": "drop", "direction": "from-lport", "match": "inport == @neutron_pg_drop && ip", "priority": 1001}, "uuid-name": "dropfromport"}, {"op": "insert", "table": "Port_Group", "row": {"name": "neutron_pg_drop", "acls": ["set", [["named-uuid", "droptoport"], ["named-uuid", "dropfromport"]]]}}]" returned: 0 in 0.042s {{(pid=87664) execute /opt/stack/data/venv/lib/python3.12/site-packages/oslo_concurrency/processutils.py:468}}
Jul 18 13:05:38.616144 np0000005387 devstack@neutron-api.service[87664]: DEBUG neutron_lib.callbacks.manager [None req-45557ccc-fdb9-4aa9-81a5-97789ab2bbc5 None None] Publish callbacks ['neutron.plugins.ml2.drivers.ovn.mech_driver.mech_driver.OVNMechanismDriver.post_fork_initialize-862770', 'neutron.services.pvlan.drivers.ovn.driver._initialize_pvlan_pg_drop-8020275187592', 'neutron.services.ovn_l3.plugin.OVNL3RouterPlugin._post_fork_initialize-1373417'] for process (None), after_init {{(pid=87664) _notify_loop /opt/stack/data/venv/lib/python3.12/site-packages/neutron_lib/callbacks/manager.py:184}}
Jul 18 13:05:38.616693 np0000005387 devstack@neutron-api.service[87664]: DEBUG oslo_concurrency.lockutils [None req-45557ccc-fdb9-4aa9-81a5-97789ab2bbc5 None None] Acquiring lock "singleton_lock" {{(pid=87664) lock /opt/stack/data/venv/lib/python3.12/site-packages/oslo_concurrency/lockutils.py:396}}
Jul 18 13:05:38.616843 np0000005387 devstack@neutron-api.service[87664]: DEBUG oslo_concurrency.lockutils [None req-45557ccc-fdb9-4aa9-81a5-97789ab2bbc5 None None] Acquired lock "singleton_lock" {{(pid=87664) lock /opt/stack/data/venv/lib/python3.12/site-packages/oslo_concurrency/lockutils.py:399}}
Jul 18 13:05:38.617142 np0000005387 devstack@neutron-api.service[87664]: DEBUG oslo_concurrency.lockutils [None req-45557ccc-fdb9-4aa9-81a5-97789ab2bbc5 None None] Releasing lock "singleton_lock" {{(pid=87664) lock /opt/stack/data/venv/lib/python3.12/site-packages/oslo_concurrency/lockutils.py:419}}
Jul 18 13:05:38.619613 np0000005387 devstack@neutron-api.service[87664]: DEBUG neutron.plugins.ml2.drivers.ovn.mech_driver.mech_driver [None req-45557ccc-fdb9-4aa9-81a5-97789ab2bbc5 None None] Hash Ring setup using WSGI start time 2026-07-18 13:05:32+00:00 {{(pid=87664) _init_hash_ring /opt/stack/neutron/neutron/plugins/ml2/drivers/ovn/mech_driver/mech_driver.py:404}}
Jul 18 13:05:38.620423 np0000005387 devstack@neutron-api.service[87663]: DEBUG oslo_concurrency.processutils [None req-a64c8507-71db-4996-aab3-1639e6126f71 None None] CMD "ovsdb-client transact ssl:10.4.3.133:6641 --timeout 180 -p /opt/stack/data/CA/int-ca/private/devstack-cert.key -c /opt/stack/data/CA/int-ca/devstack-cert.crt -C /opt/stack/data/CA/int-ca/ca-chain.pem ["OVN_Northbound", {"op": "wait", "timeout": 0, "table": "Port_Group", "where": [["name", "==", "neutron_pg_drop"]], "until": "==", "rows": []}, {"op": "insert", "table": "ACL", "row": {"action": "drop", "direction": "to-lport", "match": "outport == @neutron_pg_drop && ip", "priority": 1001}, "uuid-name": "droptoport"}, {"op": "insert", "table": "ACL", "row": {"action": "drop", "direction": "from-lport", "match": "inport == @neutron_pg_drop && ip", "priority": 1001}, "uuid-name": "dropfromport"}, {"op": "insert", "table": "Port_Group", "row": {"name": "neutron_pg_drop", "acls": ["set", [["named-uuid", "droptoport"], ["named-uuid", "dropfromport"]]]}}]" returned: 0 in 0.048s {{(pid=87663) execute /opt/stack/data/venv/lib/python3.12/site-packages/oslo_concurrency/processutils.py:468}}
Jul 18 13:05:38.622072 np0000005387 devstack@neutron-api.service[87663]: DEBUG neutron_lib.callbacks.manager [None req-a64c8507-71db-4996-aab3-1639e6126f71 None None] Publish callbacks ['neutron.plugins.ml2.drivers.ovn.mech_driver.mech_driver.OVNMechanismDriver.post_fork_initialize-829142', 'neutron.services.pvlan.drivers.ovn.driver._initialize_pvlan_pg_drop-8020275190604', 'neutron.services.ovn_l3.plugin.OVNL3RouterPlugin._post_fork_initialize-50188'] for process (None), after_init {{(pid=87663) _notify_loop /opt/stack/data/venv/lib/python3.12/site-packages/neutron_lib/callbacks/manager.py:184}}
Jul 18 13:05:38.623657 np0000005387 devstack@neutron-api.service[87663]: DEBUG oslo_concurrency.lockutils [None req-a64c8507-71db-4996-aab3-1639e6126f71 None None] Acquiring lock "singleton_lock" {{(pid=87663) lock /opt/stack/data/venv/lib/python3.12/site-packages/oslo_concurrency/lockutils.py:396}}
Jul 18 13:05:38.623812 np0000005387 devstack@neutron-api.service[87663]: DEBUG oslo_concurrency.lockutils [None req-a64c8507-71db-4996-aab3-1639e6126f71 None None] Acquired lock "singleton_lock" {{(pid=87663) lock /opt/stack/data/venv/lib/python3.12/site-packages/oslo_concurrency/lockutils.py:399}}
Jul 18 13:05:38.624117 np0000005387 devstack@neutron-api.service[87663]: DEBUG oslo_concurrency.lockutils [None req-a64c8507-71db-4996-aab3-1639e6126f71 None None] Releasing lock "singleton_lock" {{(pid=87663) lock /opt/stack/data/venv/lib/python3.12/site-packages/oslo_concurrency/lockutils.py:419}}
Jul 18 13:05:38.629145 np0000005387 devstack@neutron-api.service[87663]: DEBUG neutron.plugins.ml2.drivers.ovn.mech_driver.mech_driver [None req-a64c8507-71db-4996-aab3-1639e6126f71 None None] Hash Ring setup using WSGI start time 2026-07-18 13:05:32+00:00 {{(pid=87663) _init_hash_ring /opt/stack/neutron/neutron/plugins/ml2/drivers/ovn/mech_driver/mech_driver.py:404}}
Jul 18 13:05:38.637193 np0000005387 devstack@neutron-api.service[87664]: INFO neutron.db.ovn_hash_ring_db [None req-45557ccc-fdb9-4aa9-81a5-97789ab2bbc5 None None] Nodes from host "np0000005387" and group "mechanism_driver" removed from the Hash Ring created at 2026-07-18 13:05:32+00:00
Jul 18 13:05:38.644946 np0000005387 devstack@neutron-api.service[87664]: INFO neutron.db.ovn_hash_ring_db [None req-45557ccc-fdb9-4aa9-81a5-97789ab2bbc5 None None] Node 31cc32505149555bad57f7ef3a8d5d06 from host "np0000005387" and group "mechanism_driver" added to the Hash Ring
Jul 18 13:05:38.645038 np0000005387 devstack@neutron-api.service[87663]: DEBUG neutron_lib.db.api [None req-a64c8507-71db-4996-aab3-1639e6126f71 None None] Retry wrapper got retriable exception: (pymysql.err.OperationalError) (1213, 'Deadlock found when trying to get lock; try restarting transaction')
Jul 18 13:05:38.645038 np0000005387 devstack@neutron-api.service[87663]: [SQL: DELETE FROM ovn_hash_ring WHERE ovn_hash_ring.hostname = %(hostname_1)s AND ovn_hash_ring.group_name = %(group_name_1)s AND ovn_hash_ring.created_at != %(created_at_1)s]
Jul 18 13:05:38.645038 np0000005387 devstack@neutron-api.service[87663]: [parameters: {'hostname_1': 'np0000005387', 'group_name_1': 'mechanism_driver', 'created_at_1': datetime.datetime(2026, 7, 18, 13, 5, 32, tzinfo=datetime.timezone.utc)}]
Jul 18 13:05:38.645038 np0000005387 devstack@neutron-api.service[87663]: (Background on this error at: https://sqlalche.me/e/20/e3q8) {{(pid=87663) wrapped /opt/stack/data/venv/lib/python3.12/site-packages/neutron_lib/db/api.py:185}}
Jul 18 13:05:38.651932 np0000005387 devstack@neutron-api.service[87663]: DEBUG oslo_db.api [None req-a64c8507-71db-4996-aab3-1639e6126f71 None None] Performing DB retry for function neutron.db.ovn_hash_ring_db.remove_nodes_from_host {{(pid=87663) wrapper /opt/stack/data/venv/lib/python3.12/site-packages/oslo_db/api.py:155}}
Jul 18 13:05:38.659077 np0000005387 devstack@neutron-api.service[87664]: DEBUG neutron.plugins.ml2.drivers.ovn.mech_driver.mech_driver [None req-45557ccc-fdb9-4aa9-81a5-97789ab2bbc5 None None] Hash Ring setup, this worker has detected 2 OVN hash ring registers in the database {{(pid=87664) _init_hash_ring /opt/stack/neutron/neutron/plugins/ml2/drivers/ovn/mech_driver/mech_driver.py:414}}
Jul 18 13:05:38.665624 np0000005387 devstack@neutron-api.service[87664]: DEBUG neutron.plugins.ml2.drivers.ovn.mech_driver.ovsdb.maintenance [None req-45557ccc-fdb9-4aa9-81a5-97789ab2bbc5 None None] Periodic task found: HashRingHealthCheckPeriodics.touch_hash_ring_node {{(pid=87664) add_periodics /opt/stack/neutron/neutron/plugins/ml2/drivers/ovn/mech_driver/ovsdb/maintenance.py:146}}
Jul 18 13:05:38.667039 np0000005387 devstack@neutron-api.service[87664]: INFO neutron.plugins.ml2.drivers.ovn.mech_driver.mech_driver [None req-45557ccc-fdb9-4aa9-81a5-97789ab2bbc5 None None] Hash Ring probing thread for node 31cc32505149555bad57f7ef3a8d5d06 has started
Jul 18 13:05:38.667584 np0000005387 devstack@neutron-api.service[87664]: INFO neutron.plugins.ml2.drivers.ovn.mech_driver.ovsdb.impl_idl_ovn [None req-45557ccc-fdb9-4aa9-81a5-97789ab2bbc5 None None] Getting OvsdbNbOvnIdl for WorkerService with retry
Jul 18 13:05:38.725489 np0000005387 devstack@neutron-api.service[87664]: DEBUG ovsdbapp.backend.ovs_idl [None req-45557ccc-fdb9-4aa9-81a5-97789ab2bbc5 None None] Created lookup_table index Logical_Switch.name {{(pid=87664) autocreate_indices /opt/stack/data/venv/lib/python3.12/site-packages/ovsdbapp/backend/ovs_idl/__init__.py:87}}
Jul 18 13:05:38.725676 np0000005387 devstack@neutron-api.service[87664]: DEBUG ovsdbapp.backend.ovs_idl [None req-45557ccc-fdb9-4aa9-81a5-97789ab2bbc5 None None] Created lookup_table index Logical_Router.name {{(pid=87664) autocreate_indices /opt/stack/data/venv/lib/python3.12/site-packages/ovsdbapp/backend/ovs_idl/__init__.py:87}}
Jul 18 13:05:38.725780 np0000005387 devstack@neutron-api.service[87664]: DEBUG ovsdbapp.backend.ovs_idl [None req-45557ccc-fdb9-4aa9-81a5-97789ab2bbc5 None None] Created lookup_table index Load_Balancer.name {{(pid=87664) autocreate_indices /opt/stack/data/venv/lib/python3.12/site-packages/ovsdbapp/backend/ovs_idl/__init__.py:87}}
Jul 18 13:05:38.725918 np0000005387 devstack@neutron-api.service[87664]: DEBUG ovsdbapp.backend.ovs_idl [None req-45557ccc-fdb9-4aa9-81a5-97789ab2bbc5 None None] Created schema index Copp.name {{(pid=87664) autocreate_indices /opt/stack/data/venv/lib/python3.12/site-packages/ovsdbapp/backend/ovs_idl/__init__.py:106}}
Jul 18 13:05:38.726066 np0000005387 devstack@neutron-api.service[87664]: DEBUG ovsdbapp.backend.ovs_idl [None req-45557ccc-fdb9-4aa9-81a5-97789ab2bbc5 None None] Created schema index Meter.name {{(pid=87664) autocreate_indices /opt/stack/data/venv/lib/python3.12/site-packages/ovsdbapp/backend/ovs_idl/__init__.py:106}}
Jul 18 13:05:38.726107 np0000005387 devstack@neutron-api.service[87664]: DEBUG ovsdbapp.backend.ovs_idl [None req-45557ccc-fdb9-4aa9-81a5-97789ab2bbc5 None None] Created schema index Load_Balancer_Group.name {{(pid=87664) autocreate_indices /opt/stack/data/venv/lib/python3.12/site-packages/ovsdbapp/backend/ovs_idl/__init__.py:106}}
Jul 18 13:05:38.726239 np0000005387 devstack@neutron-api.service[87664]: DEBUG ovsdbapp.backend.ovs_idl [None req-45557ccc-fdb9-4aa9-81a5-97789ab2bbc5 None None] Created schema index HA_Chassis_Group.name {{(pid=87664) autocreate_indices /opt/stack/data/venv/lib/python3.12/site-packages/ovsdbapp/backend/ovs_idl/__init__.py:106}}
Jul 18 13:05:38.726239 np0000005387 devstack@neutron-api.service[87664]: DEBUG ovsdbapp.backend.ovs_idl [None req-45557ccc-fdb9-4aa9-81a5-97789ab2bbc5 None None] Created schema index Address_Set.name {{(pid=87664) autocreate_indices /opt/stack/data/venv/lib/python3.12/site-packages/ovsdbapp/backend/ovs_idl/__init__.py:106}}
Jul 18 13:05:38.726408 np0000005387 devstack@neutron-api.service[87664]: DEBUG ovsdbapp.backend.ovs_idl [None req-45557ccc-fdb9-4aa9-81a5-97789ab2bbc5 None None] Created schema index Connection.target {{(pid=87664) autocreate_indices /opt/stack/data/venv/lib/python3.12/site-packages/ovsdbapp/backend/ovs_idl/__init__.py:106}}
Jul 18 13:05:38.726408 np0000005387 devstack@neutron-api.service[87664]: DEBUG ovsdbapp.backend.ovs_idl [None req-45557ccc-fdb9-4aa9-81a5-97789ab2bbc5 None None] Created schema index Gateway_Chassis.name {{(pid=87664) autocreate_indices /opt/stack/data/venv/lib/python3.12/site-packages/ovsdbapp/backend/ovs_idl/__init__.py:106}}
Jul 18 13:05:38.726600 np0000005387 devstack@neutron-api.service[87664]: DEBUG ovsdbapp.backend.ovs_idl [None req-45557ccc-fdb9-4aa9-81a5-97789ab2bbc5 None None] Created schema index Mirror.name {{(pid=87664) autocreate_indices /opt/stack/data/venv/lib/python3.12/site-packages/ovsdbapp/backend/ovs_idl/__init__.py:106}}
Jul 18 13:05:38.726600 np0000005387 devstack@neutron-api.service[87664]: DEBUG ovsdbapp.backend.ovs_idl [None req-45557ccc-fdb9-4aa9-81a5-97789ab2bbc5 None None] Created schema index Chassis_Template_Var.chassis {{(pid=87664) autocreate_indices /opt/stack/data/venv/lib/python3.12/site-packages/ovsdbapp/backend/ovs_idl/__init__.py:106}}
Jul 18 13:05:38.726779 np0000005387 devstack@neutron-api.service[87664]: DEBUG ovsdbapp.backend.ovs_idl [None req-45557ccc-fdb9-4aa9-81a5-97789ab2bbc5 None None] Created schema index Logical_Router_Port.name {{(pid=87664) autocreate_indices /opt/stack/data/venv/lib/python3.12/site-packages/ovsdbapp/backend/ovs_idl/__init__.py:106}}
Jul 18 13:05:38.726779 np0000005387 devstack@neutron-api.service[87664]: DEBUG ovsdbapp.backend.ovs_idl [None req-45557ccc-fdb9-4aa9-81a5-97789ab2bbc5 None None] Created schema index Port_Group.name {{(pid=87664) autocreate_indices /opt/stack/data/venv/lib/python3.12/site-packages/ovsdbapp/backend/ovs_idl/__init__.py:106}}
Jul 18 13:05:38.726945 np0000005387 devstack@neutron-api.service[87664]: DEBUG ovsdbapp.backend.ovs_idl [None req-45557ccc-fdb9-4aa9-81a5-97789ab2bbc5 None None] Created schema index Logical_Switch_Port.name {{(pid=87664) autocreate_indices /opt/stack/data/venv/lib/python3.12/site-packages/ovsdbapp/backend/ovs_idl/__init__.py:106}}
Jul 18 13:05:38.729118 np0000005387 devstack@neutron-api.service[87664]: INFO ovsdbapp.backend.ovs_idl.vlog [None req-45557ccc-fdb9-4aa9-81a5-97789ab2bbc5 None None] ssl:10.4.3.133:6641: connecting...
Jul 18 13:05:38.733337 np0000005387 devstack@neutron-api.service[87664]: INFO ovsdbapp.backend.ovs_idl.vlog [None req-45557ccc-fdb9-4aa9-81a5-97789ab2bbc5 None None] ssl:10.4.3.133:6641: connected
Jul 18 13:05:38.758612 np0000005387 devstack@neutron-api.service[87664]: DEBUG neutron.common.ovn.hash_ring_manager [None req-45557ccc-fdb9-4aa9-81a5-97789ab2bbc5 None None] Disallow caching, nodes 2<3 {{(pid=87664) _wait_startup_before_caching /opt/stack/neutron/neutron/common/ovn/hash_ring_manager.py:79}}
Jul 18 13:05:38.763661 np0000005387 devstack@neutron-api.service[87664]: DEBUG neutron.common.ovn.hash_ring_manager [None req-45557ccc-fdb9-4aa9-81a5-97789ab2bbc5 None None] Hash Ring loaded. 2 active nodes. 0 offline nodes {{(pid=87664) _load_hash_ring /opt/stack/neutron/neutron/common/ovn/hash_ring_manager.py:110}}
Jul 18 13:05:38.763661 np0000005387 devstack@neutron-api.service[87664]: DEBUG neutron.plugins.ml2.drivers.ovn.mech_driver.ovsdb.ovsdb_monitor [None req-45557ccc-fdb9-4aa9-81a5-97789ab2bbc5 None None] Hash Ring: Node 31cc32505149555bad57f7ef3a8d5d06 (host: np0000005387) handling event "create" for row 97258ca0-dee5-4ce4-a83f-68324f04a153 (table: ACL) {{(pid=87664) notify /opt/stack/neutron/neutron/plugins/ml2/drivers/ovn/mech_driver/ovsdb/ovsdb_monitor.py:1009}}
Jul 18 13:05:38.770180 np0000005387 devstack@neutron-api.service[87664]: DEBUG neutron.common.ovn.hash_ring_manager [None req-45557ccc-fdb9-4aa9-81a5-97789ab2bbc5 None None] Hash Ring loaded. 2 active nodes. 0 offline nodes {{(pid=87664) _load_hash_ring /opt/stack/neutron/neutron/common/ovn/hash_ring_manager.py:110}}
Jul 18 13:05:38.770180 np0000005387 devstack@neutron-api.service[87664]: DEBUG neutron.plugins.ml2.drivers.ovn.mech_driver.ovsdb.ovsdb_monitor [None req-45557ccc-fdb9-4aa9-81a5-97789ab2bbc5 None None] Hash Ring: Node 31cc32505149555bad57f7ef3a8d5d06 (host: np0000005387) handling event "create" for row bddcc4fc-f762-49e4-a7c4-9002c30750f4 (table: ACL) {{(pid=87664) notify /opt/stack/neutron/neutron/plugins/ml2/drivers/ovn/mech_driver/ovsdb/ovsdb_monitor.py:1009}}
Jul 18 13:05:38.775385 np0000005387 devstack@neutron-api.service[87664]: DEBUG neutron.common.ovn.hash_ring_manager [None req-45557ccc-fdb9-4aa9-81a5-97789ab2bbc5 None None] Hash Ring loaded. 2 active nodes. 0 offline nodes {{(pid=87664) _load_hash_ring /opt/stack/neutron/neutron/common/ovn/hash_ring_manager.py:110}}
Jul 18 13:05:38.775550 np0000005387 devstack@neutron-api.service[87664]: DEBUG neutron.plugins.ml2.drivers.ovn.mech_driver.ovsdb.ovsdb_monitor [None req-45557ccc-fdb9-4aa9-81a5-97789ab2bbc5 None None] Hash Ring: Node 31cc32505149555bad57f7ef3a8d5d06 (host: np0000005387) handling event "create" for row cdd63985-f3d5-4628-8c9a-76d3285e796e (table: ACL) {{(pid=87664) notify /opt/stack/neutron/neutron/plugins/ml2/drivers/ovn/mech_driver/ovsdb/ovsdb_monitor.py:1009}}
Jul 18 13:05:38.780602 np0000005387 devstack@neutron-api.service[87664]: DEBUG neutron.common.ovn.hash_ring_manager [None req-45557ccc-fdb9-4aa9-81a5-97789ab2bbc5 None None] Hash Ring loaded. 2 active nodes. 0 offline nodes {{(pid=87664) _load_hash_ring /opt/stack/neutron/neutron/common/ovn/hash_ring_manager.py:110}}
Jul 18 13:05:38.785479 np0000005387 devstack@neutron-api.service[87664]: DEBUG neutron.common.ovn.hash_ring_manager [None req-45557ccc-fdb9-4aa9-81a5-97789ab2bbc5 None None] Hash Ring loaded. 2 active nodes. 0 offline nodes {{(pid=87664) _load_hash_ring /opt/stack/neutron/neutron/common/ovn/hash_ring_manager.py:110}}
Jul 18 13:05:38.785683 np0000005387 devstack@neutron-api.service[87664]: DEBUG neutron.plugins.ml2.drivers.ovn.mech_driver.ovsdb.ovsdb_monitor [None req-45557ccc-fdb9-4aa9-81a5-97789ab2bbc5 None None] Hash Ring: Node 31cc32505149555bad57f7ef3a8d5d06 (host: np0000005387) handling event "create" for row b1b3a884-d000-4e36-8832-b03291c1dd3b (table: Connection) {{(pid=87664) notify /opt/stack/neutron/neutron/plugins/ml2/drivers/ovn/mech_driver/ovsdb/ovsdb_monitor.py:1009}}
Jul 18 13:05:38.791118 np0000005387 devstack@neutron-api.service[87664]: DEBUG neutron.common.ovn.hash_ring_manager [None req-45557ccc-fdb9-4aa9-81a5-97789ab2bbc5 None None] Hash Ring loaded. 2 active nodes. 0 offline nodes {{(pid=87664) _load_hash_ring /opt/stack/neutron/neutron/common/ovn/hash_ring_manager.py:110}}
Jul 18 13:05:38.796183 np0000005387 devstack@neutron-api.service[87664]: DEBUG neutron.common.ovn.hash_ring_manager [None req-45557ccc-fdb9-4aa9-81a5-97789ab2bbc5 None None] Hash Ring loaded. 2 active nodes. 0 offline nodes {{(pid=87664) _load_hash_ring /opt/stack/neutron/neutron/common/ovn/hash_ring_manager.py:110}}
Jul 18 13:05:38.801636 np0000005387 devstack@neutron-api.service[87664]: DEBUG neutron.common.ovn.hash_ring_manager [None req-45557ccc-fdb9-4aa9-81a5-97789ab2bbc5 None None] Hash Ring loaded. 2 active nodes. 0 offline nodes {{(pid=87664) _load_hash_ring /opt/stack/neutron/neutron/common/ovn/hash_ring_manager.py:110}}
Jul 18 13:05:38.801865 np0000005387 devstack@neutron-api.service[87664]: DEBUG neutron.plugins.ml2.drivers.ovn.mech_driver.ovsdb.ovsdb_monitor [None req-45557ccc-fdb9-4aa9-81a5-97789ab2bbc5 None None] Hash Ring: Node 31cc32505149555bad57f7ef3a8d5d06 (host: np0000005387) handling event "create" for row 1fe62959-a7f7-45ba-8b0b-047d80ae07a2 (table: Port_Group) {{(pid=87664) notify /opt/stack/neutron/neutron/plugins/ml2/drivers/ovn/mech_driver/ovsdb/ovsdb_monitor.py:1009}}
Jul 18 13:05:38.807011 np0000005387 devstack@neutron-api.service[87664]: DEBUG neutron.common.ovn.hash_ring_manager [None req-45557ccc-fdb9-4aa9-81a5-97789ab2bbc5 None None] Hash Ring loaded. 2 active nodes. 0 offline nodes {{(pid=87664) _load_hash_ring /opt/stack/neutron/neutron/common/ovn/hash_ring_manager.py:110}}
Jul 18 13:05:38.807997 np0000005387 devstack@neutron-api.service[87664]: INFO neutron.plugins.ml2.drivers.ovn.mech_driver.ovsdb.impl_idl_ovn [None req-45557ccc-fdb9-4aa9-81a5-97789ab2bbc5 None None] Getting OvsdbSbOvnIdl for WorkerService with retry
Jul 18 13:05:38.831445 np0000005387 devstack@neutron-api.service[87664]: DEBUG ovsdbapp.backend.ovs_idl [None req-45557ccc-fdb9-4aa9-81a5-97789ab2bbc5 None None] Created lookup_table index Chassis.name {{(pid=87664) autocreate_indices /opt/stack/data/venv/lib/python3.12/site-packages/ovsdbapp/backend/ovs_idl/__init__.py:87}}
Jul 18 13:05:38.831591 np0000005387 devstack@neutron-api.service[87664]: DEBUG ovsdbapp.backend.ovs_idl [None req-45557ccc-fdb9-4aa9-81a5-97789ab2bbc5 None None] Created lookup_table index Port_Binding.logical_port {{(pid=87664) autocreate_indices /opt/stack/data/venv/lib/python3.12/site-packages/ovsdbapp/backend/ovs_idl/__init__.py:87}}
Jul 18 13:05:38.831702 np0000005387 devstack@neutron-api.service[87664]: DEBUG ovsdbapp.backend.ovs_idl [None req-45557ccc-fdb9-4aa9-81a5-97789ab2bbc5 None None] Created schema index Chassis_Private.name {{(pid=87664) autocreate_indices /opt/stack/data/venv/lib/python3.12/site-packages/ovsdbapp/backend/ovs_idl/__init__.py:106}}
Jul 18 13:05:38.831806 np0000005387 devstack@neutron-api.service[87664]: DEBUG ovsdbapp.backend.ovs_idl [None req-45557ccc-fdb9-4aa9-81a5-97789ab2bbc5 None None] Created schema index Datapath_Binding.tunnel_key {{(pid=87664) autocreate_indices /opt/stack/data/venv/lib/python3.12/site-packages/ovsdbapp/backend/ovs_idl/__init__.py:106}}
Jul 18 13:05:38.834051 np0000005387 devstack@neutron-api.service[87664]: INFO ovsdbapp.backend.ovs_idl.vlog [None req-45557ccc-fdb9-4aa9-81a5-97789ab2bbc5 None None] ssl:10.4.3.133:6642: connecting...
Jul 18 13:05:38.838352 np0000005387 devstack@neutron-api.service[87664]: INFO ovsdbapp.backend.ovs_idl.vlog [None req-45557ccc-fdb9-4aa9-81a5-97789ab2bbc5 None None] ssl:10.4.3.133:6642: connected
Jul 18 13:05:38.859879 np0000005387 devstack@neutron-api.service[87664]: DEBUG neutron.common.ovn.hash_ring_manager [None req-45557ccc-fdb9-4aa9-81a5-97789ab2bbc5 None None] Disallow caching, nodes 2<3 {{(pid=87664) _wait_startup_before_caching /opt/stack/neutron/neutron/common/ovn/hash_ring_manager.py:79}}
Jul 18 13:05:38.863687 np0000005387 devstack@neutron-api.service[87664]: DEBUG neutron.common.ovn.hash_ring_manager [None req-45557ccc-fdb9-4aa9-81a5-97789ab2bbc5 None None] Hash Ring loaded. 2 active nodes. 0 offline nodes {{(pid=87664) _load_hash_ring /opt/stack/neutron/neutron/common/ovn/hash_ring_manager.py:110}}
Jul 18 13:05:38.864215 np0000005387 devstack@neutron-api.service[87664]: DEBUG ovsdbapp.backend.ovs_idl.event [None req-45557ccc-fdb9-4aa9-81a5-97789ab2bbc5 None None] Matched CREATE: ChassisAgentWriteEvent(events=('create', 'update'), table='Chassis_Private', conditions=None, old_conditions=None), priority=20 to row=Chassis_Private(uuid=ea04091c-eabb-48a8-afff-6f3c1f3bcc75, chassis=4e40654b-ce64-45f6-9b50-6a1056d727a8, external_ids={'neutron:ovn-bridge': 'br-int', 'neutron:ovn-neutron-agent-id': '80890bda-e442-59c5-80a0-7c7a01f9dc26', 'neutron:ovn-neutron-agent-sb-cfg': '0'}, name='87cd199f-3037-433f-8f6e-143ab87a60dc', nb_cfg=0, nb_cfg_timestamp=0) old= {{(pid=87664) matches /opt/stack/data/venv/lib/python3.12/site-packages/ovsdbapp/backend/ovs_idl/event.py:55}}
Jul 18 13:05:38.864560 np0000005387 devstack@neutron-api.service[87664]: DEBUG ovsdbapp.backend.ovs_idl.event [None req-45557ccc-fdb9-4aa9-81a5-97789ab2bbc5 None None] Matched CREATE: ChassisOVNAgentWriteEvent(events=('create', 'update'), table='Chassis_Private', conditions=None, old_conditions=None), priority=20 to row=Chassis_Private(uuid=ea04091c-eabb-48a8-afff-6f3c1f3bcc75, chassis=4e40654b-ce64-45f6-9b50-6a1056d727a8, external_ids={'neutron:ovn-bridge': 'br-int', 'neutron:ovn-neutron-agent-id': '80890bda-e442-59c5-80a0-7c7a01f9dc26', 'neutron:ovn-neutron-agent-sb-cfg': '0'}, name='87cd199f-3037-433f-8f6e-143ab87a60dc', nb_cfg=0, nb_cfg_timestamp=0) old= {{(pid=87664) matches /opt/stack/data/venv/lib/python3.12/site-packages/ovsdbapp/backend/ovs_idl/event.py:55}}
Jul 18 13:05:38.871483 np0000005387 devstack@neutron-api.service[87664]: DEBUG neutron.common.ovn.hash_ring_manager [None req-45557ccc-fdb9-4aa9-81a5-97789ab2bbc5 None None] Hash Ring loaded. 2 active nodes. 0 offline nodes {{(pid=87664) _load_hash_ring /opt/stack/neutron/neutron/common/ovn/hash_ring_manager.py:110}}
Jul 18 13:05:38.871662 np0000005387 devstack@neutron-api.service[87664]: DEBUG neutron.plugins.ml2.drivers.ovn.mech_driver.ovsdb.ovsdb_monitor [None req-45557ccc-fdb9-4aa9-81a5-97789ab2bbc5 None None] Hash Ring: Node 31cc32505149555bad57f7ef3a8d5d06 (host: np0000005387) handling event "create" for row ea04091c-eabb-48a8-afff-6f3c1f3bcc75 (table: Chassis_Private) {{(pid=87664) notify /opt/stack/neutron/neutron/plugins/ml2/drivers/ovn/mech_driver/ovsdb/ovsdb_monitor.py:1009}}
Jul 18 13:05:38.877532 np0000005387 devstack@neutron-api.service[87664]: DEBUG neutron.common.ovn.hash_ring_manager [None req-45557ccc-fdb9-4aa9-81a5-97789ab2bbc5 None None] Hash Ring loaded. 2 active nodes. 0 offline nodes {{(pid=87664) _load_hash_ring /opt/stack/neutron/neutron/common/ovn/hash_ring_manager.py:110}}
