Jul 19 19:01:56.119776 np0000005456 devstack@g-api.service[103023]: DEBUG glance.common.config [None req-24f5b1b9-af18-4be0-9dff-7a2e2b5dfee4 None None] database.sqlite_synchronous = True {{(pid=103023) log_opt_values /opt/stack/data/venv/lib/python3.12/site-packages/oslo_config/cfg.py:3253}}
Jul 19 19:01:56.119800 np0000005456 devstack@g-api.service[103022]: DEBUG glance.common.config [None req-6059a353-af60-4b9b-848e-6b0d4214a81f None None] database.connection = **** {{(pid=103022) log_opt_values /opt/stack/data/venv/lib/python3.12/site-packages/oslo_config/cfg.py:3253}}
Jul 19 19:01:56.119820 np0000005456 devstack@g-api.service[103025]: DEBUG glance.common.config [None req-9b3be831-7dba-4054-afa5-f6335f285e8c None None] healthcheck.disable_by_file_path = None {{(pid=103025) log_opt_values /opt/stack/data/venv/lib/python3.12/site-packages/oslo_config/cfg.py:3253}}
Jul 19 19:01:56.119844 np0000005456 devstack@g-api.service[103023]: DEBUG glance.common.config [None req-24f5b1b9-af18-4be0-9dff-7a2e2b5dfee4 None None] database.synchronous_reader = True {{(pid=103023) log_opt_values /opt/stack/data/venv/lib/python3.12/site-packages/oslo_config/cfg.py:3253}}
Jul 19 19:01:56.119865 np0000005456 devstack@g-api.service[103022]: DEBUG glance.common.config [None req-6059a353-af60-4b9b-848e-6b0d4214a81f None None] database.connection_debug = 0 {{(pid=103022) log_opt_values /opt/stack/data/venv/lib/python3.12/site-packages/oslo_config/cfg.py:3253}}
Jul 19 19:01:56.119889 np0000005456 devstack@g-api.service[103025]: DEBUG glance.common.config [None req-9b3be831-7dba-4054-afa5-f6335f285e8c None None] healthcheck.ignore_proxied_requests = False {{(pid=103025) log_opt_values /opt/stack/data/venv/lib/python3.12/site-packages/oslo_config/cfg.py:3253}}
Jul 19 19:01:56.119912 np0000005456 devstack@g-api.service[103023]: DEBUG glance.common.config [None req-24f5b1b9-af18-4be0-9dff-7a2e2b5dfee4 None None] database.use_db_reconnect = False {{(pid=103023) log_opt_values /opt/stack/data/venv/lib/python3.12/site-packages/oslo_config/cfg.py:3253}}
Jul 19 19:01:56.119938 np0000005456 devstack@g-api.service[103025]: DEBUG glance.common.config [None req-9b3be831-7dba-4054-afa5-f6335f285e8c None None] ******************************************************************************** {{(pid=103025) log_opt_values /opt/stack/data/venv/lib/python3.12/site-packages/oslo_config/cfg.py:3260}}
Jul 19 19:01:56.119968 np0000005456 devstack@g-api.service[103022]: DEBUG glance.common.config [None req-6059a353-af60-4b9b-848e-6b0d4214a81f None None] database.connection_parameters = {{(pid=103022) log_opt_values /opt/stack/data/venv/lib/python3.12/site-packages/oslo_config/cfg.py:3253}}
Jul 19 19:01:56.119990 np0000005456 devstack@g-api.service[103023]: DEBUG glance.common.config [None req-24f5b1b9-af18-4be0-9dff-7a2e2b5dfee4 None None] healthcheck.allowed_source_ranges = [] {{(pid=103023) log_opt_values /opt/stack/data/venv/lib/python3.12/site-packages/oslo_config/cfg.py:3253}}
Jul 19 19:01:56.120016 np0000005456 devstack@g-api.service[103025]: WSGI app 0 (mountpoint='') ready in 3 seconds on interpreter 0x7244306a4668 pid: 103025 (default app)
Jul 19 19:01:56.120038 np0000005456 devstack@g-api.service[103022]: DEBUG glance.common.config [None req-6059a353-af60-4b9b-848e-6b0d4214a81f None None] database.connection_recycle_time = 3600 {{(pid=103022) log_opt_values /opt/stack/data/venv/lib/python3.12/site-packages/oslo_config/cfg.py:3253}}
Jul 19 19:01:56.120085 np0000005456 devstack@g-api.service[103023]: DEBUG glance.common.config [None req-24f5b1b9-af18-4be0-9dff-7a2e2b5dfee4 None None] healthcheck.backends = ['disable_by_file'] {{(pid=103023) log_opt_values /opt/stack/data/venv/lib/python3.12/site-packages/oslo_config/cfg.py:3253}}
Jul 19 19:01:56.120085 np0000005456 devstack@g-api.service[103023]: DEBUG glance.common.config [None req-24f5b1b9-af18-4be0-9dff-7a2e2b5dfee4 None None] healthcheck.detailed = False {{(pid=103023) log_opt_values /opt/stack/data/venv/lib/python3.12/site-packages/oslo_config/cfg.py:3253}}
Jul 19 19:01:56.120144 np0000005456 devstack@g-api.service[103022]: DEBUG glance.common.config [None req-6059a353-af60-4b9b-848e-6b0d4214a81f None None] database.connection_trace = False {{(pid=103022) log_opt_values /opt/stack/data/venv/lib/python3.12/site-packages/oslo_config/cfg.py:3253}}
Jul 19 19:01:56.120169 np0000005456 devstack@g-api.service[103023]: DEBUG glance.common.config [None req-24f5b1b9-af18-4be0-9dff-7a2e2b5dfee4 None None] healthcheck.disable_by_file_path = None {{(pid=103023) log_opt_values /opt/stack/data/venv/lib/python3.12/site-packages/oslo_config/cfg.py:3253}}
Jul 19 19:01:56.120200 np0000005456 devstack@g-api.service[103022]: DEBUG glance.common.config [None req-6059a353-af60-4b9b-848e-6b0d4214a81f None None] database.db_inc_retry_interval = True {{(pid=103022) log_opt_values /opt/stack/data/venv/lib/python3.12/site-packages/oslo_config/cfg.py:3253}}
Jul 19 19:01:56.120230 np0000005456 devstack@g-api.service[103023]: DEBUG glance.common.config [None req-24f5b1b9-af18-4be0-9dff-7a2e2b5dfee4 None None] healthcheck.ignore_proxied_requests = False {{(pid=103023) log_opt_values /opt/stack/data/venv/lib/python3.12/site-packages/oslo_config/cfg.py:3253}}
Jul 19 19:01:56.120254 np0000005456 devstack@g-api.service[103022]: DEBUG glance.common.config [None req-6059a353-af60-4b9b-848e-6b0d4214a81f None None] database.db_max_retries = 20 {{(pid=103022) log_opt_values /opt/stack/data/venv/lib/python3.12/site-packages/oslo_config/cfg.py:3253}}
Jul 19 19:01:56.120275 np0000005456 devstack@g-api.service[103023]: DEBUG glance.common.config [None req-24f5b1b9-af18-4be0-9dff-7a2e2b5dfee4 None None] ******************************************************************************** {{(pid=103023) log_opt_values /opt/stack/data/venv/lib/python3.12/site-packages/oslo_config/cfg.py:3260}}
Jul 19 19:01:56.120297 np0000005456 devstack@g-api.service[103022]: DEBUG glance.common.config [None req-6059a353-af60-4b9b-848e-6b0d4214a81f None None] database.db_max_retry_interval = 10 {{(pid=103022) log_opt_values /opt/stack/data/venv/lib/python3.12/site-packages/oslo_config/cfg.py:3253}}
Jul 19 19:01:56.120320 np0000005456 devstack@g-api.service[103023]: WSGI app 0 (mountpoint='') ready in 3 seconds on interpreter 0x7244306a4668 pid: 103023 (default app)
Jul 19 19:01:56.120344 np0000005456 devstack@g-api.service[103022]: DEBUG glance.common.config [None req-6059a353-af60-4b9b-848e-6b0d4214a81f None None] database.db_retry_interval = 1 {{(pid=103022) log_opt_values /opt/stack/data/venv/lib/python3.12/site-packages/oslo_config/cfg.py:3253}}
Jul 19 19:01:56.120344 np0000005456 devstack@g-api.service[103022]: DEBUG glance.common.config [None req-6059a353-af60-4b9b-848e-6b0d4214a81f None None] database.max_overflow = 50 {{(pid=103022) log_opt_values /opt/stack/data/venv/lib/python3.12/site-packages/oslo_config/cfg.py:3253}}
Jul 19 19:01:56.120344 np0000005456 devstack@g-api.service[103022]: DEBUG glance.common.config [None req-6059a353-af60-4b9b-848e-6b0d4214a81f None None] database.max_pool_size = 5 {{(pid=103022) log_opt_values /opt/stack/data/venv/lib/python3.12/site-packages/oslo_config/cfg.py:3253}}
Jul 19 19:01:56.120344 np0000005456 devstack@g-api.service[103022]: DEBUG glance.common.config [None req-6059a353-af60-4b9b-848e-6b0d4214a81f None None] database.max_retries = 10 {{(pid=103022) log_opt_values /opt/stack/data/venv/lib/python3.12/site-packages/oslo_config/cfg.py:3253}}
Jul 19 19:01:56.120344 np0000005456 devstack@g-api.service[103022]: DEBUG glance.common.config [None req-6059a353-af60-4b9b-848e-6b0d4214a81f None None] database.mysql_sql_mode = TRADITIONAL {{(pid=103022) log_opt_values /opt/stack/data/venv/lib/python3.12/site-packages/oslo_config/cfg.py:3253}}
Jul 19 19:01:56.120344 np0000005456 devstack@g-api.service[103022]: DEBUG glance.common.config [None req-6059a353-af60-4b9b-848e-6b0d4214a81f None None] database.mysql_wsrep_sync_wait = None {{(pid=103022) log_opt_values /opt/stack/data/venv/lib/python3.12/site-packages/oslo_config/cfg.py:3253}}
Jul 19 19:01:56.120344 np0000005456 devstack@g-api.service[103022]: DEBUG glance.common.config [None req-6059a353-af60-4b9b-848e-6b0d4214a81f None None] database.pool_timeout = None {{(pid=103022) log_opt_values /opt/stack/data/venv/lib/python3.12/site-packages/oslo_config/cfg.py:3253}}
Jul 19 19:01:56.120513 np0000005456 devstack@g-api.service[103022]: DEBUG glance.common.config [None req-6059a353-af60-4b9b-848e-6b0d4214a81f None None] database.retry_interval = 10 {{(pid=103022) log_opt_values /opt/stack/data/venv/lib/python3.12/site-packages/oslo_config/cfg.py:3253}}
Jul 19 19:01:56.120513 np0000005456 devstack@g-api.service[103022]: DEBUG glance.common.config [None req-6059a353-af60-4b9b-848e-6b0d4214a81f None None] database.slave_connection = **** {{(pid=103022) log_opt_values /opt/stack/data/venv/lib/python3.12/site-packages/oslo_config/cfg.py:3253}}
Jul 19 19:01:56.120513 np0000005456 devstack@g-api.service[103022]: DEBUG glance.common.config [None req-6059a353-af60-4b9b-848e-6b0d4214a81f None None] database.sqlite_synchronous = True {{(pid=103022) log_opt_values /opt/stack/data/venv/lib/python3.12/site-packages/oslo_config/cfg.py:3253}}
Jul 19 19:01:56.120513 np0000005456 devstack@g-api.service[103022]: DEBUG glance.common.config [None req-6059a353-af60-4b9b-848e-6b0d4214a81f None None] database.synchronous_reader = True {{(pid=103022) log_opt_values /opt/stack/data/venv/lib/python3.12/site-packages/oslo_config/cfg.py:3253}}
Jul 19 19:01:56.120513 np0000005456 devstack@g-api.service[103022]: DEBUG glance.common.config [None req-6059a353-af60-4b9b-848e-6b0d4214a81f None None] database.use_db_reconnect = False {{(pid=103022) log_opt_values /opt/stack/data/venv/lib/python3.12/site-packages/oslo_config/cfg.py:3253}}
Jul 19 19:01:56.120513 np0000005456 devstack@g-api.service[103022]: DEBUG glance.common.config [None req-6059a353-af60-4b9b-848e-6b0d4214a81f None None] healthcheck.allowed_source_ranges = [] {{(pid=103022) log_opt_values /opt/stack/data/venv/lib/python3.12/site-packages/oslo_config/cfg.py:3253}}
Jul 19 19:01:56.120513 np0000005456 devstack@g-api.service[103022]: DEBUG glance.common.config [None req-6059a353-af60-4b9b-848e-6b0d4214a81f None None] healthcheck.backends = ['disable_by_file'] {{(pid=103022) log_opt_values /opt/stack/data/venv/lib/python3.12/site-packages/oslo_config/cfg.py:3253}}
Jul 19 19:01:56.120658 np0000005456 devstack@g-api.service[103022]: DEBUG glance.common.config [None req-6059a353-af60-4b9b-848e-6b0d4214a81f None None] healthcheck.detailed = False {{(pid=103022) log_opt_values /opt/stack/data/venv/lib/python3.12/site-packages/oslo_config/cfg.py:3253}}
Jul 19 19:01:56.120658 np0000005456 devstack@g-api.service[103022]: DEBUG glance.common.config [None req-6059a353-af60-4b9b-848e-6b0d4214a81f None None] healthcheck.disable_by_file_path = None {{(pid=103022) log_opt_values /opt/stack/data/venv/lib/python3.12/site-packages/oslo_config/cfg.py:3253}}
Jul 19 19:01:56.120658 np0000005456 devstack@g-api.service[103022]: DEBUG glance.common.config [None req-6059a353-af60-4b9b-848e-6b0d4214a81f None None] healthcheck.ignore_proxied_requests = False {{(pid=103022) log_opt_values /opt/stack/data/venv/lib/python3.12/site-packages/oslo_config/cfg.py:3253}}
Jul 19 19:01:56.120658 np0000005456 devstack@g-api.service[103022]: DEBUG glance.common.config [None req-6059a353-af60-4b9b-848e-6b0d4214a81f None None] ******************************************************************************** {{(pid=103022) log_opt_values /opt/stack/data/venv/lib/python3.12/site-packages/oslo_config/cfg.py:3260}}
Jul 19 19:01:56.120658 np0000005456 devstack@g-api.service[103022]: WSGI app 0 (mountpoint='') ready in 3 seconds on interpreter 0x7244306a4668 pid: 103022 (default app)
Jul 19 19:01:57.363915 np0000005456 devstack@g-api.service[103024]: DEBUG glance.api.middleware.version_negotiation [None req-a4b71a42-6ebc-47d2-bd63-e42b5354c9a1 None None] Determining version of request: GET / Accept: application/json {{(pid=103024) process_request /opt/stack/glance/glance/api/middleware/version_negotiation.py:44}}
Jul 19 19:01:57.364263 np0000005456 devstack@g-api.service[103024]: DEBUG glance.api.middleware.version_negotiation [None req-a4b71a42-6ebc-47d2-bd63-e42b5354c9a1 None None] Using url versioning {{(pid=103024) process_request /opt/stack/glance/glance/api/middleware/version_negotiation.py:57}}
Jul 19 19:01:57.364263 np0000005456 devstack@g-api.service[103024]: DEBUG glance.api.middleware.version_negotiation [None req-a4b71a42-6ebc-47d2-bd63-e42b5354c9a1 None None] Unknown version. Returning version choices. {{(pid=103024) process_request /opt/stack/glance/glance/api/middleware/version_negotiation.py:64}}
Jul 19 19:01:57.364793 np0000005456 devstack@g-api.service[103024]: [pid: 103024|app: 0|req: 2/2] 127.0.0.1 () {36 vars in 573 bytes} [Sun Jul 19 19:01:57 2026] GET / => generated 1515 bytes in 1 msecs (HTTP/1.1 300) 3 headers in 106 bytes (1 switches on core 0)
Jul 19 19:01:57.377687 np0000005456 devstack@g-api.service[103025]: DEBUG glance.api.middleware.version_negotiation [None req-9b3be831-7dba-4054-afa5-f6335f285e8c None None] Determining version of request: POST /v2/images Accept: */* {{(pid=103025) process_request /opt/stack/glance/glance/api/middleware/version_negotiation.py:44}}
Jul 19 19:01:57.378186 np0000005456 devstack@g-api.service[103025]: DEBUG glance.api.middleware.version_negotiation [None req-9b3be831-7dba-4054-afa5-f6335f285e8c None None] Using url versioning {{(pid=103025) process_request /opt/stack/glance/glance/api/middleware/version_negotiation.py:57}}
Jul 19 19:01:57.378324 np0000005456 devstack@g-api.service[103025]: DEBUG glance.api.middleware.version_negotiation [None req-9b3be831-7dba-4054-afa5-f6335f285e8c None None] Matched version: v2 {{(pid=103025) process_request /opt/stack/glance/glance/api/middleware/version_negotiation.py:69}}
Jul 19 19:01:57.378450 np0000005456 devstack@g-api.service[103025]: DEBUG glance.api.middleware.version_negotiation [None req-9b3be831-7dba-4054-afa5-f6335f285e8c None None] new path /v2/images {{(pid=103025) process_request /opt/stack/glance/glance/api/middleware/version_negotiation.py:70}}
Jul 19 19:01:58.394976 np0000005456 devstack@g-api.service[103025]: [pid: 103025|app: 0|req: 1/3] 127.0.0.1 () {42 vars in 836 bytes} [Sun Jul 19 19:01:57 2026] POST /v2/images => generated 807 bytes in 1017 msecs (HTTP/1.1 201) 6 headers in 315 bytes (1 switches on core 0)
Jul 19 19:01:58.403530 np0000005456 devstack@g-api.service[103023]: DEBUG glance.api.middleware.version_negotiation [None req-24f5b1b9-af18-4be0-9dff-7a2e2b5dfee4 None None] Determining version of request: PUT /v2/images/91420be8-3f20-4ee9-876f-8a7a2a24bc87/stage Accept: {{(pid=103023) process_request /opt/stack/glance/glance/api/middleware/version_negotiation.py:44}}
Jul 19 19:01:58.403874 np0000005456 devstack@g-api.service[103023]: DEBUG glance.api.middleware.version_negotiation [None req-24f5b1b9-af18-4be0-9dff-7a2e2b5dfee4 None None] Using url versioning {{(pid=103023) process_request /opt/stack/glance/glance/api/middleware/version_negotiation.py:57}}
Jul 19 19:01:58.404096 np0000005456 devstack@g-api.service[103023]: DEBUG glance.api.middleware.version_negotiation [None req-24f5b1b9-af18-4be0-9dff-7a2e2b5dfee4 None None] Matched version: v2 {{(pid=103023) process_request /opt/stack/glance/glance/api/middleware/version_negotiation.py:69}}
Jul 19 19:01:58.404227 np0000005456 devstack@g-api.service[103023]: DEBUG glance.api.middleware.version_negotiation [None req-24f5b1b9-af18-4be0-9dff-7a2e2b5dfee4 None None] new path /v2/images/91420be8-3f20-4ee9-876f-8a7a2a24bc87/stage {{(pid=103023) process_request /opt/stack/glance/glance/api/middleware/version_negotiation.py:70}}
Jul 19 19:01:58.987279 np0000005456 devstack@g-api.service[103023]: DEBUG glance_store.backend [None req-38da0597-b9ea-4975-b156-8d6453f0e06e admin admin] Attempting to import store cinder {{(pid=103023) _load_store /opt/stack/data/venv/lib/python3.12/site-packages/glance_store/backend.py:215}}
Jul 19 19:01:58.987423 np0000005456 devstack@g-api.service[103023]: DEBUG glance_store.backend [None req-38da0597-b9ea-4975-b156-8d6453f0e06e admin admin] Attempting to import store file {{(pid=103023) _load_store /opt/stack/data/venv/lib/python3.12/site-packages/glance_store/backend.py:215}}
Jul 19 19:01:58.987501 np0000005456 devstack@g-api.service[103023]: DEBUG glance_store.backend [None req-38da0597-b9ea-4975-b156-8d6453f0e06e admin admin] Attempting to import store glance.store.cinder.Store {{(pid=103023) _load_store /opt/stack/data/venv/lib/python3.12/site-packages/glance_store/backend.py:215}}
Jul 19 19:01:58.987596 np0000005456 devstack@g-api.service[103023]: DEBUG glance_store.backend [None req-38da0597-b9ea-4975-b156-8d6453f0e06e admin admin] Attempting to import store glance.store.filesystem.Store {{(pid=103023) _load_store /opt/stack/data/venv/lib/python3.12/site-packages/glance_store/backend.py:215}}
Jul 19 19:01:58.987689 np0000005456 devstack@g-api.service[103023]: DEBUG glance_store.backend [None req-38da0597-b9ea-4975-b156-8d6453f0e06e admin admin] Attempting to import store glance.store.http.Store {{(pid=103023) _load_store /opt/stack/data/venv/lib/python3.12/site-packages/glance_store/backend.py:215}}
Jul 19 19:01:58.987774 np0000005456 devstack@g-api.service[103023]: DEBUG glance_store.backend [None req-38da0597-b9ea-4975-b156-8d6453f0e06e admin admin] Attempting to import store glance.store.rbd.Store {{(pid=103023) _load_store /opt/stack/data/venv/lib/python3.12/site-packages/glance_store/backend.py:215}}
Jul 19 19:01:58.987865 np0000005456 devstack@g-api.service[103023]: DEBUG glance_store.backend [None req-38da0597-b9ea-4975-b156-8d6453f0e06e admin admin] Attempting to import store glance.store.s3.Store {{(pid=103023) _load_store /opt/stack/data/venv/lib/python3.12/site-packages/glance_store/backend.py:215}}
Jul 19 19:01:58.987963 np0000005456 devstack@g-api.service[103023]: DEBUG glance_store.backend [None req-38da0597-b9ea-4975-b156-8d6453f0e06e admin admin] Attempting to import store glance.store.swift.Store {{(pid=103023) _load_store /opt/stack/data/venv/lib/python3.12/site-packages/glance_store/backend.py:215}}
Jul 19 19:01:58.988057 np0000005456 devstack@g-api.service[103023]: DEBUG glance_store.backend [None req-38da0597-b9ea-4975-b156-8d6453f0e06e admin admin] Attempting to import store glance.store.vmware_datastore.Store {{(pid=103023) _load_store /opt/stack/data/venv/lib/python3.12/site-packages/glance_store/backend.py:215}}
Jul 19 19:01:58.988160 np0000005456 devstack@g-api.service[103023]: DEBUG glance_store.backend [None req-38da0597-b9ea-4975-b156-8d6453f0e06e admin admin] Attempting to import store http {{(pid=103023) _load_store /opt/stack/data/venv/lib/python3.12/site-packages/glance_store/backend.py:215}}
Jul 19 19:01:58.988261 np0000005456 devstack@g-api.service[103023]: DEBUG glance_store.backend [None req-38da0597-b9ea-4975-b156-8d6453f0e06e admin admin] Attempting to import store no_conf {{(pid=103023) _load_store /opt/stack/data/venv/lib/python3.12/site-packages/glance_store/backend.py:215}}
Jul 19 19:01:58.988351 np0000005456 devstack@g-api.service[103023]: DEBUG glance_store.backend [None req-38da0597-b9ea-4975-b156-8d6453f0e06e admin admin] Attempting to import store rbd {{(pid=103023) _load_store /opt/stack/data/venv/lib/python3.12/site-packages/glance_store/backend.py:215}}
Jul 19 19:01:58.988438 np0000005456 devstack@g-api.service[103023]: DEBUG glance_store.backend [None req-38da0597-b9ea-4975-b156-8d6453f0e06e admin admin] Attempting to import store s3 {{(pid=103023) _load_store /opt/stack/data/venv/lib/python3.12/site-packages/glance_store/backend.py:215}}
Jul 19 19:01:58.988525 np0000005456 devstack@g-api.service[103023]: DEBUG glance_store.backend [None req-38da0597-b9ea-4975-b156-8d6453f0e06e admin admin] Attempting to import store swift {{(pid=103023) _load_store /opt/stack/data/venv/lib/python3.12/site-packages/glance_store/backend.py:215}}
Jul 19 19:01:58.988609 np0000005456 devstack@g-api.service[103023]: DEBUG glance_store.backend [None req-38da0597-b9ea-4975-b156-8d6453f0e06e admin admin] Attempting to import store vmware {{(pid=103023) _load_store /opt/stack/data/venv/lib/python3.12/site-packages/glance_store/backend.py:215}}
Jul 19 19:01:58.988699 np0000005456 devstack@g-api.service[103023]: DEBUG glance_store.backend [None req-38da0597-b9ea-4975-b156-8d6453f0e06e admin admin] Registering options for group glance_store {{(pid=103023) register_opts /opt/stack/data/venv/lib/python3.12/site-packages/glance_store/backend.py:144}}
Jul 19 19:01:58.988798 np0000005456 devstack@g-api.service[103023]: DEBUG glance_store.backend [None req-38da0597-b9ea-4975-b156-8d6453f0e06e admin admin] Registering options for group glance_store {{(pid=103023) register_opts /opt/stack/data/venv/lib/python3.12/site-packages/glance_store/backend.py:144}}
Jul 19 19:01:58.989134 np0000005456 devstack@g-api.service[103023]: DEBUG glance_store.backend [None req-38da0597-b9ea-4975-b156-8d6453f0e06e admin admin] Attempting to import store file {{(pid=103023) _load_store /opt/stack/data/venv/lib/python3.12/site-packages/glance_store/backend.py:215}}
Jul 19 19:01:58.989465 np0000005456 devstack@g-api.service[103023]: INFO glance_store._drivers.filesystem [None req-38da0597-b9ea-4975-b156-8d6453f0e06e admin admin] Directory to write image files does not exist (/tmp/staging/). Creating.
Jul 19 19:01:58.989665 np0000005456 devstack@g-api.service[103023]: DEBUG glance_store.capabilities [None req-38da0597-b9ea-4975-b156-8d6453f0e06e admin admin] Store glance_store._drivers.filesystem.Store doesn't support updating dynamic storage capabilities. Please overwrite 'update_capabilities' method of the store to implement updating logics if needed. {{(pid=103023) update_capabilities /opt/stack/data/venv/lib/python3.12/site-packages/glance_store/capabilities.py:91}}
Jul 19 19:01:59.563108 np0000005456 devstack@g-api.service[103023]: DEBUG glance_store._drivers.filesystem [None req-38da0597-b9ea-4975-b156-8d6453f0e06e admin admin] Wrote 21430272 bytes to /tmp/staging/91420be8-3f20-4ee9-876f-8a7a2a24bc87 with checksum c8fc807773e5354afe61636071771906 and multihash c8fc807773e5354afe61636071771906 {{(pid=103023) add /opt/stack/data/venv/lib/python3.12/site-packages/glance_store/_drivers/filesystem.py:899}}
Jul 19 19:01:59.581659 np0000005456 devstack@g-api.service[103023]: [pid: 103023|app: 0|req: 1/4] 127.0.0.1 () {42 vars in 931 bytes} [Sun Jul 19 19:01:58 2026] PUT /v2/images/91420be8-3f20-4ee9-876f-8a7a2a24bc87/stage => generated 0 bytes in 1178 msecs (HTTP/1.1 204) 4 headers in 171 bytes (1 switches on core 0)
Jul 19 19:01:59.590356 np0000005456 devstack@g-api.service[103022]: DEBUG glance.api.middleware.version_negotiation [None req-6059a353-af60-4b9b-848e-6b0d4214a81f None None] Determining version of request: POST /v2/images/91420be8-3f20-4ee9-876f-8a7a2a24bc87/import Accept: */* {{(pid=103022) process_request /opt/stack/glance/glance/api/middleware/version_negotiation.py:44}}
Jul 19 19:01:59.590665 np0000005456 devstack@g-api.service[103022]: DEBUG glance.api.middleware.version_negotiation [None req-6059a353-af60-4b9b-848e-6b0d4214a81f None None] Using url versioning {{(pid=103022) process_request /opt/stack/glance/glance/api/middleware/version_negotiation.py:57}}
Jul 19 19:01:59.590937 np0000005456 devstack@g-api.service[103022]: DEBUG glance.api.middleware.version_negotiation [None req-6059a353-af60-4b9b-848e-6b0d4214a81f None None] Matched version: v2 {{(pid=103022) process_request /opt/stack/glance/glance/api/middleware/version_negotiation.py:69}}
Jul 19 19:01:59.591031 np0000005456 devstack@g-api.service[103022]: DEBUG glance.api.middleware.version_negotiation [None req-6059a353-af60-4b9b-848e-6b0d4214a81f None None] new path /v2/images/91420be8-3f20-4ee9-876f-8a7a2a24bc87/import {{(pid=103022) process_request /opt/stack/glance/glance/api/middleware/version_negotiation.py:70}}
Jul 19 19:02:00.198143 np0000005456 devstack@g-api.service[103022]: DEBUG glance.domain [None req-c3248283-3e33-48ae-8774-c885fec3a5aa admin admin] Loading taskflow executor {{(pid=103022) new_task_executor /opt/stack/glance/glance/domain/__init__.py:515}}
Jul 19 19:02:00.384833 np0000005456 devstack@g-api.service[103022]: DEBUG oslo_concurrency.lockutils [None req-c3248283-3e33-48ae-8774-c885fec3a5aa admin admin] Acquiring lock "tasks_pool" by "glance.api.common.memoize..memoizer_wrapper..memoizer" {{(pid=103022) inner /opt/stack/data/venv/lib/python3.12/site-packages/oslo_concurrency/lockutils.py:512}}
Jul 19 19:02:00.384954 np0000005456 devstack@g-api.service[103022]: DEBUG oslo_concurrency.lockutils [None req-c3248283-3e33-48ae-8774-c885fec3a5aa admin admin] Lock "tasks_pool" acquired by "glance.api.common.memoize..memoizer_wrapper..memoizer" :: waited 0.000s {{(pid=103022) inner /opt/stack/data/venv/lib/python3.12/site-packages/oslo_concurrency/lockutils.py:525}}
Jul 19 19:02:00.385317 np0000005456 devstack@g-api.service[103022]: DEBUG glance.api.common [None req-c3248283-3e33-48ae-8774-c885fec3a5aa admin admin] Initializing named threadpool 'tasks_pool' {{(pid=103022) _get_thread_pool /opt/stack/glance/glance/api/common.py:242}}
Jul 19 19:02:00.385754 np0000005456 devstack@g-api.service[103022]: DEBUG glance.async_ [None req-c3248283-3e33-48ae-8774-c885fec3a5aa admin admin] Creating threadpool model 'ThreadPoolExecutor' with size 16 {{(pid=103022) __init__ /opt/stack/glance/glance/async_/__init__.py:100}}
Jul 19 19:02:00.385873 np0000005456 devstack@g-api.service[103022]: DEBUG oslo_concurrency.lockutils [None req-c3248283-3e33-48ae-8774-c885fec3a5aa admin admin] Lock "tasks_pool" "released" by "glance.api.common.memoize..memoizer_wrapper..memoizer" :: held 0.001s {{(pid=103022) inner /opt/stack/data/venv/lib/python3.12/site-packages/oslo_concurrency/lockutils.py:544}}
Jul 19 19:02:00.385976 np0000005456 devstack@g-api.service[103022]: DEBUG glance.async_ [None req-c3248283-3e33-48ae-8774-c885fec3a5aa admin admin] Spawning with ThreadPoolExecutor: >((,), {}) {{(pid=103022) spawn /opt/stack/glance/glance/async_/__init__.py:106}}
Jul 19 19:02:00.388200 np0000005456 devstack@g-api.service[103022]: [pid: 103022|app: 0|req: 1/5] 127.0.0.1 () {42 vars in 923 bytes} [Sun Jul 19 19:01:59 2026] POST /v2/images/91420be8-3f20-4ee9-876f-8a7a2a24bc87/import => generated 0 bytes in 798 msecs (HTTP/1.1 202) 4 headers in 169 bytes (1 switches on core 0)
Jul 19 19:02:00.390845 np0000005456 devstack@g-api.service[103022]: INFO glance.domain [-] Task [0a0416c5-03a1-43d1-a4d1-a717fa646e92] status changing from pending to processing
Jul 19 19:02:00.398620 np0000005456 devstack@g-api.service[103024]: DEBUG glance.api.middleware.version_negotiation [None req-a4b71a42-6ebc-47d2-bd63-e42b5354c9a1 None None] Determining version of request: GET /v2/images/91420be8-3f20-4ee9-876f-8a7a2a24bc87 Accept: */* {{(pid=103024) process_request /opt/stack/glance/glance/api/middleware/version_negotiation.py:44}}
Jul 19 19:02:00.398955 np0000005456 devstack@g-api.service[103024]: DEBUG glance.api.middleware.version_negotiation [None req-a4b71a42-6ebc-47d2-bd63-e42b5354c9a1 None None] Using url versioning {{(pid=103024) process_request /opt/stack/glance/glance/api/middleware/version_negotiation.py:57}}
Jul 19 19:02:00.399370 np0000005456 devstack@g-api.service[103024]: DEBUG glance.api.middleware.version_negotiation [None req-a4b71a42-6ebc-47d2-bd63-e42b5354c9a1 None None] Matched version: v2 {{(pid=103024) process_request /opt/stack/glance/glance/api/middleware/version_negotiation.py:69}}
Jul 19 19:02:00.399528 np0000005456 devstack@g-api.service[103024]: DEBUG glance.api.middleware.version_negotiation [None req-a4b71a42-6ebc-47d2-bd63-e42b5354c9a1 None None] new path /v2/images/91420be8-3f20-4ee9-876f-8a7a2a24bc87 {{(pid=103024) process_request /opt/stack/glance/glance/api/middleware/version_negotiation.py:70}}
Jul 19 19:02:00.401876 np0000005456 devstack@g-api.service[103022]: DEBUG glance.async_.taskflow_executor [-] Taskflow executor picked up the execution of task ID 0a0416c5-03a1-43d1-a4d1-a717fa646e92 of task type api_image_import {{(pid=103022) _run /opt/stack/glance/glance/async_/taskflow_executor.py:175}}
Jul 19 19:02:00.423215 np0000005456 devstack@g-api.service[103022]: DEBUG glance_store.backend [-] Attempting to import store cinder {{(pid=103022) _load_store /opt/stack/data/venv/lib/python3.12/site-packages/glance_store/backend.py:215}}
Jul 19 19:02:00.423337 np0000005456 devstack@g-api.service[103022]: DEBUG glance_store.backend [-] Attempting to import store file {{(pid=103022) _load_store /opt/stack/data/venv/lib/python3.12/site-packages/glance_store/backend.py:215}}
Jul 19 19:02:00.423430 np0000005456 devstack@g-api.service[103022]: DEBUG glance_store.backend [-] Attempting to import store glance.store.cinder.Store {{(pid=103022) _load_store /opt/stack/data/venv/lib/python3.12/site-packages/glance_store/backend.py:215}}
Jul 19 19:02:00.423510 np0000005456 devstack@g-api.service[103022]: DEBUG glance_store.backend [-] Attempting to import store glance.store.filesystem.Store {{(pid=103022) _load_store /opt/stack/data/venv/lib/python3.12/site-packages/glance_store/backend.py:215}}
Jul 19 19:02:00.423581 np0000005456 devstack@g-api.service[103022]: DEBUG glance_store.backend [-] Attempting to import store glance.store.http.Store {{(pid=103022) _load_store /opt/stack/data/venv/lib/python3.12/site-packages/glance_store/backend.py:215}}
Jul 19 19:02:00.423661 np0000005456 devstack@g-api.service[103022]: DEBUG glance_store.backend [-] Attempting to import store glance.store.rbd.Store {{(pid=103022) _load_store /opt/stack/data/venv/lib/python3.12/site-packages/glance_store/backend.py:215}}
Jul 19 19:02:00.423748 np0000005456 devstack@g-api.service[103022]: DEBUG glance_store.backend [-] Attempting to import store glance.store.s3.Store {{(pid=103022) _load_store /opt/stack/data/venv/lib/python3.12/site-packages/glance_store/backend.py:215}}
Jul 19 19:02:00.423821 np0000005456 devstack@g-api.service[103022]: DEBUG glance_store.backend [-] Attempting to import store glance.store.swift.Store {{(pid=103022) _load_store /opt/stack/data/venv/lib/python3.12/site-packages/glance_store/backend.py:215}}
Jul 19 19:02:00.423894 np0000005456 devstack@g-api.service[103022]: DEBUG glance_store.backend [-] Attempting to import store glance.store.vmware_datastore.Store {{(pid=103022) _load_store /opt/stack/data/venv/lib/python3.12/site-packages/glance_store/backend.py:215}}
Jul 19 19:02:00.423990 np0000005456 devstack@g-api.service[103022]: DEBUG glance_store.backend [-] Attempting to import store http {{(pid=103022) _load_store /opt/stack/data/venv/lib/python3.12/site-packages/glance_store/backend.py:215}}
Jul 19 19:02:00.424076 np0000005456 devstack@g-api.service[103022]: DEBUG glance_store.backend [-] Attempting to import store no_conf {{(pid=103022) _load_store /opt/stack/data/venv/lib/python3.12/site-packages/glance_store/backend.py:215}}
Jul 19 19:02:00.424152 np0000005456 devstack@g-api.service[103022]: DEBUG glance_store.backend [-] Attempting to import store rbd {{(pid=103022) _load_store /opt/stack/data/venv/lib/python3.12/site-packages/glance_store/backend.py:215}}
Jul 19 19:02:00.424221 np0000005456 devstack@g-api.service[103022]: DEBUG glance_store.backend [-] Attempting to import store s3 {{(pid=103022) _load_store /opt/stack/data/venv/lib/python3.12/site-packages/glance_store/backend.py:215}}
Jul 19 19:02:00.424302 np0000005456 devstack@g-api.service[103022]: DEBUG glance_store.backend [-] Attempting to import store swift {{(pid=103022) _load_store /opt/stack/data/venv/lib/python3.12/site-packages/glance_store/backend.py:215}}
Jul 19 19:02:00.424384 np0000005456 devstack@g-api.service[103022]: DEBUG glance_store.backend [-] Attempting to import store vmware {{(pid=103022) _load_store /opt/stack/data/venv/lib/python3.12/site-packages/glance_store/backend.py:215}}
Jul 19 19:02:00.424461 np0000005456 devstack@g-api.service[103022]: DEBUG glance_store.backend [-] Registering options for group glance_store {{(pid=103022) register_opts /opt/stack/data/venv/lib/python3.12/site-packages/glance_store/backend.py:144}}
Jul 19 19:02:00.424538 np0000005456 devstack@g-api.service[103022]: DEBUG glance_store.backend [-] Registering options for group glance_store {{(pid=103022) register_opts /opt/stack/data/venv/lib/python3.12/site-packages/glance_store/backend.py:144}}
Jul 19 19:02:00.424872 np0000005456 devstack@g-api.service[103022]: DEBUG glance_store.backend [-] Attempting to import store file {{(pid=103022) _load_store /opt/stack/data/venv/lib/python3.12/site-packages/glance_store/backend.py:215}}
Jul 19 19:02:00.425236 np0000005456 devstack@g-api.service[103022]: DEBUG glance_store.capabilities [-] Store glance_store._drivers.filesystem.Store doesn't support updating dynamic storage capabilities. Please overwrite 'update_capabilities' method of the store to implement updating logics if needed. {{(pid=103022) update_capabilities /opt/stack/data/venv/lib/python3.12/site-packages/glance_store/capabilities.py:91}}
Jul 19 19:02:00.432225 np0000005456 devstack@g-api.service[103022]: DEBUG glance.async_.flows.api_image_import [-] Image 91420be8-3f20-4ee9-876f-8a7a2a24bc87 os_glance_importing_to_stores= {{(pid=103022) merge_store_list /opt/stack/glance/glance/async_/flows/api_image_import.py:297}}
Jul 19 19:02:00.432411 np0000005456 devstack@g-api.service[103022]: DEBUG glance.async_.flows.api_image_import [-] Image 91420be8-3f20-4ee9-876f-8a7a2a24bc87 os_glance_failed_import= {{(pid=103022) merge_store_list /opt/stack/glance/glance/async_/flows/api_image_import.py:297}}
Jul 19 19:02:00.436900 np0000005456 devstack@g-api.service[103022]: DEBUG glance.async_.flows.api_image_import [-] Image 91420be8-3f20-4ee9-876f-8a7a2a24bc87 status changing from uploading to importing {{(pid=103022) __exit__ /opt/stack/glance/glance/async_/flows/api_image_import.py:184}}
Jul 19 19:02:00.437013 np0000005456 devstack@g-api.service[103024]: [pid: 103024|app: 0|req: 3/6] 127.0.0.1 () {38 vars in 856 bytes} [Sun Jul 19 19:02:00 2026] GET /v2/images/91420be8-3f20-4ee9-876f-8a7a2a24bc87 => generated 879 bytes in 38 msecs (HTTP/1.1 200) 4 headers in 157 bytes (1 switches on core 0)
Jul 19 19:02:00.920448 np0000005456 devstack@g-api.service[103022]: DEBUG glance.async_ [-] Creating threadpool model 'ThreadPoolExecutor' with size 10 {{(pid=103022) __init__ /opt/stack/glance/glance/async_/__init__.py:100}}
Jul 19 19:02:00.933870 np0000005456 devstack@g-api.service[103022]: DEBUG glance.async_.taskflow_executor [-] Flow 'api_image_import' (a9b489a4-a2db-4644-a98b-944544d9849c) transitioned into state 'RUNNING' from state 'PENDING' {{(pid=103022) _flow_receiver /opt/stack/data/venv/lib/python3.12/site-packages/taskflow/listeners/logging.py:160}}
Jul 19 19:02:00.935662 np0000005456 devstack@g-api.service[103022]: DEBUG glance.async_.taskflow_executor [-] Task 'api_image_import-ImageLock-0a0416c5-03a1-43d1-a4d1-a717fa646e92' (3d5e9b54-76a0-4c1d-831f-157512ecb5a5) transitioned into state 'RUNNING' from state 'PENDING' {{(pid=103022) _task_receiver /opt/stack/data/venv/lib/python3.12/site-packages/taskflow/listeners/logging.py:242}}
Jul 19 19:02:00.941459 np0000005456 devstack@g-api.service[103022]: DEBUG glance.async_.flows.api_image_import [-] Image 91420be8-3f20-4ee9-876f-8a7a2a24bc87 import task 0a0416c5-03a1-43d1-a4d1-a717fa646e92 lock confirmed {{(pid=103022) execute /opt/stack/glance/glance/async_/flows/api_image_import.py:497}}
Jul 19 19:02:00.942005 np0000005456 devstack@g-api.service[103022]: DEBUG glance.async_.taskflow_executor [-] Task 'api_image_import-ImageLock-0a0416c5-03a1-43d1-a4d1-a717fa646e92' (3d5e9b54-76a0-4c1d-831f-157512ecb5a5) transitioned into state 'SUCCESS' from state 'RUNNING' with result 'None' {{(pid=103022) _task_receiver /opt/stack/data/venv/lib/python3.12/site-packages/taskflow/listeners/logging.py:218}}
Jul 19 19:02:00.942729 np0000005456 devstack@g-api.service[103022]: DEBUG glance.async_.taskflow_executor [-] Task 'api_image_import-ConfigureStaging-0a0416c5-03a1-43d1-a4d1-a717fa646e92' (bd1d64b2-401f-446a-a758-19db3af578b7) transitioned into state 'RUNNING' from state 'PENDING' {{(pid=103022) _task_receiver /opt/stack/data/venv/lib/python3.12/site-packages/taskflow/listeners/logging.py:242}}
Jul 19 19:02:00.943410 np0000005456 devstack@g-api.service[103022]: DEBUG glance.async_.taskflow_executor [-] Task 'api_image_import-ConfigureStaging-0a0416c5-03a1-43d1-a4d1-a717fa646e92' (bd1d64b2-401f-446a-a758-19db3af578b7) transitioned into state 'SUCCESS' from state 'RUNNING' with result 'file:///tmp/staging/91420be8-3f20-4ee9-876f-8a7a2a24bc87' {{(pid=103022) _task_receiver /opt/stack/data/venv/lib/python3.12/site-packages/taskflow/listeners/logging.py:218}}
Jul 19 19:02:00.944030 np0000005456 devstack@g-api.service[103022]: DEBUG glance.async_.taskflow_executor [-] Task 'api_image_import--ImportToStore-0a0416c5-03a1-43d1-a4d1-a717fa646e92' (c4b0988a-2d24-47a7-826b-98e4543c7695) transitioned into state 'RUNNING' from state 'PENDING' {{(pid=103022) _task_receiver /opt/stack/data/venv/lib/python3.12/site-packages/taskflow/listeners/logging.py:242}}
Jul 19 19:02:00.948586 np0000005456 devstack@g-api.service[103022]: INFO glance.common.scripts.image_import.main [-] Task 0a0416c5-03a1-43d1-a4d1-a717fa646e92: Got image data uri file:///tmp/staging/91420be8-3f20-4ee9-876f-8a7a2a24bc87 to be imported
Jul 19 19:02:00.949744 np0000005456 devstack@g-api.service[103022]: DEBUG glance.location [-] Enabling in-flight format inspection for qcow2 {{(pid=103022) set_data /opt/stack/glance/glance/location.py:596}}
Jul 19 19:02:00.950056 np0000005456 devstack@g-api.service[103022]: DEBUG glance_store.backend [-] Attempting to import store swift {{(pid=103022) _load_store /opt/stack/data/venv/lib/python3.12/site-packages/glance_store/backend.py:215}}
Jul 19 19:02:00.951299 np0000005456 devstack@g-api.service[103022]: DEBUG glance_store.capabilities [-] Store glance_store._drivers.swift.store.SingleTenantStore doesn't support updating dynamic storage capabilities. Please overwrite 'update_capabilities' method of the store to implement updating logics if needed. {{(pid=103022) update_capabilities /opt/stack/data/venv/lib/python3.12/site-packages/glance_store/capabilities.py:91}}
Jul 19 19:02:00.951376 np0000005456 devstack@g-api.service[103022]: DEBUG glance_store.driver [-] Late loading location class glance_store._drivers.swift.store.StoreLocation {{(pid=103022) get_store_location_class /opt/stack/data/venv/lib/python3.12/site-packages/glance_store/driver.py:134}}
Jul 19 19:02:00.951458 np0000005456 devstack@g-api.service[103022]: DEBUG glance_store.location [-] Registering scheme swift+https with {'store': , 'location_class': , 'store_entry': 'swift'} {{(pid=103022) register_scheme_map /opt/stack/data/venv/lib/python3.12/site-packages/glance_store/location.py:146}}
Jul 19 19:02:00.951511 np0000005456 devstack@g-api.service[103022]: DEBUG glance_store.location [-] Registering scheme swift+https with {'store': , 'location_class': , 'store_entry': 'swift'} {{(pid=103022) register_scheme_map /opt/stack/data/venv/lib/python3.12/site-packages/glance_store/location.py:146}}
Jul 19 19:02:00.951565 np0000005456 devstack@g-api.service[103022]: DEBUG glance_store.location [-] Registering scheme swift with {'store': , 'location_class': , 'store_entry': 'swift'} {{(pid=103022) register_scheme_map /opt/stack/data/venv/lib/python3.12/site-packages/glance_store/location.py:146}}
Jul 19 19:02:00.951609 np0000005456 devstack@g-api.service[103022]: DEBUG glance_store.location [-] Registering scheme swift+https with {'store': , 'location_class': , 'store_entry': 'swift'} {{(pid=103022) register_scheme_map /opt/stack/data/venv/lib/python3.12/site-packages/glance_store/location.py:146}}
Jul 19 19:02:00.951658 np0000005456 devstack@g-api.service[103022]: DEBUG glance_store.location [-] Registering scheme swift with {'store': , 'location_class': , 'store_entry': 'swift'} {{(pid=103022) register_scheme_map /opt/stack/data/venv/lib/python3.12/site-packages/glance_store/location.py:146}}
Jul 19 19:02:00.951707 np0000005456 devstack@g-api.service[103022]: DEBUG glance_store.location [-] Registering scheme swift+http with {'store': , 'location_class': , 'store_entry': 'swift'} {{(pid=103022) register_scheme_map /opt/stack/data/venv/lib/python3.12/site-packages/glance_store/location.py:146}}
Jul 19 19:02:00.951754 np0000005456 devstack@g-api.service[103022]: DEBUG glance_store.location [-] Registering scheme swift+https with {'store': , 'location_class': , 'store_entry': 'swift'} {{(pid=103022) register_scheme_map /opt/stack/data/venv/lib/python3.12/site-packages/glance_store/location.py:146}}
Jul 19 19:02:00.951795 np0000005456 devstack@g-api.service[103022]: DEBUG glance_store.location [-] Registering scheme swift with {'store': , 'location_class': , 'store_entry': 'swift'} {{(pid=103022) register_scheme_map /opt/stack/data/venv/lib/python3.12/site-packages/glance_store/location.py:146}}
Jul 19 19:02:00.951845 np0000005456 devstack@g-api.service[103022]: DEBUG glance_store.location [-] Registering scheme swift+http with {'store': , 'location_class': , 'store_entry': 'swift'} {{(pid=103022) register_scheme_map /opt/stack/data/venv/lib/python3.12/site-packages/glance_store/location.py:146}}
Jul 19 19:02:00.951890 np0000005456 devstack@g-api.service[103022]: DEBUG glance_store.location [-] Registering scheme swift+config with {'store': , 'location_class': , 'store_entry': 'swift'} {{(pid=103022) register_scheme_map /opt/stack/data/venv/lib/python3.12/site-packages/glance_store/location.py:146}}
Jul 19 19:02:01.403802 np0000005456 devstack@g-api.service[103022]: INFO swiftclient [-] REQ: curl -i https://10.4.3.215:8080/v1/AUTH_2b5c00e304db40138004a33b6a6deaa2/glance -I -H "X-Auth-Token: gAAAAABqXR8obZfZ..."
Jul 19 19:02:01.403875 np0000005456 devstack@g-api.service[103022]: INFO swiftclient [-] RESP STATUS: 404 Not Found
Jul 19 19:02:01.403936 np0000005456 devstack@g-api.service[103022]: INFO swiftclient [-] RESP HEADERS: {'Date': 'Sun, 19 Jul 2026 19:02:01 GMT', 'Server': 'Apache/2.4.58 (Ubuntu)', 'Content-Type': 'text/html; charset=UTF-8', 'X-Trans-Id': 'tx61372577c5164ce2a165f-006a5d1f29', 'X-Openstack-Request-Id': 'tx61372577c5164ce2a165f-006a5d1f29', 'Connection': 'close'}
Jul 19 19:02:01.404148 np0000005456 devstack@g-api.service[103022]: INFO glance_store._drivers.swift.store [-] Creating swift container glance
Jul 19 19:02:01.457786 np0000005456 devstack@g-api.service[103022]: DEBUG swiftclient [-] REQ: curl -i https://10.4.3.215:8080/v1/AUTH_2b5c00e304db40138004a33b6a6deaa2/glance -X PUT -H "X-Auth-Token: gAAAAABqXR8obZfZ..." -H "Content-Length: 0" {{(pid=103022) http_log /opt/stack/data/venv/lib/python3.12/site-packages/swiftclient/client.py:160}}
Jul 19 19:02:01.457884 np0000005456 devstack@g-api.service[103022]: DEBUG swiftclient [-] RESP STATUS: 201 Created {{(pid=103022) http_log /opt/stack/data/venv/lib/python3.12/site-packages/swiftclient/client.py:161}}
Jul 19 19:02:01.458029 np0000005456 devstack@g-api.service[103022]: DEBUG swiftclient [-] RESP HEADERS: {'Date': 'Sun, 19 Jul 2026 19:02:01 GMT', 'Server': 'Apache/2.4.58 (Ubuntu)', 'Content-Type': 'text/html; charset=UTF-8', 'Content-Length': '0', 'X-Trans-Id': 'tx7b39561c766f47e3a6a1c-006a5d1f29', 'X-Openstack-Request-Id': 'tx7b39561c766f47e3a6a1c-006a5d1f29', 'Connection': 'close'} {{(pid=103022) http_log /opt/stack/data/venv/lib/python3.12/site-packages/swiftclient/client.py:162}}
Jul 19 19:02:01.458179 np0000005456 devstack@g-api.service[103022]: DEBUG glance_store._drivers.swift.store [-] Adding image object '91420be8-3f20-4ee9-876f-8a7a2a24bc87' to Swift {{(pid=103022) add /opt/stack/data/venv/lib/python3.12/site-packages/glance_store/_drivers/swift/store.py:970}}
Jul 19 19:02:01.464838 np0000005456 devstack@g-api.service[103022]: DEBUG oslo_utils.imageutils.format_inspector [-] Format inspector for vmdk does not match, excluding from consideration (Signature KDMV not found: b'QFI\xfb') {{(pid=103022) _process_chunk /opt/stack/data/venv/lib/python3.12/site-packages/oslo_utils/imageutils/format_inspector.py:1758}}
Jul 19 19:02:01.468981 np0000005456 devstack@g-api.service[103022]: DEBUG oslo_utils.imageutils.format_inspector [-] Format inspector for vhdx does not match, excluding from consideration (Region signature not found at 30000) {{(pid=103022) _process_chunk /opt/stack/data/venv/lib/python3.12/site-packages/oslo_utils/imageutils/format_inspector.py:1758}}
Jul 19 19:02:01.619235 np0000005456 devstack@g-api.service[103025]: DEBUG glance.api.middleware.version_negotiation [None req-7e6d76f4-4005-4d1d-aa51-eb8959a16b32 admin admin] Determining version of request: POST /v2/images Accept: */* {{(pid=103025) process_request /opt/stack/glance/glance/api/middleware/version_negotiation.py:44}}
Jul 19 19:02:01.619674 np0000005456 devstack@g-api.service[103025]: DEBUG glance.api.middleware.version_negotiation [None req-7e6d76f4-4005-4d1d-aa51-eb8959a16b32 admin admin] Using url versioning {{(pid=103025) process_request /opt/stack/glance/glance/api/middleware/version_negotiation.py:57}}
Jul 19 19:02:01.619674 np0000005456 devstack@g-api.service[103025]: DEBUG glance.api.middleware.version_negotiation [None req-7e6d76f4-4005-4d1d-aa51-eb8959a16b32 admin admin] Matched version: v2 {{(pid=103025) process_request /opt/stack/glance/glance/api/middleware/version_negotiation.py:69}}
Jul 19 19:02:01.619804 np0000005456 devstack@g-api.service[103025]: DEBUG glance.api.middleware.version_negotiation [None req-7e6d76f4-4005-4d1d-aa51-eb8959a16b32 admin admin] new path /v2/images {{(pid=103025) process_request /opt/stack/glance/glance/api/middleware/version_negotiation.py:70}}
Jul 19 19:02:01.775255 np0000005456 devstack@g-api.service[103022]: DEBUG swiftclient [-] REQ: curl -i https://10.4.3.215:8080/v1/AUTH_2b5c00e304db40138004a33b6a6deaa2/glance/91420be8-3f20-4ee9-876f-8a7a2a24bc87 -X PUT -H "X-Auth-Token: gAAAAABqXR8obZfZ..." -H "Content-Length: 21430272" {{(pid=103022) http_log /opt/stack/data/venv/lib/python3.12/site-packages/swiftclient/client.py:160}}
Jul 19 19:02:01.775360 np0000005456 devstack@g-api.service[103022]: DEBUG swiftclient [-] RESP STATUS: 201 Created {{(pid=103022) http_log /opt/stack/data/venv/lib/python3.12/site-packages/swiftclient/client.py:161}}
Jul 19 19:02:01.775506 np0000005456 devstack@g-api.service[103022]: DEBUG swiftclient [-] RESP HEADERS: {'Date': 'Sun, 19 Jul 2026 19:02:01 GMT', 'Server': 'Apache/2.4.58 (Ubuntu)', 'Content-Type': 'text/html; charset=UTF-8', 'Content-Length': '0', 'Etag': 'c8fc807773e5354afe61636071771906', 'Last-Modified': 'Sun, 19 Jul 2026 19:02:02 GMT', 'X-Trans-Id': 'tx3fba4a860be54cedbddd1-006a5d1f29', 'X-Openstack-Request-Id': 'tx3fba4a860be54cedbddd1-006a5d1f29', 'Connection': 'close'} {{(pid=103022) http_log /opt/stack/data/venv/lib/python3.12/site-packages/swiftclient/client.py:162}}
Jul 19 19:02:01.788314 np0000005456 devstack@g-api.service[103022]: INFO glance.location [-] Image format matched and virtual size computed: 117440512
Jul 19 19:02:01.794897 np0000005456 devstack@g-api.service[103022]: DEBUG glance.async_.flows.api_image_import [-] Image 91420be8-3f20-4ee9-876f-8a7a2a24bc87 status changing from importing to active {{(pid=103022) __exit__ /opt/stack/glance/glance/async_/flows/api_image_import.py:184}}
Jul 19 19:02:01.815513 np0000005456 devstack@g-api.service[103022]: DEBUG glance_store.backend [-] Attempting to import store swift {{(pid=103022) _load_store /opt/stack/data/venv/lib/python3.12/site-packages/glance_store/backend.py:215}}
Jul 19 19:02:01.816642 np0000005456 devstack@g-api.service[103022]: DEBUG glance_store.capabilities [-] Store glance_store._drivers.swift.store.SingleTenantStore doesn't support updating dynamic storage capabilities. Please overwrite 'update_capabilities' method of the store to implement updating logics if needed. {{(pid=103022) update_capabilities /opt/stack/data/venv/lib/python3.12/site-packages/glance_store/capabilities.py:91}}
Jul 19 19:02:01.816709 np0000005456 devstack@g-api.service[103022]: DEBUG glance_store.driver [-] Late loading location class glance_store._drivers.swift.store.StoreLocation {{(pid=103022) get_store_location_class /opt/stack/data/venv/lib/python3.12/site-packages/glance_store/driver.py:134}}
Jul 19 19:02:01.816798 np0000005456 devstack@g-api.service[103022]: DEBUG glance_store.location [-] Registering scheme swift+https with {'store': , 'location_class': , 'store_entry': 'swift'} {{(pid=103022) register_scheme_map /opt/stack/data/venv/lib/python3.12/site-packages/glance_store/location.py:146}}
Jul 19 19:02:01.816848 np0000005456 devstack@g-api.service[103022]: DEBUG glance_store.location [-] Registering scheme swift+https with {'store': , 'location_class': , 'store_entry': 'swift'} {{(pid=103022) register_scheme_map /opt/stack/data/venv/lib/python3.12/site-packages/glance_store/location.py:146}}
Jul 19 19:02:01.816904 np0000005456 devstack@g-api.service[103022]: DEBUG glance_store.location [-] Registering scheme swift with {'store': , 'location_class': , 'store_entry': 'swift'} {{(pid=103022) register_scheme_map /opt/stack/data/venv/lib/python3.12/site-packages/glance_store/location.py:146}}
Jul 19 19:02:01.816945 np0000005456 devstack@g-api.service[103022]: DEBUG glance_store.location [-] Registering scheme swift+https with {'store': , 'location_class': , 'store_entry': 'swift'} {{(pid=103022) register_scheme_map /opt/stack/data/venv/lib/python3.12/site-packages/glance_store/location.py:146}}
