Jul 04 21:16:21.570389 np0000004523 devstack@neutron-api.service[87353]: DEBUG ovsdbapp.backend.ovs_idl.event [None req-3b3bfd49-ff39-476a-8e04-62794a9113c6 None None] Matched CREATE: ChassisBandwidthConfigEvent(events=('create', 'update'), table='Chassis', conditions=None, old_conditions=None), priority=20 to row=Chassis(uuid=9489dab8-aecc-4aa5-a66a-126d4c6ded11, encaps=[ec38a577-6703-4292-8c30-620521981de9], external_ids={}, hostname='np0000004523', name='65164992-439f-4dab-9844-43c73eebbcf2', nb_cfg=0, other_config={'ct-commit-nat-v2': 'true', 'ct-commit-to-zone': 'true', 'ct-next-zone': 'true', 'ct-no-masked-label': 'true', 'ct-state-save': 'true', 'datapath-type': 'system', 'fdb-timestamp': 'true', 'iface-types': 'afxdp,afxdp-nonpmd,bareudp,erspan,geneve,gre,gtpu,internal,ip6erspan,ip6gre,lisp,patch,srv6,stt,system,tap,vxlan', 'is-interconn': 'false', 'ls-dpg-column': 'true', 'mac-binding-timestamp': 'true', 'ovn-bridge-mappings': 'public:br-ex', 'ovn-chassis-mac-mappings': '', 'ovn-cms-options': 'enable-chassis-as-gw', 'ovn-ct-lb-related': 'true', 'ovn-enable-lflow-cache': 'true', 'ovn-limit-lflow-cache': '', 'ovn-memlimit-lflow-cache-kb': '', 'ovn-monitor-all': 'false', 'ovn-trim-limit-lflow-cache': '', 'ovn-trim-timeout-ms': '', 'ovn-trim-wmark-perc-lflow-cache': '', 'port-up-notif': 'true'}, transport_zones=[], vtep_logical_switches=[]) old= {{(pid=87353) matches /opt/stack/data/venv/lib/python3.12/site-packages/ovsdbapp/backend/ovs_idl/event.py:55}}
Jul 04 21:16:21.570853 np0000004523 devstack@neutron-api.service[87353]: DEBUG neutron.plugins.ml2.drivers.ovn.mech_driver.ovsdb.ovsdb_monitor [None req-3b3bfd49-ff39-476a-8e04-62794a9113c6 None None] ChassisOVNAgentWriteEvent : Matched Chassis_Private, create, None None {{(pid=87353) matches /opt/stack/neutron/neutron/plugins/ml2/drivers/ovn/mech_driver/ovsdb/ovsdb_monitor.py:64}}
Jul 04 21:16:21.570984 np0000004523 devstack@neutron-api.service[87353]: DEBUG neutron.plugins.ml2.drivers.ovn.mech_driver.ovsdb.ovsdb_monitor [None req-3b3bfd49-ff39-476a-8e04-62794a9113c6 None None] ChassisAgentWriteEvent : Matched Chassis_Private, create, None None {{(pid=87353) matches /opt/stack/neutron/neutron/plugins/ml2/drivers/ovn/mech_driver/ovsdb/ovsdb_monitor.py:64}}
Jul 04 21:16:21.571296 np0000004523 devstack@neutron-api.service[87353]: DEBUG neutron.plugins.ml2.drivers.ovn.mech_driver.ovsdb.ovsdb_monitor [None req-3b3bfd49-ff39-476a-8e04-62794a9113c6 None None] Hash Ring: Node 9072f4bf9225593f8450cf862f9003fe (host: np0000004523) handling event "create" for row 4a4dd784-f0e9-4c36-8bf1-297fdce40da5 (table: Chassis_Private) {{(pid=87353) notify /opt/stack/neutron/neutron/plugins/ml2/drivers/ovn/mech_driver/ovsdb/ovsdb_monitor.py:1015}}
Jul 04 21:16:21.572269 np0000004523 devstack@neutron-api.service[87353]: INFO neutron.plugins.ml2.drivers.ovn.mech_driver.mech_driver [None req-3b3bfd49-ff39-476a-8e04-62794a9113c6 None None] WorkerService process has finished the post initialization
Jul 04 21:16:21.572679 np0000004523 devstack@neutron-api.service[87352]: DEBUG ovsdbapp.backend.ovs_idl [None req-d3d58b13-db69-4a4a-884b-63c09e37553a None None] Created lookup_table index Chassis.name {{(pid=87352) autocreate_indices /opt/stack/data/venv/lib/python3.12/site-packages/ovsdbapp/backend/ovs_idl/__init__.py:87}}
Jul 04 21:16:21.572789 np0000004523 devstack@neutron-api.service[87352]: DEBUG ovsdbapp.backend.ovs_idl [None req-d3d58b13-db69-4a4a-884b-63c09e37553a None None] Created lookup_table index Port_Binding.logical_port {{(pid=87352) autocreate_indices /opt/stack/data/venv/lib/python3.12/site-packages/ovsdbapp/backend/ovs_idl/__init__.py:87}}
Jul 04 21:16:21.572834 np0000004523 devstack@neutron-api.service[87353]: INFO neutron.plugins.ml2.drivers.ovn.mech_driver.ovsdb.extensions.qos [-] Starting OVNClientQosExtension
Jul 04 21:16:21.572894 np0000004523 devstack@neutron-api.service[87352]: DEBUG ovsdbapp.backend.ovs_idl [None req-d3d58b13-db69-4a4a-884b-63c09e37553a None None] Created schema index Chassis_Private.name {{(pid=87352) autocreate_indices /opt/stack/data/venv/lib/python3.12/site-packages/ovsdbapp/backend/ovs_idl/__init__.py:106}}
Jul 04 21:16:21.572924 np0000004523 devstack@neutron-api.service[87353]: INFO neutron.plugins.ml2.drivers.ovn.mech_driver.ovsdb.extensions.placement [-] Starting OVNClientPlacementExtension
Jul 04 21:16:21.572981 np0000004523 devstack@neutron-api.service[87352]: DEBUG ovsdbapp.backend.ovs_idl [None req-d3d58b13-db69-4a4a-884b-63c09e37553a None None] Created schema index Datapath_Binding.tunnel_key {{(pid=87352) autocreate_indices /opt/stack/data/venv/lib/python3.12/site-packages/ovsdbapp/backend/ovs_idl/__init__.py:106}}
Jul 04 21:16:21.573537 np0000004523 devstack@neutron-api.service[87353]: DEBUG oslo_concurrency.processutils [None req-3b3bfd49-ff39-476a-8e04-62794a9113c6 None None] Running cmd (subprocess): ovsdb-client transact ssl:10.4.3.5:6641 --timeout 180 -p /opt/stack/data/CA/int-ca/private/devstack-cert.key -c /opt/stack/data/CA/int-ca/devstack-cert.crt -C /opt/stack/data/CA/int-ca/ca-chain.pem ["OVN_Northbound", {"op": "wait", "timeout": 0, "table": "Port_Group", "where": [["name", "==", "pvlan_pg_drop"]], "until": "==", "rows": []}, {"op": "insert", "table": "ACL", "row": {"action": "drop", "direction": "to-lport", "match": "outport == @pvlan_pg_drop && ip", "priority": 1010}, "uuid-name": "pvlandroptoport"}, {"op": "insert", "table": "ACL", "row": {"action": "drop", "direction": "from-lport", "match": "inport == @pvlan_pg_drop && ip", "priority": 1010}, "uuid-name": "pvlandropfromport"}, {"op": "insert", "table": "Port_Group", "row": {"name": "pvlan_pg_drop", "acls": ["set", [["named-uuid", "pvlandroptoport"], ["named-uuid", "pvlandropfromport"]]]}}] {{(pid=87353) execute /opt/stack/data/venv/lib/python3.12/site-packages/oslo_concurrency/processutils.py:440}}
Jul 04 21:16:21.575048 np0000004523 devstack@neutron-api.service[87352]: INFO ovsdbapp.backend.ovs_idl.vlog [None req-d3d58b13-db69-4a4a-884b-63c09e37553a None None] ssl:10.4.3.5:6642: connecting...
Jul 04 21:16:21.578891 np0000004523 devstack@neutron-api.service[87352]: INFO ovsdbapp.backend.ovs_idl.vlog [None req-d3d58b13-db69-4a4a-884b-63c09e37553a None None] ssl:10.4.3.5:6642: connected
Jul 04 21:16:21.601074 np0000004523 devstack@neutron-api.service[87352]: DEBUG neutron.common.ovn.hash_ring_manager [None req-d3d58b13-db69-4a4a-884b-63c09e37553a None None] Allow caching, nodes 3>=3 {{(pid=87352) _wait_startup_before_caching /opt/stack/neutron/neutron/common/ovn/hash_ring_manager.py:71}}
Jul 04 21:16:21.604954 np0000004523 devstack@neutron-api.service[87352]: DEBUG neutron.common.ovn.hash_ring_manager [None req-d3d58b13-db69-4a4a-884b-63c09e37553a None None] Hash Ring loaded. 3 active nodes. 0 offline nodes {{(pid=87352) _load_hash_ring /opt/stack/neutron/neutron/common/ovn/hash_ring_manager.py:110}}
Jul 04 21:16:21.605210 np0000004523 devstack@neutron-api.service[87352]: DEBUG neutron.plugins.ml2.drivers.ovn.mech_driver.ovsdb.ovsdb_monitor [None req-d3d58b13-db69-4a4a-884b-63c09e37553a None None] ChassisAgentWriteEvent : Matched Chassis_Private, create, None None {{(pid=87352) matches /opt/stack/neutron/neutron/plugins/ml2/drivers/ovn/mech_driver/ovsdb/ovsdb_monitor.py:64}}
Jul 04 21:16:21.605423 np0000004523 devstack@neutron-api.service[87352]: DEBUG neutron.plugins.ml2.drivers.ovn.mech_driver.ovsdb.ovsdb_monitor [None req-d3d58b13-db69-4a4a-884b-63c09e37553a None None] ChassisOVNAgentWriteEvent : Matched Chassis_Private, create, None None {{(pid=87352) matches /opt/stack/neutron/neutron/plugins/ml2/drivers/ovn/mech_driver/ovsdb/ovsdb_monitor.py:64}}
Jul 04 21:16:21.605789 np0000004523 devstack@neutron-api.service[87352]: DEBUG neutron.plugins.ml2.drivers.ovn.mech_driver.ovsdb.ovsdb_monitor [None req-d3d58b13-db69-4a4a-884b-63c09e37553a None None] Hash Ring: Node 62c5edf7580d5036a515f3dbe9e48198 (host: np0000004523) handling event "create" for row ec38a577-6703-4292-8c30-620521981de9 (table: Encap) {{(pid=87352) notify /opt/stack/neutron/neutron/plugins/ml2/drivers/ovn/mech_driver/ovsdb/ovsdb_monitor.py:1015}}
Jul 04 21:16:21.607293 np0000004523 devstack@neutron-api.service[87352]: INFO neutron.plugins.ml2.drivers.ovn.mech_driver.mech_driver [None req-d3d58b13-db69-4a4a-884b-63c09e37553a None None] WorkerService process has finished the post initialization
Jul 04 21:16:21.607606 np0000004523 devstack@neutron-api.service[87352]: DEBUG oslo_concurrency.processutils [None req-d3d58b13-db69-4a4a-884b-63c09e37553a None None] Running cmd (subprocess): ovsdb-client transact ssl:10.4.3.5:6641 --timeout 180 -p /opt/stack/data/CA/int-ca/private/devstack-cert.key -c /opt/stack/data/CA/int-ca/devstack-cert.crt -C /opt/stack/data/CA/int-ca/ca-chain.pem ["OVN_Northbound", {"op": "wait", "timeout": 0, "table": "Port_Group", "where": [["name", "==", "pvlan_pg_drop"]], "until": "==", "rows": []}, {"op": "insert", "table": "ACL", "row": {"action": "drop", "direction": "to-lport", "match": "outport == @pvlan_pg_drop && ip", "priority": 1010}, "uuid-name": "pvlandroptoport"}, {"op": "insert", "table": "ACL", "row": {"action": "drop", "direction": "from-lport", "match": "inport == @pvlan_pg_drop && ip", "priority": 1010}, "uuid-name": "pvlandropfromport"}, {"op": "insert", "table": "Port_Group", "row": {"name": "pvlan_pg_drop", "acls": ["set", [["named-uuid", "pvlandroptoport"], ["named-uuid", "pvlandropfromport"]]]}}] {{(pid=87352) execute /opt/stack/data/venv/lib/python3.12/site-packages/oslo_concurrency/processutils.py:440}}
Jul 04 21:16:21.608519 np0000004523 devstack@neutron-api.service[87353]: DEBUG oslo_concurrency.processutils [None req-3b3bfd49-ff39-476a-8e04-62794a9113c6 None None] CMD "ovsdb-client transact ssl:10.4.3.5:6641 --timeout 180 -p /opt/stack/data/CA/int-ca/private/devstack-cert.key -c /opt/stack/data/CA/int-ca/devstack-cert.crt -C /opt/stack/data/CA/int-ca/ca-chain.pem ["OVN_Northbound", {"op": "wait", "timeout": 0, "table": "Port_Group", "where": [["name", "==", "pvlan_pg_drop"]], "until": "==", "rows": []}, {"op": "insert", "table": "ACL", "row": {"action": "drop", "direction": "to-lport", "match": "outport == @pvlan_pg_drop && ip", "priority": 1010}, "uuid-name": "pvlandroptoport"}, {"op": "insert", "table": "ACL", "row": {"action": "drop", "direction": "from-lport", "match": "inport == @pvlan_pg_drop && ip", "priority": 1010}, "uuid-name": "pvlandropfromport"}, {"op": "insert", "table": "Port_Group", "row": {"name": "pvlan_pg_drop", "acls": ["set", [["named-uuid", "pvlandroptoport"], ["named-uuid", "pvlandropfromport"]]]}}]" returned: 0 in 0.035s {{(pid=87353) execute /opt/stack/data/venv/lib/python3.12/site-packages/oslo_concurrency/processutils.py:468}}
Jul 04 21:16:21.610530 np0000004523 devstack@neutron-api.service[87353]: WSGI app 0 (mountpoint='') ready in 6 seconds on interpreter 0x76d7c3aa3668 pid: 87353 (default app)
Jul 04 21:16:21.630895 np0000004523 devstack@neutron-api.service[87352]: DEBUG oslo_concurrency.processutils [None req-d3d58b13-db69-4a4a-884b-63c09e37553a None None] CMD "ovsdb-client transact ssl:10.4.3.5:6641 --timeout 180 -p /opt/stack/data/CA/int-ca/private/devstack-cert.key -c /opt/stack/data/CA/int-ca/devstack-cert.crt -C /opt/stack/data/CA/int-ca/ca-chain.pem ["OVN_Northbound", {"op": "wait", "timeout": 0, "table": "Port_Group", "where": [["name", "==", "pvlan_pg_drop"]], "until": "==", "rows": []}, {"op": "insert", "table": "ACL", "row": {"action": "drop", "direction": "to-lport", "match": "outport == @pvlan_pg_drop && ip", "priority": 1010}, "uuid-name": "pvlandroptoport"}, {"op": "insert", "table": "ACL", "row": {"action": "drop", "direction": "from-lport", "match": "inport == @pvlan_pg_drop && ip", "priority": 1010}, "uuid-name": "pvlandropfromport"}, {"op": "insert", "table": "Port_Group", "row": {"name": "pvlan_pg_drop", "acls": ["set", [["named-uuid", "pvlandroptoport"], ["named-uuid", "pvlandropfromport"]]]}}]" returned: 0 in 0.023s {{(pid=87352) execute /opt/stack/data/venv/lib/python3.12/site-packages/oslo_concurrency/processutils.py:468}}
Jul 04 21:16:21.632687 np0000004523 devstack@neutron-api.service[87352]: WSGI app 0 (mountpoint='') ready in 6 seconds on interpreter 0x76d7c3aa3668 pid: 87352 (default app)
Jul 04 21:16:22.077503 np0000004523 devstack@neutron-api.service[87352]: DEBUG neutron.plugins.ml2.drivers.ovn.mech_driver.ovsdb.ovsdb_monitor [-] Hash Ring: Node 62c5edf7580d5036a515f3dbe9e48198 (host: np0000004523) handling event "update" for row 98570c66-29c4-4871-bb98-96f444ec441b (table: Connection) {{(pid=87352) notify /opt/stack/neutron/neutron/plugins/ml2/drivers/ovn/mech_driver/ovsdb/ovsdb_monitor.py:1015}}
Jul 04 21:16:22.079784 np0000004523 devstack@neutron-api.service[87351]: DEBUG neutron.common.ovn.hash_ring_manager [-] Allow caching, nodes 3>=3 {{(pid=87351) _wait_startup_before_caching /opt/stack/neutron/neutron/common/ovn/hash_ring_manager.py:71}}
Jul 04 21:16:22.080142 np0000004523 devstack@neutron-api.service[87351]: DEBUG neutron.plugins.ml2.drivers.ovn.mech_driver.ovsdb.ovsdb_monitor [-] Hash Ring: Node 4875ac0b98825fcdb6fd4e4e5a2c35c9 (host: np0000004523) handling event "update" for row 98570c66-29c4-4871-bb98-96f444ec441b (table: Connection) {{(pid=87351) notify /opt/stack/neutron/neutron/plugins/ml2/drivers/ovn/mech_driver/ovsdb/ovsdb_monitor.py:1015}}
Jul 04 21:16:24.576995 np0000004523 devstack@neutron-api.service[87351]: DEBUG neutron.plugins.ml2.drivers.ovn.mech_driver.ovsdb.ovsdb_monitor [-] Hash Ring: Node 4875ac0b98825fcdb6fd4e4e5a2c35c9 (host: np0000004523) handling event "update" for row 98570c66-29c4-4871-bb98-96f444ec441b (table: Connection) {{(pid=87351) notify /opt/stack/neutron/neutron/plugins/ml2/drivers/ovn/mech_driver/ovsdb/ovsdb_monitor.py:1015}}
Jul 04 21:16:24.577776 np0000004523 devstack@neutron-api.service[87352]: DEBUG neutron.plugins.ml2.drivers.ovn.mech_driver.ovsdb.ovsdb_monitor [-] Hash Ring: Node 62c5edf7580d5036a515f3dbe9e48198 (host: np0000004523) handling event "update" for row 98570c66-29c4-4871-bb98-96f444ec441b (table: Connection) {{(pid=87352) notify /opt/stack/neutron/neutron/plugins/ml2/drivers/ovn/mech_driver/ovsdb/ovsdb_monitor.py:1015}}
Jul 04 21:16:25.573000 np0000004523 devstack@neutron-api.service[87351]: DEBUG neutron.api.wsgi [None req-5b5f1221-66a5-4e31-ae0e-0c2db760dc61 admin admin] Missing Content-Type {{(pid=87351) get_content_type /opt/stack/neutron/neutron/api/wsgi.py:80}}
Jul 04 21:16:25.573480 np0000004523 devstack@neutron-api.service[87351]: DEBUG neutron.api.wsgi [None req-5b5f1221-66a5-4e31-ae0e-0c2db760dc61 admin admin] https://10.4.3.5/networking/v2.0/extensions returned with HTTP 200 {{(pid=87351) __call__ /opt/stack/neutron/neutron/api/wsgi.py:540}}
Jul 04 21:16:25.573884 np0000004523 devstack@neutron-api.service[87351]: [pid: 87351|app: 0|req: 2/2] 10.4.3.5 () {64 vars in 1278 bytes} [Sat Jul 4 21:16:24 2026] GET /networking/v2.0/extensions => generated 16171 bytes in 582 msecs (HTTP/1.1 200) 4 headers in 159 bytes (1 switches on core 0)
Jul 04 21:16:25.922090 np0000004523 devstack@neutron-api.service[87353]: DEBUG neutron.api.v2.base [None req-a9714601-7015-4501-8e70-b0f919125961 admin admin] Request body: {'subnetpool': {'shared': True, 'is_default': True, 'name': 'shared-default-subnetpool-v4', 'prefixes': ['10.1.0.0/20'], 'default_prefixlen': 26}} {{(pid=87353) prepare_request_body /opt/stack/neutron/neutron/api/v2/base.py:727}}
Jul 04 21:16:26.128178 np0000004523 devstack@neutron-api.service[87353]: DEBUG neutron.policy [None req-a9714601-7015-4501-8e70-b0f919125961 admin admin] Loaded default policies from ['neutron'] under neutron.policies entry points {{(pid=87353) register_rules /opt/stack/neutron/neutron/policy.py:65}}
Jul 04 21:16:26.254487 np0000004523 devstack@neutron-api.service[87353]: DEBUG neutron_lib.callbacks.manager [None req-a9714601-7015-4501-8e70-b0f919125961 admin admin] Publish callbacks ['neutron.objects.securitygroup.RbacNeutronDbObjectMixin.validate_rbac_policy_change-1518774908815', 'neutron.objects.address_group.RbacNeutronDbObjectMixin.validate_rbac_policy_change-1518774881760', 'neutron.objects.network.RbacNeutronDbObjectMixin.validate_rbac_policy_change-1518774543190', 'neutron.objects.qos.policy.RbacNeutronDbObjectMixin.validate_rbac_policy_change-1518774545934', 'neutron.objects.subnetpool.RbacNeutronDbObjectMixin.validate_rbac_policy_change-1518774568616', 'neutron.objects.address_scope.RbacNeutronDbObjectMixin.validate_rbac_policy_change-1518774571169', 'neutron.plugins.ml2.plugin.External_net_db_mixin._process_ext_policy_create-100556', 'neutron.plugins.ml2.plugin.NeutronDbPluginV2.validate_network_rbac_policy_change-128228'] for rbac-policy (None), before_create {{(pid=87353) _notify_loop /opt/stack/data/venv/lib/python3.12/site-packages/neutron_lib/callbacks/manager.py:184}}
Jul 04 21:16:26.294855 np0000004523 devstack@neutron-api.service[87353]: DEBUG neutron_lib.callbacks.manager [None req-a9714601-7015-4501-8e70-b0f919125961 admin admin] Publish callbacks [] for subnetpool (None), before_response {{(pid=87353) _notify_loop /opt/stack/data/venv/lib/python3.12/site-packages/neutron_lib/callbacks/manager.py:184}}
Jul 04 21:16:26.295403 np0000004523 devstack@neutron-api.service[87353]: [pid: 87353|app: 0|req: 1/3] 10.4.3.5 () {68 vars in 1322 bytes} [Sat Jul 4 21:16:25 2026] POST /networking/v2.0/subnetpools => generated 533 bytes in 459 msecs (HTTP/1.1 201) 4 headers in 162 bytes (1 switches on core 0)
Jul 04 21:16:26.601081 np0000004523 devstack@neutron-api.service[87352]: DEBUG neutron.api.v2.base [None req-bdb5911f-f709-418d-b5ed-432f23c90218 admin admin] Request body: {'subnetpool': {'shared': True, 'is_default': True, 'name': 'shared-default-subnetpool-v6', 'prefixes': ['fddd:debf:1f0a::/56'], 'default_prefixlen': 64}} {{(pid=87352) prepare_request_body /opt/stack/neutron/neutron/api/v2/base.py:727}}
Jul 04 21:16:26.771361 np0000004523 devstack@neutron-api.service[87352]: DEBUG neutron.policy [None req-bdb5911f-f709-418d-b5ed-432f23c90218 admin admin] Loaded default policies from ['neutron'] under neutron.policies entry points {{(pid=87352) register_rules /opt/stack/neutron/neutron/policy.py:65}}
Jul 04 21:16:26.900258 np0000004523 devstack@neutron-api.service[87352]: DEBUG neutron_lib.callbacks.manager [None req-bdb5911f-f709-418d-b5ed-432f23c90218 admin admin] Publish callbacks ['neutron.objects.securitygroup.RbacNeutronDbObjectMixin.validate_rbac_policy_change-1518775018332', 'neutron.objects.address_group.RbacNeutronDbObjectMixin.validate_rbac_policy_change-1518774895913', 'neutron.objects.network.RbacNeutronDbObjectMixin.validate_rbac_policy_change-1518774532514', 'neutron.objects.qos.policy.RbacNeutronDbObjectMixin.validate_rbac_policy_change-1518774541175', 'neutron.objects.subnetpool.RbacNeutronDbObjectMixin.validate_rbac_policy_change-1518774560086', 'neutron.objects.address_scope.RbacNeutronDbObjectMixin.validate_rbac_policy_change-1518774561120', 'neutron.plugins.ml2.plugin.External_net_db_mixin._process_ext_policy_create-150564', 'neutron.plugins.ml2.plugin.NeutronDbPluginV2.validate_network_rbac_policy_change-153676'] for rbac-policy (None), before_create {{(pid=87352) _notify_loop /opt/stack/data/venv/lib/python3.12/site-packages/neutron_lib/callbacks/manager.py:184}}
Jul 04 21:16:26.942881 np0000004523 devstack@neutron-api.service[87352]: DEBUG neutron_lib.callbacks.manager [None req-bdb5911f-f709-418d-b5ed-432f23c90218 admin admin] Publish callbacks [] for subnetpool (None), before_response {{(pid=87352) _notify_loop /opt/stack/data/venv/lib/python3.12/site-packages/neutron_lib/callbacks/manager.py:184}}
Jul 04 21:16:26.943438 np0000004523 devstack@neutron-api.service[87352]: [pid: 87352|app: 0|req: 1/4] 10.4.3.5 () {68 vars in 1322 bytes} [Sat Jul 4 21:16:26 2026] POST /networking/v2.0/subnetpools => generated 543 bytes in 436 msecs (HTTP/1.1 201) 4 headers in 162 bytes (1 switches on core 0)
Jul 04 21:16:27.171124 np0000004523 devstack@neutron-api.service[87351]: DEBUG neutron.api.v2.base [None req-15fbd0e1-33e1-4d2a-83e0-bcf4c2eb51c7 admin admin] Request body: {'network': {'name': 'private', 'admin_state_up': True}} {{(pid=87351) prepare_request_body /opt/stack/neutron/neutron/api/v2/base.py:727}}
Jul 04 21:16:27.201365 np0000004523 devstack@neutron-api.service[87351]: DEBUG neutron.pecan_wsgi.hooks.quota_enforcement [None req-15fbd0e1-33e1-4d2a-83e0-bcf4c2eb51c7 admin admin] Made reservation on behalf of ac0843191e3443b6a2c7eadeb8e501d7 for: {'network': 1} {{(pid=87351) before /opt/stack/neutron/neutron/pecan_wsgi/hooks/quota_enforcement.py:66}}
Jul 04 21:16:27.368430 np0000004523 devstack@neutron-api.service[87351]: DEBUG neutron.policy [None req-15fbd0e1-33e1-4d2a-83e0-bcf4c2eb51c7 admin admin] Loaded default policies from ['neutron'] under neutron.policies entry points {{(pid=87351) register_rules /opt/stack/neutron/neutron/policy.py:65}}
Jul 04 21:16:27.452693 np0000004523 devstack@neutron-api.service[87351]: DEBUG neutron_lib.callbacks.manager [None req-15fbd0e1-33e1-4d2a-83e0-bcf4c2eb51c7 admin admin] Publish callbacks ['neutron.plugins.ml2.plugin.SecurityGroupDbMixin._ensure_default_security_group_handler-129106'] for network (None), before_create {{(pid=87351) _notify_loop /opt/stack/data/venv/lib/python3.12/site-packages/neutron_lib/callbacks/manager.py:184}}
Jul 04 21:16:27.469464 np0000004523 devstack@neutron-api.service[87351]: DEBUG neutron_lib.callbacks.manager [None req-15fbd0e1-33e1-4d2a-83e0-bcf4c2eb51c7 admin admin] Publish callbacks [] for security_group (None), before_create {{(pid=87351) _notify_loop /opt/stack/data/venv/lib/python3.12/site-packages/neutron_lib/callbacks/manager.py:184}}
Jul 04 21:16:27.573525 np0000004523 devstack@neutron-api.service[87351]: DEBUG neutron_lib.callbacks.manager [None req-15fbd0e1-33e1-4d2a-83e0-bcf4c2eb51c7 admin admin] Publish callbacks ['neutron.plugins.ml2.drivers.ovn.mech_driver.mech_driver.OVNMechanismDriver._create_security_group_precommit-987092'] for security_group (ca181fb8-f0ed-42b0-b1ea-273c8f597513), precommit_create {{(pid=87351) _notify_loop /opt/stack/data/venv/lib/python3.12/site-packages/neutron_lib/callbacks/manager.py:184}}
Jul 04 21:16:27.573687 np0000004523 devstack@neutron-api.service[87351]: DEBUG neutron.db.ovn_revision_numbers_db [None req-15fbd0e1-33e1-4d2a-83e0-bcf4c2eb51c7 admin admin] create_initial_revision uuid=ca181fb8-f0ed-42b0-b1ea-273c8f597513, type=security_groups, rev=-1 {{(pid=87351) create_initial_revision /opt/stack/neutron/neutron/db/ovn_revision_numbers_db.py:98}}
Jul 04 21:16:27.576806 np0000004523 devstack@neutron-api.service[87351]: DEBUG neutron.db.ovn_revision_numbers_db [None req-15fbd0e1-33e1-4d2a-83e0-bcf4c2eb51c7 admin admin] create_initial_revision uuid=02f2bf4e-9e02-4da4-93d1-9387f86f69c2, type=security_group_rules, rev=-1 {{(pid=87351) create_initial_revision /opt/stack/neutron/neutron/db/ovn_revision_numbers_db.py:98}}
Jul 04 21:16:27.578142 np0000004523 devstack@neutron-api.service[87351]: DEBUG neutron.db.ovn_revision_numbers_db [None req-15fbd0e1-33e1-4d2a-83e0-bcf4c2eb51c7 admin admin] create_initial_revision uuid=3e3c54d0-efa3-4af3-b847-b317d09ee805, type=security_group_rules, rev=-1 {{(pid=87351) create_initial_revision /opt/stack/neutron/neutron/db/ovn_revision_numbers_db.py:98}}
Jul 04 21:16:27.579352 np0000004523 devstack@neutron-api.service[87351]: DEBUG neutron.db.ovn_revision_numbers_db [None req-15fbd0e1-33e1-4d2a-83e0-bcf4c2eb51c7 admin admin] create_initial_revision uuid=960b29e4-e23e-4567-92dd-3430d475d723, type=security_group_rules, rev=-1 {{(pid=87351) create_initial_revision /opt/stack/neutron/neutron/db/ovn_revision_numbers_db.py:98}}
Jul 04 21:16:27.580332 np0000004523 devstack@neutron-api.service[87351]: DEBUG neutron.db.ovn_revision_numbers_db [None req-15fbd0e1-33e1-4d2a-83e0-bcf4c2eb51c7 admin admin] create_initial_revision uuid=a2dcde68-b8ae-4180-8b93-49079d4b4385, type=security_group_rules, rev=-1 {{(pid=87351) create_initial_revision /opt/stack/neutron/neutron/db/ovn_revision_numbers_db.py:98}}
Jul 04 21:16:27.583785 np0000004523 devstack@neutron-api.service[87351]: DEBUG neutron_lib.callbacks.manager [None req-15fbd0e1-33e1-4d2a-83e0-bcf4c2eb51c7 admin admin] Publish callbacks ['neutron.plugins.ml2.drivers.ovn.mech_driver.mech_driver.OVNMechanismDriver._create_security_group-986914', 'neutron.plugins.ml2.ovo_rpc._ObjectChangeHandler.handle_event-7412097'] for security_group (ca181fb8-f0ed-42b0-b1ea-273c8f597513), after_create {{(pid=87351) _notify_loop /opt/stack/data/venv/lib/python3.12/site-packages/neutron_lib/callbacks/manager.py:184}}
Jul 04 21:16:27.584593 np0000004523 devstack@neutron-api.service[87351]: DEBUG ovsdbapp.backend.ovs_idl.transaction [-] Running txn n=1 command(idx=0): PgAddCommand(_result=None, name=pg_ca181fb8_f0ed_42b0_b1ea_273c8f597513, may_exist=False, columns={'acls': [], 'external_ids': {'neutron:security_group_id': 'ca181fb8-f0ed-42b0-b1ea-273c8f597513'}}) {{(pid=87351) do_commit /opt/stack/data/venv/lib/python3.12/site-packages/ovsdbapp/backend/ovs_idl/transaction.py:89}}
Jul 04 21:16:27.585663 np0000004523 devstack@neutron-api.service[87351]: DEBUG ovsdbapp.backend.ovs_idl.transaction [-] Running txn n=1 command(idx=1): PgAclAddCommand(_result=None, entity=pg_ca181fb8_f0ed_42b0_b1ea_273c8f597513, direction=to-lport, priority=1002, match=outport == @pg_ca181fb8_f0ed_42b0_b1ea_273c8f597513 && ip6 && ip6.src == $pg_ca181fb8_f0ed_42b0_b1ea_273c8f597513_ip6, action=allow-related, log=False, may_exist=True, severity=[], name=[], meter=[], external_ids={'neutron:security_group_rule_id': '02f2bf4e-9e02-4da4-93d1-9387f86f69c2'}) {{(pid=87351) do_commit /opt/stack/data/venv/lib/python3.12/site-packages/ovsdbapp/backend/ovs_idl/transaction.py:89}}
Jul 04 21:16:27.585979 np0000004523 devstack@neutron-api.service[87351]: DEBUG ovsdbapp.backend.ovs_idl.transaction [-] Running txn n=1 command(idx=2): PgAclAddCommand(_result=None, entity=pg_ca181fb8_f0ed_42b0_b1ea_273c8f597513, direction=to-lport, priority=1002, match=outport == @pg_ca181fb8_f0ed_42b0_b1ea_273c8f597513 && ip4 && ip4.src == $pg_ca181fb8_f0ed_42b0_b1ea_273c8f597513_ip4, action=allow-related, log=False, may_exist=True, severity=[], name=[], meter=[], external_ids={'neutron:security_group_rule_id': '3e3c54d0-efa3-4af3-b847-b317d09ee805'}) {{(pid=87351) do_commit /opt/stack/data/venv/lib/python3.12/site-packages/ovsdbapp/backend/ovs_idl/transaction.py:89}}
Jul 04 21:16:27.586215 np0000004523 devstack@neutron-api.service[87351]: DEBUG ovsdbapp.backend.ovs_idl.transaction [-] Running txn n=1 command(idx=3): PgAclAddCommand(_result=None, entity=pg_ca181fb8_f0ed_42b0_b1ea_273c8f597513, direction=from-lport, priority=1002, match=inport == @pg_ca181fb8_f0ed_42b0_b1ea_273c8f597513 && ip4, action=allow-related, log=False, may_exist=True, severity=[], name=[], meter=[], external_ids={'neutron:security_group_rule_id': '960b29e4-e23e-4567-92dd-3430d475d723'}) {{(pid=87351) do_commit /opt/stack/data/venv/lib/python3.12/site-packages/ovsdbapp/backend/ovs_idl/transaction.py:89}}
Jul 04 21:16:27.586409 np0000004523 devstack@neutron-api.service[87351]: DEBUG ovsdbapp.backend.ovs_idl.transaction [-] Running txn n=1 command(idx=4): PgAclAddCommand(_result=None, entity=pg_ca181fb8_f0ed_42b0_b1ea_273c8f597513, direction=from-lport, priority=1002, match=inport == @pg_ca181fb8_f0ed_42b0_b1ea_273c8f597513 && ip6, action=allow-related, log=False, may_exist=True, severity=[], name=[], meter=[], external_ids={'neutron:security_group_rule_id': 'a2dcde68-b8ae-4180-8b93-49079d4b4385'}) {{(pid=87351) do_commit /opt/stack/data/venv/lib/python3.12/site-packages/ovsdbapp/backend/ovs_idl/transaction.py:89}}
Jul 04 21:16:27.589797 np0000004523 devstack@neutron-api.service[87351]: DEBUG neutron.plugins.ml2.drivers.ovn.mech_driver.ovsdb.ovsdb_monitor [-] Hash Ring: Node 4875ac0b98825fcdb6fd4e4e5a2c35c9 (host: np0000004523) handling event "create" for row 1e27ea32-6752-408e-9962-3c833146e93b (table: ACL) {{(pid=87351) notify /opt/stack/neutron/neutron/plugins/ml2/drivers/ovn/mech_driver/ovsdb/ovsdb_monitor.py:1015}}
Jul 04 21:16:27.589930 np0000004523 devstack@neutron-api.service[87351]: DEBUG neutron.plugins.ml2.drivers.ovn.mech_driver.ovsdb.ovsdb_monitor [-] Hash Ring: Node 4875ac0b98825fcdb6fd4e4e5a2c35c9 (host: np0000004523) handling event "create" for row a70bc562-8c3f-480e-a2eb-ed4a5b8cbbc2 (table: ACL) {{(pid=87351) notify /opt/stack/neutron/neutron/plugins/ml2/drivers/ovn/mech_driver/ovsdb/ovsdb_monitor.py:1015}}
Jul 04 21:16:27.590042 np0000004523 devstack@neutron-api.service[87351]: DEBUG neutron.plugins.ml2.drivers.ovn.mech_driver.ovsdb.ovsdb_monitor [-] Hash Ring: Node 4875ac0b98825fcdb6fd4e4e5a2c35c9 (host: np0000004523) handling event "create" for row cdf8c121-6253-4b29-ac96-81d082f57fbb (table: ACL) {{(pid=87351) notify /opt/stack/neutron/neutron/plugins/ml2/drivers/ovn/mech_driver/ovsdb/ovsdb_monitor.py:1015}}
Jul 04 21:16:27.590189 np0000004523 devstack@neutron-api.service[87351]: DEBUG neutron.plugins.ml2.drivers.ovn.mech_driver.ovsdb.ovsdb_monitor [-] Hash Ring: Node 4875ac0b98825fcdb6fd4e4e5a2c35c9 (host: np0000004523) handling event "create" for row d033fbe1-d55c-40ad-8c68-7c238b1d4a8a (table: ACL) {{(pid=87351) notify /opt/stack/neutron/neutron/plugins/ml2/drivers/ovn/mech_driver/ovsdb/ovsdb_monitor.py:1015}}
Jul 04 21:16:27.590247 np0000004523 devstack@neutron-api.service[87351]: DEBUG neutron.plugins.ml2.drivers.ovn.mech_driver.ovsdb.ovsdb_monitor [-] Hash Ring: Node 4875ac0b98825fcdb6fd4e4e5a2c35c9 (host: np0000004523) handling event "create" for row 501c155c-a946-4a99-8a04-c0291bdc90cd (table: Port_Group) {{(pid=87351) notify /opt/stack/neutron/neutron/plugins/ml2/drivers/ovn/mech_driver/ovsdb/ovsdb_monitor.py:1015}}
Jul 04 21:16:27.592375 np0000004523 devstack@neutron-api.service[87352]: DEBUG neutron.plugins.ml2.drivers.ovn.mech_driver.ovsdb.ovsdb_monitor [-] Hash Ring: Node 62c5edf7580d5036a515f3dbe9e48198 (host: np0000004523) handling event "create" for row a70bc562-8c3f-480e-a2eb-ed4a5b8cbbc2 (table: ACL) {{(pid=87352) notify /opt/stack/neutron/neutron/plugins/ml2/drivers/ovn/mech_driver/ovsdb/ovsdb_monitor.py:1015}}
Jul 04 21:16:27.592872 np0000004523 devstack@neutron-api.service[87353]: DEBUG neutron.plugins.ml2.drivers.ovn.mech_driver.ovsdb.ovsdb_monitor [-] Hash Ring: Node 9072f4bf9225593f8450cf862f9003fe (host: np0000004523) handling event "create" for row cdf8c121-6253-4b29-ac96-81d082f57fbb (table: ACL) {{(pid=87353) notify /opt/stack/neutron/neutron/plugins/ml2/drivers/ovn/mech_driver/ovsdb/ovsdb_monitor.py:1015}}
Jul 04 21:16:27.592872 np0000004523 devstack@neutron-api.service[87353]: DEBUG neutron.plugins.ml2.drivers.ovn.mech_driver.ovsdb.ovsdb_monitor [-] Hash Ring: Node 9072f4bf9225593f8450cf862f9003fe (host: np0000004523) handling event "create" for row d033fbe1-d55c-40ad-8c68-7c238b1d4a8a (table: ACL) {{(pid=87353) notify /opt/stack/neutron/neutron/plugins/ml2/drivers/ovn/mech_driver/ovsdb/ovsdb_monitor.py:1015}}
Jul 04 21:16:27.592872 np0000004523 devstack@neutron-api.service[87353]: DEBUG neutron.plugins.ml2.drivers.ovn.mech_driver.ovsdb.ovsdb_monitor [-] Hash Ring: Node 9072f4bf9225593f8450cf862f9003fe (host: np0000004523) handling event "create" for row 501c155c-a946-4a99-8a04-c0291bdc90cd (table: Port_Group) {{(pid=87353) notify /opt/stack/neutron/neutron/plugins/ml2/drivers/ovn/mech_driver/ovsdb/ovsdb_monitor.py:1015}}
Jul 04 21:16:27.614481 np0000004523 devstack@neutron-api.service[87351]: INFO neutron.db.ovn_revision_numbers_db [None req-15fbd0e1-33e1-4d2a-83e0-bcf4c2eb51c7 admin admin] Successfully bumped revision number for resource ca181fb8-f0ed-42b0-b1ea-273c8f597513 (type: security_groups) to 1
Jul 04 21:16:27.625072 np0000004523 devstack@neutron-api.service[87351]: INFO neutron.db.ovn_revision_numbers_db [None req-15fbd0e1-33e1-4d2a-83e0-bcf4c2eb51c7 admin admin] Successfully bumped revision number for resource 02f2bf4e-9e02-4da4-93d1-9387f86f69c2 (type: security_group_rules) to 0
Jul 04 21:16:27.633420 np0000004523 devstack@neutron-api.service[87351]: INFO neutron.db.ovn_revision_numbers_db [None req-15fbd0e1-33e1-4d2a-83e0-bcf4c2eb51c7 admin admin] Successfully bumped revision number for resource 3e3c54d0-efa3-4af3-b847-b317d09ee805 (type: security_group_rules) to 0
Jul 04 21:16:27.641841 np0000004523 devstack@neutron-api.service[87351]: INFO neutron.db.ovn_revision_numbers_db [None req-15fbd0e1-33e1-4d2a-83e0-bcf4c2eb51c7 admin admin] Successfully bumped revision number for resource 960b29e4-e23e-4567-92dd-3430d475d723 (type: security_group_rules) to 0
Jul 04 21:16:27.650549 np0000004523 devstack@neutron-api.service[87351]: INFO neutron.db.ovn_revision_numbers_db [None req-15fbd0e1-33e1-4d2a-83e0-bcf4c2eb51c7 admin admin] Successfully bumped revision number for resource a2dcde68-b8ae-4180-8b93-49079d4b4385 (type: security_group_rules) to 0
Jul 04 21:16:27.669133 np0000004523 devstack@neutron-api.service[87351]: DEBUG neutron.api.rpc.handlers.resources_rpc [None req-15fbd0e1-33e1-4d2a-83e0-bcf4c2eb51c7 admin admin] Pushing event updated for resources: {'SecurityGroup': ['ID=ca181fb8-f0ed-42b0-b1ea-273c8f597513,revision_number=1']} {{(pid=87351) push /opt/stack/neutron/neutron/api/rpc/handlers/resources_rpc.py:237}}
Jul 04 21:16:27.675367 np0000004523 devstack@neutron-api.service[87351]: DEBUG ovsdbapp.backend.ovs_idl.transaction [-] Running txn n=1 command(idx=0): CheckLivenessCommand(_result=None) {{(pid=87351) do_commit /opt/stack/data/venv/lib/python3.12/site-packages/ovsdbapp/backend/ovs_idl/transaction.py:89}}
Jul 04 21:16:27.677091 np0000004523 devstack@neutron-api.service[87351]: DEBUG neutron.plugins.ml2.drivers.ovn.mech_driver.ovsdb.ovsdb_monitor [-] Hash Ring: Node 4875ac0b98825fcdb6fd4e4e5a2c35c9 (host: np0000004523) handling event "update" for row 86c50d6b-e3eb-4076-8a9f-8e1ae9d59163 (table: NB_Global) {{(pid=87351) notify /opt/stack/neutron/neutron/plugins/ml2/drivers/ovn/mech_driver/ovsdb/ovsdb_monitor.py:1015}}
Jul 04 21:16:27.679412 np0000004523 devstack@neutron-api.service[87351]: DEBUG neutron.api.rpc.callbacks.version_manager [None req-15fbd0e1-33e1-4d2a-83e0-bcf4c2eb51c7 admin admin] Tracked resource versions report:
Jul 04 21:16:27.679412 np0000004523 devstack@neutron-api.service[87351]: pushed versions:
Jul 04 21:16:27.679412 np0000004523 devstack@neutron-api.service[87351]: { 'AddressGroup': {'1.2'},
Jul 04 21:16:27.679412 np0000004523 devstack@neutron-api.service[87351]: 'Agent': {'1.1'},
Jul 04 21:16:27.679412 np0000004523 devstack@neutron-api.service[87351]: 'ConntrackHelper': {'1.0'},
Jul 04 21:16:27.679412 np0000004523 devstack@neutron-api.service[87351]: 'LocalIPAssociation': {'1.0'},
Jul 04 21:16:27.679412 np0000004523 devstack@neutron-api.service[87351]: 'Log': {'1.0'},
Jul 04 21:16:27.679412 np0000004523 devstack@neutron-api.service[87351]: 'NDPProxy': {'1.0'},
Jul 04 21:16:27.679412 np0000004523 devstack@neutron-api.service[87351]: 'Network': {'1.3'},
Jul 04 21:16:27.679412 np0000004523 devstack@neutron-api.service[87351]: 'Port': {'1.11'},
Jul 04 21:16:27.679412 np0000004523 devstack@neutron-api.service[87351]: 'PortForwarding': {'1.3'},
Jul 04 21:16:27.679412 np0000004523 devstack@neutron-api.service[87351]: 'QosPolicy': {'1.10'},
Jul 04 21:16:27.679412 np0000004523 devstack@neutron-api.service[87351]: 'SecurityGroup': {'1.6'},
Jul 04 21:16:27.679412 np0000004523 devstack@neutron-api.service[87351]: 'SecurityGroupRule': {'1.3'},
Jul 04 21:16:27.679412 np0000004523 devstack@neutron-api.service[87351]: 'SubPort': {'1.0'},
Jul 04 21:16:27.679412 np0000004523 devstack@neutron-api.service[87351]: 'Subnet': {'1.2'},
Jul 04 21:16:27.679412 np0000004523 devstack@neutron-api.service[87351]: 'Trunk': {'1.1'}}
Jul 04 21:16:27.679412 np0000004523 devstack@neutron-api.service[87351]: consumer versions:
Jul 04 21:16:27.679412 np0000004523 devstack@neutron-api.service[87351]: {}
Jul 04 21:16:27.679412 np0000004523 devstack@neutron-api.service[87351]: {{(pid=87351) report /opt/stack/neutron/neutron/api/rpc/callbacks/version_manager.py:183}}
Jul 04 21:16:27.681831 np0000004523 devstack@neutron-api.service[87352]: DEBUG neutron.plugins.ml2.drivers.ovn.mech_driver.ovsdb.ovsdb_monitor [-] ChassisAgentWriteEvent : Matched Chassis_Private, update, None None {{(pid=87352) matches /opt/stack/neutron/neutron/plugins/ml2/drivers/ovn/mech_driver/ovsdb/ovsdb_monitor.py:64}}
Jul 04 21:16:27.683604 np0000004523 devstack@neutron-api.service[87353]: DEBUG neutron.plugins.ml2.drivers.ovn.mech_driver.ovsdb.ovsdb_monitor [-] ChassisAgentWriteEvent : Matched Chassis_Private, update, None None {{(pid=87353) matches /opt/stack/neutron/neutron/plugins/ml2/drivers/ovn/mech_driver/ovsdb/ovsdb_monitor.py:64}}
Jul 04 21:16:27.684617 np0000004523 devstack@neutron-api.service[87353]: DEBUG neutron.plugins.ml2.drivers.ovn.mech_driver.ovsdb.ovsdb_monitor [-] Hash Ring: Node 9072f4bf9225593f8450cf862f9003fe (host: np0000004523) handling event "update" for row 4a4dd784-f0e9-4c36-8bf1-297fdce40da5 (table: Chassis_Private) {{(pid=87353) notify /opt/stack/neutron/neutron/plugins/ml2/drivers/ovn/mech_driver/ovsdb/ovsdb_monitor.py:1015}}
Jul 04 21:16:27.685536 np0000004523 devstack@neutron-api.service[87351]: DEBUG neutron.plugins.ml2.drivers.ovn.mech_driver.ovsdb.ovsdb_monitor [-] Hash Ring: Node 4875ac0b98825fcdb6fd4e4e5a2c35c9 (host: np0000004523) handling event "update" for row 86c50d6b-e3eb-4076-8a9f-8e1ae9d59163 (table: NB_Global) {{(pid=87351) notify /opt/stack/neutron/neutron/plugins/ml2/drivers/ovn/mech_driver/ovsdb/ovsdb_monitor.py:1015}}
Jul 04 21:16:27.686979 np0000004523 devstack@neutron-api.service[87351]: DEBUG neutron.plugins.ml2.drivers.ovn.mech_driver.ovsdb.ovsdb_monitor [-] ChassisAgentWriteEvent : Matched Chassis_Private, update, None None {{(pid=87351) matches /opt/stack/neutron/neutron/plugins/ml2/drivers/ovn/mech_driver/ovsdb/ovsdb_monitor.py:64}}
Jul 04 21:16:27.689536 np0000004523 devstack@neutron-api.service[87351]: DEBUG neutron.plugins.ml2.drivers.ovn.mech_driver.ovsdb.ovsdb_monitor [-] Hash Ring: Node 4875ac0b98825fcdb6fd4e4e5a2c35c9 (host: np0000004523) handling event "update" for row 86c50d6b-e3eb-4076-8a9f-8e1ae9d59163 (table: NB_Global) {{(pid=87351) notify /opt/stack/neutron/neutron/plugins/ml2/drivers/ovn/mech_driver/ovsdb/ovsdb_monitor.py:1015}}
Jul 04 21:16:27.690883 np0000004523 devstack@neutron-api.service[87352]: DEBUG neutron.plugins.ml2.drivers.ovn.mech_driver.ovsdb.ovsdb_monitor [-] ChassisOVNAgentWriteEvent : Matched Chassis_Private, update, None None {{(pid=87352) matches /opt/stack/neutron/neutron/plugins/ml2/drivers/ovn/mech_driver/ovsdb/ovsdb_monitor.py:64}}
Jul 04 21:16:27.691552 np0000004523 devstack@neutron-api.service[87351]: DEBUG neutron.plugins.ml2.drivers.ovn.mech_driver.ovsdb.ovsdb_monitor [-] Hash Ring: Node 4875ac0b98825fcdb6fd4e4e5a2c35c9 (host: np0000004523) handling event "update" for row 86c50d6b-e3eb-4076-8a9f-8e1ae9d59163 (table: NB_Global) {{(pid=87351) notify /opt/stack/neutron/neutron/plugins/ml2/drivers/ovn/mech_driver/ovsdb/ovsdb_monitor.py:1015}}
Jul 04 21:16:27.692033 np0000004523 devstack@neutron-api.service[87353]: DEBUG neutron.plugins.ml2.drivers.ovn.mech_driver.ovsdb.ovsdb_monitor [-] ChassisOVNAgentWriteEvent : Matched Chassis_Private, update, None None {{(pid=87353) matches /opt/stack/neutron/neutron/plugins/ml2/drivers/ovn/mech_driver/ovsdb/ovsdb_monitor.py:64}}
Jul 04 21:16:27.692033 np0000004523 devstack@neutron-api.service[87353]: DEBUG neutron.plugins.ml2.drivers.ovn.mech_driver.ovsdb.ovsdb_monitor [-] Hash Ring: Node 9072f4bf9225593f8450cf862f9003fe (host: np0000004523) handling event "update" for row 4a4dd784-f0e9-4c36-8bf1-297fdce40da5 (table: Chassis_Private) {{(pid=87353) notify /opt/stack/neutron/neutron/plugins/ml2/drivers/ovn/mech_driver/ovsdb/ovsdb_monitor.py:1015}}
Jul 04 21:16:27.697230 np0000004523 devstack@neutron-api.service[87351]: DEBUG neutron.common.ovn.hash_ring_manager [-] Allow caching, nodes 3>=3 {{(pid=87351) _wait_startup_before_caching /opt/stack/neutron/neutron/common/ovn/hash_ring_manager.py:71}}
Jul 04 21:16:27.697776 np0000004523 devstack@neutron-api.service[87351]: DEBUG neutron.plugins.ml2.drivers.ovn.mech_driver.ovsdb.ovsdb_monitor [-] Hash Ring: Node 4875ac0b98825fcdb6fd4e4e5a2c35c9 (host: np0000004523) handling event "update" for row 4a4dd784-f0e9-4c36-8bf1-297fdce40da5 (table: Chassis_Private) {{(pid=87351) notify /opt/stack/neutron/neutron/plugins/ml2/drivers/ovn/mech_driver/ovsdb/ovsdb_monitor.py:1015}}
Jul 04 21:16:27.700266 np0000004523 devstack@neutron-api.service[87351]: DEBUG neutron.plugins.ml2.drivers.ovn.mech_driver.ovsdb.ovsdb_monitor [-] ChassisOVNAgentWriteEvent : Matched Chassis_Private, update, None None {{(pid=87351) matches /opt/stack/neutron/neutron/plugins/ml2/drivers/ovn/mech_driver/ovsdb/ovsdb_monitor.py:64}}
Jul 04 21:16:27.700799 np0000004523 devstack@neutron-api.service[87351]: DEBUG neutron.plugins.ml2.drivers.ovn.mech_driver.ovsdb.ovsdb_monitor [-] Hash Ring: Node 4875ac0b98825fcdb6fd4e4e5a2c35c9 (host: np0000004523) handling event "update" for row 4a4dd784-f0e9-4c36-8bf1-297fdce40da5 (table: Chassis_Private) {{(pid=87351) notify /opt/stack/neutron/neutron/plugins/ml2/drivers/ovn/mech_driver/ovsdb/ovsdb_monitor.py:1015}}
Jul 04 21:16:27.736494 np0000004523 devstack@neutron-api.service[87351]: DEBUG neutron.plugins.ml2.drivers.helpers [None req-15fbd0e1-33e1-4d2a-83e0-bcf4c2eb51c7 admin admin] geneve segment allocate from pool success with {'geneve_vni': 342} {{(pid=87351) allocate_partially_specified_segment /opt/stack/neutron/neutron/plugins/ml2/drivers/helpers.py:142}}
Jul 04 21:16:27.745731 np0000004523 devstack@neutron-api.service[87351]: DEBUG neutron_lib.callbacks.manager [None req-15fbd0e1-33e1-4d2a-83e0-bcf4c2eb51c7 admin admin] Publish callbacks ['neutron.services.segments.db._add_segment_host_mapping_for_segment-8166809850490', 'neutron.plugins.ml2.plugin.Ml2Plugin._handle_segment_change-405770'] for segment (8b3d24f2-0cff-4f15-8fa5-d9eb29f830cb), precommit_create {{(pid=87351) _notify_loop /opt/stack/data/venv/lib/python3.12/site-packages/neutron_lib/callbacks/manager.py:184}}
Jul 04 21:16:27.745947 np0000004523 devstack@neutron-api.service[87351]: INFO neutron.db.segments_db [None req-15fbd0e1-33e1-4d2a-83e0-bcf4c2eb51c7 admin admin] Added segment 8b3d24f2-0cff-4f15-8fa5-d9eb29f830cb of type geneve for network 613b1dc5-23fb-4190-a429-71057eb1e19c
Jul 04 21:16:27.795159 np0000004523 devstack@neutron-api.service[87351]: DEBUG neutron_lib.callbacks.manager [None req-15fbd0e1-33e1-4d2a-83e0-bcf4c2eb51c7 admin admin] Publish callbacks ['neutron.services.auto_allocate.db._ensure_external_network_default_value_callback-8166808221556'] for network (613b1dc5-23fb-4190-a429-71057eb1e19c), precommit_create {{(pid=87351) _notify_loop /opt/stack/data/venv/lib/python3.12/site-packages/neutron_lib/callbacks/manager.py:184}}
Jul 04 21:16:27.811028 np0000004523 devstack@neutron-api.service[87351]: DEBUG neutron.plugins.ml2.drivers.ovn.mech_driver.mech_driver [None req-15fbd0e1-33e1-4d2a-83e0-bcf4c2eb51c7 admin admin] Validating network segment with type geneve, segmentation ID 342, physical network None {{(pid=87351) _validate_network_segments /opt/stack/neutron/neutron/plugins/ml2/drivers/ovn/mech_driver/mech_driver.py:646}}
Jul 04 21:16:27.811188 np0000004523 devstack@neutron-api.service[87351]: DEBUG neutron.db.ovn_revision_numbers_db [None req-15fbd0e1-33e1-4d2a-83e0-bcf4c2eb51c7 admin admin] create_initial_revision uuid=613b1dc5-23fb-4190-a429-71057eb1e19c, type=networks, rev=-1 {{(pid=87351) create_initial_revision /opt/stack/neutron/neutron/db/ovn_revision_numbers_db.py:98}}
Jul 04 21:16:27.825882 np0000004523 devstack@neutron-api.service[87351]: DEBUG neutron_lib.callbacks.manager [None req-15fbd0e1-33e1-4d2a-83e0-bcf4c2eb51c7 admin admin] Publish callbacks ['neutron.plugins.ml2.ovo_rpc._ObjectChangeHandler.handle_event-7412111'] for network (613b1dc5-23fb-4190-a429-71057eb1e19c), after_create {{(pid=87351) _notify_loop /opt/stack/data/venv/lib/python3.12/site-packages/neutron_lib/callbacks/manager.py:184}}
Jul 04 21:16:27.872449 np0000004523 devstack@neutron-api.service[87351]: DEBUG neutron.api.rpc.handlers.resources_rpc [None req-15fbd0e1-33e1-4d2a-83e0-bcf4c2eb51c7 admin admin] Pushing event updated for resources: {'Network': ['ID=613b1dc5-23fb-4190-a429-71057eb1e19c,revision_number=1']} {{(pid=87351) push /opt/stack/neutron/neutron/api/rpc/handlers/resources_rpc.py:237}}
Jul 04 21:16:27.879792 np0000004523 devstack@neutron-api.service[87351]: DEBUG ovsdbapp.backend.ovs_idl.transaction [-] Running txn n=1 command(idx=0): AddNetworkCommand(_result=None, network_uuid=613b1dc5-23fb-4190-a429-71057eb1e19c, may_exist=True, columns={'external_ids': {'neutron:network_name': 'private', 'neutron:mtu': '1372', 'neutron:revision_number': '1', 'neutron:availability_zone_hints': '', 'neutron:provnet-network-type': 'geneve'}, 'other_config': {'mcast_snoop': 'false', 'mcast_flood_unregistered': 'false', 'vlan-passthru': 'false'}}) {{(pid=87351) do_commit /opt/stack/data/venv/lib/python3.12/site-packages/ovsdbapp/backend/ovs_idl/transaction.py:89}}
Jul 04 21:16:27.879985 np0000004523 devstack@neutron-api.service[87351]: DEBUG neutron.common.ovn.utils [-] OVS persist_uuid supported=True {{(pid=87351) ovs_persist_uuid_supported /opt/stack/neutron/neutron/common/ovn/utils.py:1562}}
Jul 04 21:16:27.881659 np0000004523 devstack@neutron-api.service[87351]: DEBUG neutron.plugins.ml2.drivers.ovn.mech_driver.ovsdb.ovsdb_monitor [-] Hash Ring: Node 4875ac0b98825fcdb6fd4e4e5a2c35c9 (host: np0000004523) handling event "create" for row 613b1dc5-23fb-4190-a429-71057eb1e19c (table: Logical_Switch) {{(pid=87351) notify /opt/stack/neutron/neutron/plugins/ml2/drivers/ovn/mech_driver/ovsdb/ovsdb_monitor.py:1015}}
Jul 04 21:16:27.883240 np0000004523 devstack@neutron-api.service[87352]: DEBUG neutron.plugins.ml2.drivers.ovn.mech_driver.ovsdb.ovsdb_monitor [-] Hash Ring: Node 62c5edf7580d5036a515f3dbe9e48198 (host: np0000004523) handling event "create" for row 613b1dc5-23fb-4190-a429-71057eb1e19c (table: Logical_Switch) {{(pid=87352) notify /opt/stack/neutron/neutron/plugins/ml2/drivers/ovn/mech_driver/ovsdb/ovsdb_monitor.py:1015}}
Jul 04 21:16:27.895792 np0000004523 devstack@neutron-api.service[87351]: DEBUG neutron.plugins.ml2.drivers.ovn.mech_driver.ovsdb.ovsdb_monitor [-] Hash Ring: Node 4875ac0b98825fcdb6fd4e4e5a2c35c9 (host: np0000004523) handling event "create" for row ea7238f0-259d-4314-a4ed-fbf8f5620cf1 (table: Datapath_Binding) {{(pid=87351) notify /opt/stack/neutron/neutron/plugins/ml2/drivers/ovn/mech_driver/ovsdb/ovsdb_monitor.py:1015}}
Jul 04 21:16:27.896132 np0000004523 devstack@neutron-api.service[87353]: DEBUG neutron.plugins.ml2.drivers.ovn.mech_driver.ovsdb.ovsdb_monitor [-] Hash Ring: Node 9072f4bf9225593f8450cf862f9003fe (host: np0000004523) handling event "create" for row ea7238f0-259d-4314-a4ed-fbf8f5620cf1 (table: Datapath_Binding) {{(pid=87353) notify /opt/stack/neutron/neutron/plugins/ml2/drivers/ovn/mech_driver/ovsdb/ovsdb_monitor.py:1015}}
Jul 04 21:16:27.913425 np0000004523 devstack@neutron-api.service[87351]: INFO neutron.db.ovn_revision_numbers_db [None req-15fbd0e1-33e1-4d2a-83e0-bcf4c2eb51c7 admin admin] Successfully bumped revision number for resource 613b1dc5-23fb-4190-a429-71057eb1e19c (type: networks) to 1
Jul 04 21:16:27.971740 np0000004523 devstack@neutron-api.service[87351]: DEBUG neutron_lib.callbacks.manager [None req-15fbd0e1-33e1-4d2a-83e0-bcf4c2eb51c7 admin admin] Publish callbacks ['neutron.plugins.ml2.plugin.SecurityGroupDbMixin._ensure_default_security_group_handler-129106'] for port (None), before_create {{(pid=87351) _notify_loop /opt/stack/data/venv/lib/python3.12/site-packages/neutron_lib/callbacks/manager.py:184}}
Jul 04 21:16:28.070691 np0000004523 devstack@neutron-api.service[87351]: DEBUG neutron_lib.callbacks.manager [None req-15fbd0e1-33e1-4d2a-83e0-bcf4c2eb51c7 admin admin] Publish callbacks ['neutron.plugins.ml2.drivers.ovn.mech_driver.mech_driver.OVNMechanismDriver._validate_allowed_address_pairs-986972'] for allowed_address_pair (1433e4f2-15c0-45d3-b0cd-7c02cbc5e746), before_create {{(pid=87351) _notify_loop /opt/stack/data/venv/lib/python3.12/site-packages/neutron_lib/callbacks/manager.py:184}}
Jul 04 21:16:28.071290 np0000004523 devstack@neutron-api.service[87351]: DEBUG neutron_lib.callbacks.manager [None req-15fbd0e1-33e1-4d2a-83e0-bcf4c2eb51c7 admin admin] Publish callbacks [] for port (1433e4f2-15c0-45d3-b0cd-7c02cbc5e746), precommit_create {{(pid=87351) _notify_loop /opt/stack/data/venv/lib/python3.12/site-packages/neutron_lib/callbacks/manager.py:184}}
Jul 04 21:16:28.071473 np0000004523 devstack@neutron-api.service[87351]: DEBUG neutron.plugins.ml2.drivers.ovn.mech_driver.mech_driver [None req-15fbd0e1-33e1-4d2a-83e0-bcf4c2eb51c7 admin admin] No provisioning block for port 1433e4f2-15c0-45d3-b0cd-7c02cbc5e746 since it does not have a host {{(pid=87351) _is_port_provisioning_required /opt/stack/neutron/neutron/plugins/ml2/drivers/ovn/mech_driver/mech_driver.py:899}}
Jul 04 21:16:28.071577 np0000004523 devstack@neutron-api.service[87351]: DEBUG neutron.db.ovn_revision_numbers_db [None req-15fbd0e1-33e1-4d2a-83e0-bcf4c2eb51c7 admin admin] create_initial_revision uuid=1433e4f2-15c0-45d3-b0cd-7c02cbc5e746, type=ports, rev=-1 {{(pid=87351) create_initial_revision /opt/stack/neutron/neutron/db/ovn_revision_numbers_db.py:98}}
Jul 04 21:16:28.121772 np0000004523 devstack@neutron-api.service[87351]: DEBUG neutron_lib.callbacks.manager [None req-15fbd0e1-33e1-4d2a-83e0-bcf4c2eb51c7 admin admin] Publish callbacks ['neutron.plugins.ml2.ovo_rpc._ObjectChangeHandler.handle_event-7412054'] for port (1433e4f2-15c0-45d3-b0cd-7c02cbc5e746), after_create {{(pid=87351) _notify_loop /opt/stack/data/venv/lib/python3.12/site-packages/neutron_lib/callbacks/manager.py:184}}
