Jun 28 07:09:13.051903 np0000003869 devstack@c-api.service[96760]: DEBUG cinder.volume.api [None req-f594eb62-fa22-46a9-8d69-7f9167dcd53b tempest-DeleteServersTestJSON-975162317 tempest-DeleteServersTestJSON-975162317-project-member] Task 'cinder.volume.flows.api.create_volume.QuotaCommitTask;volume:create' (dfb686d0-7d9d-40b4-ac69-ceee76d64a15) transitioned into state 'SUCCESS' from state 'RUNNING' with result '{'volume_properties': VolumeProperties(attach_status='detached',availability_zone='nova',cgsnapshot_id=None,consistencygroup_id=None,display_description=None,display_name='tempest-DeleteServersTestJSON-volume-602654069',encryption_key_id=None,group_id=None,group_type_id=,metadata={},multiattach=False,project_id='97732d810a304082a4e5e6cf9e89e919',qos_specs=None,replication_status=,reservations=['b539dbb5-8e64-4ea4-818f-dd147c7fbcb7','1844061c-f2db-422a-8f88-00d394c858b3','71127626-67a5-48bf-886e-62660dadfb32','194ba231-5ef8-4ded-81a4-d22967f1a8e5'],size=1,snapshot_id=None,source_replicaid=,source_volid=None,status='creating',user_id='2b84f7e7fe214ff0816df640b818a361',volume_type_id=4d97219e-d548-4f2f-b612-d19d137dc9a4)}' {{(pid=96760) _task_receiver /opt/stack/data/venv/lib/python3.12/site-packages/taskflow/listeners/logging.py:218}}
Jun 28 07:09:13.053157 np0000003869 devstack@c-api.service[96760]: DEBUG cinder.volume.api [None req-f594eb62-fa22-46a9-8d69-7f9167dcd53b tempest-DeleteServersTestJSON-975162317 tempest-DeleteServersTestJSON-975162317-project-member] Task 'cinder.volume.flows.api.create_volume.VolumeCastTask;volume:create' (ceba85f7-8d0b-464b-9c3d-8e0ac77358d6) transitioned into state 'RUNNING' from state 'PENDING' {{(pid=96760) _task_receiver /opt/stack/data/venv/lib/python3.12/site-packages/taskflow/listeners/logging.py:242}}
Jun 28 07:09:13.063669 np0000003869 devstack@c-api.service[96760]: DEBUG cinder.volume.api [None req-f594eb62-fa22-46a9-8d69-7f9167dcd53b tempest-DeleteServersTestJSON-975162317 tempest-DeleteServersTestJSON-975162317-project-member] Task 'cinder.volume.flows.api.create_volume.VolumeCastTask;volume:create' (ceba85f7-8d0b-464b-9c3d-8e0ac77358d6) transitioned into state 'SUCCESS' from state 'RUNNING' with result 'None' {{(pid=96760) _task_receiver /opt/stack/data/venv/lib/python3.12/site-packages/taskflow/listeners/logging.py:218}}
Jun 28 07:09:13.065687 np0000003869 devstack@c-api.service[96760]: DEBUG cinder.volume.api [None req-f594eb62-fa22-46a9-8d69-7f9167dcd53b tempest-DeleteServersTestJSON-975162317 tempest-DeleteServersTestJSON-975162317-project-member] Flow 'volume_create_api' (e459ef21-e6f6-477f-8b9b-22254b8ac021) transitioned into state 'SUCCESS' from state 'RUNNING' {{(pid=96760) _flow_receiver /opt/stack/data/venv/lib/python3.12/site-packages/taskflow/listeners/logging.py:160}}
Jun 28 07:09:13.066045 np0000003869 devstack@c-api.service[96760]: INFO cinder.volume.api [None req-f594eb62-fa22-46a9-8d69-7f9167dcd53b tempest-DeleteServersTestJSON-975162317 tempest-DeleteServersTestJSON-975162317-project-member] Create volume request issued successfully.
Jun 28 07:09:13.066874 np0000003869 devstack@c-api.service[96760]: INFO cinder.api.openstack.wsgi [None req-f594eb62-fa22-46a9-8d69-7f9167dcd53b tempest-DeleteServersTestJSON-975162317 tempest-DeleteServersTestJSON-975162317-project-member] https://10.4.3.36/volume/v3/volumes returned with HTTP 202
Jun 28 07:09:13.067416 np0000003869 devstack@c-api.service[96760]: [pid: 96760|app: 0|req: 129/373] 10.4.3.36 () {68 vars in 1251 bytes} [Sun Jun 28 07:09:12 2026] POST /volume/v3/volumes => generated 749 bytes in 218 msecs (HTTP/1.1 202) 7 headers in 291 bytes (1 switches on core 0)
Jun 28 07:09:13.082188 np0000003869 devstack@c-api.service[96761]: DEBUG cinder.api.middleware.request_id [None req-6259d511-61b9-4dac-980e-fd8c09b5731f None None] RequestId filter calling following filter/app {{(pid=96761) _context_setter /opt/stack/cinder/cinder/api/middleware/request_id.py:62}}
Jun 28 07:09:13.084990 np0000003869 devstack@c-api.service[96761]: INFO cinder.api.openstack.wsgi [None req-6259d511-61b9-4dac-980e-fd8c09b5731f tempest-DeleteServersTestJSON-975162317 tempest-DeleteServersTestJSON-975162317-project-member] GET https://10.4.3.36/volume/v3/volumes/bfdb5b42-b53a-4501-9f65-6cbcf7bef382
Jun 28 07:09:13.085294 np0000003869 devstack@c-api.service[96761]: DEBUG cinder.api.openstack.wsgi [None req-6259d511-61b9-4dac-980e-fd8c09b5731f tempest-DeleteServersTestJSON-975162317 tempest-DeleteServersTestJSON-975162317-project-member] Empty body provided in request {{(pid=96761) get_body /opt/stack/cinder/cinder/api/openstack/wsgi.py:725}}
Jun 28 07:09:13.085445 np0000003869 devstack@c-api.service[96761]: DEBUG cinder.api.openstack.wsgi [None req-6259d511-61b9-4dac-980e-fd8c09b5731f tempest-DeleteServersTestJSON-975162317 tempest-DeleteServersTestJSON-975162317-project-member] Calling method 'show' {{(pid=96761) _process_stack /opt/stack/cinder/cinder/api/openstack/wsgi.py:878}}
Jun 28 07:09:13.094894 np0000003869 devstack@c-api.service[96761]: /opt/stack/data/venv/lib/python3.12/site-packages/oslo_context/context.py:102: DeprecationWarning: Policy enforcement is depending on the value of is_admin. This key is deprecated. Please update your policy file to use the standard policy values.
Jun 28 07:09:13.094894 np0000003869 devstack@c-api.service[96761]: warnings.warn(
Jun 28 07:09:13.099034 np0000003869 devstack@c-api.service[96761]: INFO cinder.volume.api [None req-6259d511-61b9-4dac-980e-fd8c09b5731f tempest-DeleteServersTestJSON-975162317 tempest-DeleteServersTestJSON-975162317-project-member] Volume info retrieved successfully.
Jun 28 07:09:13.105119 np0000003869 devstack@c-api.service[96761]: INFO cinder.api.openstack.wsgi [None req-6259d511-61b9-4dac-980e-fd8c09b5731f tempest-DeleteServersTestJSON-975162317 tempest-DeleteServersTestJSON-975162317-project-member] https://10.4.3.36/volume/v3/volumes/bfdb5b42-b53a-4501-9f65-6cbcf7bef382 returned with HTTP 200
Jun 28 07:09:13.105768 np0000003869 devstack@c-api.service[96761]: [pid: 96761|app: 0|req: 127/374] 10.4.3.36 () {66 vars in 1341 bytes} [Sun Jun 28 07:09:13 2026] GET /volume/v3/volumes/bfdb5b42-b53a-4501-9f65-6cbcf7bef382 => generated 817 bytes in 24 msecs (HTTP/1.1 200) 7 headers in 285 bytes (1 switches on core 0)
Jun 28 07:09:13.173138 np0000003869 devstack@c-api.service[96762]: INFO cinder.api.openstack.wsgi [None req-0a4096a8-39a7-40e1-837a-c1d95eb6eb34 tempest-VolumeTypesNegativeTest-1057829015 tempest-VolumeTypesNegativeTest-1057829015-project-admin] POST https://10.4.3.36/volume/v3/types/1f10eaad-3b5c-4d74-bd08-7d0461765e0c/encryption
Jun 28 07:09:13.175342 np0000003869 devstack@c-api.service[96762]: DEBUG cinder.api.openstack.wsgi [None req-0a4096a8-39a7-40e1-837a-c1d95eb6eb34 tempest-VolumeTypesNegativeTest-1057829015 tempest-VolumeTypesNegativeTest-1057829015-project-admin] Action: 'create', calling method: create, body: {"encryption": {"provider": "LuksEncryptor", "key_size": 256, "cipher": "aes-xts-plain64", "control_location": "front-end"}} {{(pid=96762) _process_stack /opt/stack/cinder/cinder/api/openstack/wsgi.py:876}}
Jun 28 07:09:13.176987 np0000003869 devstack@c-api.service[96762]: /opt/stack/data/venv/lib/python3.12/site-packages/oslo_context/context.py:102: DeprecationWarning: Policy enforcement is depending on the value of is_admin. This key is deprecated. Please update your policy file to use the standard policy values.
Jun 28 07:09:13.176987 np0000003869 devstack@c-api.service[96762]: warnings.warn(
Jun 28 07:09:13.220410 np0000003869 devstack@c-api.service[96762]: INFO cinder.api.openstack.wsgi [None req-0a4096a8-39a7-40e1-837a-c1d95eb6eb34 tempest-VolumeTypesNegativeTest-1057829015 tempest-VolumeTypesNegativeTest-1057829015-project-admin] https://10.4.3.36/volume/v3/types/1f10eaad-3b5c-4d74-bd08-7d0461765e0c/encryption returned with HTTP 404
Jun 28 07:09:13.220410 np0000003869 devstack@c-api.service[96762]: [pid: 96762|app: 0|req: 119/375] 10.4.3.36 () {68 vars in 1390 bytes} [Sun Jun 28 07:09:13 2026] POST /volume/v3/types/1f10eaad-3b5c-4d74-bd08-7d0461765e0c/encryption => generated 114 bytes in 175 msecs (HTTP/1.1 404) 7 headers in 292 bytes (1 switches on core 0)
Jun 28 07:09:13.230255 np0000003869 devstack@c-api.service[96760]: DEBUG cinder.api.middleware.request_id [None req-ae976346-5bb6-41f9-9577-adf9193b27b7 None None] RequestId filter calling following filter/app {{(pid=96760) _context_setter /opt/stack/cinder/cinder/api/middleware/request_id.py:62}}
Jun 28 07:09:13.232732 np0000003869 devstack@c-api.service[96760]: INFO cinder.api.openstack.wsgi [None req-ae976346-5bb6-41f9-9577-adf9193b27b7 tempest-VolumeTypesNegativeTest-1057829015 tempest-VolumeTypesNegativeTest-1057829015-project-admin] POST https://10.4.3.36/volume/v3/types
Jun 28 07:09:13.233186 np0000003869 devstack@c-api.service[96760]: DEBUG cinder.api.openstack.wsgi [None req-ae976346-5bb6-41f9-9577-adf9193b27b7 tempest-VolumeTypesNegativeTest-1057829015 tempest-VolumeTypesNegativeTest-1057829015-project-admin] Action: 'create', calling method: _create, body: {"volume_type": {"name": "tempest-VolumeTypesNegativeTest-volume-type-1028793467", "os-volume-type-access:is_public": false}} {{(pid=96760) _process_stack /opt/stack/cinder/cinder/api/openstack/wsgi.py:876}}
Jun 28 07:09:13.234844 np0000003869 devstack@c-api.service[96760]: /opt/stack/data/venv/lib/python3.12/site-packages/oslo_context/context.py:102: DeprecationWarning: Policy enforcement is depending on the value of is_admin. This key is deprecated. Please update your policy file to use the standard policy values.
Jun 28 07:09:13.234844 np0000003869 devstack@c-api.service[96760]: warnings.warn(
Jun 28 07:09:13.249855 np0000003869 devstack@c-api.service[96760]: INFO cinder.api.openstack.wsgi [None req-ae976346-5bb6-41f9-9577-adf9193b27b7 tempest-VolumeTypesNegativeTest-1057829015 tempest-VolumeTypesNegativeTest-1057829015-project-admin] https://10.4.3.36/volume/v3/types returned with HTTP 200
Jun 28 07:09:13.250281 np0000003869 devstack@c-api.service[96760]: [pid: 96760|app: 0|req: 130/376] 10.4.3.36 () {68 vars in 1246 bytes} [Sun Jun 28 07:09:13 2026] POST /volume/v3/types => generated 231 bytes in 21 msecs (HTTP/1.1 200) 7 headers in 285 bytes (1 switches on core 0)
Jun 28 07:09:13.260915 np0000003869 devstack@c-api.service[96761]: DEBUG cinder.api.middleware.request_id [None req-0df2e42f-a4a4-4a3b-bace-e53581eeb2c1 None None] RequestId filter calling following filter/app {{(pid=96761) _context_setter /opt/stack/cinder/cinder/api/middleware/request_id.py:62}}
Jun 28 07:09:13.351266 np0000003869 devstack@c-api.service[96761]: INFO cinder.api.openstack.wsgi [None req-0df2e42f-a4a4-4a3b-bace-e53581eeb2c1 tempest-VolumeTypesNegativeTest-1563431195 tempest-VolumeTypesNegativeTest-1563431195-project-member] POST https://10.4.3.36/volume/v3/volumes
Jun 28 07:09:13.351744 np0000003869 devstack@c-api.service[96761]: DEBUG cinder.api.openstack.wsgi [None req-0df2e42f-a4a4-4a3b-bace-e53581eeb2c1 tempest-VolumeTypesNegativeTest-1563431195 tempest-VolumeTypesNegativeTest-1563431195-project-member] Action: 'create', calling method: create, body: {"volume": {"volume_type": "99e19ed5-0b0f-4254-8207-b2198ecf79e7", "size": 1, "name": "tempest-VolumeTypesNegativeTest-Volume-22847686"}} {{(pid=96761) _process_stack /opt/stack/cinder/cinder/api/openstack/wsgi.py:876}}
Jun 28 07:09:13.353440 np0000003869 devstack@c-api.service[96761]: DEBUG cinder.api.v3.volumes [None req-0df2e42f-a4a4-4a3b-bace-e53581eeb2c1 tempest-VolumeTypesNegativeTest-1563431195 tempest-VolumeTypesNegativeTest-1563431195-project-member] Create volume request body: {'volume': {'volume_type': '99e19ed5-0b0f-4254-8207-b2198ecf79e7', 'size': 1, 'name': 'tempest-VolumeTypesNegativeTest-Volume-22847686'}} {{(pid=96761) create /opt/stack/cinder/cinder/api/v3/volumes.py:368}}
Jun 28 07:09:13.361196 np0000003869 devstack@c-api.service[96761]: INFO cinder.api.openstack.wsgi [None req-0df2e42f-a4a4-4a3b-bace-e53581eeb2c1 tempest-VolumeTypesNegativeTest-1563431195 tempest-VolumeTypesNegativeTest-1563431195-project-member] https://10.4.3.36/volume/v3/volumes returned with HTTP 404
Jun 28 07:09:13.361990 np0000003869 devstack@c-api.service[96761]: [pid: 96761|app: 0|req: 128/377] 10.4.3.36 () {68 vars in 1252 bytes} [Sun Jun 28 07:09:13 2026] POST /volume/v3/volumes => generated 114 bytes in 102 msecs (HTTP/1.1 404) 7 headers in 292 bytes (2 switches on core 0)
Jun 28 07:09:13.371985 np0000003869 devstack@c-api.service[96762]: DEBUG cinder.api.middleware.request_id [None req-47bef5f2-7798-4c81-bded-f00c30eaa606 None None] RequestId filter calling following filter/app {{(pid=96762) _context_setter /opt/stack/cinder/cinder/api/middleware/request_id.py:62}}
Jun 28 07:09:13.373842 np0000003869 devstack@c-api.service[96762]: INFO cinder.api.openstack.wsgi [None req-47bef5f2-7798-4c81-bded-f00c30eaa606 tempest-VolumeTypesNegativeTest-1057829015 tempest-VolumeTypesNegativeTest-1057829015-project-admin] DELETE https://10.4.3.36/volume/v3/types/99e19ed5-0b0f-4254-8207-b2198ecf79e7
Jun 28 07:09:13.374067 np0000003869 devstack@c-api.service[96762]: DEBUG cinder.api.openstack.wsgi [None req-47bef5f2-7798-4c81-bded-f00c30eaa606 tempest-VolumeTypesNegativeTest-1057829015 tempest-VolumeTypesNegativeTest-1057829015-project-admin] Empty body provided in request {{(pid=96762) get_body /opt/stack/cinder/cinder/api/openstack/wsgi.py:725}}
Jun 28 07:09:13.374344 np0000003869 devstack@c-api.service[96762]: DEBUG cinder.api.openstack.wsgi [None req-47bef5f2-7798-4c81-bded-f00c30eaa606 tempest-VolumeTypesNegativeTest-1057829015 tempest-VolumeTypesNegativeTest-1057829015-project-admin] Calling method '_delete' {{(pid=96762) _process_stack /opt/stack/cinder/cinder/api/openstack/wsgi.py:878}}
Jun 28 07:09:13.395927 np0000003869 devstack@c-api.service[96760]: DEBUG cinder.api.middleware.request_id [None req-728c3ebe-b366-4e20-b690-31a0a5a293a8 None None] RequestId filter calling following filter/app {{(pid=96760) _context_setter /opt/stack/cinder/cinder/api/middleware/request_id.py:62}}
Jun 28 07:09:13.397781 np0000003869 devstack@c-api.service[96760]: INFO cinder.api.openstack.wsgi [None req-728c3ebe-b366-4e20-b690-31a0a5a293a8 tempest-VolumesListAdminTestJSON-666146925 tempest-VolumesListAdminTestJSON-666146925-project-member] GET https://10.4.3.36/volume/v3/volumes/90cd5711-ff46-41ea-bc82-8ca1412d405d
Jun 28 07:09:13.397997 np0000003869 devstack@c-api.service[96760]: DEBUG cinder.api.openstack.wsgi [None req-728c3ebe-b366-4e20-b690-31a0a5a293a8 tempest-VolumesListAdminTestJSON-666146925 tempest-VolumesListAdminTestJSON-666146925-project-member] Empty body provided in request {{(pid=96760) get_body /opt/stack/cinder/cinder/api/openstack/wsgi.py:725}}
Jun 28 07:09:13.398213 np0000003869 devstack@c-api.service[96760]: DEBUG cinder.api.openstack.wsgi [None req-728c3ebe-b366-4e20-b690-31a0a5a293a8 tempest-VolumesListAdminTestJSON-666146925 tempest-VolumesListAdminTestJSON-666146925-project-member] Calling method 'show' {{(pid=96760) _process_stack /opt/stack/cinder/cinder/api/openstack/wsgi.py:878}}
Jun 28 07:09:13.404953 np0000003869 devstack@c-api.service[96760]: INFO cinder.api.openstack.wsgi [None req-728c3ebe-b366-4e20-b690-31a0a5a293a8 tempest-VolumesListAdminTestJSON-666146925 tempest-VolumesListAdminTestJSON-666146925-project-member] https://10.4.3.36/volume/v3/volumes/90cd5711-ff46-41ea-bc82-8ca1412d405d returned with HTTP 404
Jun 28 07:09:13.405725 np0000003869 devstack@c-api.service[96760]: [pid: 96760|app: 0|req: 131/378] 10.4.3.36 () {66 vars in 1341 bytes} [Sun Jun 28 07:09:13 2026] GET /volume/v3/volumes/90cd5711-ff46-41ea-bc82-8ca1412d405d => generated 109 bytes in 10 msecs (HTTP/1.1 404) 7 headers in 292 bytes (1 switches on core 0)
Jun 28 07:09:13.414934 np0000003869 devstack@c-api.service[96761]: DEBUG cinder.api.middleware.request_id [None req-d51de89c-371f-40b0-ae3b-bca9378cbf2a None None] RequestId filter calling following filter/app {{(pid=96761) _context_setter /opt/stack/cinder/cinder/api/middleware/request_id.py:62}}
Jun 28 07:09:13.417167 np0000003869 devstack@c-api.service[96761]: INFO cinder.api.openstack.wsgi [None req-d51de89c-371f-40b0-ae3b-bca9378cbf2a tempest-VolumesListAdminTestJSON-666146925 tempest-VolumesListAdminTestJSON-666146925-project-member] GET https://10.4.3.36/volume/v3/volumes/059102b1-78d6-48c2-bc1f-21fa7f79987e
Jun 28 07:09:13.417433 np0000003869 devstack@c-api.service[96761]: DEBUG cinder.api.openstack.wsgi [None req-d51de89c-371f-40b0-ae3b-bca9378cbf2a tempest-VolumesListAdminTestJSON-666146925 tempest-VolumesListAdminTestJSON-666146925-project-member] Empty body provided in request {{(pid=96761) get_body /opt/stack/cinder/cinder/api/openstack/wsgi.py:725}}
Jun 28 07:09:13.417655 np0000003869 devstack@c-api.service[96761]: DEBUG cinder.api.openstack.wsgi [None req-d51de89c-371f-40b0-ae3b-bca9378cbf2a tempest-VolumesListAdminTestJSON-666146925 tempest-VolumesListAdminTestJSON-666146925-project-member] Calling method 'show' {{(pid=96761) _process_stack /opt/stack/cinder/cinder/api/openstack/wsgi.py:878}}
Jun 28 07:09:13.427129 np0000003869 devstack@c-api.service[96761]: /opt/stack/data/venv/lib/python3.12/site-packages/oslo_context/context.py:102: DeprecationWarning: Policy enforcement is depending on the value of is_admin. This key is deprecated. Please update your policy file to use the standard policy values.
Jun 28 07:09:13.427129 np0000003869 devstack@c-api.service[96761]: warnings.warn(
Jun 28 07:09:13.427281 np0000003869 devstack@c-api.service[96762]: INFO cinder.api.openstack.wsgi [None req-47bef5f2-7798-4c81-bded-f00c30eaa606 tempest-VolumeTypesNegativeTest-1057829015 tempest-VolumeTypesNegativeTest-1057829015-project-admin] https://10.4.3.36/volume/v3/types/99e19ed5-0b0f-4254-8207-b2198ecf79e7 returned with HTTP 202
Jun 28 07:09:13.427703 np0000003869 devstack@c-api.service[96762]: [pid: 96762|app: 0|req: 120/379] 10.4.3.36 () {66 vars in 1338 bytes} [Sun Jun 28 07:09:13 2026] DELETE /volume/v3/types/99e19ed5-0b0f-4254-8207-b2198ecf79e7 => generated 0 bytes in 56 msecs (HTTP/1.1 202) 6 headers in 233 bytes (1 switches on core 0)
Jun 28 07:09:13.432814 np0000003869 devstack@c-api.service[96761]: INFO cinder.volume.api [None req-d51de89c-371f-40b0-ae3b-bca9378cbf2a tempest-VolumesListAdminTestJSON-666146925 tempest-VolumesListAdminTestJSON-666146925-project-member] Volume info retrieved successfully.
Jun 28 07:09:13.436762 np0000003869 devstack@c-api.service[96760]: DEBUG cinder.api.middleware.request_id [None req-92e0a5dc-4ee1-40c9-9f33-f336cb6b8e8c None None] RequestId filter calling following filter/app {{(pid=96760) _context_setter /opt/stack/cinder/cinder/api/middleware/request_id.py:62}}
Jun 28 07:09:13.440039 np0000003869 devstack@c-api.service[96761]: INFO cinder.api.openstack.wsgi [None req-d51de89c-371f-40b0-ae3b-bca9378cbf2a tempest-VolumesListAdminTestJSON-666146925 tempest-VolumesListAdminTestJSON-666146925-project-member] https://10.4.3.36/volume/v3/volumes/059102b1-78d6-48c2-bc1f-21fa7f79987e returned with HTTP 200
Jun 28 07:09:13.440182 np0000003869 devstack@c-api.service[96760]: INFO cinder.api.openstack.wsgi [None req-92e0a5dc-4ee1-40c9-9f33-f336cb6b8e8c tempest-VolumeTypesNegativeTest-1057829015 tempest-VolumeTypesNegativeTest-1057829015-project-admin] GET https://10.4.3.36/volume/v3/types/99e19ed5-0b0f-4254-8207-b2198ecf79e7
Jun 28 07:09:13.440432 np0000003869 devstack@c-api.service[96760]: DEBUG cinder.api.openstack.wsgi [None req-92e0a5dc-4ee1-40c9-9f33-f336cb6b8e8c tempest-VolumeTypesNegativeTest-1057829015 tempest-VolumeTypesNegativeTest-1057829015-project-admin] Empty body provided in request {{(pid=96760) get_body /opt/stack/cinder/cinder/api/openstack/wsgi.py:725}}
Jun 28 07:09:13.440575 np0000003869 devstack@c-api.service[96761]: [pid: 96761|app: 0|req: 129/380] 10.4.3.36 () {66 vars in 1341 bytes} [Sun Jun 28 07:09:13 2026] GET /volume/v3/volumes/059102b1-78d6-48c2-bc1f-21fa7f79987e => generated 844 bytes in 26 msecs (HTTP/1.1 200) 7 headers in 285 bytes (1 switches on core 0)
Jun 28 07:09:13.440669 np0000003869 devstack@c-api.service[96760]: DEBUG cinder.api.openstack.wsgi [None req-92e0a5dc-4ee1-40c9-9f33-f336cb6b8e8c tempest-VolumeTypesNegativeTest-1057829015 tempest-VolumeTypesNegativeTest-1057829015-project-admin] Calling method 'show' {{(pid=96760) _process_stack /opt/stack/cinder/cinder/api/openstack/wsgi.py:878}}
Jun 28 07:09:13.444700 np0000003869 devstack@c-api.service[96760]: INFO cinder.api.openstack.wsgi [None req-92e0a5dc-4ee1-40c9-9f33-f336cb6b8e8c tempest-VolumeTypesNegativeTest-1057829015 tempest-VolumeTypesNegativeTest-1057829015-project-admin] https://10.4.3.36/volume/v3/types/99e19ed5-0b0f-4254-8207-b2198ecf79e7 returned with HTTP 404
Jun 28 07:09:13.445331 np0000003869 devstack@c-api.service[96760]: [pid: 96760|app: 0|req: 132/381] 10.4.3.36 () {66 vars in 1335 bytes} [Sun Jun 28 07:09:13 2026] GET /volume/v3/types/99e19ed5-0b0f-4254-8207-b2198ecf79e7 => generated 114 bytes in 9 msecs (HTTP/1.1 404) 7 headers in 292 bytes (1 switches on core 0)
Jun 28 07:09:13.455503 np0000003869 devstack@c-api.service[96762]: DEBUG cinder.api.middleware.request_id [None req-18d25379-6d9d-4829-907c-97c19b9f62e8 None None] RequestId filter calling following filter/app {{(pid=96762) _context_setter /opt/stack/cinder/cinder/api/middleware/request_id.py:62}}
Jun 28 07:09:13.456329 np0000003869 devstack@c-api.service[96761]: DEBUG cinder.api.middleware.request_id [None req-4a238a5e-f3ce-4df4-bf73-cc375e18f72e None None] RequestId filter calling following filter/app {{(pid=96761) _context_setter /opt/stack/cinder/cinder/api/middleware/request_id.py:62}}
Jun 28 07:09:13.457411 np0000003869 devstack@c-api.service[96762]: INFO cinder.api.openstack.wsgi [None req-18d25379-6d9d-4829-907c-97c19b9f62e8 tempest-VolumesListAdminTestJSON-666146925 tempest-VolumesListAdminTestJSON-666146925-project-member] DELETE https://10.4.3.36/volume/v3/volumes/059102b1-78d6-48c2-bc1f-21fa7f79987e
Jun 28 07:09:13.457628 np0000003869 devstack@c-api.service[96762]: DEBUG cinder.api.openstack.wsgi [None req-18d25379-6d9d-4829-907c-97c19b9f62e8 tempest-VolumesListAdminTestJSON-666146925 tempest-VolumesListAdminTestJSON-666146925-project-member] Empty body provided in request {{(pid=96762) get_body /opt/stack/cinder/cinder/api/openstack/wsgi.py:725}}
Jun 28 07:09:13.457815 np0000003869 devstack@c-api.service[96762]: DEBUG cinder.api.openstack.wsgi [None req-18d25379-6d9d-4829-907c-97c19b9f62e8 tempest-VolumesListAdminTestJSON-666146925 tempest-VolumesListAdminTestJSON-666146925-project-member] Calling method 'delete' {{(pid=96762) _process_stack /opt/stack/cinder/cinder/api/openstack/wsgi.py:878}}
Jun 28 07:09:13.457974 np0000003869 devstack@c-api.service[96762]: INFO cinder.api.v3.volumes [None req-18d25379-6d9d-4829-907c-97c19b9f62e8 tempest-VolumesListAdminTestJSON-666146925 tempest-VolumesListAdminTestJSON-666146925-project-member] Delete volume with id: 059102b1-78d6-48c2-bc1f-21fa7f79987e
Jun 28 07:09:13.458967 np0000003869 devstack@c-api.service[96761]: INFO cinder.api.openstack.wsgi [None req-4a238a5e-f3ce-4df4-bf73-cc375e18f72e tempest-VolumeTypesNegativeTest-1057829015 tempest-VolumeTypesNegativeTest-1057829015-project-admin] POST https://10.4.3.36/volume/v3/types
Jun 28 07:09:13.459617 np0000003869 devstack@c-api.service[96761]: DEBUG cinder.api.openstack.wsgi [None req-4a238a5e-f3ce-4df4-bf73-cc375e18f72e tempest-VolumeTypesNegativeTest-1057829015 tempest-VolumeTypesNegativeTest-1057829015-project-admin] Action: 'create', calling method: _create, body: {"volume_type": {"name": ""}} {{(pid=96761) _process_stack /opt/stack/cinder/cinder/api/openstack/wsgi.py:876}}
Jun 28 07:09:13.461813 np0000003869 devstack@c-api.service[96761]: INFO cinder.api.openstack.wsgi [None req-4a238a5e-f3ce-4df4-bf73-cc375e18f72e tempest-VolumeTypesNegativeTest-1057829015 tempest-VolumeTypesNegativeTest-1057829015-project-admin] https://10.4.3.36/volume/v3/types returned with HTTP 400
Jun 28 07:09:13.462658 np0000003869 devstack@c-api.service[96761]: [pid: 96761|app: 0|req: 130/382] 10.4.3.36 () {68 vars in 1245 bytes} [Sun Jun 28 07:09:13 2026] POST /volume/v3/types => generated 115 bytes in 7 msecs (HTTP/1.1 400) 7 headers in 294 bytes (1 switches on core 0)
Jun 28 07:09:13.472414 np0000003869 devstack@c-api.service[96762]: /opt/stack/data/venv/lib/python3.12/site-packages/oslo_context/context.py:102: DeprecationWarning: Policy enforcement is depending on the value of is_admin. This key is deprecated. Please update your policy file to use the standard policy values.
Jun 28 07:09:13.472414 np0000003869 devstack@c-api.service[96762]: warnings.warn(
Jun 28 07:09:13.475121 np0000003869 devstack@c-api.service[96762]: INFO cinder.volume.api [None req-18d25379-6d9d-4829-907c-97c19b9f62e8 tempest-VolumesListAdminTestJSON-666146925 tempest-VolumesListAdminTestJSON-666146925-project-member] Volume info retrieved successfully.
Jun 28 07:09:13.476425 np0000003869 devstack@c-api.service[96760]: DEBUG cinder.api.middleware.request_id [None req-55c7cc99-6652-43db-82d7-8de5bf3d09c2 None None] RequestId filter calling following filter/app {{(pid=96760) _context_setter /opt/stack/cinder/cinder/api/middleware/request_id.py:62}}
Jun 28 07:09:13.478699 np0000003869 devstack@c-api.service[96760]: INFO cinder.api.openstack.wsgi [None req-55c7cc99-6652-43db-82d7-8de5bf3d09c2 tempest-VolumeTypesNegativeTest-1057829015 tempest-VolumeTypesNegativeTest-1057829015-project-admin] POST https://10.4.3.36/volume/v3/types
Jun 28 07:09:13.479165 np0000003869 devstack@c-api.service[96760]: DEBUG cinder.api.openstack.wsgi [None req-55c7cc99-6652-43db-82d7-8de5bf3d09c2 tempest-VolumeTypesNegativeTest-1057829015 tempest-VolumeTypesNegativeTest-1057829015-project-admin] Action: 'create', calling method: _create, body: {"volume_type": {"name": "tempest-VolumeTypesNegativeTest-volume-type-2094592109"}} {{(pid=96760) _process_stack /opt/stack/cinder/cinder/api/openstack/wsgi.py:876}}
Jun 28 07:09:13.495766 np0000003869 devstack@c-api.service[96762]: INFO cinder.volume.api [None req-18d25379-6d9d-4829-907c-97c19b9f62e8 tempest-VolumesListAdminTestJSON-666146925 tempest-VolumesListAdminTestJSON-666146925-project-member] Delete volume request issued successfully.
Jun 28 07:09:13.495983 np0000003869 devstack@c-api.service[96762]: INFO cinder.api.openstack.wsgi [None req-18d25379-6d9d-4829-907c-97c19b9f62e8 tempest-VolumesListAdminTestJSON-666146925 tempest-VolumesListAdminTestJSON-666146925-project-member] https://10.4.3.36/volume/v3/volumes/059102b1-78d6-48c2-bc1f-21fa7f79987e returned with HTTP 202
Jun 28 07:09:13.496499 np0000003869 devstack@c-api.service[96762]: [pid: 96762|app: 0|req: 121/383] 10.4.3.36 () {66 vars in 1344 bytes} [Sun Jun 28 07:09:13 2026] DELETE /volume/v3/volumes/059102b1-78d6-48c2-bc1f-21fa7f79987e => generated 0 bytes in 42 msecs (HTTP/1.1 202) 6 headers in 233 bytes (1 switches on core 0)
Jun 28 07:09:13.497289 np0000003869 devstack@c-api.service[96760]: INFO cinder.api.openstack.wsgi [None req-55c7cc99-6652-43db-82d7-8de5bf3d09c2 tempest-VolumeTypesNegativeTest-1057829015 tempest-VolumeTypesNegativeTest-1057829015-project-admin] https://10.4.3.36/volume/v3/types returned with HTTP 200
Jun 28 07:09:13.497816 np0000003869 devstack@c-api.service[96760]: [pid: 96760|app: 0|req: 133/384] 10.4.3.36 () {68 vars in 1245 bytes} [Sun Jun 28 07:09:13 2026] POST /volume/v3/types => generated 229 bytes in 22 msecs (HTTP/1.1 200) 7 headers in 285 bytes (1 switches on core 0)
Jun 28 07:09:13.508089 np0000003869 devstack@c-api.service[96761]: DEBUG cinder.api.middleware.request_id [None req-789f9464-54ab-4b9a-81ed-bb0204d75d98 None None] RequestId filter calling following filter/app {{(pid=96761) _context_setter /opt/stack/cinder/cinder/api/middleware/request_id.py:62}}
Jun 28 07:09:13.508229 np0000003869 devstack@c-api.service[96762]: DEBUG cinder.api.middleware.request_id [None req-d3a7ff7b-8273-49ad-a883-223b37f4bf7b None None] RequestId filter calling following filter/app {{(pid=96762) _context_setter /opt/stack/cinder/cinder/api/middleware/request_id.py:62}}
Jun 28 07:09:13.508764 np0000003869 devstack@c-api.service[96760]: DEBUG cinder.api.middleware.request_id [None req-f047d4e3-e57b-484f-b509-8cdb6cd859fe None None] RequestId filter calling following filter/app {{(pid=96760) _context_setter /opt/stack/cinder/cinder/api/middleware/request_id.py:62}}
Jun 28 07:09:13.509213 np0000003869 devstack@c-api.service[96760]: INFO cinder.api.openstack.wsgi [None req-f047d4e3-e57b-484f-b509-8cdb6cd859fe None None] GET https://10.4.3.36/volume//
Jun 28 07:09:13.509538 np0000003869 devstack@c-api.service[96760]: DEBUG cinder.api.openstack.wsgi [None req-f047d4e3-e57b-484f-b509-8cdb6cd859fe None None] Empty body provided in request {{(pid=96760) get_body /opt/stack/cinder/cinder/api/openstack/wsgi.py:725}}
Jun 28 07:09:13.509750 np0000003869 devstack@c-api.service[96760]: DEBUG cinder.api.openstack.wsgi [None req-f047d4e3-e57b-484f-b509-8cdb6cd859fe None None] Calling method 'all' {{(pid=96760) _process_stack /opt/stack/cinder/cinder/api/openstack/wsgi.py:878}}
Jun 28 07:09:13.510501 np0000003869 devstack@c-api.service[96760]: INFO cinder.api.openstack.wsgi [None req-f047d4e3-e57b-484f-b509-8cdb6cd859fe None None] https://10.4.3.36/volume// returned with HTTP 300
Jun 28 07:09:13.510808 np0000003869 devstack@c-api.service[96760]: [pid: 96760|app: 0|req: 134/385] 10.4.3.36 () {66 vars in 1421 bytes} [Sun Jun 28 07:09:13 2026] GET /volume/ => generated 385 bytes in 3 msecs (HTTP/1.1 300) 7 headers in 299 bytes (1 switches on core 0)
Jun 28 07:09:13.510848 np0000003869 devstack@c-api.service[96762]: INFO cinder.api.openstack.wsgi [None req-d3a7ff7b-8273-49ad-a883-223b37f4bf7b tempest-VolumesListAdminTestJSON-666146925 tempest-VolumesListAdminTestJSON-666146925-project-member] GET https://10.4.3.36/volume/v3/volumes/059102b1-78d6-48c2-bc1f-21fa7f79987e
Jun 28 07:09:13.510952 np0000003869 devstack@c-api.service[96762]: DEBUG cinder.api.openstack.wsgi [None req-d3a7ff7b-8273-49ad-a883-223b37f4bf7b tempest-VolumesListAdminTestJSON-666146925 tempest-VolumesListAdminTestJSON-666146925-project-member] Empty body provided in request {{(pid=96762) get_body /opt/stack/cinder/cinder/api/openstack/wsgi.py:725}}
Jun 28 07:09:13.511192 np0000003869 devstack@c-api.service[96761]: INFO cinder.api.openstack.wsgi [None req-789f9464-54ab-4b9a-81ed-bb0204d75d98 tempest-VolumeTypesNegativeTest-1057829015 tempest-VolumeTypesNegativeTest-1057829015-project-admin] POST https://10.4.3.36/volume/v3/types
Jun 28 07:09:13.511378 np0000003869 devstack@c-api.service[96762]: DEBUG cinder.api.openstack.wsgi [None req-d3a7ff7b-8273-49ad-a883-223b37f4bf7b tempest-VolumesListAdminTestJSON-666146925 tempest-VolumesListAdminTestJSON-666146925-project-member] Calling method 'show' {{(pid=96762) _process_stack /opt/stack/cinder/cinder/api/openstack/wsgi.py:878}}
Jun 28 07:09:13.511777 np0000003869 devstack@c-api.service[96761]: DEBUG cinder.api.openstack.wsgi [None req-789f9464-54ab-4b9a-81ed-bb0204d75d98 tempest-VolumeTypesNegativeTest-1057829015 tempest-VolumeTypesNegativeTest-1057829015-project-admin] Action: 'create', calling method: _create, body: {"volume_type": {"name": "tempest-VolumeTypesNegativeTest-volume-type-2094592109"}} {{(pid=96761) _process_stack /opt/stack/cinder/cinder/api/openstack/wsgi.py:876}}
Jun 28 07:09:13.522322 np0000003869 devstack@c-api.service[96762]: /opt/stack/data/venv/lib/python3.12/site-packages/oslo_context/context.py:102: DeprecationWarning: Policy enforcement is depending on the value of is_admin. This key is deprecated. Please update your policy file to use the standard policy values.
Jun 28 07:09:13.522322 np0000003869 devstack@c-api.service[96762]: warnings.warn(
Jun 28 07:09:13.526232 np0000003869 devstack@c-api.service[96760]: DEBUG cinder.api.middleware.request_id [req-dd907948-57a2-43eb-bee8-40ee272981d3 req-a1612f1d-71cf-4748-9237-b76f9ae9c077 None None] RequestId filter calling following filter/app {{(pid=96760) _context_setter /opt/stack/cinder/cinder/api/middleware/request_id.py:62}}
Jun 28 07:09:13.527095 np0000003869 devstack@c-api.service[96762]: INFO cinder.volume.api [None req-d3a7ff7b-8273-49ad-a883-223b37f4bf7b tempest-VolumesListAdminTestJSON-666146925 tempest-VolumesListAdminTestJSON-666146925-project-member] Volume info retrieved successfully.
Jun 28 07:09:13.528188 np0000003869 devstack@c-api.service[96761]: INFO cinder.api.openstack.wsgi [None req-789f9464-54ab-4b9a-81ed-bb0204d75d98 tempest-VolumeTypesNegativeTest-1057829015 tempest-VolumeTypesNegativeTest-1057829015-project-admin] HTTP exception thrown: Volume Type tempest-VolumeTypesNegativeTest-volume-type-2094592109 already exists.
Jun 28 07:09:13.528496 np0000003869 devstack@c-api.service[96761]: INFO cinder.api.openstack.wsgi [None req-789f9464-54ab-4b9a-81ed-bb0204d75d98 tempest-VolumeTypesNegativeTest-1057829015 tempest-VolumeTypesNegativeTest-1057829015-project-admin] https://10.4.3.36/volume/v3/types returned with HTTP 409
Jun 28 07:09:13.529045 np0000003869 devstack@c-api.service[96760]: INFO cinder.api.openstack.wsgi [req-dd907948-57a2-43eb-bee8-40ee272981d3 req-a1612f1d-71cf-4748-9237-b76f9ae9c077 tempest-ServerActionsTestOtherA-1343323324 tempest-ServerActionsTestOtherA-1343323324-project-member] POST https://10.4.3.36/volume/v3/attachments
Jun 28 07:09:13.529234 np0000003869 devstack@c-api.service[96761]: [pid: 96761|app: 0|req: 131/386] 10.4.3.36 () {68 vars in 1245 bytes} [Sun Jun 28 07:09:13 2026] POST /volume/v3/types => generated 134 bytes in 21 msecs (HTTP/1.1 409) 7 headers in 291 bytes (1 switches on core 0)
Jun 28 07:09:13.529549 np0000003869 devstack@c-api.service[96760]: DEBUG cinder.api.openstack.wsgi [req-dd907948-57a2-43eb-bee8-40ee272981d3 req-a1612f1d-71cf-4748-9237-b76f9ae9c077 tempest-ServerActionsTestOtherA-1343323324 tempest-ServerActionsTestOtherA-1343323324-project-member] Action: 'create', calling method: version_select, body: {"attachment": {"volume_uuid": "90e395de-bea1-419c-b231-5d2919852306", "connector": null, "instance_uuid": "8ff3867d-4a28-427b-ae1a-3ffcdd34596c"}} {{(pid=96760) _process_stack /opt/stack/cinder/cinder/api/openstack/wsgi.py:876}}
Jun 28 07:09:13.538214 np0000003869 devstack@c-api.service[96762]: INFO cinder.api.openstack.wsgi [None req-d3a7ff7b-8273-49ad-a883-223b37f4bf7b tempest-VolumesListAdminTestJSON-666146925 tempest-VolumesListAdminTestJSON-666146925-project-member] https://10.4.3.36/volume/v3/volumes/059102b1-78d6-48c2-bc1f-21fa7f79987e returned with HTTP 200
Jun 28 07:09:13.538544 np0000003869 devstack@c-api.service[96762]: [pid: 96762|app: 0|req: 122/387] 10.4.3.36 () {66 vars in 1341 bytes} [Sun Jun 28 07:09:13 2026] GET /volume/v3/volumes/059102b1-78d6-48c2-bc1f-21fa7f79987e => generated 843 bytes in 31 msecs (HTTP/1.1 200) 7 headers in 285 bytes (1 switches on core 0)
Jun 28 07:09:13.542952 np0000003869 devstack@c-api.service[96761]: DEBUG cinder.api.middleware.request_id [None req-dbd5be28-7672-4c94-a908-9a3139480b8b None None] RequestId filter calling following filter/app {{(pid=96761) _context_setter /opt/stack/cinder/cinder/api/middleware/request_id.py:62}}
Jun 28 07:09:13.543560 np0000003869 devstack@c-api.service[96760]: /opt/stack/data/venv/lib/python3.12/site-packages/oslo_context/context.py:102: DeprecationWarning: Policy enforcement is depending on the value of is_admin. This key is deprecated. Please update your policy file to use the standard policy values.
Jun 28 07:09:13.543560 np0000003869 devstack@c-api.service[96760]: warnings.warn(
Jun 28 07:09:13.546424 np0000003869 devstack@c-api.service[96761]: INFO cinder.api.openstack.wsgi [None req-dbd5be28-7672-4c94-a908-9a3139480b8b tempest-VolumeTypesNegativeTest-1057829015 tempest-VolumeTypesNegativeTest-1057829015-project-admin] DELETE https://10.4.3.36/volume/v3/types/0ecf50bc-644d-4665-8da1-0275f507c141
Jun 28 07:09:13.546669 np0000003869 devstack@c-api.service[96761]: DEBUG cinder.api.openstack.wsgi [None req-dbd5be28-7672-4c94-a908-9a3139480b8b tempest-VolumeTypesNegativeTest-1057829015 tempest-VolumeTypesNegativeTest-1057829015-project-admin] Empty body provided in request {{(pid=96761) get_body /opt/stack/cinder/cinder/api/openstack/wsgi.py:725}}
Jun 28 07:09:13.546916 np0000003869 devstack@c-api.service[96761]: DEBUG cinder.api.openstack.wsgi [None req-dbd5be28-7672-4c94-a908-9a3139480b8b tempest-VolumeTypesNegativeTest-1057829015 tempest-VolumeTypesNegativeTest-1057829015-project-admin] Calling method '_delete' {{(pid=96761) _process_stack /opt/stack/cinder/cinder/api/openstack/wsgi.py:878}}
Jun 28 07:09:13.587717 np0000003869 devstack@c-api.service[96761]: INFO cinder.api.openstack.wsgi [None req-dbd5be28-7672-4c94-a908-9a3139480b8b tempest-VolumeTypesNegativeTest-1057829015 tempest-VolumeTypesNegativeTest-1057829015-project-admin] https://10.4.3.36/volume/v3/types/0ecf50bc-644d-4665-8da1-0275f507c141 returned with HTTP 202
Jun 28 07:09:13.588290 np0000003869 devstack@c-api.service[96761]: [pid: 96761|app: 0|req: 132/388] 10.4.3.36 () {66 vars in 1338 bytes} [Sun Jun 28 07:09:13 2026] DELETE /volume/v3/types/0ecf50bc-644d-4665-8da1-0275f507c141 => generated 0 bytes in 46 msecs (HTTP/1.1 202) 6 headers in 233 bytes (1 switches on core 0)
Jun 28 07:09:13.592024 np0000003869 devstack@c-api.service[96760]: INFO cinder.api.openstack.wsgi [req-dd907948-57a2-43eb-bee8-40ee272981d3 req-a1612f1d-71cf-4748-9237-b76f9ae9c077 tempest-ServerActionsTestOtherA-1343323324 tempest-ServerActionsTestOtherA-1343323324-project-member] https://10.4.3.36/volume/v3/attachments returned with HTTP 200
Jun 28 07:09:13.592749 np0000003869 devstack@c-api.service[96760]: [pid: 96760|app: 0|req: 135/389] 10.4.3.36 () {74 vars in 1587 bytes} [Sun Jun 28 07:09:13 2026] POST /volume/v3/attachments => generated 273 bytes in 67 msecs (HTTP/1.1 200) 7 headers in 286 bytes (1 switches on core 0)
Jun 28 07:09:13.599338 np0000003869 devstack@c-api.service[96762]: DEBUG cinder.api.middleware.request_id [None req-4c4f332d-b247-48fb-94dc-f4474f3cfeeb None None] RequestId filter calling following filter/app {{(pid=96762) _context_setter /opt/stack/cinder/cinder/api/middleware/request_id.py:62}}
Jun 28 07:09:13.603995 np0000003869 devstack@c-api.service[96762]: INFO cinder.api.openstack.wsgi [None req-4c4f332d-b247-48fb-94dc-f4474f3cfeeb tempest-VolumeTypesNegativeTest-1057829015 tempest-VolumeTypesNegativeTest-1057829015-project-admin] GET https://10.4.3.36/volume/v3/types/0ecf50bc-644d-4665-8da1-0275f507c141
Jun 28 07:09:13.604248 np0000003869 devstack@c-api.service[96762]: DEBUG cinder.api.openstack.wsgi [None req-4c4f332d-b247-48fb-94dc-f4474f3cfeeb tempest-VolumeTypesNegativeTest-1057829015 tempest-VolumeTypesNegativeTest-1057829015-project-admin] Empty body provided in request {{(pid=96762) get_body /opt/stack/cinder/cinder/api/openstack/wsgi.py:725}}
Jun 28 07:09:13.604484 np0000003869 devstack@c-api.service[96762]: DEBUG cinder.api.openstack.wsgi [None req-4c4f332d-b247-48fb-94dc-f4474f3cfeeb tempest-VolumeTypesNegativeTest-1057829015 tempest-VolumeTypesNegativeTest-1057829015-project-admin] Calling method 'show' {{(pid=96762) _process_stack /opt/stack/cinder/cinder/api/openstack/wsgi.py:878}}
Jun 28 07:09:13.608351 np0000003869 devstack@c-api.service[96762]: INFO cinder.api.openstack.wsgi [None req-4c4f332d-b247-48fb-94dc-f4474f3cfeeb tempest-VolumeTypesNegativeTest-1057829015 tempest-VolumeTypesNegativeTest-1057829015-project-admin] https://10.4.3.36/volume/v3/types/0ecf50bc-644d-4665-8da1-0275f507c141 returned with HTTP 404
Jun 28 07:09:13.609100 np0000003869 devstack@c-api.service[96762]: [pid: 96762|app: 0|req: 123/390] 10.4.3.36 () {66 vars in 1335 bytes} [Sun Jun 28 07:09:13 2026] GET /volume/v3/types/0ecf50bc-644d-4665-8da1-0275f507c141 => generated 114 bytes in 10 msecs (HTTP/1.1 404) 7 headers in 292 bytes (1 switches on core 0)
Jun 28 07:09:13.624671 np0000003869 devstack@c-api.service[96761]: DEBUG cinder.api.middleware.request_id [None req-b9254462-ed5c-439c-80ad-5103d2ac1a0c None None] RequestId filter calling following filter/app {{(pid=96761) _context_setter /opt/stack/cinder/cinder/api/middleware/request_id.py:62}}
Jun 28 07:09:13.629834 np0000003869 devstack@c-api.service[96761]: INFO cinder.api.openstack.wsgi [None req-b9254462-ed5c-439c-80ad-5103d2ac1a0c tempest-VolumeTypesNegativeTest-1057829015 tempest-VolumeTypesNegativeTest-1057829015-project-admin] DELETE https://10.4.3.36/volume/v3/types/64d850c1-2d42-463f-b3a1-b2f0ffe4fa07
Jun 28 07:09:13.630180 np0000003869 devstack@c-api.service[96761]: DEBUG cinder.api.openstack.wsgi [None req-b9254462-ed5c-439c-80ad-5103d2ac1a0c tempest-VolumeTypesNegativeTest-1057829015 tempest-VolumeTypesNegativeTest-1057829015-project-admin] Empty body provided in request {{(pid=96761) get_body /opt/stack/cinder/cinder/api/openstack/wsgi.py:725}}
Jun 28 07:09:13.630530 np0000003869 devstack@c-api.service[96761]: DEBUG cinder.api.openstack.wsgi [None req-b9254462-ed5c-439c-80ad-5103d2ac1a0c tempest-VolumeTypesNegativeTest-1057829015 tempest-VolumeTypesNegativeTest-1057829015-project-admin] Calling method '_delete' {{(pid=96761) _process_stack /opt/stack/cinder/cinder/api/openstack/wsgi.py:878}}
Jun 28 07:09:13.637871 np0000003869 devstack@c-api.service[96761]: INFO cinder.api.openstack.wsgi [None req-b9254462-ed5c-439c-80ad-5103d2ac1a0c tempest-VolumeTypesNegativeTest-1057829015 tempest-VolumeTypesNegativeTest-1057829015-project-admin] https://10.4.3.36/volume/v3/types/64d850c1-2d42-463f-b3a1-b2f0ffe4fa07 returned with HTTP 404
Jun 28 07:09:13.637871 np0000003869 devstack@c-api.service[96761]: [pid: 96761|app: 0|req: 133/391] 10.4.3.36 () {66 vars in 1338 bytes} [Sun Jun 28 07:09:13 2026] DELETE /volume/v3/types/64d850c1-2d42-463f-b3a1-b2f0ffe4fa07 => generated 114 bytes in 14 msecs (HTTP/1.1 404) 7 headers in 292 bytes (1 switches on core 0)
Jun 28 07:09:13.652075 np0000003869 devstack@c-api.service[96760]: DEBUG cinder.api.middleware.request_id [None req-6eaa404f-b722-4b88-a2aa-80b3621175b1 None None] RequestId filter calling following filter/app {{(pid=96760) _context_setter /opt/stack/cinder/cinder/api/middleware/request_id.py:62}}
Jun 28 07:09:13.654287 np0000003869 devstack@c-api.service[96760]: INFO cinder.api.openstack.wsgi [None req-6eaa404f-b722-4b88-a2aa-80b3621175b1 tempest-VolumeTypesNegativeTest-1057829015 tempest-VolumeTypesNegativeTest-1057829015-project-admin] GET https://10.4.3.36/volume/v3/types/1773db76-d64a-4d97-b77c-5dab3af5492f
Jun 28 07:09:13.654478 np0000003869 devstack@c-api.service[96760]: DEBUG cinder.api.openstack.wsgi [None req-6eaa404f-b722-4b88-a2aa-80b3621175b1 tempest-VolumeTypesNegativeTest-1057829015 tempest-VolumeTypesNegativeTest-1057829015-project-admin] Empty body provided in request {{(pid=96760) get_body /opt/stack/cinder/cinder/api/openstack/wsgi.py:725}}
Jun 28 07:09:13.654694 np0000003869 devstack@c-api.service[96760]: DEBUG cinder.api.openstack.wsgi [None req-6eaa404f-b722-4b88-a2aa-80b3621175b1 tempest-VolumeTypesNegativeTest-1057829015 tempest-VolumeTypesNegativeTest-1057829015-project-admin] Calling method 'show' {{(pid=96760) _process_stack /opt/stack/cinder/cinder/api/openstack/wsgi.py:878}}
Jun 28 07:09:13.659678 np0000003869 devstack@c-api.service[96760]: INFO cinder.api.openstack.wsgi [None req-6eaa404f-b722-4b88-a2aa-80b3621175b1 tempest-VolumeTypesNegativeTest-1057829015 tempest-VolumeTypesNegativeTest-1057829015-project-admin] https://10.4.3.36/volume/v3/types/1773db76-d64a-4d97-b77c-5dab3af5492f returned with HTTP 404
Jun 28 07:09:13.660322 np0000003869 devstack@c-api.service[96760]: [pid: 96760|app: 0|req: 136/392] 10.4.3.36 () {66 vars in 1335 bytes} [Sun Jun 28 07:09:13 2026] GET /volume/v3/types/1773db76-d64a-4d97-b77c-5dab3af5492f => generated 114 bytes in 9 msecs (HTTP/1.1 404) 7 headers in 292 bytes (1 switches on core 0)
Jun 28 07:09:13.795141 np0000003869 devstack@c-api.service[96762]: DEBUG cinder.api.middleware.request_id [None req-2496470f-5f7d-4e72-8571-90414855aa81 None None] RequestId filter calling following filter/app {{(pid=96762) _context_setter /opt/stack/cinder/cinder/api/middleware/request_id.py:62}}
Jun 28 07:09:13.797569 np0000003869 devstack@c-api.service[96762]: INFO cinder.api.openstack.wsgi [None req-2496470f-5f7d-4e72-8571-90414855aa81 tempest-ServerActionsTestOtherB-268520534 tempest-ServerActionsTestOtherB-268520534-project-member] GET https://10.4.3.36/volume/v3/volumes/ea7a98d6-2cae-4dae-83ac-1a8d560f89c8
Jun 28 07:09:13.800075 np0000003869 devstack@c-api.service[96762]: DEBUG cinder.api.openstack.wsgi [None req-2496470f-5f7d-4e72-8571-90414855aa81 tempest-ServerActionsTestOtherB-268520534 tempest-ServerActionsTestOtherB-268520534-project-member] Empty body provided in request {{(pid=96762) get_body /opt/stack/cinder/cinder/api/openstack/wsgi.py:725}}
Jun 28 07:09:13.800075 np0000003869 devstack@c-api.service[96762]: DEBUG cinder.api.openstack.wsgi [None req-2496470f-5f7d-4e72-8571-90414855aa81 tempest-ServerActionsTestOtherB-268520534 tempest-ServerActionsTestOtherB-268520534-project-member] Calling method 'show' {{(pid=96762) _process_stack /opt/stack/cinder/cinder/api/openstack/wsgi.py:878}}
Jun 28 07:09:13.814457 np0000003869 devstack@c-api.service[96762]: /opt/stack/data/venv/lib/python3.12/site-packages/oslo_context/context.py:102: DeprecationWarning: Policy enforcement is depending on the value of is_admin. This key is deprecated. Please update your policy file to use the standard policy values.
Jun 28 07:09:13.814457 np0000003869 devstack@c-api.service[96762]: warnings.warn(
Jun 28 07:09:13.819387 np0000003869 devstack@c-api.service[96762]: INFO cinder.volume.api [None req-2496470f-5f7d-4e72-8571-90414855aa81 tempest-ServerActionsTestOtherB-268520534 tempest-ServerActionsTestOtherB-268520534-project-member] Volume info retrieved successfully.
Jun 28 07:09:13.825131 np0000003869 devstack@c-api.service[96762]: INFO cinder.api.openstack.wsgi [None req-2496470f-5f7d-4e72-8571-90414855aa81 tempest-ServerActionsTestOtherB-268520534 tempest-ServerActionsTestOtherB-268520534-project-member] https://10.4.3.36/volume/v3/volumes/ea7a98d6-2cae-4dae-83ac-1a8d560f89c8 returned with HTTP 200
Jun 28 07:09:13.825680 np0000003869 devstack@c-api.service[96762]: [pid: 96762|app: 0|req: 124/393] 10.4.3.36 () {66 vars in 1341 bytes} [Sun Jun 28 07:09:13 2026] GET /volume/v3/volumes/ea7a98d6-2cae-4dae-83ac-1a8d560f89c8 => generated 845 bytes in 31 msecs (HTTP/1.1 200) 7 headers in 285 bytes (1 switches on core 0)
Jun 28 07:09:13.985263 np0000003869 devstack@c-api.service[96761]: DEBUG cinder.api.middleware.request_id [None req-b68b9113-6a80-4dab-ae18-1e0633fa323a None None] RequestId filter calling following filter/app {{(pid=96761) _context_setter /opt/stack/cinder/cinder/api/middleware/request_id.py:62}}
Jun 28 07:09:13.987276 np0000003869 devstack@c-api.service[96761]: INFO cinder.api.openstack.wsgi [None req-b68b9113-6a80-4dab-ae18-1e0633fa323a tempest-ServerActionsTestOtherA-1343323324 tempest-ServerActionsTestOtherA-1343323324-project-member] GET https://10.4.3.36/volume/v3/volumes/90e395de-bea1-419c-b231-5d2919852306
Jun 28 07:09:13.987468 np0000003869 devstack@c-api.service[96761]: DEBUG cinder.api.openstack.wsgi [None req-b68b9113-6a80-4dab-ae18-1e0633fa323a tempest-ServerActionsTestOtherA-1343323324 tempest-ServerActionsTestOtherA-1343323324-project-member] Empty body provided in request {{(pid=96761) get_body /opt/stack/cinder/cinder/api/openstack/wsgi.py:725}}
Jun 28 07:09:13.987700 np0000003869 devstack@c-api.service[96761]: DEBUG cinder.api.openstack.wsgi [None req-b68b9113-6a80-4dab-ae18-1e0633fa323a tempest-ServerActionsTestOtherA-1343323324 tempest-ServerActionsTestOtherA-1343323324-project-member] Calling method 'show' {{(pid=96761) _process_stack /opt/stack/cinder/cinder/api/openstack/wsgi.py:878}}
Jun 28 07:09:13.998997 np0000003869 devstack@c-api.service[96761]: /opt/stack/data/venv/lib/python3.12/site-packages/oslo_context/context.py:102: DeprecationWarning: Policy enforcement is depending on the value of is_admin. This key is deprecated. Please update your policy file to use the standard policy values.
Jun 28 07:09:13.998997 np0000003869 devstack@c-api.service[96761]: warnings.warn(
Jun 28 07:09:14.004096 np0000003869 devstack@c-api.service[96761]: INFO cinder.volume.api [None req-b68b9113-6a80-4dab-ae18-1e0633fa323a tempest-ServerActionsTestOtherA-1343323324 tempest-ServerActionsTestOtherA-1343323324-project-member] Volume info retrieved successfully.
Jun 28 07:09:14.013081 np0000003869 devstack@c-api.service[96761]: INFO cinder.api.openstack.wsgi [None req-b68b9113-6a80-4dab-ae18-1e0633fa323a tempest-ServerActionsTestOtherA-1343323324 tempest-ServerActionsTestOtherA-1343323324-project-member] https://10.4.3.36/volume/v3/volumes/90e395de-bea1-419c-b231-5d2919852306 returned with HTTP 200
Jun 28 07:09:14.013081 np0000003869 devstack@c-api.service[96761]: [pid: 96761|app: 0|req: 134/394] 10.4.3.36 () {66 vars in 1341 bytes} [Sun Jun 28 07:09:13 2026] GET /volume/v3/volumes/90e395de-bea1-419c-b231-5d2919852306 => generated 844 bytes in 28 msecs (HTTP/1.1 200) 7 headers in 285 bytes (1 switches on core 0)
Jun 28 07:09:14.052195 np0000003869 devstack@c-api.service[96760]: DEBUG cinder.api.middleware.request_id [req-c5f6c038-ead2-4c2f-872d-bf762f449995 req-e5fbe486-2a23-42e6-9aec-b2d948b27c44 None None] RequestId filter calling following filter/app {{(pid=96760) _context_setter /opt/stack/cinder/cinder/api/middleware/request_id.py:62}}
Jun 28 07:09:14.055034 np0000003869 devstack@c-api.service[96760]: INFO cinder.api.openstack.wsgi [req-c5f6c038-ead2-4c2f-872d-bf762f449995 req-e5fbe486-2a23-42e6-9aec-b2d948b27c44 tempest-TaggedBootDevicesTest-1696494800 tempest-TaggedBootDevicesTest-1696494800-project-member] DELETE https://10.4.3.36/volume/v3/attachments/1e4a1add-5347-4689-8c0d-f32fe778f0ad
