Jun 28 07:08:39.562860 np0000003869 devstack@c-api.service[96762]: WARNING stevedore.named [None req-5a0ba3b0-75d7-4a96-97ff-8a95f2f82065 tempest-GroupsV314Test-1245777332 tempest-GroupsV314Test-1245777332-project-member] Could not load cinder.keymgr.conf_key_mgr.ConfKeyManager
Jun 28 07:08:39.562860 np0000003869 devstack@c-api.service[96762]: WARNING castellan.key_manager [None req-5a0ba3b0-75d7-4a96-97ff-8a95f2f82065 tempest-GroupsV314Test-1245777332 tempest-GroupsV314Test-1245777332-project-member] Deprecation Warning : cinder.keymgr.conf_key_mgr.ConfKeyManager is not a stevedore based driver, trying to load it as a class: stevedore.exception.NoMatches: No 'castellan.drivers' driver found, looking for 'cinder.keymgr.conf_key_mgr.ConfKeyManager'
Jun 28 07:08:39.622752 np0000003869 devstack@c-api.service[96762]: DEBUG oslo_db.sqlalchemy.engines [None req-5a0ba3b0-75d7-4a96-97ff-8a95f2f82065 tempest-GroupsV314Test-1245777332 tempest-GroupsV314Test-1245777332-project-member] MySQL server mode set to STRICT_TRANS_TABLES,STRICT_ALL_TABLES,NO_ZERO_IN_DATE,NO_ZERO_DATE,ERROR_FOR_DIVISION_BY_ZERO,TRADITIONAL,NO_ENGINE_SUBSTITUTION {{(pid=96762) _check_effective_sql_mode /opt/stack/data/venv/lib/python3.12/site-packages/oslo_db/sqlalchemy/engines.py:325}}
Jun 28 07:08:39.628437 np0000003869 devstack@c-api.service[96762]: /opt/stack/data/venv/lib/python3.12/site-packages/oslo_context/context.py:102: DeprecationWarning: Policy enforcement is depending on the value of is_admin. This key is deprecated. Please update your policy file to use the standard policy values.
Jun 28 07:08:39.628437 np0000003869 devstack@c-api.service[96762]: warnings.warn(
Jun 28 07:08:39.644776 np0000003869 devstack@c-api.service[96762]: WARNING stevedore.named [None req-5a0ba3b0-75d7-4a96-97ff-8a95f2f82065 tempest-GroupsV314Test-1245777332 tempest-GroupsV314Test-1245777332-project-member] Could not load cinder.keymgr.conf_key_mgr.ConfKeyManager
Jun 28 07:08:39.645608 np0000003869 devstack@c-api.service[96762]: WARNING castellan.key_manager [None req-5a0ba3b0-75d7-4a96-97ff-8a95f2f82065 tempest-GroupsV314Test-1245777332 tempest-GroupsV314Test-1245777332-project-member] Deprecation Warning : cinder.keymgr.conf_key_mgr.ConfKeyManager is not a stevedore based driver, trying to load it as a class: stevedore.exception.NoMatches: No 'castellan.drivers' driver found, looking for 'cinder.keymgr.conf_key_mgr.ConfKeyManager'
Jun 28 07:08:39.697334 np0000003869 devstack@c-api.service[96762]: DEBUG oslo_db.sqlalchemy.engines [None req-5a0ba3b0-75d7-4a96-97ff-8a95f2f82065 tempest-GroupsV314Test-1245777332 tempest-GroupsV314Test-1245777332-project-member] MySQL server mode set to STRICT_TRANS_TABLES,STRICT_ALL_TABLES,NO_ZERO_IN_DATE,NO_ZERO_DATE,ERROR_FOR_DIVISION_BY_ZERO,TRADITIONAL,NO_ENGINE_SUBSTITUTION {{(pid=96762) _check_effective_sql_mode /opt/stack/data/venv/lib/python3.12/site-packages/oslo_db/sqlalchemy/engines.py:325}}
Jun 28 07:08:39.703884 np0000003869 devstack@c-api.service[96762]: /opt/stack/data/venv/lib/python3.12/site-packages/oslo_context/context.py:102: DeprecationWarning: Policy enforcement is depending on the value of is_admin. This key is deprecated. Please update your policy file to use the standard policy values.
Jun 28 07:08:39.703884 np0000003869 devstack@c-api.service[96762]: warnings.warn(
Jun 28 07:08:39.711464 np0000003869 devstack@c-api.service[96761]: DEBUG cinder.api.middleware.request_id [None req-bdadfa02-36e6-43bf-9c27-0481e8c6d3dc None None] RequestId filter calling following filter/app {{(pid=96761) _context_setter /opt/stack/cinder/cinder/api/middleware/request_id.py:62}}
Jun 28 07:08:39.714065 np0000003869 devstack@c-api.service[96762]: INFO cinder.api.openstack.wsgi [None req-5a0ba3b0-75d7-4a96-97ff-8a95f2f82065 tempest-GroupsV314Test-1245777332 tempest-GroupsV314Test-1245777332-project-member] https://10.4.3.36/volume/v3/volumes/detail returned with HTTP 200
Jun 28 07:08:39.714481 np0000003869 devstack@c-api.service[96762]: [pid: 96762|app: 0|req: 67/216] 10.4.3.36 () {68 vars in 1292 bytes} [Sun Jun 28 07:08:39 2026] GET /volume/v3/volumes/detail => generated 1824 bytes in 171 msecs (HTTP/1.1 200) 7 headers in 287 bytes (1 switches on core 0)
Jun 28 07:08:39.715449 np0000003869 devstack@c-api.service[96761]: INFO cinder.api.openstack.wsgi [None req-bdadfa02-36e6-43bf-9c27-0481e8c6d3dc tempest-TaggedAttachmentsTest-1900621488 tempest-TaggedAttachmentsTest-1900621488-project-member] GET https://10.4.3.36/volume/v3/volumes/daeff12f-b71d-49cf-9ec3-cfc74de8e878
Jun 28 07:08:39.715449 np0000003869 devstack@c-api.service[96761]: DEBUG cinder.api.openstack.wsgi [None req-bdadfa02-36e6-43bf-9c27-0481e8c6d3dc tempest-TaggedAttachmentsTest-1900621488 tempest-TaggedAttachmentsTest-1900621488-project-member] Empty body provided in request {{(pid=96761) get_body /opt/stack/cinder/cinder/api/openstack/wsgi.py:725}}
Jun 28 07:08:39.715449 np0000003869 devstack@c-api.service[96761]: DEBUG cinder.api.openstack.wsgi [None req-bdadfa02-36e6-43bf-9c27-0481e8c6d3dc tempest-TaggedAttachmentsTest-1900621488 tempest-TaggedAttachmentsTest-1900621488-project-member] Calling method 'show' {{(pid=96761) _process_stack /opt/stack/cinder/cinder/api/openstack/wsgi.py:878}}
Jun 28 07:08:39.725942 np0000003869 devstack@c-api.service[96761]: /opt/stack/data/venv/lib/python3.12/site-packages/oslo_context/context.py:102: DeprecationWarning: Policy enforcement is depending on the value of is_admin. This key is deprecated. Please update your policy file to use the standard policy values.
Jun 28 07:08:39.725942 np0000003869 devstack@c-api.service[96761]: warnings.warn(
Jun 28 07:08:39.734245 np0000003869 devstack@c-api.service[96760]: DEBUG cinder.api.middleware.request_id [None req-a1e53c65-721a-4237-89e7-02d480994c52 None None] RequestId filter calling following filter/app {{(pid=96760) _context_setter /opt/stack/cinder/cinder/api/middleware/request_id.py:62}}
Jun 28 07:08:39.735310 np0000003869 devstack@c-api.service[96761]: INFO cinder.volume.api [None req-bdadfa02-36e6-43bf-9c27-0481e8c6d3dc tempest-TaggedAttachmentsTest-1900621488 tempest-TaggedAttachmentsTest-1900621488-project-member] Volume info retrieved successfully.
Jun 28 07:08:39.736743 np0000003869 devstack@c-api.service[96760]: INFO cinder.api.openstack.wsgi [None req-a1e53c65-721a-4237-89e7-02d480994c52 tempest-GroupsV314Test-1245777332 tempest-GroupsV314Test-1245777332-project-member] POST https://10.4.3.36/volume/v3/groups/b2110518-a88f-496a-b7d1-4a1e3b4deb43/action
Jun 28 07:08:39.737339 np0000003869 devstack@c-api.service[96760]: DEBUG cinder.api.openstack.wsgi [None req-a1e53c65-721a-4237-89e7-02d480994c52 tempest-GroupsV314Test-1245777332 tempest-GroupsV314Test-1245777332-project-member] Action body: b'{"delete": {"delete-volumes": true}}' {{(pid=96760) get_method /opt/stack/cinder/cinder/api/openstack/wsgi.py:993}}
Jun 28 07:08:39.737597 np0000003869 devstack@c-api.service[96760]: DEBUG cinder.api.openstack.wsgi [None req-a1e53c65-721a-4237-89e7-02d480994c52 tempest-GroupsV314Test-1245777332 tempest-GroupsV314Test-1245777332-project-member] Action: 'action', calling method: delete_group, body: {"delete": {"delete-volumes": true}} {{(pid=96760) _process_stack /opt/stack/cinder/cinder/api/openstack/wsgi.py:876}}
Jun 28 07:08:39.739591 np0000003869 devstack@c-api.service[96760]: DEBUG cinder.api.v3.groups [None req-a1e53c65-721a-4237-89e7-02d480994c52 tempest-GroupsV314Test-1245777332 tempest-GroupsV314Test-1245777332-project-member] delete called for group b2110518-a88f-496a-b7d1-4a1e3b4deb43 {{(pid=96760) _delete /opt/stack/cinder/cinder/api/v3/groups.py:117}}
Jun 28 07:08:39.739744 np0000003869 devstack@c-api.service[96760]: INFO cinder.api.v3.groups [None req-a1e53c65-721a-4237-89e7-02d480994c52 tempest-GroupsV314Test-1245777332 tempest-GroupsV314Test-1245777332-project-member] Delete group with id: b2110518-a88f-496a-b7d1-4a1e3b4deb43
Jun 28 07:08:39.743284 np0000003869 devstack@c-api.service[96761]: INFO cinder.api.openstack.wsgi [None req-bdadfa02-36e6-43bf-9c27-0481e8c6d3dc tempest-TaggedAttachmentsTest-1900621488 tempest-TaggedAttachmentsTest-1900621488-project-member] https://10.4.3.36/volume/v3/volumes/daeff12f-b71d-49cf-9ec3-cfc74de8e878 returned with HTTP 200
Jun 28 07:08:39.743529 np0000003869 devstack@c-api.service[96761]: [pid: 96761|app: 0|req: 75/217] 10.4.3.36 () {66 vars in 1341 bytes} [Sun Jun 28 07:08:39 2026] GET /volume/v3/volumes/daeff12f-b71d-49cf-9ec3-cfc74de8e878 => generated 842 bytes in 33 msecs (HTTP/1.1 200) 7 headers in 285 bytes (1 switches on core 0)
Jun 28 07:08:39.743807 np0000003869 devstack@c-api.service[96760]: /opt/stack/data/venv/lib/python3.12/site-packages/oslo_context/context.py:102: DeprecationWarning: Policy enforcement is depending on the value of is_admin. This key is deprecated. Please update your policy file to use the standard policy values.
Jun 28 07:08:39.743807 np0000003869 devstack@c-api.service[96760]: warnings.warn(
Jun 28 07:08:39.807943 np0000003869 devstack@c-api.service[96760]: INFO cinder.api.openstack.wsgi [None req-a1e53c65-721a-4237-89e7-02d480994c52 tempest-GroupsV314Test-1245777332 tempest-GroupsV314Test-1245777332-project-member] https://10.4.3.36/volume/v3/groups/b2110518-a88f-496a-b7d1-4a1e3b4deb43/action returned with HTTP 202
Jun 28 07:08:39.808595 np0000003869 devstack@c-api.service[96760]: [pid: 96760|app: 0|req: 76/218] 10.4.3.36 () {70 vars in 1421 bytes} [Sun Jun 28 07:08:39 2026] POST /volume/v3/groups/b2110518-a88f-496a-b7d1-4a1e3b4deb43/action => generated 0 bytes in 75 msecs (HTTP/1.1 202) 6 headers in 234 bytes (1 switches on core 0)
Jun 28 07:08:39.823968 np0000003869 devstack@c-api.service[96762]: DEBUG cinder.api.middleware.request_id [None req-1a2391a4-399b-412c-b7c8-fd84badd32e5 None None] RequestId filter calling following filter/app {{(pid=96762) _context_setter /opt/stack/cinder/cinder/api/middleware/request_id.py:62}}
Jun 28 07:08:39.825610 np0000003869 devstack@c-api.service[96761]: DEBUG cinder.api.middleware.request_id [None req-eea2a11d-b2c9-4325-a7c9-b99300e2adfd None None] RequestId filter calling following filter/app {{(pid=96761) _context_setter /opt/stack/cinder/cinder/api/middleware/request_id.py:62}}
Jun 28 07:08:39.828444 np0000003869 devstack@c-api.service[96762]: INFO cinder.api.openstack.wsgi [None req-1a2391a4-399b-412c-b7c8-fd84badd32e5 tempest-TaggedAttachmentsTest-1900621488 tempest-TaggedAttachmentsTest-1900621488-project-member] GET https://10.4.3.36/volume/v3/volumes/daeff12f-b71d-49cf-9ec3-cfc74de8e878
Jun 28 07:08:39.828444 np0000003869 devstack@c-api.service[96762]: DEBUG cinder.api.openstack.wsgi [None req-1a2391a4-399b-412c-b7c8-fd84badd32e5 tempest-TaggedAttachmentsTest-1900621488 tempest-TaggedAttachmentsTest-1900621488-project-member] Empty body provided in request {{(pid=96762) get_body /opt/stack/cinder/cinder/api/openstack/wsgi.py:725}}
Jun 28 07:08:39.828444 np0000003869 devstack@c-api.service[96762]: DEBUG cinder.api.openstack.wsgi [None req-1a2391a4-399b-412c-b7c8-fd84badd32e5 tempest-TaggedAttachmentsTest-1900621488 tempest-TaggedAttachmentsTest-1900621488-project-member] Calling method 'show' {{(pid=96762) _process_stack /opt/stack/cinder/cinder/api/openstack/wsgi.py:878}}
Jun 28 07:08:39.832016 np0000003869 devstack@c-api.service[96761]: INFO cinder.api.openstack.wsgi [None req-eea2a11d-b2c9-4325-a7c9-b99300e2adfd tempest-GroupsV314Test-1245777332 tempest-GroupsV314Test-1245777332-project-member] GET https://10.4.3.36/volume/v3/volumes/e153f2ac-4bca-43ca-9da6-fcf3257281a0
Jun 28 07:08:39.833037 np0000003869 devstack@c-api.service[96761]: DEBUG cinder.api.openstack.wsgi [None req-eea2a11d-b2c9-4325-a7c9-b99300e2adfd tempest-GroupsV314Test-1245777332 tempest-GroupsV314Test-1245777332-project-member] Empty body provided in request {{(pid=96761) get_body /opt/stack/cinder/cinder/api/openstack/wsgi.py:725}}
Jun 28 07:08:39.835514 np0000003869 devstack@c-api.service[96761]: DEBUG cinder.api.openstack.wsgi [None req-eea2a11d-b2c9-4325-a7c9-b99300e2adfd tempest-GroupsV314Test-1245777332 tempest-GroupsV314Test-1245777332-project-member] Calling method 'show' {{(pid=96761) _process_stack /opt/stack/cinder/cinder/api/openstack/wsgi.py:878}}
Jun 28 07:08:39.841378 np0000003869 devstack@c-api.service[96762]: /opt/stack/data/venv/lib/python3.12/site-packages/oslo_context/context.py:102: DeprecationWarning: Policy enforcement is depending on the value of is_admin. This key is deprecated. Please update your policy file to use the standard policy values.
Jun 28 07:08:39.841378 np0000003869 devstack@c-api.service[96762]: warnings.warn(
Jun 28 07:08:39.847631 np0000003869 devstack@c-api.service[96762]: INFO cinder.volume.api [None req-1a2391a4-399b-412c-b7c8-fd84badd32e5 tempest-TaggedAttachmentsTest-1900621488 tempest-TaggedAttachmentsTest-1900621488-project-member] Volume info retrieved successfully.
Jun 28 07:08:39.849384 np0000003869 devstack@c-api.service[96761]: /opt/stack/data/venv/lib/python3.12/site-packages/oslo_context/context.py:102: DeprecationWarning: Policy enforcement is depending on the value of is_admin. This key is deprecated. Please update your policy file to use the standard policy values.
Jun 28 07:08:39.849384 np0000003869 devstack@c-api.service[96761]: warnings.warn(
Jun 28 07:08:39.854964 np0000003869 devstack@c-api.service[96762]: INFO cinder.api.openstack.wsgi [None req-1a2391a4-399b-412c-b7c8-fd84badd32e5 tempest-TaggedAttachmentsTest-1900621488 tempest-TaggedAttachmentsTest-1900621488-project-member] https://10.4.3.36/volume/v3/volumes/daeff12f-b71d-49cf-9ec3-cfc74de8e878 returned with HTTP 200
Jun 28 07:08:39.855229 np0000003869 devstack@c-api.service[96761]: INFO cinder.volume.api [None req-eea2a11d-b2c9-4325-a7c9-b99300e2adfd tempest-GroupsV314Test-1245777332 tempest-GroupsV314Test-1245777332-project-member] Volume info retrieved successfully.
Jun 28 07:08:39.855717 np0000003869 devstack@c-api.service[96762]: [pid: 96762|app: 0|req: 68/219] 10.4.3.36 () {66 vars in 1341 bytes} [Sun Jun 28 07:08:39 2026] GET /volume/v3/volumes/daeff12f-b71d-49cf-9ec3-cfc74de8e878 => generated 842 bytes in 33 msecs (HTTP/1.1 200) 7 headers in 285 bytes (1 switches on core 0)
Jun 28 07:08:39.856889 np0000003869 devstack@c-api.service[96761]: WARNING stevedore.named [None req-eea2a11d-b2c9-4325-a7c9-b99300e2adfd tempest-GroupsV314Test-1245777332 tempest-GroupsV314Test-1245777332-project-member] Could not load cinder.keymgr.conf_key_mgr.ConfKeyManager
Jun 28 07:08:39.856889 np0000003869 devstack@c-api.service[96761]: WARNING castellan.key_manager [None req-eea2a11d-b2c9-4325-a7c9-b99300e2adfd tempest-GroupsV314Test-1245777332 tempest-GroupsV314Test-1245777332-project-member] Deprecation Warning : cinder.keymgr.conf_key_mgr.ConfKeyManager is not a stevedore based driver, trying to load it as a class: stevedore.exception.NoMatches: No 'castellan.drivers' driver found, looking for 'cinder.keymgr.conf_key_mgr.ConfKeyManager'
Jun 28 07:08:39.917550 np0000003869 devstack@c-api.service[96761]: DEBUG oslo_db.sqlalchemy.engines [None req-eea2a11d-b2c9-4325-a7c9-b99300e2adfd tempest-GroupsV314Test-1245777332 tempest-GroupsV314Test-1245777332-project-member] MySQL server mode set to STRICT_TRANS_TABLES,STRICT_ALL_TABLES,NO_ZERO_IN_DATE,NO_ZERO_DATE,ERROR_FOR_DIVISION_BY_ZERO,TRADITIONAL,NO_ENGINE_SUBSTITUTION {{(pid=96761) _check_effective_sql_mode /opt/stack/data/venv/lib/python3.12/site-packages/oslo_db/sqlalchemy/engines.py:325}}
Jun 28 07:08:39.931154 np0000003869 devstack@c-api.service[96761]: /opt/stack/data/venv/lib/python3.12/site-packages/oslo_context/context.py:102: DeprecationWarning: Policy enforcement is depending on the value of is_admin. This key is deprecated. Please update your policy file to use the standard policy values.
Jun 28 07:08:39.931154 np0000003869 devstack@c-api.service[96761]: warnings.warn(
Jun 28 07:08:39.945663 np0000003869 devstack@c-api.service[96761]: INFO cinder.api.openstack.wsgi [None req-eea2a11d-b2c9-4325-a7c9-b99300e2adfd tempest-GroupsV314Test-1245777332 tempest-GroupsV314Test-1245777332-project-member] https://10.4.3.36/volume/v3/volumes/e153f2ac-4bca-43ca-9da6-fcf3257281a0 returned with HTTP 200
Jun 28 07:08:39.946589 np0000003869 devstack@c-api.service[96761]: [pid: 96761|app: 0|req: 76/220] 10.4.3.36 () {68 vars in 1382 bytes} [Sun Jun 28 07:08:39 2026] GET /volume/v3/volumes/e153f2ac-4bca-43ca-9da6-fcf3257281a0 => generated 920 bytes in 121 msecs (HTTP/1.1 200) 7 headers in 286 bytes (1 switches on core 0)
Jun 28 07:08:40.967912 np0000003869 devstack@c-api.service[96760]: DEBUG cinder.api.middleware.request_id [None req-2c4cd819-dc92-48bd-9361-48dc510756a4 None None] RequestId filter calling following filter/app {{(pid=96760) _context_setter /opt/stack/cinder/cinder/api/middleware/request_id.py:62}}
Jun 28 07:08:40.970407 np0000003869 devstack@c-api.service[96760]: INFO cinder.api.openstack.wsgi [None req-2c4cd819-dc92-48bd-9361-48dc510756a4 tempest-GroupsV314Test-1245777332 tempest-GroupsV314Test-1245777332-project-member] GET https://10.4.3.36/volume/v3/volumes/e153f2ac-4bca-43ca-9da6-fcf3257281a0
Jun 28 07:08:40.970726 np0000003869 devstack@c-api.service[96760]: DEBUG cinder.api.openstack.wsgi [None req-2c4cd819-dc92-48bd-9361-48dc510756a4 tempest-GroupsV314Test-1245777332 tempest-GroupsV314Test-1245777332-project-member] Empty body provided in request {{(pid=96760) get_body /opt/stack/cinder/cinder/api/openstack/wsgi.py:725}}
Jun 28 07:08:40.970994 np0000003869 devstack@c-api.service[96760]: DEBUG cinder.api.openstack.wsgi [None req-2c4cd819-dc92-48bd-9361-48dc510756a4 tempest-GroupsV314Test-1245777332 tempest-GroupsV314Test-1245777332-project-member] Calling method 'show' {{(pid=96760) _process_stack /opt/stack/cinder/cinder/api/openstack/wsgi.py:878}}
Jun 28 07:08:40.979653 np0000003869 devstack@c-api.service[96760]: INFO cinder.api.openstack.wsgi [None req-2c4cd819-dc92-48bd-9361-48dc510756a4 tempest-GroupsV314Test-1245777332 tempest-GroupsV314Test-1245777332-project-member] https://10.4.3.36/volume/v3/volumes/e153f2ac-4bca-43ca-9da6-fcf3257281a0 returned with HTTP 404
Jun 28 07:08:40.980245 np0000003869 devstack@c-api.service[96760]: [pid: 96760|app: 0|req: 77/221] 10.4.3.36 () {68 vars in 1382 bytes} [Sun Jun 28 07:08:40 2026] GET /volume/v3/volumes/e153f2ac-4bca-43ca-9da6-fcf3257281a0 => generated 109 bytes in 13 msecs (HTTP/1.1 404) 7 headers in 293 bytes (1 switches on core 0)
Jun 28 07:08:40.994084 np0000003869 devstack@c-api.service[96762]: DEBUG cinder.api.middleware.request_id [None req-9dc75ceb-2fee-4a83-9a7b-21d75a611180 None None] RequestId filter calling following filter/app {{(pid=96762) _context_setter /opt/stack/cinder/cinder/api/middleware/request_id.py:62}}
Jun 28 07:08:40.994729 np0000003869 devstack@c-api.service[96762]: INFO cinder.api.openstack.wsgi [None req-9dc75ceb-2fee-4a83-9a7b-21d75a611180 tempest-GroupsV314Test-1245777332 tempest-GroupsV314Test-1245777332-project-member] GET https://10.4.3.36/volume/v3/groups/b2110518-a88f-496a-b7d1-4a1e3b4deb43
Jun 28 07:08:40.994729 np0000003869 devstack@c-api.service[96762]: DEBUG cinder.api.openstack.wsgi [None req-9dc75ceb-2fee-4a83-9a7b-21d75a611180 tempest-GroupsV314Test-1245777332 tempest-GroupsV314Test-1245777332-project-member] Empty body provided in request {{(pid=96762) get_body /opt/stack/cinder/cinder/api/openstack/wsgi.py:725}}
Jun 28 07:08:40.994849 np0000003869 devstack@c-api.service[96762]: DEBUG cinder.api.openstack.wsgi [None req-9dc75ceb-2fee-4a83-9a7b-21d75a611180 tempest-GroupsV314Test-1245777332 tempest-GroupsV314Test-1245777332-project-member] Calling method 'version_select' {{(pid=96762) _process_stack /opt/stack/cinder/cinder/api/openstack/wsgi.py:878}}
Jun 28 07:08:40.994963 np0000003869 devstack@c-api.service[96762]: DEBUG cinder.api.v3.groups [None req-9dc75ceb-2fee-4a83-9a7b-21d75a611180 tempest-GroupsV314Test-1245777332 tempest-GroupsV314Test-1245777332-project-member] show called for member b2110518-a88f-496a-b7d1-4a1e3b4deb43 {{(pid=96762) show /opt/stack/cinder/cinder/api/v3/groups.py:58}}
Jun 28 07:08:41.001499 np0000003869 devstack@c-api.service[96762]: INFO cinder.api.openstack.wsgi [None req-9dc75ceb-2fee-4a83-9a7b-21d75a611180 tempest-GroupsV314Test-1245777332 tempest-GroupsV314Test-1245777332-project-member] https://10.4.3.36/volume/v3/groups/b2110518-a88f-496a-b7d1-4a1e3b4deb43 returned with HTTP 404
Jun 28 07:08:41.002033 np0000003869 devstack@c-api.service[96762]: [pid: 96762|app: 0|req: 69/222] 10.4.3.36 () {68 vars in 1379 bytes} [Sun Jun 28 07:08:40 2026] GET /volume/v3/groups/b2110518-a88f-496a-b7d1-4a1e3b4deb43 => generated 108 bytes in 11 msecs (HTTP/1.1 404) 7 headers in 293 bytes (1 switches on core 0)
Jun 28 07:08:41.011635 np0000003869 devstack@c-api.service[96761]: DEBUG cinder.api.middleware.request_id [None req-41872817-4b15-4328-ac1a-24c9cfc8bc3f None None] RequestId filter calling following filter/app {{(pid=96761) _context_setter /opt/stack/cinder/cinder/api/middleware/request_id.py:62}}
Jun 28 07:08:41.015525 np0000003869 devstack@c-api.service[96761]: INFO cinder.api.openstack.wsgi [None req-41872817-4b15-4328-ac1a-24c9cfc8bc3f tempest-GroupsV314Test-1245777332 tempest-GroupsV314Test-1245777332-project-member] GET https://10.4.3.36/volume/v3/volumes/detail
Jun 28 07:08:41.018638 np0000003869 devstack@c-api.service[96761]: DEBUG cinder.api.openstack.wsgi [None req-41872817-4b15-4328-ac1a-24c9cfc8bc3f tempest-GroupsV314Test-1245777332 tempest-GroupsV314Test-1245777332-project-member] Empty body provided in request {{(pid=96761) get_body /opt/stack/cinder/cinder/api/openstack/wsgi.py:725}}
Jun 28 07:08:41.018638 np0000003869 devstack@c-api.service[96761]: DEBUG cinder.api.openstack.wsgi [None req-41872817-4b15-4328-ac1a-24c9cfc8bc3f tempest-GroupsV314Test-1245777332 tempest-GroupsV314Test-1245777332-project-member] Calling method 'detail' {{(pid=96761) _process_stack /opt/stack/cinder/cinder/api/openstack/wsgi.py:878}}
Jun 28 07:08:41.018638 np0000003869 devstack@c-api.service[96761]: DEBUG cinder.api.api_utils [None req-41872817-4b15-4328-ac1a-24c9cfc8bc3f tempest-GroupsV314Test-1245777332 tempest-GroupsV314Test-1245777332-project-member] Removing options '' from query. {{(pid=96761) remove_invalid_filter_options /opt/stack/cinder/cinder/api/api_utils.py:82}}
Jun 28 07:08:41.019278 np0000003869 devstack@c-api.service[96761]: DEBUG cinder.volume.api [None req-41872817-4b15-4328-ac1a-24c9cfc8bc3f tempest-GroupsV314Test-1245777332 tempest-GroupsV314Test-1245777332-project-member] Searching by: MultiDict([('no_migration_targets', True)]). {{(pid=96761) get_all /opt/stack/cinder/cinder/volume/api.py:664}}
Jun 28 07:08:41.030337 np0000003869 devstack@c-api.service[96761]: INFO cinder.volume.api [None req-41872817-4b15-4328-ac1a-24c9cfc8bc3f tempest-GroupsV314Test-1245777332 tempest-GroupsV314Test-1245777332-project-member] Get all volumes completed successfully.
Jun 28 07:08:41.031424 np0000003869 devstack@c-api.service[96761]: WARNING stevedore.named [None req-41872817-4b15-4328-ac1a-24c9cfc8bc3f tempest-GroupsV314Test-1245777332 tempest-GroupsV314Test-1245777332-project-member] Could not load cinder.keymgr.conf_key_mgr.ConfKeyManager
Jun 28 07:08:41.031663 np0000003869 devstack@c-api.service[96761]: WARNING castellan.key_manager [None req-41872817-4b15-4328-ac1a-24c9cfc8bc3f tempest-GroupsV314Test-1245777332 tempest-GroupsV314Test-1245777332-project-member] Deprecation Warning : cinder.keymgr.conf_key_mgr.ConfKeyManager is not a stevedore based driver, trying to load it as a class: stevedore.exception.NoMatches: No 'castellan.drivers' driver found, looking for 'cinder.keymgr.conf_key_mgr.ConfKeyManager'
Jun 28 07:08:41.088101 np0000003869 devstack@c-api.service[96761]: DEBUG oslo_db.sqlalchemy.engines [None req-41872817-4b15-4328-ac1a-24c9cfc8bc3f tempest-GroupsV314Test-1245777332 tempest-GroupsV314Test-1245777332-project-member] MySQL server mode set to STRICT_TRANS_TABLES,STRICT_ALL_TABLES,NO_ZERO_IN_DATE,NO_ZERO_DATE,ERROR_FOR_DIVISION_BY_ZERO,TRADITIONAL,NO_ENGINE_SUBSTITUTION {{(pid=96761) _check_effective_sql_mode /opt/stack/data/venv/lib/python3.12/site-packages/oslo_db/sqlalchemy/engines.py:325}}
Jun 28 07:08:41.094352 np0000003869 devstack@c-api.service[96761]: /opt/stack/data/venv/lib/python3.12/site-packages/oslo_context/context.py:102: DeprecationWarning: Policy enforcement is depending on the value of is_admin. This key is deprecated. Please update your policy file to use the standard policy values.
Jun 28 07:08:41.094352 np0000003869 devstack@c-api.service[96761]: warnings.warn(
Jun 28 07:08:41.110979 np0000003869 devstack@c-api.service[96761]: INFO cinder.api.openstack.wsgi [None req-41872817-4b15-4328-ac1a-24c9cfc8bc3f tempest-GroupsV314Test-1245777332 tempest-GroupsV314Test-1245777332-project-member] https://10.4.3.36/volume/v3/volumes/detail returned with HTTP 200
Jun 28 07:08:41.110979 np0000003869 devstack@c-api.service[96761]: [pid: 96761|app: 0|req: 77/223] 10.4.3.36 () {68 vars in 1292 bytes} [Sun Jun 28 07:08:41 2026] GET /volume/v3/volumes/detail => generated 913 bytes in 100 msecs (HTTP/1.1 200) 7 headers in 286 bytes (1 switches on core 0)
Jun 28 07:08:41.131843 np0000003869 devstack@c-api.service[96760]: DEBUG cinder.api.middleware.request_id [None req-0b79fa63-7b71-4221-94a0-a6a15404bfe8 None None] RequestId filter calling following filter/app {{(pid=96760) _context_setter /opt/stack/cinder/cinder/api/middleware/request_id.py:62}}
Jun 28 07:08:41.136183 np0000003869 devstack@c-api.service[96760]: INFO cinder.api.openstack.wsgi [None req-0b79fa63-7b71-4221-94a0-a6a15404bfe8 tempest-GroupsV314Test-1245777332 tempest-GroupsV314Test-1245777332-project-member] POST https://10.4.3.36/volume/v3/groups/91ac8df6-3c76-4f6a-adcc-7bf29efcc89f/action
Jun 28 07:08:41.136696 np0000003869 devstack@c-api.service[96760]: DEBUG cinder.api.openstack.wsgi [None req-0b79fa63-7b71-4221-94a0-a6a15404bfe8 tempest-GroupsV314Test-1245777332 tempest-GroupsV314Test-1245777332-project-member] Action body: b'{"delete": {"delete-volumes": true}}' {{(pid=96760) get_method /opt/stack/cinder/cinder/api/openstack/wsgi.py:993}}
Jun 28 07:08:41.137289 np0000003869 devstack@c-api.service[96760]: DEBUG cinder.api.openstack.wsgi [None req-0b79fa63-7b71-4221-94a0-a6a15404bfe8 tempest-GroupsV314Test-1245777332 tempest-GroupsV314Test-1245777332-project-member] Action: 'action', calling method: delete_group, body: {"delete": {"delete-volumes": true}} {{(pid=96760) _process_stack /opt/stack/cinder/cinder/api/openstack/wsgi.py:876}}
Jun 28 07:08:41.139114 np0000003869 devstack@c-api.service[96760]: DEBUG cinder.api.v3.groups [None req-0b79fa63-7b71-4221-94a0-a6a15404bfe8 tempest-GroupsV314Test-1245777332 tempest-GroupsV314Test-1245777332-project-member] delete called for group 91ac8df6-3c76-4f6a-adcc-7bf29efcc89f {{(pid=96760) _delete /opt/stack/cinder/cinder/api/v3/groups.py:117}}
Jun 28 07:08:41.139302 np0000003869 devstack@c-api.service[96760]: INFO cinder.api.v3.groups [None req-0b79fa63-7b71-4221-94a0-a6a15404bfe8 tempest-GroupsV314Test-1245777332 tempest-GroupsV314Test-1245777332-project-member] Delete group with id: 91ac8df6-3c76-4f6a-adcc-7bf29efcc89f
Jun 28 07:08:41.144923 np0000003869 devstack@c-api.service[96760]: /opt/stack/data/venv/lib/python3.12/site-packages/oslo_context/context.py:102: DeprecationWarning: Policy enforcement is depending on the value of is_admin. This key is deprecated. Please update your policy file to use the standard policy values.
Jun 28 07:08:41.144923 np0000003869 devstack@c-api.service[96760]: warnings.warn(
Jun 28 07:08:41.225292 np0000003869 devstack@c-api.service[96760]: INFO cinder.api.openstack.wsgi [None req-0b79fa63-7b71-4221-94a0-a6a15404bfe8 tempest-GroupsV314Test-1245777332 tempest-GroupsV314Test-1245777332-project-member] https://10.4.3.36/volume/v3/groups/91ac8df6-3c76-4f6a-adcc-7bf29efcc89f/action returned with HTTP 202
Jun 28 07:08:41.225292 np0000003869 devstack@c-api.service[96760]: [pid: 96760|app: 0|req: 78/224] 10.4.3.36 () {70 vars in 1421 bytes} [Sun Jun 28 07:08:41 2026] POST /volume/v3/groups/91ac8df6-3c76-4f6a-adcc-7bf29efcc89f/action => generated 0 bytes in 96 msecs (HTTP/1.1 202) 6 headers in 234 bytes (1 switches on core 0)
Jun 28 07:08:41.237280 np0000003869 devstack@c-api.service[96762]: DEBUG cinder.api.middleware.request_id [None req-aa41e4ee-3b67-4b61-b932-1d4243063039 None None] RequestId filter calling following filter/app {{(pid=96762) _context_setter /opt/stack/cinder/cinder/api/middleware/request_id.py:62}}
Jun 28 07:08:41.243374 np0000003869 devstack@c-api.service[96762]: INFO cinder.api.openstack.wsgi [None req-aa41e4ee-3b67-4b61-b932-1d4243063039 tempest-GroupsV314Test-1245777332 tempest-GroupsV314Test-1245777332-project-member] GET https://10.4.3.36/volume/v3/volumes/8bb3725b-09c0-4c69-9b4c-97ac1eab4786
Jun 28 07:08:41.243807 np0000003869 devstack@c-api.service[96762]: DEBUG cinder.api.openstack.wsgi [None req-aa41e4ee-3b67-4b61-b932-1d4243063039 tempest-GroupsV314Test-1245777332 tempest-GroupsV314Test-1245777332-project-member] Empty body provided in request {{(pid=96762) get_body /opt/stack/cinder/cinder/api/openstack/wsgi.py:725}}
Jun 28 07:08:41.244206 np0000003869 devstack@c-api.service[96762]: DEBUG cinder.api.openstack.wsgi [None req-aa41e4ee-3b67-4b61-b932-1d4243063039 tempest-GroupsV314Test-1245777332 tempest-GroupsV314Test-1245777332-project-member] Calling method 'show' {{(pid=96762) _process_stack /opt/stack/cinder/cinder/api/openstack/wsgi.py:878}}
Jun 28 07:08:41.260007 np0000003869 devstack@c-api.service[96762]: /opt/stack/data/venv/lib/python3.12/site-packages/oslo_context/context.py:102: DeprecationWarning: Policy enforcement is depending on the value of is_admin. This key is deprecated. Please update your policy file to use the standard policy values.
Jun 28 07:08:41.260007 np0000003869 devstack@c-api.service[96762]: warnings.warn(
Jun 28 07:08:41.270456 np0000003869 devstack@c-api.service[96762]: INFO cinder.volume.api [None req-aa41e4ee-3b67-4b61-b932-1d4243063039 tempest-GroupsV314Test-1245777332 tempest-GroupsV314Test-1245777332-project-member] Volume info retrieved successfully.
Jun 28 07:08:41.270976 np0000003869 devstack@c-api.service[96762]: WARNING stevedore.named [None req-aa41e4ee-3b67-4b61-b932-1d4243063039 tempest-GroupsV314Test-1245777332 tempest-GroupsV314Test-1245777332-project-member] Could not load cinder.keymgr.conf_key_mgr.ConfKeyManager
Jun 28 07:08:41.271460 np0000003869 devstack@c-api.service[96762]: WARNING castellan.key_manager [None req-aa41e4ee-3b67-4b61-b932-1d4243063039 tempest-GroupsV314Test-1245777332 tempest-GroupsV314Test-1245777332-project-member] Deprecation Warning : cinder.keymgr.conf_key_mgr.ConfKeyManager is not a stevedore based driver, trying to load it as a class: stevedore.exception.NoMatches: No 'castellan.drivers' driver found, looking for 'cinder.keymgr.conf_key_mgr.ConfKeyManager'
Jun 28 07:08:41.346830 np0000003869 devstack@c-api.service[96762]: DEBUG oslo_db.sqlalchemy.engines [None req-aa41e4ee-3b67-4b61-b932-1d4243063039 tempest-GroupsV314Test-1245777332 tempest-GroupsV314Test-1245777332-project-member] MySQL server mode set to STRICT_TRANS_TABLES,STRICT_ALL_TABLES,NO_ZERO_IN_DATE,NO_ZERO_DATE,ERROR_FOR_DIVISION_BY_ZERO,TRADITIONAL,NO_ENGINE_SUBSTITUTION {{(pid=96762) _check_effective_sql_mode /opt/stack/data/venv/lib/python3.12/site-packages/oslo_db/sqlalchemy/engines.py:325}}
Jun 28 07:08:41.353121 np0000003869 devstack@c-api.service[96762]: /opt/stack/data/venv/lib/python3.12/site-packages/oslo_context/context.py:102: DeprecationWarning: Policy enforcement is depending on the value of is_admin. This key is deprecated. Please update your policy file to use the standard policy values.
Jun 28 07:08:41.353121 np0000003869 devstack@c-api.service[96762]: warnings.warn(
Jun 28 07:08:41.365820 np0000003869 devstack@c-api.service[96762]: INFO cinder.api.openstack.wsgi [None req-aa41e4ee-3b67-4b61-b932-1d4243063039 tempest-GroupsV314Test-1245777332 tempest-GroupsV314Test-1245777332-project-member] https://10.4.3.36/volume/v3/volumes/8bb3725b-09c0-4c69-9b4c-97ac1eab4786 returned with HTTP 200
Jun 28 07:08:41.366403 np0000003869 devstack@c-api.service[96762]: [pid: 96762|app: 0|req: 70/225] 10.4.3.36 () {68 vars in 1382 bytes} [Sun Jun 28 07:08:41 2026] GET /volume/v3/volumes/8bb3725b-09c0-4c69-9b4c-97ac1eab4786 => generated 909 bytes in 130 msecs (HTTP/1.1 200) 7 headers in 286 bytes (1 switches on core 0)
Jun 28 07:08:42.390595 np0000003869 devstack@c-api.service[96761]: DEBUG cinder.api.middleware.request_id [None req-974bc8b3-084a-4e6a-8ce1-9c9630cc58f6 None None] RequestId filter calling following filter/app {{(pid=96761) _context_setter /opt/stack/cinder/cinder/api/middleware/request_id.py:62}}
Jun 28 07:08:42.393442 np0000003869 devstack@c-api.service[96761]: INFO cinder.api.openstack.wsgi [None req-974bc8b3-084a-4e6a-8ce1-9c9630cc58f6 tempest-GroupsV314Test-1245777332 tempest-GroupsV314Test-1245777332-project-member] GET https://10.4.3.36/volume/v3/volumes/8bb3725b-09c0-4c69-9b4c-97ac1eab4786
Jun 28 07:08:42.393756 np0000003869 devstack@c-api.service[96761]: DEBUG cinder.api.openstack.wsgi [None req-974bc8b3-084a-4e6a-8ce1-9c9630cc58f6 tempest-GroupsV314Test-1245777332 tempest-GroupsV314Test-1245777332-project-member] Empty body provided in request {{(pid=96761) get_body /opt/stack/cinder/cinder/api/openstack/wsgi.py:725}}
Jun 28 07:08:42.394031 np0000003869 devstack@c-api.service[96761]: DEBUG cinder.api.openstack.wsgi [None req-974bc8b3-084a-4e6a-8ce1-9c9630cc58f6 tempest-GroupsV314Test-1245777332 tempest-GroupsV314Test-1245777332-project-member] Calling method 'show' {{(pid=96761) _process_stack /opt/stack/cinder/cinder/api/openstack/wsgi.py:878}}
Jun 28 07:08:42.401603 np0000003869 devstack@c-api.service[96761]: INFO cinder.api.openstack.wsgi [None req-974bc8b3-084a-4e6a-8ce1-9c9630cc58f6 tempest-GroupsV314Test-1245777332 tempest-GroupsV314Test-1245777332-project-member] https://10.4.3.36/volume/v3/volumes/8bb3725b-09c0-4c69-9b4c-97ac1eab4786 returned with HTTP 404
Jun 28 07:08:42.402353 np0000003869 devstack@c-api.service[96761]: [pid: 96761|app: 0|req: 78/226] 10.4.3.36 () {68 vars in 1382 bytes} [Sun Jun 28 07:08:42 2026] GET /volume/v3/volumes/8bb3725b-09c0-4c69-9b4c-97ac1eab4786 => generated 109 bytes in 12 msecs (HTTP/1.1 404) 7 headers in 293 bytes (1 switches on core 0)
Jun 28 07:08:42.413699 np0000003869 devstack@c-api.service[96760]: DEBUG cinder.api.middleware.request_id [None req-e26c3e72-2b02-4976-8c02-14c8f80c89c1 None None] RequestId filter calling following filter/app {{(pid=96760) _context_setter /opt/stack/cinder/cinder/api/middleware/request_id.py:62}}
Jun 28 07:08:42.415711 np0000003869 devstack@c-api.service[96760]: INFO cinder.api.openstack.wsgi [None req-e26c3e72-2b02-4976-8c02-14c8f80c89c1 tempest-GroupsV314Test-1245777332 tempest-GroupsV314Test-1245777332-project-member] GET https://10.4.3.36/volume/v3/groups/91ac8df6-3c76-4f6a-adcc-7bf29efcc89f
Jun 28 07:08:42.416031 np0000003869 devstack@c-api.service[96760]: DEBUG cinder.api.openstack.wsgi [None req-e26c3e72-2b02-4976-8c02-14c8f80c89c1 tempest-GroupsV314Test-1245777332 tempest-GroupsV314Test-1245777332-project-member] Empty body provided in request {{(pid=96760) get_body /opt/stack/cinder/cinder/api/openstack/wsgi.py:725}}
Jun 28 07:08:42.417335 np0000003869 devstack@c-api.service[96760]: DEBUG cinder.api.openstack.wsgi [None req-e26c3e72-2b02-4976-8c02-14c8f80c89c1 tempest-GroupsV314Test-1245777332 tempest-GroupsV314Test-1245777332-project-member] Calling method 'version_select' {{(pid=96760) _process_stack /opt/stack/cinder/cinder/api/openstack/wsgi.py:878}}
Jun 28 07:08:42.417335 np0000003869 devstack@c-api.service[96760]: DEBUG cinder.api.v3.groups [None req-e26c3e72-2b02-4976-8c02-14c8f80c89c1 tempest-GroupsV314Test-1245777332 tempest-GroupsV314Test-1245777332-project-member] show called for member 91ac8df6-3c76-4f6a-adcc-7bf29efcc89f {{(pid=96760) show /opt/stack/cinder/cinder/api/v3/groups.py:58}}
Jun 28 07:08:42.421280 np0000003869 devstack@c-api.service[96760]: INFO cinder.api.openstack.wsgi [None req-e26c3e72-2b02-4976-8c02-14c8f80c89c1 tempest-GroupsV314Test-1245777332 tempest-GroupsV314Test-1245777332-project-member] https://10.4.3.36/volume/v3/groups/91ac8df6-3c76-4f6a-adcc-7bf29efcc89f returned with HTTP 404
Jun 28 07:08:42.422306 np0000003869 devstack@c-api.service[96760]: [pid: 96760|app: 0|req: 79/227] 10.4.3.36 () {68 vars in 1379 bytes} [Sun Jun 28 07:08:42 2026] GET /volume/v3/groups/91ac8df6-3c76-4f6a-adcc-7bf29efcc89f => generated 108 bytes in 9 msecs (HTTP/1.1 404) 7 headers in 293 bytes (1 switches on core 0)
Jun 28 07:08:42.438622 np0000003869 devstack@c-api.service[96762]: DEBUG cinder.api.middleware.request_id [None req-19aae2fd-7607-4d96-868b-5922ed73b439 None None] RequestId filter calling following filter/app {{(pid=96762) _context_setter /opt/stack/cinder/cinder/api/middleware/request_id.py:62}}
Jun 28 07:08:42.441580 np0000003869 devstack@c-api.service[96762]: INFO cinder.api.openstack.wsgi [None req-19aae2fd-7607-4d96-868b-5922ed73b439 tempest-GroupsV314Test-1055431435 tempest-GroupsV314Test-1055431435-project-admin] DELETE https://10.4.3.36/volume/v3/group_types/4898fe7b-53f5-4e77-90a9-7e8e5ece73da
Jun 28 07:08:42.441879 np0000003869 devstack@c-api.service[96762]: DEBUG cinder.api.openstack.wsgi [None req-19aae2fd-7607-4d96-868b-5922ed73b439 tempest-GroupsV314Test-1055431435 tempest-GroupsV314Test-1055431435-project-admin] Empty body provided in request {{(pid=96762) get_body /opt/stack/cinder/cinder/api/openstack/wsgi.py:725}}
Jun 28 07:08:42.442245 np0000003869 devstack@c-api.service[96762]: DEBUG cinder.api.openstack.wsgi [None req-19aae2fd-7607-4d96-868b-5922ed73b439 tempest-GroupsV314Test-1055431435 tempest-GroupsV314Test-1055431435-project-admin] Calling method 'version_select' {{(pid=96762) _process_stack /opt/stack/cinder/cinder/api/openstack/wsgi.py:878}}
Jun 28 07:08:42.459609 np0000003869 devstack@c-api.service[96762]: INFO cinder.api.openstack.wsgi [None req-19aae2fd-7607-4d96-868b-5922ed73b439 tempest-GroupsV314Test-1055431435 tempest-GroupsV314Test-1055431435-project-admin] https://10.4.3.36/volume/v3/group_types/4898fe7b-53f5-4e77-90a9-7e8e5ece73da returned with HTTP 202
Jun 28 07:08:42.460271 np0000003869 devstack@c-api.service[96762]: [pid: 96762|app: 0|req: 71/228] 10.4.3.36 () {68 vars in 1397 bytes} [Sun Jun 28 07:08:42 2026] DELETE /volume/v3/group_types/4898fe7b-53f5-4e77-90a9-7e8e5ece73da => generated 0 bytes in 22 msecs (HTTP/1.1 202) 6 headers in 234 bytes (1 switches on core 0)
Jun 28 07:08:42.469355 np0000003869 devstack@c-api.service[96761]: DEBUG cinder.api.middleware.request_id [None req-0ceae483-6d29-4da1-8789-a6f567977055 None None] RequestId filter calling following filter/app {{(pid=96761) _context_setter /opt/stack/cinder/cinder/api/middleware/request_id.py:62}}
Jun 28 07:08:42.471898 np0000003869 devstack@c-api.service[96761]: INFO cinder.api.openstack.wsgi [None req-0ceae483-6d29-4da1-8789-a6f567977055 tempest-GroupsV314Test-1055431435 tempest-GroupsV314Test-1055431435-project-admin] DELETE https://10.4.3.36/volume/v3/types/4761cc05-51db-42c4-b6ed-addb5de14f1b
Jun 28 07:08:42.472222 np0000003869 devstack@c-api.service[96761]: DEBUG cinder.api.openstack.wsgi [None req-0ceae483-6d29-4da1-8789-a6f567977055 tempest-GroupsV314Test-1055431435 tempest-GroupsV314Test-1055431435-project-admin] Empty body provided in request {{(pid=96761) get_body /opt/stack/cinder/cinder/api/openstack/wsgi.py:725}}
Jun 28 07:08:42.472533 np0000003869 devstack@c-api.service[96761]: DEBUG cinder.api.openstack.wsgi [None req-0ceae483-6d29-4da1-8789-a6f567977055 tempest-GroupsV314Test-1055431435 tempest-GroupsV314Test-1055431435-project-admin] Calling method '_delete' {{(pid=96761) _process_stack /opt/stack/cinder/cinder/api/openstack/wsgi.py:878}}
Jun 28 07:08:42.510833 np0000003869 devstack@c-api.service[96761]: INFO cinder.api.openstack.wsgi [None req-0ceae483-6d29-4da1-8789-a6f567977055 tempest-GroupsV314Test-1055431435 tempest-GroupsV314Test-1055431435-project-admin] https://10.4.3.36/volume/v3/types/4761cc05-51db-42c4-b6ed-addb5de14f1b returned with HTTP 202
Jun 28 07:08:42.510833 np0000003869 devstack@c-api.service[96761]: [pid: 96761|app: 0|req: 79/229] 10.4.3.36 () {66 vars in 1338 bytes} [Sun Jun 28 07:08:42 2026] DELETE /volume/v3/types/4761cc05-51db-42c4-b6ed-addb5de14f1b => generated 0 bytes in 41 msecs (HTTP/1.1 202) 6 headers in 233 bytes (1 switches on core 0)
Jun 28 07:08:42.526086 np0000003869 devstack@c-api.service[96760]: DEBUG cinder.api.middleware.request_id [None req-d57e66dc-1618-44ed-af92-a8c7c23fa649 None None] RequestId filter calling following filter/app {{(pid=96760) _context_setter /opt/stack/cinder/cinder/api/middleware/request_id.py:62}}
Jun 28 07:08:42.528678 np0000003869 devstack@c-api.service[96760]: INFO cinder.api.openstack.wsgi [None req-d57e66dc-1618-44ed-af92-a8c7c23fa649 tempest-GroupsV314Test-1055431435 tempest-GroupsV314Test-1055431435-project-admin] GET https://10.4.3.36/volume/v3/types/4761cc05-51db-42c4-b6ed-addb5de14f1b
Jun 28 07:08:42.529015 np0000003869 devstack@c-api.service[96760]: DEBUG cinder.api.openstack.wsgi [None req-d57e66dc-1618-44ed-af92-a8c7c23fa649 tempest-GroupsV314Test-1055431435 tempest-GroupsV314Test-1055431435-project-admin] Empty body provided in request {{(pid=96760) get_body /opt/stack/cinder/cinder/api/openstack/wsgi.py:725}}
Jun 28 07:08:42.529335 np0000003869 devstack@c-api.service[96760]: DEBUG cinder.api.openstack.wsgi [None req-d57e66dc-1618-44ed-af92-a8c7c23fa649 tempest-GroupsV314Test-1055431435 tempest-GroupsV314Test-1055431435-project-admin] Calling method 'show' {{(pid=96760) _process_stack /opt/stack/cinder/cinder/api/openstack/wsgi.py:878}}
Jun 28 07:08:42.539492 np0000003869 devstack@c-api.service[96760]: INFO cinder.api.openstack.wsgi [None req-d57e66dc-1618-44ed-af92-a8c7c23fa649 tempest-GroupsV314Test-1055431435 tempest-GroupsV314Test-1055431435-project-admin] https://10.4.3.36/volume/v3/types/4761cc05-51db-42c4-b6ed-addb5de14f1b returned with HTTP 404
Jun 28 07:08:42.540266 np0000003869 devstack@c-api.service[96760]: [pid: 96760|app: 0|req: 80/230] 10.4.3.36 () {66 vars in 1335 bytes} [Sun Jun 28 07:08:42 2026] GET /volume/v3/types/4761cc05-51db-42c4-b6ed-addb5de14f1b => generated 114 bytes in 15 msecs (HTTP/1.1 404) 7 headers in 292 bytes (1 switches on core 0)
Jun 28 07:08:45.458675 np0000003869 devstack@c-api.service[96762]: DEBUG cinder.api.middleware.request_id [None req-6aafd3d3-d05d-4025-8b40-be44f59b2095 None None] RequestId filter calling following filter/app {{(pid=96762) _context_setter /opt/stack/cinder/cinder/api/middleware/request_id.py:62}}
Jun 28 07:08:45.459285 np0000003869 devstack@c-api.service[96762]: INFO cinder.api.openstack.wsgi [None req-6aafd3d3-d05d-4025-8b40-be44f59b2095 None None] GET https://10.4.3.36/volume//
Jun 28 07:08:45.459581 np0000003869 devstack@c-api.service[96762]: DEBUG cinder.api.openstack.wsgi [None req-6aafd3d3-d05d-4025-8b40-be44f59b2095 None None] Empty body provided in request {{(pid=96762) get_body /opt/stack/cinder/cinder/api/openstack/wsgi.py:725}}
Jun 28 07:08:45.460436 np0000003869 devstack@c-api.service[96762]: DEBUG cinder.api.openstack.wsgi [None req-6aafd3d3-d05d-4025-8b40-be44f59b2095 None None] Calling method 'all' {{(pid=96762) _process_stack /opt/stack/cinder/cinder/api/openstack/wsgi.py:878}}
Jun 28 07:08:45.460436 np0000003869 devstack@c-api.service[96762]: INFO cinder.api.openstack.wsgi [None req-6aafd3d3-d05d-4025-8b40-be44f59b2095 None None] https://10.4.3.36/volume// returned with HTTP 300
Jun 28 07:08:45.465379 np0000003869 devstack@c-api.service[96762]: [pid: 96762|app: 0|req: 72/231] 10.4.3.36 () {66 vars in 1419 bytes} [Sun Jun 28 07:08:45 2026] GET /volume/ => generated 385 bytes in 7 msecs (HTTP/1.1 300) 7 headers in 299 bytes (1 switches on core 0)
Jun 28 07:08:45.475887 np0000003869 devstack@c-api.service[96761]: DEBUG cinder.api.middleware.request_id [req-f9c3aa75-f17b-48e7-b732-0f90fead1a70 req-6cfbd552-9981-42b5-b823-18d66d11f79d None None] RequestId filter calling following filter/app {{(pid=96761) _context_setter /opt/stack/cinder/cinder/api/middleware/request_id.py:62}}
Jun 28 07:08:45.484695 np0000003869 devstack@c-api.service[96761]: INFO cinder.api.openstack.wsgi [req-f9c3aa75-f17b-48e7-b732-0f90fead1a70 req-6cfbd552-9981-42b5-b823-18d66d11f79d tempest-ServerActionsV293TestJSON-1167962936 tempest-ServerActionsV293TestJSON-1167962936-project-member] GET https://10.4.3.36/volume/v3/volumes/b30a2cd3-50c0-4dd7-b934-21b1c00e856d
Jun 28 07:08:45.484793 np0000003869 devstack@c-api.service[96761]: DEBUG cinder.api.openstack.wsgi [req-f9c3aa75-f17b-48e7-b732-0f90fead1a70 req-6cfbd552-9981-42b5-b823-18d66d11f79d tempest-ServerActionsV293TestJSON-1167962936 tempest-ServerActionsV293TestJSON-1167962936-project-member] Empty body provided in request {{(pid=96761) get_body /opt/stack/cinder/cinder/api/openstack/wsgi.py:725}}
Jun 28 07:08:45.485139 np0000003869 devstack@c-api.service[96761]: DEBUG cinder.api.openstack.wsgi [req-f9c3aa75-f17b-48e7-b732-0f90fead1a70 req-6cfbd552-9981-42b5-b823-18d66d11f79d tempest-ServerActionsV293TestJSON-1167962936 tempest-ServerActionsV293TestJSON-1167962936-project-member] Calling method 'show' {{(pid=96761) _process_stack /opt/stack/cinder/cinder/api/openstack/wsgi.py:878}}
Jun 28 07:08:45.503406 np0000003869 devstack@c-api.service[96761]: /opt/stack/data/venv/lib/python3.12/site-packages/oslo_context/context.py:102: DeprecationWarning: Policy enforcement is depending on the value of is_admin. This key is deprecated. Please update your policy file to use the standard policy values.
Jun 28 07:08:45.503406 np0000003869 devstack@c-api.service[96761]: warnings.warn(
Jun 28 07:08:45.508686 np0000003869 devstack@c-api.service[96761]: INFO cinder.volume.api [req-f9c3aa75-f17b-48e7-b732-0f90fead1a70 req-6cfbd552-9981-42b5-b823-18d66d11f79d tempest-ServerActionsV293TestJSON-1167962936 tempest-ServerActionsV293TestJSON-1167962936-project-member] Volume info retrieved successfully.
Jun 28 07:08:45.516640 np0000003869 devstack@c-api.service[96761]: INFO cinder.api.openstack.wsgi [req-f9c3aa75-f17b-48e7-b732-0f90fead1a70 req-6cfbd552-9981-42b5-b823-18d66d11f79d tempest-ServerActionsV293TestJSON-1167962936 tempest-ServerActionsV293TestJSON-1167962936-project-member] https://10.4.3.36/volume/v3/volumes/b30a2cd3-50c0-4dd7-b934-21b1c00e856d returned with HTTP 200
Jun 28 07:08:45.517041 np0000003869 devstack@c-api.service[96761]: [pid: 96761|app: 0|req: 80/232] 10.4.3.36 () {70 vars in 1632 bytes} [Sun Jun 28 07:08:45 2026] GET /volume/v3/volumes/b30a2cd3-50c0-4dd7-b934-21b1c00e856d => generated 1538 bytes in 42 msecs (HTTP/1.1 200) 7 headers in 287 bytes (1 switches on core 0)
Jun 28 07:08:45.629087 np0000003869 devstack@c-api.service[96760]: DEBUG cinder.api.middleware.request_id [req-f9c3aa75-f17b-48e7-b732-0f90fead1a70 req-0c693de5-a869-49bb-aedd-83a2874f0af5 None None] RequestId filter calling following filter/app {{(pid=96760) _context_setter /opt/stack/cinder/cinder/api/middleware/request_id.py:62}}
Jun 28 07:08:45.630508 np0000003869 devstack@c-api.service[96760]: INFO cinder.api.openstack.wsgi [req-f9c3aa75-f17b-48e7-b732-0f90fead1a70 req-0c693de5-a869-49bb-aedd-83a2874f0af5 tempest-ServerActionsV293TestJSON-1167962936 tempest-ServerActionsV293TestJSON-1167962936-project-member] PUT https://10.4.3.36/volume/v3/attachments/b0726277-cf45-45b1-894b-1ebfe5305c88
Jun 28 07:08:45.631128 np0000003869 devstack@c-api.service[96760]: DEBUG cinder.api.openstack.wsgi [req-f9c3aa75-f17b-48e7-b732-0f90fead1a70 req-0c693de5-a869-49bb-aedd-83a2874f0af5 tempest-ServerActionsV293TestJSON-1167962936 tempest-ServerActionsV293TestJSON-1167962936-project-member] Action: 'update', calling method: version_select, body: {"attachment": {"connector": {"platform": "x86_64", "os_type": "linux", "ip": "10.4.3.36", "host": "np0000003869", "multipath": false, "enforce_multipath": true, "initiator": "iqn.2016-04.com.open-iscsi:4125c412b032", "do_local_attach": false, "nvme_hostid": "defebd5f-fef7-4d6c-bd95-337d7b235920", "uuid": "8515de1c-ba7e-467b-adde-6d9f8a8dbc1f", "system uuid": "0cc27ab1-6b19-4544-83cf-9a193a3faf7b", "nqn": "nqn.2014-08.org.nvmexpress:uuid:0cc27ab1-6b19-4544-83cf-9a193a3faf7b", "nvme_native_multipath": true, "found_dsc": "", "host_ips": ["10.4.3.36", "fe80::f816:3eff:fe96:9398", "192.168.10.6", "fe80::f816:3eff:feee:fd64", "192.168.20.6", "fe80::f816:3eff:fef3:e02d", "192.168.30.6", "fe80::f816:3eff:fe64:e6c5", "192.168.122.1", "172.24.5.1", "2001:db8::2", "fe80::2c1c:f2ff:fe0b:f94e", "fe80::fc16:3eff:fe6a:59e9", "fe80::68d6:b8ff:feda:54ba", "fe80::fc16:3eff:fe2a:4b06", "fe80::fc16:3eff:fe30:fd49", "fe80::2c08:9dff:fe23:7234", "fe80::fc16:3eff:fe89:c4a6", "fe80::fc16:3eff:fefb:bd09", "fe80::fc16:3eff:febf:c123", "fe80::fc16:3eff:fe31:67f5", "fe80::fc16:3eff:fea2:1a23", "fe80::c859:ddff:fe71:35a9", "fe80::e8f9:3eff:fedb:a3d7", "fe80::fc16:3eff:fe32:f41f", "fe80::a813:66ff:fe7d:fb60", "fe80::fc16:3eff:fe55:8e5a"], "mountpoint": "/dev/vda"}}} {{(pid=96760) _process_stack /opt/stack/cinder/cinder/api/openstack/wsgi.py:876}}
Jun 28 07:08:45.642126 np0000003869 devstack@c-api.service[96760]: DEBUG cinder.coordination [req-f9c3aa75-f17b-48e7-b732-0f90fead1a70 req-0c693de5-a869-49bb-aedd-83a2874f0af5 tempest-ServerActionsV293TestJSON-1167962936 tempest-ServerActionsV293TestJSON-1167962936-project-member] Acquiring lock "cinder-attachment_update-b30a2cd3-50c0-4dd7-b934-21b1c00e856d-np0000003869" by "attachment_update" {{(pid=96760) __acquire /opt/stack/cinder/cinder/coordination.py:138}}
