Jun 28 07:10:36.922183 np0000003869 devstack@g-api.service[99523]: DEBUG glance.api.middleware.version_negotiation [None req-52f27c0b-0220-46a1-937d-35a8363173ce tempest-ServerBootFromVolumeStableRescueTest-2028955692 tempest-ServerBootFromVolumeStableRescueTest-2028955692-project-member] Determining version of request: GET /v2/images/107cc16d-0915-48b2-b526-541ee4f48696 Accept: application/json {{(pid=99523) process_request /opt/stack/glance/glance/api/middleware/version_negotiation.py:44}}
Jun 28 07:10:36.922183 np0000003869 devstack@g-api.service[99523]: DEBUG glance.api.middleware.version_negotiation [None req-52f27c0b-0220-46a1-937d-35a8363173ce tempest-ServerBootFromVolumeStableRescueTest-2028955692 tempest-ServerBootFromVolumeStableRescueTest-2028955692-project-member] Using url versioning {{(pid=99523) process_request /opt/stack/glance/glance/api/middleware/version_negotiation.py:57}}
Jun 28 07:10:36.922634 np0000003869 devstack@g-api.service[99522]: [pid: 99522|app: 0|req: 91/246] 127.0.0.1 () {40 vars in 834 bytes} [Sun Jun 28 07:10:36 2026] GET /v2/images/8869a4b7-5535-4bb5-bbdd-8b3d2fe53f0d => generated 1359 bytes in 22 msecs (HTTP/1.1 200) 4 headers in 158 bytes (1 switches on core 0)
Jun 28 07:10:36.922870 np0000003869 devstack@g-api.service[99523]: DEBUG glance.api.middleware.version_negotiation [None req-52f27c0b-0220-46a1-937d-35a8363173ce tempest-ServerBootFromVolumeStableRescueTest-2028955692 tempest-ServerBootFromVolumeStableRescueTest-2028955692-project-member] Matched version: v2 {{(pid=99523) process_request /opt/stack/glance/glance/api/middleware/version_negotiation.py:69}}
Jun 28 07:10:36.923451 np0000003869 devstack@g-api.service[99523]: DEBUG glance.api.middleware.version_negotiation [None req-52f27c0b-0220-46a1-937d-35a8363173ce tempest-ServerBootFromVolumeStableRescueTest-2028955692 tempest-ServerBootFromVolumeStableRescueTest-2028955692-project-member] new path /v2/images/107cc16d-0915-48b2-b526-541ee4f48696 {{(pid=99523) process_request /opt/stack/glance/glance/api/middleware/version_negotiation.py:70}}
Jun 28 07:10:36.953107 np0000003869 devstack@g-api.service[99523]: [pid: 99523|app: 0|req: 84/247] 127.0.0.1 () {40 vars in 834 bytes} [Sun Jun 28 07:10:36 2026] GET /v2/images/107cc16d-0915-48b2-b526-541ee4f48696 => generated 650 bytes in 31 msecs (HTTP/1.1 200) 4 headers in 157 bytes (1 switches on core 0)
Jun 28 07:10:37.574170 np0000003869 devstack@g-api.service[99521]: DEBUG swiftclient [None req-28a5b10a-2c38-4114-bf14-43c3606dad75 tempest-VolumesActionsTest-1589786145 tempest-VolumesActionsTest-1589786145-project-member] REQ: curl -i https://10.4.3.36:8080/v1/AUTH_b6dc12d2645843a09bde34628cc528a8/glance/107cc16d-0915-48b2-b526-541ee4f48696-00004 -X PUT -H "X-Auth-Token: gAAAAABqQMjf2RjA..." {{(pid=99521) http_log /opt/stack/data/venv/lib/python3.12/site-packages/swiftclient/client.py:160}}
Jun 28 07:10:37.576341 np0000003869 devstack@g-api.service[99521]: DEBUG swiftclient [None req-28a5b10a-2c38-4114-bf14-43c3606dad75 tempest-VolumesActionsTest-1589786145 tempest-VolumesActionsTest-1589786145-project-member] RESP STATUS: 201 Created {{(pid=99521) http_log /opt/stack/data/venv/lib/python3.12/site-packages/swiftclient/client.py:161}}
Jun 28 07:10:37.576341 np0000003869 devstack@g-api.service[99521]: DEBUG swiftclient [None req-28a5b10a-2c38-4114-bf14-43c3606dad75 tempest-VolumesActionsTest-1589786145 tempest-VolumesActionsTest-1589786145-project-member] RESP HEADERS: {'Date': 'Sun, 28 Jun 2026 07:10:37 GMT', 'Server': 'Apache/2.4.58 (Ubuntu)', 'Content-Type': 'text/html; charset=UTF-8', 'Content-Length': '0', 'Etag': 'eda9a9889837ac4bc81d6387d92c1bec', 'Last-Modified': 'Sun, 28 Jun 2026 07:10:35 GMT', 'X-Trans-Id': 'tx7f1836b20ea646a9a1ff7-006a40c8ea', 'X-Openstack-Request-Id': 'tx7f1836b20ea646a9a1ff7-006a40c8ea', 'Connection': 'close'} {{(pid=99521) http_log /opt/stack/data/venv/lib/python3.12/site-packages/swiftclient/client.py:162}}
Jun 28 07:10:37.576341 np0000003869 devstack@g-api.service[99521]: DEBUG glance_store._drivers.swift.store [None req-28a5b10a-2c38-4114-bf14-43c3606dad75 tempest-VolumesActionsTest-1589786145 tempest-VolumesActionsTest-1589786145-project-member] Wrote chunk 107cc16d-0915-48b2-b526-541ee4f48696-00004 (4/?) of length 204800000 to Swift returning MD5 of content: eda9a9889837ac4bc81d6387d92c1bec {{(pid=99521) add /opt/stack/data/venv/lib/python3.12/site-packages/glance_store/_drivers/swift/store.py:1059}}
Jun 28 07:10:37.933437 np0000003869 devstack@g-api.service[99522]: DEBUG glance.api.middleware.version_negotiation [None req-8f090af3-8a2b-4fbf-ad01-4f7656f1b0d0 tempest-ServerBootFromVolumeStableRescueTest-2028955692 tempest-ServerBootFromVolumeStableRescueTest-2028955692-project-member] Determining version of request: GET /v2/images/8869a4b7-5535-4bb5-bbdd-8b3d2fe53f0d Accept: application/json {{(pid=99522) process_request /opt/stack/glance/glance/api/middleware/version_negotiation.py:44}}
Jun 28 07:10:37.933983 np0000003869 devstack@g-api.service[99522]: DEBUG glance.api.middleware.version_negotiation [None req-8f090af3-8a2b-4fbf-ad01-4f7656f1b0d0 tempest-ServerBootFromVolumeStableRescueTest-2028955692 tempest-ServerBootFromVolumeStableRescueTest-2028955692-project-member] Using url versioning {{(pid=99522) process_request /opt/stack/glance/glance/api/middleware/version_negotiation.py:57}}
Jun 28 07:10:37.933983 np0000003869 devstack@g-api.service[99522]: DEBUG glance.api.middleware.version_negotiation [None req-8f090af3-8a2b-4fbf-ad01-4f7656f1b0d0 tempest-ServerBootFromVolumeStableRescueTest-2028955692 tempest-ServerBootFromVolumeStableRescueTest-2028955692-project-member] Matched version: v2 {{(pid=99522) process_request /opt/stack/glance/glance/api/middleware/version_negotiation.py:69}}
Jun 28 07:10:37.934161 np0000003869 devstack@g-api.service[99522]: DEBUG glance.api.middleware.version_negotiation [None req-8f090af3-8a2b-4fbf-ad01-4f7656f1b0d0 tempest-ServerBootFromVolumeStableRescueTest-2028955692 tempest-ServerBootFromVolumeStableRescueTest-2028955692-project-member] new path /v2/images/8869a4b7-5535-4bb5-bbdd-8b3d2fe53f0d {{(pid=99522) process_request /opt/stack/glance/glance/api/middleware/version_negotiation.py:70}}
Jun 28 07:10:37.970322 np0000003869 devstack@g-api.service[99523]: DEBUG glance.api.middleware.version_negotiation [None req-333eef75-49f1-4129-93fe-431d5cdd1879 tempest-VolumesActionsTest-1589786145 tempest-VolumesActionsTest-1589786145-project-member] Determining version of request: GET /v2/images/107cc16d-0915-48b2-b526-541ee4f48696 Accept: application/json {{(pid=99523) process_request /opt/stack/glance/glance/api/middleware/version_negotiation.py:44}}
Jun 28 07:10:37.970787 np0000003869 devstack@g-api.service[99523]: DEBUG glance.api.middleware.version_negotiation [None req-333eef75-49f1-4129-93fe-431d5cdd1879 tempest-VolumesActionsTest-1589786145 tempest-VolumesActionsTest-1589786145-project-member] Using url versioning {{(pid=99523) process_request /opt/stack/glance/glance/api/middleware/version_negotiation.py:57}}
Jun 28 07:10:37.970787 np0000003869 devstack@g-api.service[99523]: DEBUG glance.api.middleware.version_negotiation [None req-333eef75-49f1-4129-93fe-431d5cdd1879 tempest-VolumesActionsTest-1589786145 tempest-VolumesActionsTest-1589786145-project-member] Matched version: v2 {{(pid=99523) process_request /opt/stack/glance/glance/api/middleware/version_negotiation.py:69}}
Jun 28 07:10:37.970906 np0000003869 devstack@g-api.service[99523]: DEBUG glance.api.middleware.version_negotiation [None req-333eef75-49f1-4129-93fe-431d5cdd1879 tempest-VolumesActionsTest-1589786145 tempest-VolumesActionsTest-1589786145-project-member] new path /v2/images/107cc16d-0915-48b2-b526-541ee4f48696 {{(pid=99523) process_request /opt/stack/glance/glance/api/middleware/version_negotiation.py:70}}
Jun 28 07:10:37.979283 np0000003869 devstack@g-api.service[99522]: [pid: 99522|app: 0|req: 92/248] 127.0.0.1 () {40 vars in 834 bytes} [Sun Jun 28 07:10:37 2026] GET /v2/images/8869a4b7-5535-4bb5-bbdd-8b3d2fe53f0d => generated 1359 bytes in 46 msecs (HTTP/1.1 200) 4 headers in 158 bytes (1 switches on core 0)
Jun 28 07:10:37.994812 np0000003869 devstack@g-api.service[99523]: [pid: 99523|app: 0|req: 85/249] 127.0.0.1 () {40 vars in 834 bytes} [Sun Jun 28 07:10:37 2026] GET /v2/images/107cc16d-0915-48b2-b526-541ee4f48696 => generated 650 bytes in 25 msecs (HTTP/1.1 200) 4 headers in 157 bytes (1 switches on core 0)
Jun 28 07:10:39.002300 np0000003869 devstack@g-api.service[99522]: DEBUG glance.api.middleware.version_negotiation [None req-59f2771d-d4b6-438d-8a00-67b230715224 tempest-ServerBootFromVolumeStableRescueTest-2028955692 tempest-ServerBootFromVolumeStableRescueTest-2028955692-project-member] Determining version of request: GET /v2/images/8869a4b7-5535-4bb5-bbdd-8b3d2fe53f0d Accept: application/json {{(pid=99522) process_request /opt/stack/glance/glance/api/middleware/version_negotiation.py:44}}
Jun 28 07:10:39.002300 np0000003869 devstack@g-api.service[99522]: DEBUG glance.api.middleware.version_negotiation [None req-59f2771d-d4b6-438d-8a00-67b230715224 tempest-ServerBootFromVolumeStableRescueTest-2028955692 tempest-ServerBootFromVolumeStableRescueTest-2028955692-project-member] Using url versioning {{(pid=99522) process_request /opt/stack/glance/glance/api/middleware/version_negotiation.py:57}}
Jun 28 07:10:39.002300 np0000003869 devstack@g-api.service[99522]: DEBUG glance.api.middleware.version_negotiation [None req-59f2771d-d4b6-438d-8a00-67b230715224 tempest-ServerBootFromVolumeStableRescueTest-2028955692 tempest-ServerBootFromVolumeStableRescueTest-2028955692-project-member] Matched version: v2 {{(pid=99522) process_request /opt/stack/glance/glance/api/middleware/version_negotiation.py:69}}
Jun 28 07:10:39.002300 np0000003869 devstack@g-api.service[99522]: DEBUG glance.api.middleware.version_negotiation [None req-59f2771d-d4b6-438d-8a00-67b230715224 tempest-ServerBootFromVolumeStableRescueTest-2028955692 tempest-ServerBootFromVolumeStableRescueTest-2028955692-project-member] new path /v2/images/8869a4b7-5535-4bb5-bbdd-8b3d2fe53f0d {{(pid=99522) process_request /opt/stack/glance/glance/api/middleware/version_negotiation.py:70}}
Jun 28 07:10:39.013423 np0000003869 devstack@g-api.service[99523]: DEBUG glance.api.middleware.version_negotiation [None req-d0681614-cc7b-4b86-b42d-c7fbe3f70dee tempest-VolumesActionsTest-1589786145 tempest-VolumesActionsTest-1589786145-project-member] Determining version of request: GET /v2/images/107cc16d-0915-48b2-b526-541ee4f48696 Accept: application/json {{(pid=99523) process_request /opt/stack/glance/glance/api/middleware/version_negotiation.py:44}}
Jun 28 07:10:39.014457 np0000003869 devstack@g-api.service[99523]: DEBUG glance.api.middleware.version_negotiation [None req-d0681614-cc7b-4b86-b42d-c7fbe3f70dee tempest-VolumesActionsTest-1589786145 tempest-VolumesActionsTest-1589786145-project-member] Using url versioning {{(pid=99523) process_request /opt/stack/glance/glance/api/middleware/version_negotiation.py:57}}
Jun 28 07:10:39.014457 np0000003869 devstack@g-api.service[99523]: DEBUG glance.api.middleware.version_negotiation [None req-d0681614-cc7b-4b86-b42d-c7fbe3f70dee tempest-VolumesActionsTest-1589786145 tempest-VolumesActionsTest-1589786145-project-member] Matched version: v2 {{(pid=99523) process_request /opt/stack/glance/glance/api/middleware/version_negotiation.py:69}}
Jun 28 07:10:39.014457 np0000003869 devstack@g-api.service[99523]: DEBUG glance.api.middleware.version_negotiation [None req-d0681614-cc7b-4b86-b42d-c7fbe3f70dee tempest-VolumesActionsTest-1589786145 tempest-VolumesActionsTest-1589786145-project-member] new path /v2/images/107cc16d-0915-48b2-b526-541ee4f48696 {{(pid=99523) process_request /opt/stack/glance/glance/api/middleware/version_negotiation.py:70}}
Jun 28 07:10:39.031189 np0000003869 devstack@g-api.service[99522]: [pid: 99522|app: 0|req: 93/250] 127.0.0.1 () {40 vars in 834 bytes} [Sun Jun 28 07:10:39 2026] GET /v2/images/8869a4b7-5535-4bb5-bbdd-8b3d2fe53f0d => generated 1359 bytes in 30 msecs (HTTP/1.1 200) 4 headers in 158 bytes (1 switches on core 0)
Jun 28 07:10:39.041443 np0000003869 devstack@g-api.service[99523]: [pid: 99523|app: 0|req: 86/251] 127.0.0.1 () {40 vars in 834 bytes} [Sun Jun 28 07:10:39 2026] GET /v2/images/107cc16d-0915-48b2-b526-541ee4f48696 => generated 650 bytes in 28 msecs (HTTP/1.1 200) 4 headers in 157 bytes (1 switches on core 0)
Jun 28 07:10:40.051045 np0000003869 devstack@g-api.service[99522]: DEBUG glance.api.middleware.version_negotiation [None req-e1c96fa9-6024-479a-b2fb-734e6c41b188 tempest-ServerBootFromVolumeStableRescueTest-2028955692 tempest-ServerBootFromVolumeStableRescueTest-2028955692-project-member] Determining version of request: GET /v2/images/8869a4b7-5535-4bb5-bbdd-8b3d2fe53f0d Accept: application/json {{(pid=99522) process_request /opt/stack/glance/glance/api/middleware/version_negotiation.py:44}}
Jun 28 07:10:40.051045 np0000003869 devstack@g-api.service[99522]: DEBUG glance.api.middleware.version_negotiation [None req-e1c96fa9-6024-479a-b2fb-734e6c41b188 tempest-ServerBootFromVolumeStableRescueTest-2028955692 tempest-ServerBootFromVolumeStableRescueTest-2028955692-project-member] Using url versioning {{(pid=99522) process_request /opt/stack/glance/glance/api/middleware/version_negotiation.py:57}}
Jun 28 07:10:40.051045 np0000003869 devstack@g-api.service[99522]: DEBUG glance.api.middleware.version_negotiation [None req-e1c96fa9-6024-479a-b2fb-734e6c41b188 tempest-ServerBootFromVolumeStableRescueTest-2028955692 tempest-ServerBootFromVolumeStableRescueTest-2028955692-project-member] Matched version: v2 {{(pid=99522) process_request /opt/stack/glance/glance/api/middleware/version_negotiation.py:69}}
Jun 28 07:10:40.051045 np0000003869 devstack@g-api.service[99522]: DEBUG glance.api.middleware.version_negotiation [None req-e1c96fa9-6024-479a-b2fb-734e6c41b188 tempest-ServerBootFromVolumeStableRescueTest-2028955692 tempest-ServerBootFromVolumeStableRescueTest-2028955692-project-member] new path /v2/images/8869a4b7-5535-4bb5-bbdd-8b3d2fe53f0d {{(pid=99522) process_request /opt/stack/glance/glance/api/middleware/version_negotiation.py:70}}
Jun 28 07:10:40.056402 np0000003869 devstack@g-api.service[99523]: DEBUG glance.api.middleware.version_negotiation [None req-f145c414-d342-4527-80be-dfaf7a6778fd tempest-VolumesActionsTest-1589786145 tempest-VolumesActionsTest-1589786145-project-member] Determining version of request: GET /v2/images/107cc16d-0915-48b2-b526-541ee4f48696 Accept: application/json {{(pid=99523) process_request /opt/stack/glance/glance/api/middleware/version_negotiation.py:44}}
Jun 28 07:10:40.056846 np0000003869 devstack@g-api.service[99523]: DEBUG glance.api.middleware.version_negotiation [None req-f145c414-d342-4527-80be-dfaf7a6778fd tempest-VolumesActionsTest-1589786145 tempest-VolumesActionsTest-1589786145-project-member] Using url versioning {{(pid=99523) process_request /opt/stack/glance/glance/api/middleware/version_negotiation.py:57}}
Jun 28 07:10:40.057362 np0000003869 devstack@g-api.service[99523]: DEBUG glance.api.middleware.version_negotiation [None req-f145c414-d342-4527-80be-dfaf7a6778fd tempest-VolumesActionsTest-1589786145 tempest-VolumesActionsTest-1589786145-project-member] Matched version: v2 {{(pid=99523) process_request /opt/stack/glance/glance/api/middleware/version_negotiation.py:69}}
Jun 28 07:10:40.059210 np0000003869 devstack@g-api.service[99523]: DEBUG glance.api.middleware.version_negotiation [None req-f145c414-d342-4527-80be-dfaf7a6778fd tempest-VolumesActionsTest-1589786145 tempest-VolumesActionsTest-1589786145-project-member] new path /v2/images/107cc16d-0915-48b2-b526-541ee4f48696 {{(pid=99523) process_request /opt/stack/glance/glance/api/middleware/version_negotiation.py:70}}
Jun 28 07:10:40.081364 np0000003869 devstack@g-api.service[99522]: [pid: 99522|app: 0|req: 94/252] 127.0.0.1 () {40 vars in 834 bytes} [Sun Jun 28 07:10:40 2026] GET /v2/images/8869a4b7-5535-4bb5-bbdd-8b3d2fe53f0d => generated 1359 bytes in 33 msecs (HTTP/1.1 200) 4 headers in 158 bytes (1 switches on core 0)
Jun 28 07:10:40.111912 np0000003869 devstack@g-api.service[99522]: DEBUG glance.api.middleware.version_negotiation [None req-9d396c69-e7db-49fd-8648-6cef13e756fa tempest-ServerBootFromVolumeStableRescueTest-2028955692 tempest-ServerBootFromVolumeStableRescueTest-2028955692-project-member] Determining version of request: GET /v2/images/8869a4b7-5535-4bb5-bbdd-8b3d2fe53f0d Accept: */* {{(pid=99522) process_request /opt/stack/glance/glance/api/middleware/version_negotiation.py:44}}
Jun 28 07:10:40.112796 np0000003869 devstack@g-api.service[99522]: DEBUG glance.api.middleware.version_negotiation [None req-9d396c69-e7db-49fd-8648-6cef13e756fa tempest-ServerBootFromVolumeStableRescueTest-2028955692 tempest-ServerBootFromVolumeStableRescueTest-2028955692-project-member] Using url versioning {{(pid=99522) process_request /opt/stack/glance/glance/api/middleware/version_negotiation.py:57}}
Jun 28 07:10:40.112796 np0000003869 devstack@g-api.service[99522]: DEBUG glance.api.middleware.version_negotiation [None req-9d396c69-e7db-49fd-8648-6cef13e756fa tempest-ServerBootFromVolumeStableRescueTest-2028955692 tempest-ServerBootFromVolumeStableRescueTest-2028955692-project-member] Matched version: v2 {{(pid=99522) process_request /opt/stack/glance/glance/api/middleware/version_negotiation.py:69}}
Jun 28 07:10:40.112796 np0000003869 devstack@g-api.service[99522]: DEBUG glance.api.middleware.version_negotiation [None req-9d396c69-e7db-49fd-8648-6cef13e756fa tempest-ServerBootFromVolumeStableRescueTest-2028955692 tempest-ServerBootFromVolumeStableRescueTest-2028955692-project-member] new path /v2/images/8869a4b7-5535-4bb5-bbdd-8b3d2fe53f0d {{(pid=99522) process_request /opt/stack/glance/glance/api/middleware/version_negotiation.py:70}}
Jun 28 07:10:40.138888 np0000003869 devstack@g-api.service[99522]: [pid: 99522|app: 0|req: 95/253] 127.0.0.1 () {44 vars in 1111 bytes} [Sun Jun 28 07:10:40 2026] GET /v2/images/8869a4b7-5535-4bb5-bbdd-8b3d2fe53f0d => generated 1359 bytes in 27 msecs (HTTP/1.1 200) 4 headers in 158 bytes (1 switches on core 0)
Jun 28 07:10:40.224861 np0000003869 devstack@g-api.service[99522]: DEBUG glance.api.middleware.version_negotiation [None req-52f27c0b-0220-46a1-937d-35a8363173ce tempest-ServerBootFromVolumeStableRescueTest-2028955692 tempest-ServerBootFromVolumeStableRescueTest-2028955692-project-member] Determining version of request: GET /v2/schemas/image Accept: */* {{(pid=99522) process_request /opt/stack/glance/glance/api/middleware/version_negotiation.py:44}}
Jun 28 07:10:40.224861 np0000003869 devstack@g-api.service[99522]: DEBUG glance.api.middleware.version_negotiation [None req-52f27c0b-0220-46a1-937d-35a8363173ce tempest-ServerBootFromVolumeStableRescueTest-2028955692 tempest-ServerBootFromVolumeStableRescueTest-2028955692-project-member] Using url versioning {{(pid=99522) process_request /opt/stack/glance/glance/api/middleware/version_negotiation.py:57}}
Jun 28 07:10:40.224861 np0000003869 devstack@g-api.service[99522]: DEBUG glance.api.middleware.version_negotiation [None req-52f27c0b-0220-46a1-937d-35a8363173ce tempest-ServerBootFromVolumeStableRescueTest-2028955692 tempest-ServerBootFromVolumeStableRescueTest-2028955692-project-member] Matched version: v2 {{(pid=99522) process_request /opt/stack/glance/glance/api/middleware/version_negotiation.py:69}}
Jun 28 07:10:40.224861 np0000003869 devstack@g-api.service[99522]: DEBUG glance.api.middleware.version_negotiation [None req-52f27c0b-0220-46a1-937d-35a8363173ce tempest-ServerBootFromVolumeStableRescueTest-2028955692 tempest-ServerBootFromVolumeStableRescueTest-2028955692-project-member] new path /v2/schemas/image {{(pid=99522) process_request /opt/stack/glance/glance/api/middleware/version_negotiation.py:70}}
Jun 28 07:10:40.237268 np0000003869 devstack@g-api.service[99522]: [pid: 99522|app: 0|req: 96/254] 127.0.0.1 () {44 vars in 1051 bytes} [Sun Jun 28 07:10:40 2026] GET /v2/schemas/image => generated 6083 bytes in 16 msecs (HTTP/1.1 200) 4 headers in 158 bytes (1 switches on core 0)
Jun 28 07:10:40.302492 np0000003869 devstack@g-api.service[99522]: DEBUG glance.api.middleware.version_negotiation [None req-52f27c0b-0220-46a1-937d-35a8363173ce tempest-ServerBootFromVolumeStableRescueTest-2028955692 tempest-ServerBootFromVolumeStableRescueTest-2028955692-project-member] Determining version of request: GET /v2/schemas/image Accept: */* {{(pid=99522) process_request /opt/stack/glance/glance/api/middleware/version_negotiation.py:44}}
Jun 28 07:10:40.302751 np0000003869 devstack@g-api.service[99522]: DEBUG glance.api.middleware.version_negotiation [None req-52f27c0b-0220-46a1-937d-35a8363173ce tempest-ServerBootFromVolumeStableRescueTest-2028955692 tempest-ServerBootFromVolumeStableRescueTest-2028955692-project-member] Using url versioning {{(pid=99522) process_request /opt/stack/glance/glance/api/middleware/version_negotiation.py:57}}
Jun 28 07:10:40.303589 np0000003869 devstack@g-api.service[99522]: DEBUG glance.api.middleware.version_negotiation [None req-52f27c0b-0220-46a1-937d-35a8363173ce tempest-ServerBootFromVolumeStableRescueTest-2028955692 tempest-ServerBootFromVolumeStableRescueTest-2028955692-project-member] Matched version: v2 {{(pid=99522) process_request /opt/stack/glance/glance/api/middleware/version_negotiation.py:69}}
Jun 28 07:10:40.303742 np0000003869 devstack@g-api.service[99522]: DEBUG glance.api.middleware.version_negotiation [None req-52f27c0b-0220-46a1-937d-35a8363173ce tempest-ServerBootFromVolumeStableRescueTest-2028955692 tempest-ServerBootFromVolumeStableRescueTest-2028955692-project-member] new path /v2/schemas/image {{(pid=99522) process_request /opt/stack/glance/glance/api/middleware/version_negotiation.py:70}}
Jun 28 07:10:40.307171 np0000003869 devstack@g-api.service[99523]: [pid: 99523|app: 0|req: 87/255] 127.0.0.1 () {40 vars in 834 bytes} [Sun Jun 28 07:10:40 2026] GET /v2/images/107cc16d-0915-48b2-b526-541ee4f48696 => generated 650 bytes in 253 msecs (HTTP/1.1 200) 4 headers in 157 bytes (1 switches on core 0)
Jun 28 07:10:40.310859 np0000003869 devstack@g-api.service[99522]: [pid: 99522|app: 0|req: 97/256] 127.0.0.1 () {44 vars in 1051 bytes} [Sun Jun 28 07:10:40 2026] GET /v2/schemas/image => generated 6083 bytes in 10 msecs (HTTP/1.1 200) 4 headers in 158 bytes (1 switches on core 0)
Jun 28 07:10:40.386820 np0000003869 devstack@g-api.service[99523]: DEBUG glance.api.middleware.version_negotiation [None req-70662426-3b54-489e-af7f-5ae76928ce34 tempest-VolumesActionsTest-1589786145 tempest-VolumesActionsTest-1589786145-project-member] Determining version of request: PATCH /v2/images/8869a4b7-5535-4bb5-bbdd-8b3d2fe53f0d Accept: */* {{(pid=99523) process_request /opt/stack/glance/glance/api/middleware/version_negotiation.py:44}}
Jun 28 07:10:40.387067 np0000003869 devstack@g-api.service[99523]: DEBUG glance.api.middleware.version_negotiation [None req-70662426-3b54-489e-af7f-5ae76928ce34 tempest-VolumesActionsTest-1589786145 tempest-VolumesActionsTest-1589786145-project-member] Using url versioning {{(pid=99523) process_request /opt/stack/glance/glance/api/middleware/version_negotiation.py:57}}
Jun 28 07:10:40.387276 np0000003869 devstack@g-api.service[99523]: DEBUG glance.api.middleware.version_negotiation [None req-70662426-3b54-489e-af7f-5ae76928ce34 tempest-VolumesActionsTest-1589786145 tempest-VolumesActionsTest-1589786145-project-member] Matched version: v2 {{(pid=99523) process_request /opt/stack/glance/glance/api/middleware/version_negotiation.py:69}}
Jun 28 07:10:40.387418 np0000003869 devstack@g-api.service[99523]: DEBUG glance.api.middleware.version_negotiation [None req-70662426-3b54-489e-af7f-5ae76928ce34 tempest-VolumesActionsTest-1589786145 tempest-VolumesActionsTest-1589786145-project-member] new path /v2/images/8869a4b7-5535-4bb5-bbdd-8b3d2fe53f0d {{(pid=99523) process_request /opt/stack/glance/glance/api/middleware/version_negotiation.py:70}}
Jun 28 07:10:40.706563 np0000003869 devstack@g-api.service[99523]: [pid: 99523|app: 0|req: 88/257] 127.0.0.1 () {46 vars in 1154 bytes} [Sun Jun 28 07:10:40 2026] PATCH /v2/images/8869a4b7-5535-4bb5-bbdd-8b3d2fe53f0d => generated 1470 bytes in 321 msecs (HTTP/1.1 200) 4 headers in 158 bytes (1 switches on core 0)
Jun 28 07:10:40.747707 np0000003869 devstack@g-api.service[99522]: DEBUG glance.api.middleware.version_negotiation [None req-52f27c0b-0220-46a1-937d-35a8363173ce tempest-ServerBootFromVolumeStableRescueTest-2028955692 tempest-ServerBootFromVolumeStableRescueTest-2028955692-project-member] Determining version of request: GET /v2/images/8869a4b7-5535-4bb5-bbdd-8b3d2fe53f0d Accept: */* {{(pid=99522) process_request /opt/stack/glance/glance/api/middleware/version_negotiation.py:44}}
Jun 28 07:10:40.747993 np0000003869 devstack@g-api.service[99522]: DEBUG glance.api.middleware.version_negotiation [None req-52f27c0b-0220-46a1-937d-35a8363173ce tempest-ServerBootFromVolumeStableRescueTest-2028955692 tempest-ServerBootFromVolumeStableRescueTest-2028955692-project-member] Using url versioning {{(pid=99522) process_request /opt/stack/glance/glance/api/middleware/version_negotiation.py:57}}
Jun 28 07:10:40.749010 np0000003869 devstack@g-api.service[99522]: DEBUG glance.api.middleware.version_negotiation [None req-52f27c0b-0220-46a1-937d-35a8363173ce tempest-ServerBootFromVolumeStableRescueTest-2028955692 tempest-ServerBootFromVolumeStableRescueTest-2028955692-project-member] Matched version: v2 {{(pid=99522) process_request /opt/stack/glance/glance/api/middleware/version_negotiation.py:69}}
Jun 28 07:10:40.749223 np0000003869 devstack@g-api.service[99522]: DEBUG glance.api.middleware.version_negotiation [None req-52f27c0b-0220-46a1-937d-35a8363173ce tempest-ServerBootFromVolumeStableRescueTest-2028955692 tempest-ServerBootFromVolumeStableRescueTest-2028955692-project-member] new path /v2/images/8869a4b7-5535-4bb5-bbdd-8b3d2fe53f0d {{(pid=99522) process_request /opt/stack/glance/glance/api/middleware/version_negotiation.py:70}}
Jun 28 07:10:40.774982 np0000003869 devstack@g-api.service[99522]: [pid: 99522|app: 0|req: 98/258] 127.0.0.1 () {44 vars in 1111 bytes} [Sun Jun 28 07:10:40 2026] GET /v2/images/8869a4b7-5535-4bb5-bbdd-8b3d2fe53f0d => generated 1470 bytes in 27 msecs (HTTP/1.1 200) 4 headers in 158 bytes (1 switches on core 0)
Jun 28 07:10:40.838248 np0000003869 devstack@g-api.service[99523]: DEBUG glance.api.middleware.version_negotiation [None req-52f27c0b-0220-46a1-937d-35a8363173ce tempest-ServerBootFromVolumeStableRescueTest-2028955692 tempest-ServerBootFromVolumeStableRescueTest-2028955692-project-member] Determining version of request: PUT /v2/images/8869a4b7-5535-4bb5-bbdd-8b3d2fe53f0d/file Accept: */* {{(pid=99523) process_request /opt/stack/glance/glance/api/middleware/version_negotiation.py:44}}
Jun 28 07:10:40.840193 np0000003869 devstack@g-api.service[99523]: DEBUG glance.api.middleware.version_negotiation [None req-52f27c0b-0220-46a1-937d-35a8363173ce tempest-ServerBootFromVolumeStableRescueTest-2028955692 tempest-ServerBootFromVolumeStableRescueTest-2028955692-project-member] Using url versioning {{(pid=99523) process_request /opt/stack/glance/glance/api/middleware/version_negotiation.py:57}}
Jun 28 07:10:40.840193 np0000003869 devstack@g-api.service[99523]: DEBUG glance.api.middleware.version_negotiation [None req-52f27c0b-0220-46a1-937d-35a8363173ce tempest-ServerBootFromVolumeStableRescueTest-2028955692 tempest-ServerBootFromVolumeStableRescueTest-2028955692-project-member] Matched version: v2 {{(pid=99523) process_request /opt/stack/glance/glance/api/middleware/version_negotiation.py:69}}
Jun 28 07:10:40.840193 np0000003869 devstack@g-api.service[99523]: DEBUG glance.api.middleware.version_negotiation [None req-52f27c0b-0220-46a1-937d-35a8363173ce tempest-ServerBootFromVolumeStableRescueTest-2028955692 tempest-ServerBootFromVolumeStableRescueTest-2028955692-project-member] new path /v2/images/8869a4b7-5535-4bb5-bbdd-8b3d2fe53f0d/file {{(pid=99523) process_request /opt/stack/glance/glance/api/middleware/version_negotiation.py:70}}
Jun 28 07:10:41.092181 np0000003869 devstack@g-api.service[99522]: DEBUG glance.api.middleware.version_negotiation [None req-52f27c0b-0220-46a1-937d-35a8363173ce tempest-ServerBootFromVolumeStableRescueTest-2028955692 tempest-ServerBootFromVolumeStableRescueTest-2028955692-project-member] Determining version of request: GET /v2/images/8869a4b7-5535-4bb5-bbdd-8b3d2fe53f0d Accept: application/json {{(pid=99522) process_request /opt/stack/glance/glance/api/middleware/version_negotiation.py:44}}
Jun 28 07:10:41.092636 np0000003869 devstack@g-api.service[99522]: DEBUG glance.api.middleware.version_negotiation [None req-52f27c0b-0220-46a1-937d-35a8363173ce tempest-ServerBootFromVolumeStableRescueTest-2028955692 tempest-ServerBootFromVolumeStableRescueTest-2028955692-project-member] Using url versioning {{(pid=99522) process_request /opt/stack/glance/glance/api/middleware/version_negotiation.py:57}}
Jun 28 07:10:41.093220 np0000003869 devstack@g-api.service[99522]: DEBUG glance.api.middleware.version_negotiation [None req-52f27c0b-0220-46a1-937d-35a8363173ce tempest-ServerBootFromVolumeStableRescueTest-2028955692 tempest-ServerBootFromVolumeStableRescueTest-2028955692-project-member] Matched version: v2 {{(pid=99522) process_request /opt/stack/glance/glance/api/middleware/version_negotiation.py:69}}
Jun 28 07:10:41.093220 np0000003869 devstack@g-api.service[99522]: DEBUG glance.api.middleware.version_negotiation [None req-52f27c0b-0220-46a1-937d-35a8363173ce tempest-ServerBootFromVolumeStableRescueTest-2028955692 tempest-ServerBootFromVolumeStableRescueTest-2028955692-project-member] new path /v2/images/8869a4b7-5535-4bb5-bbdd-8b3d2fe53f0d {{(pid=99522) process_request /opt/stack/glance/glance/api/middleware/version_negotiation.py:70}}
Jun 28 07:10:41.129616 np0000003869 devstack@g-api.service[99522]: [pid: 99522|app: 0|req: 99/259] 127.0.0.1 () {40 vars in 834 bytes} [Sun Jun 28 07:10:41 2026] GET /v2/images/8869a4b7-5535-4bb5-bbdd-8b3d2fe53f0d => generated 1470 bytes in 37 msecs (HTTP/1.1 200) 4 headers in 158 bytes (1 switches on core 0)
Jun 28 07:10:41.320533 np0000003869 devstack@g-api.service[99522]: DEBUG glance.api.middleware.version_negotiation [None req-d2c37691-5bae-4bd3-8d39-fad8c1067c8f tempest-ServerBootFromVolumeStableRescueTest-2028955692 tempest-ServerBootFromVolumeStableRescueTest-2028955692-project-member] Determining version of request: GET /v2/images/107cc16d-0915-48b2-b526-541ee4f48696 Accept: application/json {{(pid=99522) process_request /opt/stack/glance/glance/api/middleware/version_negotiation.py:44}}
Jun 28 07:10:41.320715 np0000003869 devstack@g-api.service[99522]: DEBUG glance.api.middleware.version_negotiation [None req-d2c37691-5bae-4bd3-8d39-fad8c1067c8f tempest-ServerBootFromVolumeStableRescueTest-2028955692 tempest-ServerBootFromVolumeStableRescueTest-2028955692-project-member] Using url versioning {{(pid=99522) process_request /opt/stack/glance/glance/api/middleware/version_negotiation.py:57}}
Jun 28 07:10:41.321317 np0000003869 devstack@g-api.service[99522]: DEBUG glance.api.middleware.version_negotiation [None req-d2c37691-5bae-4bd3-8d39-fad8c1067c8f tempest-ServerBootFromVolumeStableRescueTest-2028955692 tempest-ServerBootFromVolumeStableRescueTest-2028955692-project-member] Matched version: v2 {{(pid=99522) process_request /opt/stack/glance/glance/api/middleware/version_negotiation.py:69}}
Jun 28 07:10:41.321883 np0000003869 devstack@g-api.service[99522]: DEBUG glance.api.middleware.version_negotiation [None req-d2c37691-5bae-4bd3-8d39-fad8c1067c8f tempest-ServerBootFromVolumeStableRescueTest-2028955692 tempest-ServerBootFromVolumeStableRescueTest-2028955692-project-member] new path /v2/images/107cc16d-0915-48b2-b526-541ee4f48696 {{(pid=99522) process_request /opt/stack/glance/glance/api/middleware/version_negotiation.py:70}}
Jun 28 07:10:41.347744 np0000003869 devstack@g-api.service[99522]: [pid: 99522|app: 0|req: 100/260] 127.0.0.1 () {40 vars in 834 bytes} [Sun Jun 28 07:10:41 2026] GET /v2/images/107cc16d-0915-48b2-b526-541ee4f48696 => generated 650 bytes in 27 msecs (HTTP/1.1 200) 4 headers in 157 bytes (1 switches on core 0)
Jun 28 07:10:41.774748 np0000003869 devstack@g-api.service[99521]: DEBUG swiftclient [None req-28a5b10a-2c38-4114-bf14-43c3606dad75 tempest-VolumesActionsTest-1589786145 tempest-VolumesActionsTest-1589786145-project-member] REQ: curl -i https://10.4.3.36:8080/v1/AUTH_b6dc12d2645843a09bde34628cc528a8/glance/107cc16d-0915-48b2-b526-541ee4f48696-00005 -X PUT -H "X-Auth-Token: gAAAAABqQMjf2RjA..." {{(pid=99521) http_log /opt/stack/data/venv/lib/python3.12/site-packages/swiftclient/client.py:160}}
Jun 28 07:10:41.775145 np0000003869 devstack@g-api.service[99521]: DEBUG swiftclient [None req-28a5b10a-2c38-4114-bf14-43c3606dad75 tempest-VolumesActionsTest-1589786145 tempest-VolumesActionsTest-1589786145-project-member] RESP STATUS: 201 Created {{(pid=99521) http_log /opt/stack/data/venv/lib/python3.12/site-packages/swiftclient/client.py:161}}
Jun 28 07:10:41.775385 np0000003869 devstack@g-api.service[99521]: DEBUG swiftclient [None req-28a5b10a-2c38-4114-bf14-43c3606dad75 tempest-VolumesActionsTest-1589786145 tempest-VolumesActionsTest-1589786145-project-member] RESP HEADERS: {'Date': 'Sun, 28 Jun 2026 07:10:41 GMT', 'Server': 'Apache/2.4.58 (Ubuntu)', 'Content-Type': 'text/html; charset=UTF-8', 'Content-Length': '0', 'Etag': 'eda9a9889837ac4bc81d6387d92c1bec', 'Last-Modified': 'Sun, 28 Jun 2026 07:10:38 GMT', 'X-Trans-Id': 'tx7bfc8260bbee4200b60a2-006a40c8ed', 'X-Openstack-Request-Id': 'tx7bfc8260bbee4200b60a2-006a40c8ed', 'Connection': 'close'} {{(pid=99521) http_log /opt/stack/data/venv/lib/python3.12/site-packages/swiftclient/client.py:162}}
Jun 28 07:10:41.775568 np0000003869 devstack@g-api.service[99521]: DEBUG glance_store._drivers.swift.store [None req-28a5b10a-2c38-4114-bf14-43c3606dad75 tempest-VolumesActionsTest-1589786145 tempest-VolumesActionsTest-1589786145-project-member] Wrote chunk 107cc16d-0915-48b2-b526-541ee4f48696-00005 (5/?) of length 204800000 to Swift returning MD5 of content: eda9a9889837ac4bc81d6387d92c1bec {{(pid=99521) add /opt/stack/data/venv/lib/python3.12/site-packages/glance_store/_drivers/swift/store.py:1059}}
Jun 28 07:10:41.921916 np0000003869 devstack@g-api.service[99523]: INFO glance.api.v2.image_data [None req-52f27c0b-0220-46a1-937d-35a8363173ce tempest-ServerBootFromVolumeStableRescueTest-2028955692 tempest-ServerBootFromVolumeStableRescueTest-2028955692-project-member] Unable to create trust: no such option collect_timing in group [keystone_authtoken] Use the existing user token.
Jun 28 07:10:42.147355 np0000003869 devstack@g-api.service[99522]: DEBUG glance.api.middleware.version_negotiation [None req-48939b46-b9d5-49ae-a4a1-4629328e07e4 tempest-VolumesActionsTest-1589786145 tempest-VolumesActionsTest-1589786145-project-member] Determining version of request: GET /v2/images/8869a4b7-5535-4bb5-bbdd-8b3d2fe53f0d Accept: application/json {{(pid=99522) process_request /opt/stack/glance/glance/api/middleware/version_negotiation.py:44}}
Jun 28 07:10:42.147791 np0000003869 devstack@g-api.service[99522]: DEBUG glance.api.middleware.version_negotiation [None req-48939b46-b9d5-49ae-a4a1-4629328e07e4 tempest-VolumesActionsTest-1589786145 tempest-VolumesActionsTest-1589786145-project-member] Using url versioning {{(pid=99522) process_request /opt/stack/glance/glance/api/middleware/version_negotiation.py:57}}
Jun 28 07:10:42.147791 np0000003869 devstack@g-api.service[99522]: DEBUG glance.api.middleware.version_negotiation [None req-48939b46-b9d5-49ae-a4a1-4629328e07e4 tempest-VolumesActionsTest-1589786145 tempest-VolumesActionsTest-1589786145-project-member] Matched version: v2 {{(pid=99522) process_request /opt/stack/glance/glance/api/middleware/version_negotiation.py:69}}
Jun 28 07:10:42.147886 np0000003869 devstack@g-api.service[99522]: DEBUG glance.api.middleware.version_negotiation [None req-48939b46-b9d5-49ae-a4a1-4629328e07e4 tempest-VolumesActionsTest-1589786145 tempest-VolumesActionsTest-1589786145-project-member] new path /v2/images/8869a4b7-5535-4bb5-bbdd-8b3d2fe53f0d {{(pid=99522) process_request /opt/stack/glance/glance/api/middleware/version_negotiation.py:70}}
Jun 28 07:10:42.179807 np0000003869 devstack@g-api.service[99522]: [pid: 99522|app: 0|req: 101/261] 127.0.0.1 () {40 vars in 834 bytes} [Sun Jun 28 07:10:42 2026] GET /v2/images/8869a4b7-5535-4bb5-bbdd-8b3d2fe53f0d => generated 1470 bytes in 32 msecs (HTTP/1.1 200) 4 headers in 158 bytes (1 switches on core 0)
Jun 28 07:10:42.360107 np0000003869 devstack@g-api.service[99522]: DEBUG glance.api.middleware.version_negotiation [None req-f0f9ca68-6d79-4f97-b44f-3e8f986ebebb tempest-ServerBootFromVolumeStableRescueTest-2028955692 tempest-ServerBootFromVolumeStableRescueTest-2028955692-project-member] Determining version of request: GET /v2/images/107cc16d-0915-48b2-b526-541ee4f48696 Accept: application/json {{(pid=99522) process_request /opt/stack/glance/glance/api/middleware/version_negotiation.py:44}}
Jun 28 07:10:42.361546 np0000003869 devstack@g-api.service[99522]: DEBUG glance.api.middleware.version_negotiation [None req-f0f9ca68-6d79-4f97-b44f-3e8f986ebebb tempest-ServerBootFromVolumeStableRescueTest-2028955692 tempest-ServerBootFromVolumeStableRescueTest-2028955692-project-member] Using url versioning {{(pid=99522) process_request /opt/stack/glance/glance/api/middleware/version_negotiation.py:57}}
Jun 28 07:10:42.361546 np0000003869 devstack@g-api.service[99522]: DEBUG glance.api.middleware.version_negotiation [None req-f0f9ca68-6d79-4f97-b44f-3e8f986ebebb tempest-ServerBootFromVolumeStableRescueTest-2028955692 tempest-ServerBootFromVolumeStableRescueTest-2028955692-project-member] Matched version: v2 {{(pid=99522) process_request /opt/stack/glance/glance/api/middleware/version_negotiation.py:69}}
Jun 28 07:10:42.361546 np0000003869 devstack@g-api.service[99522]: DEBUG glance.api.middleware.version_negotiation [None req-f0f9ca68-6d79-4f97-b44f-3e8f986ebebb tempest-ServerBootFromVolumeStableRescueTest-2028955692 tempest-ServerBootFromVolumeStableRescueTest-2028955692-project-member] new path /v2/images/107cc16d-0915-48b2-b526-541ee4f48696 {{(pid=99522) process_request /opt/stack/glance/glance/api/middleware/version_negotiation.py:70}}
Jun 28 07:10:42.381188 np0000003869 devstack@g-api.service[99522]: [pid: 99522|app: 0|req: 102/262] 127.0.0.1 () {40 vars in 834 bytes} [Sun Jun 28 07:10:42 2026] GET /v2/images/107cc16d-0915-48b2-b526-541ee4f48696 => generated 650 bytes in 21 msecs (HTTP/1.1 200) 4 headers in 157 bytes (1 switches on core 0)
Jun 28 07:10:42.594393 np0000003869 devstack@g-api.service[99521]: DEBUG swiftclient [None req-28a5b10a-2c38-4114-bf14-43c3606dad75 tempest-VolumesActionsTest-1589786145 tempest-VolumesActionsTest-1589786145-project-member] REQ: curl -i https://10.4.3.36:8080/v1/AUTH_b6dc12d2645843a09bde34628cc528a8/glance/107cc16d-0915-48b2-b526-541ee4f48696-00006 -X PUT -H "X-Auth-Token: gAAAAABqQMjf2RjA..." {{(pid=99521) http_log /opt/stack/data/venv/lib/python3.12/site-packages/swiftclient/client.py:160}}
Jun 28 07:10:42.594661 np0000003869 devstack@g-api.service[99521]: DEBUG swiftclient [None req-28a5b10a-2c38-4114-bf14-43c3606dad75 tempest-VolumesActionsTest-1589786145 tempest-VolumesActionsTest-1589786145-project-member] RESP STATUS: 201 Created {{(pid=99521) http_log /opt/stack/data/venv/lib/python3.12/site-packages/swiftclient/client.py:161}}
Jun 28 07:10:42.594661 np0000003869 devstack@g-api.service[99521]: DEBUG swiftclient [None req-28a5b10a-2c38-4114-bf14-43c3606dad75 tempest-VolumesActionsTest-1589786145 tempest-VolumesActionsTest-1589786145-project-member] RESP HEADERS: {'Date': 'Sun, 28 Jun 2026 07:10:42 GMT', 'Server': 'Apache/2.4.58 (Ubuntu)', 'Content-Type': 'text/html; charset=UTF-8', 'Content-Length': '0', 'Etag': '708761f3b8777ec77058e63da08eeeb6', 'Last-Modified': 'Sun, 28 Jun 2026 07:10:42 GMT', 'X-Trans-Id': 'txb4a102f248f6419c985b6-006a40c8f1', 'X-Openstack-Request-Id': 'txb4a102f248f6419c985b6-006a40c8f1', 'Connection': 'close'} {{(pid=99521) http_log /opt/stack/data/venv/lib/python3.12/site-packages/swiftclient/client.py:162}}
Jun 28 07:10:42.594998 np0000003869 devstack@g-api.service[99521]: DEBUG glance_store._drivers.swift.store [None req-28a5b10a-2c38-4114-bf14-43c3606dad75 tempest-VolumesActionsTest-1589786145 tempest-VolumesActionsTest-1589786145-project-member] Wrote chunk 107cc16d-0915-48b2-b526-541ee4f48696-00006 (6/?) of length 49741824 to Swift returning MD5 of content: 708761f3b8777ec77058e63da08eeeb6 {{(pid=99521) add /opt/stack/data/venv/lib/python3.12/site-packages/glance_store/_drivers/swift/store.py:1059}}
Jun 28 07:10:42.595324 np0000003869 devstack@g-api.service[99521]: DEBUG glance_store._drivers.swift.store [None req-28a5b10a-2c38-4114-bf14-43c3606dad75 tempest-VolumesActionsTest-1589786145 tempest-VolumesActionsTest-1589786145-project-member] Not writing zero-length chunk. {{(pid=99521) add /opt/stack/data/venv/lib/python3.12/site-packages/glance_store/_drivers/swift/store.py:1028}}
Jun 28 07:10:42.632203 np0000003869 devstack@g-api.service[99521]: DEBUG swiftclient [None req-28a5b10a-2c38-4114-bf14-43c3606dad75 tempest-VolumesActionsTest-1589786145 tempest-VolumesActionsTest-1589786145-project-member] REQ: curl -i https://10.4.3.36:8080/v1/AUTH_b6dc12d2645843a09bde34628cc528a8/glance/107cc16d-0915-48b2-b526-541ee4f48696 -X PUT -H "X-Object-Manifest: glance/107cc16d-0915-48b2-b526-541ee4f48696-" -H "X-Auth-Token: gAAAAABqQMjf2RjA..." -H "Content-Length: 0" {{(pid=99521) http_log /opt/stack/data/venv/lib/python3.12/site-packages/swiftclient/client.py:160}}
Jun 28 07:10:42.632203 np0000003869 devstack@g-api.service[99521]: DEBUG swiftclient [None req-28a5b10a-2c38-4114-bf14-43c3606dad75 tempest-VolumesActionsTest-1589786145 tempest-VolumesActionsTest-1589786145-project-member] RESP STATUS: 201 Created {{(pid=99521) http_log /opt/stack/data/venv/lib/python3.12/site-packages/swiftclient/client.py:161}}
Jun 28 07:10:42.632203 np0000003869 devstack@g-api.service[99521]: DEBUG swiftclient [None req-28a5b10a-2c38-4114-bf14-43c3606dad75 tempest-VolumesActionsTest-1589786145 tempest-VolumesActionsTest-1589786145-project-member] RESP HEADERS: {'Date': 'Sun, 28 Jun 2026 07:10:42 GMT', 'Server': 'Apache/2.4.58 (Ubuntu)', 'Content-Type': 'text/html; charset=UTF-8', 'Content-Length': '0', 'Etag': 'd41d8cd98f00b204e9800998ecf8427e', 'Last-Modified': 'Sun, 28 Jun 2026 07:10:43 GMT', 'X-Trans-Id': 'tx4b93cb4b187b420c8baaf-006a40c8f2', 'X-Openstack-Request-Id': 'tx4b93cb4b187b420c8baaf-006a40c8f2', 'Connection': 'close'} {{(pid=99521) http_log /opt/stack/data/venv/lib/python3.12/site-packages/swiftclient/client.py:162}}
Jun 28 07:10:42.632675 np0000003869 devstack@g-api.service[99521]: INFO glance.location [None req-28a5b10a-2c38-4114-bf14-43c3606dad75 tempest-VolumesActionsTest-1589786145 tempest-VolumesActionsTest-1589786145-project-member] Image format matched and virtual size computed: 1073741824
Jun 28 07:10:42.662383 np0000003869 devstack@g-api.service[99521]: DEBUG glance_store.backend [None req-28a5b10a-2c38-4114-bf14-43c3606dad75 tempest-VolumesActionsTest-1589786145 tempest-VolumesActionsTest-1589786145-project-member] Attempting to import store swift {{(pid=99521) _load_store /opt/stack/data/venv/lib/python3.12/site-packages/glance_store/backend.py:215}}
Jun 28 07:10:42.663817 np0000003869 devstack@g-api.service[99521]: DEBUG glance_store.capabilities [None req-28a5b10a-2c38-4114-bf14-43c3606dad75 tempest-VolumesActionsTest-1589786145 tempest-VolumesActionsTest-1589786145-project-member] Store glance_store._drivers.swift.store.SingleTenantStore doesn't support updating dynamic storage capabilities. Please overwrite 'update_capabilities' method of the store to implement updating logics if needed. {{(pid=99521) update_capabilities /opt/stack/data/venv/lib/python3.12/site-packages/glance_store/capabilities.py:91}}
Jun 28 07:10:42.664077 np0000003869 devstack@g-api.service[99521]: DEBUG glance_store.driver [None req-28a5b10a-2c38-4114-bf14-43c3606dad75 tempest-VolumesActionsTest-1589786145 tempest-VolumesActionsTest-1589786145-project-member] Late loading location class glance_store._drivers.swift.store.StoreLocation {{(pid=99521) get_store_location_class /opt/stack/data/venv/lib/python3.12/site-packages/glance_store/driver.py:134}}
Jun 28 07:10:42.664077 np0000003869 devstack@g-api.service[99521]: DEBUG glance_store.location [None req-28a5b10a-2c38-4114-bf14-43c3606dad75 tempest-VolumesActionsTest-1589786145 tempest-VolumesActionsTest-1589786145-project-member] Registering scheme swift+https with {'store': , 'location_class': , 'store_entry': 'swift'} {{(pid=99521) register_scheme_map /opt/stack/data/venv/lib/python3.12/site-packages/glance_store/location.py:146}}
Jun 28 07:10:42.664219 np0000003869 devstack@g-api.service[99521]: DEBUG glance_store.location [None req-28a5b10a-2c38-4114-bf14-43c3606dad75 tempest-VolumesActionsTest-1589786145 tempest-VolumesActionsTest-1589786145-project-member] Registering scheme swift+https with {'store': , 'location_class': , 'store_entry': 'swift'} {{(pid=99521) register_scheme_map /opt/stack/data/venv/lib/python3.12/site-packages/glance_store/location.py:146}}
Jun 28 07:10:42.664476 np0000003869 devstack@g-api.service[99521]: DEBUG glance_store.location [None req-28a5b10a-2c38-4114-bf14-43c3606dad75 tempest-VolumesActionsTest-1589786145 tempest-VolumesActionsTest-1589786145-project-member] Registering scheme swift with {'store': , 'location_class': , 'store_entry': 'swift'} {{(pid=99521) register_scheme_map /opt/stack/data/venv/lib/python3.12/site-packages/glance_store/location.py:146}}
Jun 28 07:10:42.664476 np0000003869 devstack@g-api.service[99521]: DEBUG glance_store.location [None req-28a5b10a-2c38-4114-bf14-43c3606dad75 tempest-VolumesActionsTest-1589786145 tempest-VolumesActionsTest-1589786145-project-member] Registering scheme swift+https with {'store': , 'location_class': , 'store_entry': 'swift'} {{(pid=99521) register_scheme_map /opt/stack/data/venv/lib/python3.12/site-packages/glance_store/location.py:146}}
Jun 28 07:10:42.665549 np0000003869 devstack@g-api.service[99521]: DEBUG glance_store.location [None req-28a5b10a-2c38-4114-bf14-43c3606dad75 tempest-VolumesActionsTest-1589786145 tempest-VolumesActionsTest-1589786145-project-member] Registering scheme swift with {'store': , 'location_class': , 'store_entry': 'swift'} {{(pid=99521) register_scheme_map /opt/stack/data/venv/lib/python3.12/site-packages/glance_store/location.py:146}}
Jun 28 07:10:42.665549 np0000003869 devstack@g-api.service[99521]: DEBUG glance_store.location [None req-28a5b10a-2c38-4114-bf14-43c3606dad75 tempest-VolumesActionsTest-1589786145 tempest-VolumesActionsTest-1589786145-project-member] Registering scheme swift+http with {'store': , 'location_class': , 'store_entry': 'swift'} {{(pid=99521) register_scheme_map /opt/stack/data/venv/lib/python3.12/site-packages/glance_store/location.py:146}}
Jun 28 07:10:42.665549 np0000003869 devstack@g-api.service[99521]: DEBUG glance_store.location [None req-28a5b10a-2c38-4114-bf14-43c3606dad75 tempest-VolumesActionsTest-1589786145 tempest-VolumesActionsTest-1589786145-project-member] Registering scheme swift+https with {'store': , 'location_class': , 'store_entry': 'swift'} {{(pid=99521) register_scheme_map /opt/stack/data/venv/lib/python3.12/site-packages/glance_store/location.py:146}}
Jun 28 07:10:42.665549 np0000003869 devstack@g-api.service[99521]: DEBUG glance_store.location [None req-28a5b10a-2c38-4114-bf14-43c3606dad75 tempest-VolumesActionsTest-1589786145 tempest-VolumesActionsTest-1589786145-project-member] Registering scheme swift with {'store': , 'location_class': , 'store_entry': 'swift'} {{(pid=99521) register_scheme_map /opt/stack/data/venv/lib/python3.12/site-packages/glance_store/location.py:146}}
Jun 28 07:10:42.665549 np0000003869 devstack@g-api.service[99521]: DEBUG glance_store.location [None req-28a5b10a-2c38-4114-bf14-43c3606dad75 tempest-VolumesActionsTest-1589786145 tempest-VolumesActionsTest-1589786145-project-member] Registering scheme swift+http with {'store': , 'location_class': , 'store_entry': 'swift'} {{(pid=99521) register_scheme_map /opt/stack/data/venv/lib/python3.12/site-packages/glance_store/location.py:146}}
Jun 28 07:10:42.665549 np0000003869 devstack@g-api.service[99521]: DEBUG glance_store.location [None req-28a5b10a-2c38-4114-bf14-43c3606dad75 tempest-VolumesActionsTest-1589786145 tempest-VolumesActionsTest-1589786145-project-member] Registering scheme swift+config with {'store': , 'location_class': , 'store_entry': 'swift'} {{(pid=99521) register_scheme_map /opt/stack/data/venv/lib/python3.12/site-packages/glance_store/location.py:146}}
Jun 28 07:10:42.665549 np0000003869 devstack@g-api.service[99521]: DEBUG glance_store.backend [None req-28a5b10a-2c38-4114-bf14-43c3606dad75 tempest-VolumesActionsTest-1589786145 tempest-VolumesActionsTest-1589786145-project-member] Skipping store.set_acls... not implemented. {{(pid=99521) set_acls /opt/stack/data/venv/lib/python3.12/site-packages/glance_store/backend.py:507}}
Jun 28 07:10:42.667516 np0000003869 devstack@g-api.service[99521]: [pid: 99521|app: 0|req: 73/263] 127.0.0.1 () {46 vars in 1154 bytes} [Sun Jun 28 07:10:21 2026] PUT /v2/images/107cc16d-0915-48b2-b526-541ee4f48696/file => generated 0 bytes in 20708 msecs (HTTP/1.1 204) 4 headers in 171 bytes (1 switches on core 0)
