Jun 28 07:03:59.412899 np0000003869 devstack@neutron-api.service[87376]: DEBUG neutron.plugins.ml2.plugin [None req-ea89f39f-ef3f-49e3-ab88-3da13337ee78 None None] Current status of the port e571f308-6af5-4a89-8589-6135bbaf4a1a is: DOWN; New status is: ACTIVE {{(pid=87376) _update_individual_port_db_status /opt/stack/neutron/neutron/plugins/ml2/plugin.py:2473}}
Jun 28 07:03:59.413697 np0000003869 devstack@neutron-api.service[87376]: DEBUG neutron_lib.callbacks.manager [None req-ea89f39f-ef3f-49e3-ab88-3da13337ee78 None None] Publish callbacks ['neutron.plugins.ml2.plugin.SecurityGroupDbMixin._ensure_default_security_group_handler-1041780', 'neutron.services.ovn_l3.plugin.OVNL3RouterPlugin._port_update-8055903560674', 'neutron.db.l3_db.L3_NAT_dbonly_mixin._prevent_internal_ip_change_for_fip-8055905066988'] for port (e571f308-6af5-4a89-8589-6135bbaf4a1a), before_update {{(pid=87376) _notify_loop /opt/stack/data/venv/lib/python3.12/site-packages/neutron_lib/callbacks/manager.py:184}}
Jun 28 07:03:59.431719 np0000003869 devstack@neutron-api.service[87376]: DEBUG neutron.plugins.ml2.drivers.ovn.mech_driver.mech_driver [None req-ea89f39f-ef3f-49e3-ab88-3da13337ee78 None None] No provisioning block for port e571f308-6af5-4a89-8589-6135bbaf4a1a since it is active {{(pid=87376) _is_port_provisioning_required /opt/stack/neutron/neutron/plugins/ml2/drivers/ovn/mech_driver/mech_driver.py:894}}
Jun 28 07:03:59.432591 np0000003869 devstack@neutron-api.service[87376]: DEBUG ovsdbapp.backend.ovs_idl.transaction [None req-5e6a152a-5f56-43cd-8fa0-af4d5601932b None None] Running txn n=1 command(idx=0): DbSetCommand(_result=None, table=Logical_Switch_Port, record=0532d61e-d42d-42dd-800c-b317e32d0b5d, col_values=(('external_ids', {'neutron:host_id': 'np0000003869'}),), if_exists=True) {{(pid=87376) do_commit /opt/stack/data/venv/lib/python3.12/site-packages/ovsdbapp/backend/ovs_idl/transaction.py:89}}
Jun 28 07:03:59.433114 np0000003869 devstack@neutron-api.service[87376]: DEBUG ovsdbapp.backend.ovs_idl.transaction [None req-5e6a152a-5f56-43cd-8fa0-af4d5601932b None None] Transaction caused no change {{(pid=87376) do_commit /opt/stack/data/venv/lib/python3.12/site-packages/ovsdbapp/backend/ovs_idl/transaction.py:129}}
Jun 28 07:03:59.561453 np0000003869 devstack@neutron-api.service[87376]: DEBUG neutron.plugins.ml2.drivers.ovn.mech_driver.ovsdb.commands [None req-ea89f39f-ef3f-49e3-ab88-3da13337ee78 None None] Converting tag [] to a tag_request {{(pid=87376) _tag_column_to_tag_request /opt/stack/neutron/neutron/plugins/ml2/drivers/ovn/mech_driver/ovsdb/commands.py:205}}
Jun 28 07:03:59.562082 np0000003869 devstack@neutron-api.service[87376]: DEBUG ovsdbapp.backend.ovs_idl.transaction [None req-5e6a152a-5f56-43cd-8fa0-af4d5601932b None None] Running txn n=1 command(idx=0): CheckRevisionNumberCommand(_result=None, name=e571f308-6af5-4a89-8589-6135bbaf4a1a, resource={'id': 'e571f308-6af5-4a89-8589-6135bbaf4a1a', 'name': '', 'network_id': 'a769f349-149e-4b13-9fe9-2a68fc1810f5', 'project_id': 'c1492d5a76074b688d77c544895812af', 'mac_address': 'fa:16:3e:92:f4:5c', 'admin_state_up': True, 'status': 'ACTIVE', 'device_id': '9006d5c4-b653-47ae-9a6a-5c2fb2a3cbaa', 'device_owner': 'network:router_interface', 'standard_attr_id': 24, 'fixed_ips': [{'subnet_id': '55d2caaf-d82c-44c3-a6c6-1cc918f08275', 'ip_address': 'fd8b:8e7c:3ccd::1'}], 'allowed_address_pairs': [], 'extra_dhcp_opts': [], 'security_groups': [], 'description': '', 'binding:vnic_type': 'normal', 'binding:profile': {}, 'binding:host_id': '', 'binding:vif_type': 'unbound', 'binding:vif_details': {}, 'port_security_enabled': False, 'tags': [], 'created_at': '2026-06-28T07:03:56Z', 'updated_at': '2026-06-28T07:03:59Z', 'revision_number': 2, 'tenant_id': 'c1492d5a76074b688d77c544895812af', 'network': {'id': 'a769f349-149e-4b13-9fe9-2a68fc1810f5', 'name': 'private', 'tenant_id': 'c1492d5a76074b688d77c544895812af', 'project_id': 'c1492d5a76074b688d77c544895812af', 'admin_state_up': True, 'mtu': 1372, 'status': 'ACTIVE', 'subnets': ['29ab1ca0-7035-4ce4-8dd8-96b8e8898462', '55d2caaf-d82c-44c3-a6c6-1cc918f08275'], 'standard_attr_id': 12, 'shared': False, 'availability_zone_hints': [], 'availability_zones': [], 'ipv4_address_scope': None, 'ipv6_address_scope': None, 'router:external': False, 'qinq': False, 'vlan_transparent': False, 'description': '', 'port_security_enabled': True, 'tags': [], 'created_at': '2026-06-28T07:03:46Z', 'updated_at': '2026-06-28T07:03:48Z', 'revision_number': 3, 'provider:network_type': 'geneve', 'provider:physical_network': None, 'provider:segmentation_id': 56218}}, resource_type=ports, if_exists=True) {{(pid=87376) do_commit /opt/stack/data/venv/lib/python3.12/site-packages/ovsdbapp/backend/ovs_idl/transaction.py:89}}
Jun 28 07:03:59.562373 np0000003869 devstack@neutron-api.service[87376]: DEBUG ovsdbapp.backend.ovs_idl.transaction [None req-5e6a152a-5f56-43cd-8fa0-af4d5601932b None None] Running txn n=1 command(idx=1): SetLSwitchPortCommand(_result=None, lport=e571f308-6af5-4a89-8589-6135bbaf4a1a, external_ids_update=None, columns={'external_ids': {'neutron:port_name': '', 'neutron:device_id': '9006d5c4-b653-47ae-9a6a-5c2fb2a3cbaa', 'neutron:project_id': 'c1492d5a76074b688d77c544895812af', 'neutron:cidrs': 'fd8b:8e7c:3ccd::1/64', 'neutron:device_owner': 'network:router_interface', 'neutron:subnet_pool_addr_scope4': '', 'neutron:subnet_pool_addr_scope6': '', 'neutron:network_name': 'neutron-a769f349-149e-4b13-9fe9-2a68fc1810f5', 'neutron:security_group_ids': '', 'neutron:revision_number': '2', 'neutron:vnic_type': 'normal', 'neutron:port_capabilities': '', 'neutron:mtu': ''}, 'parent_name': [], 'options': {'router-port': 'lrp-e571f308-6af5-4a89-8589-6135bbaf4a1a'}, 'enabled': True, 'port_security': [], 'dhcpv4_options': [], 'dhcpv6_options': [], 'type': 'router', 'ha_chassis_group': [], 'tag_request': []}, if_exists=False) {{(pid=87376) do_commit /opt/stack/data/venv/lib/python3.12/site-packages/ovsdbapp/backend/ovs_idl/transaction.py:89}}
Jun 28 07:03:59.562845 np0000003869 devstack@neutron-api.service[87376]: DEBUG ovsdbapp.backend.ovs_idl.transaction [None req-5e6a152a-5f56-43cd-8fa0-af4d5601932b None None] Running txn n=1 command(idx=2): PgDelPortCommand(_result=None, port_group=neutron_pg_drop, lsp=['e571f308-6af5-4a89-8589-6135bbaf4a1a'], if_exists=False) {{(pid=87376) do_commit /opt/stack/data/venv/lib/python3.12/site-packages/ovsdbapp/backend/ovs_idl/transaction.py:89}}
Jun 28 07:03:59.569892 np0000003869 devstack@neutron-api.service[87375]: DEBUG neutron.plugins.ml2.drivers.ovn.mech_driver.ovsdb.ovsdb_monitor [None req-217b90d4-38ca-46de-bc3f-9facaba1fd1c None None] Touching Hash Ring node "cd000b621ef7541693d3561d8511f6cc" from IDL notify handler {{(pid=87375) notify /opt/stack/neutron/neutron/plugins/ml2/drivers/ovn/mech_driver/ovsdb/ovsdb_monitor.py:1007}}
Jun 28 07:03:59.570248 np0000003869 devstack@neutron-api.service[87376]: DEBUG neutron.plugins.ml2.drivers.ovn.mech_driver.ovsdb.ovsdb_monitor [None req-5e6a152a-5f56-43cd-8fa0-af4d5601932b None None] Touching Hash Ring node "d66119954a755a3f8d0211bd51a80e97" from IDL notify handler {{(pid=87376) notify /opt/stack/neutron/neutron/plugins/ml2/drivers/ovn/mech_driver/ovsdb/ovsdb_monitor.py:1007}}
Jun 28 07:03:59.571866 np0000003869 devstack@neutron-api.service[87376]: DEBUG neutron.plugins.ml2.drivers.ovn.mech_driver.ovsdb.ovsdb_monitor [None req-121a4c57-6243-4228-bf86-cf8ec7652795 None None] Touching Hash Ring node "d66119954a755a3f8d0211bd51a80e97" from IDL notify handler {{(pid=87376) notify /opt/stack/neutron/neutron/plugins/ml2/drivers/ovn/mech_driver/ovsdb/ovsdb_monitor.py:1007}}
Jun 28 07:03:59.574551 np0000003869 devstack@neutron-api.service[87376]: DEBUG neutron.api.wsgi [None req-6f0a7c4a-afd0-4e3b-bd02-6783c7ec8db0 admin admin] Missing Content-Type {{(pid=87376) get_content_type /opt/stack/neutron/neutron/api/wsgi.py:80}}
Jun 28 07:03:59.574645 np0000003869 devstack@neutron-api.service[87375]: DEBUG neutron.plugins.ml2.drivers.ovn.mech_driver.ovsdb.ovsdb_monitor [None req-217b90d4-38ca-46de-bc3f-9facaba1fd1c None None] Hash Ring: Node cd000b621ef7541693d3561d8511f6cc (host: np0000003869) handling event "update" for row ed873057-6cf2-4d4b-b4ff-e5bfbddda8d7 (table: Port_Binding) {{(pid=87375) notify /opt/stack/neutron/neutron/plugins/ml2/drivers/ovn/mech_driver/ovsdb/ovsdb_monitor.py:1015}}
Jun 28 07:03:59.585487 np0000003869 devstack@neutron-api.service[87376]: DEBUG neutron.plugins.ml2.drivers.ovn.mech_driver.ovsdb.ovsdb_monitor [None req-5e6a152a-5f56-43cd-8fa0-af4d5601932b None None] Hash Ring: Node d66119954a755a3f8d0211bd51a80e97 (host: np0000003869) handling event "update" for row ba2c3108-1289-41d8-aabe-f8d3fde85a30 (table: Logical_Switch_Port) {{(pid=87376) notify /opt/stack/neutron/neutron/plugins/ml2/drivers/ovn/mech_driver/ovsdb/ovsdb_monitor.py:1015}}
Jun 28 07:03:59.588499 np0000003869 devstack@neutron-api.service[87376]: DEBUG neutron.plugins.ml2.drivers.ovn.mech_driver.ovsdb.ovsdb_monitor [None req-121a4c57-6243-4228-bf86-cf8ec7652795 None None] Hash Ring: Node d66119954a755a3f8d0211bd51a80e97 (host: np0000003869) handling event "update" for row ed873057-6cf2-4d4b-b4ff-e5bfbddda8d7 (table: Port_Binding) {{(pid=87376) notify /opt/stack/neutron/neutron/plugins/ml2/drivers/ovn/mech_driver/ovsdb/ovsdb_monitor.py:1015}}
Jun 28 07:03:59.644223 np0000003869 devstack@neutron-api.service[87376]: DEBUG ovsdbapp.backend.ovs_idl.event [None req-5e6a152a-5f56-43cd-8fa0-af4d5601932b None None] Matched UPDATE: LogicalSwitchPortUpdateLogicalRouterPortEvent(events=('update',), table='Logical_Switch_Port', conditions=None, old_conditions=None), priority=20 to row=Logical_Switch_Port(uuid=ba2c3108-1289-41d8-aabe-f8d3fde85a30, addresses=['router'], dhcpv4_options=[], dhcpv6_options=[], dynamic_addresses=[], enabled=True, external_ids={'neutron:cidrs': 'fd8b:8e7c:3ccd::1/64', 'neutron:device_id': '9006d5c4-b653-47ae-9a6a-5c2fb2a3cbaa', 'neutron:device_owner': 'network:router_interface', 'neutron:mtu': '', 'neutron:network_name': 'neutron-a769f349-149e-4b13-9fe9-2a68fc1810f5', 'neutron:port_capabilities': '', 'neutron:port_name': '', 'neutron:project_id': 'c1492d5a76074b688d77c544895812af', 'neutron:revision_number': '2', 'neutron:security_group_ids': '', 'neutron:subnet_pool_addr_scope4': '', 'neutron:subnet_pool_addr_scope6': '', 'neutron:vnic_type': 'normal'}, ha_chassis_group=[], mirror_rules=[], name='e571f308-6af5-4a89-8589-6135bbaf4a1a', options={'router-port': 'lrp-e571f308-6af5-4a89-8589-6135bbaf4a1a'}, parent_name=[], port_security=[], tag=[], tag_request=[], type='router', up=True) old=Logical_Switch_Port(uuid=ba2c3108-1289-41d8-aabe-f8d3fde85a30, external_ids={'neutron:cidrs': 'fd8b:8e7c:3ccd::1/64', 'neutron:device_id': '9006d5c4-b653-47ae-9a6a-5c2fb2a3cbaa', 'neutron:device_owner': 'network:router_interface', 'neutron:mtu': '', 'neutron:network_name': 'neutron-a769f349-149e-4b13-9fe9-2a68fc1810f5', 'neutron:port_capabilities': '', 'neutron:port_name': '', 'neutron:project_id': 'c1492d5a76074b688d77c544895812af', 'neutron:revision_number': '1', 'neutron:security_group_ids': '', 'neutron:subnet_pool_addr_scope4': '', 'neutron:subnet_pool_addr_scope6': '', 'neutron:vnic_type': 'normal'}) {{(pid=87376) matches /opt/stack/data/venv/lib/python3.12/site-packages/ovsdbapp/backend/ovs_idl/event.py:55}}
Jun 28 07:03:59.648862 np0000003869 devstack@neutron-api.service[87376]: [pid: 87376|app: 0|req: 12/32] 10.4.3.36 () {64 vars in 1374 bytes} [Sun Jun 28 07:03:59 2026] GET /networking/v2.0/routers/9006d5c4-b653-47ae-9a6a-5c2fb2a3cbaa => generated 1114 bytes in 85 msecs (HTTP/1.1 200) 4 headers in 158 bytes (1 switches on core 0)
Jun 28 07:03:59.665396 np0000003869 devstack@neutron-api.service[87376]: INFO neutron.db.ovn_revision_numbers_db [None req-ea89f39f-ef3f-49e3-ab88-3da13337ee78 None None] Successfully bumped revision number for resource e571f308-6af5-4a89-8589-6135bbaf4a1a (type: ports) to 2
Jun 28 07:03:59.668577 np0000003869 devstack@neutron-api.service[87376]: DEBUG neutron_lib.callbacks.manager [None req-ea89f39f-ef3f-49e3-ab88-3da13337ee78 None None] Publish callbacks ['neutron.plugins.ml2.ovo_rpc._ObjectChangeHandler.handle_event-1259920', 'neutron.services.ovn_l3.plugin.OVNL3RouterPlugin._port_update-8055903560674'] for port (e571f308-6af5-4a89-8589-6135bbaf4a1a), after_update {{(pid=87376) _notify_loop /opt/stack/data/venv/lib/python3.12/site-packages/neutron_lib/callbacks/manager.py:184}}
Jun 28 07:03:59.684247 np0000003869 devstack@neutron-api.service[87376]: DEBUG neutron.api.rpc.handlers.resources_rpc [None req-8f23d360-4ebd-4bed-acc3-f302071d7f98 None None] Pushing event updated for resources: {'Port': ['ID=e571f308-6af5-4a89-8589-6135bbaf4a1a,revision_number=2']} {{(pid=87376) push /opt/stack/neutron/neutron/api/rpc/handlers/resources_rpc.py:237}}
Jun 28 07:03:59.702312 np0000003869 devstack@neutron-api.service[87375]: DEBUG neutron.pecan_wsgi.hooks.policy_enforcement [None req-5c8580e6-8c83-43de-8764-b1b3a8b2e629 admin admin] Attributes excluded by policy engine: ['standard_attr_id'] {{(pid=87375) _exclude_attributes_by_policy /opt/stack/neutron/neutron/pecan_wsgi/hooks/policy_enforcement.py:259}}
Jun 28 07:03:59.704387 np0000003869 devstack@neutron-api.service[87375]: [pid: 87375|app: 0|req: 11/33] 10.4.3.36 () {64 vars in 1363 bytes} [Sun Jun 28 07:03:59 2026] GET /networking/v2.0/ports?device_id=9006d5c4-b653-47ae-9a6a-5c2fb2a3cbaa => generated 2597 bytes in 49 msecs (HTTP/1.1 200) 4 headers in 158 bytes (1 switches on core 0)
Jun 28 07:04:01.751900 np0000003869 devstack@neutron-api.service[87376]: DEBUG neutron.plugins.ml2.drivers.ovn.mech_driver.ovsdb.ovsdb_monitor [None req-5e6a152a-5f56-43cd-8fa0-af4d5601932b None None] Touching Hash Ring node "d66119954a755a3f8d0211bd51a80e97" from IDL notify handler {{(pid=87376) notify /opt/stack/neutron/neutron/plugins/ml2/drivers/ovn/mech_driver/ovsdb/ovsdb_monitor.py:1007}}
Jun 28 07:04:01.752611 np0000003869 devstack@neutron-api.service[87377]: DEBUG neutron.plugins.ml2.drivers.ovn.mech_driver.ovsdb.ovsdb_monitor [None req-710b2647-8056-4641-8822-d27a77577ee1 None None] Touching Hash Ring node "4563e56dc81853a1b2589a080ea1ba23" from IDL notify handler {{(pid=87377) notify /opt/stack/neutron/neutron/plugins/ml2/drivers/ovn/mech_driver/ovsdb/ovsdb_monitor.py:1007}}
Jun 28 07:04:01.758499 np0000003869 devstack@neutron-api.service[87376]: DEBUG neutron.plugins.ml2.drivers.ovn.mech_driver.ovsdb.ovsdb_monitor [None req-5e6a152a-5f56-43cd-8fa0-af4d5601932b None None] Hash Ring: Node d66119954a755a3f8d0211bd51a80e97 (host: np0000003869) handling event "update" for row 1d5360f9-9eb8-4258-8ef4-73abe858d0e9 (table: NB_Global) {{(pid=87376) notify /opt/stack/neutron/neutron/plugins/ml2/drivers/ovn/mech_driver/ovsdb/ovsdb_monitor.py:1015}}
Jun 28 07:04:01.759991 np0000003869 devstack@neutron-api.service[87377]: DEBUG neutron.plugins.ml2.drivers.ovn.mech_driver.ovsdb.ovsdb_monitor [None req-710b2647-8056-4641-8822-d27a77577ee1 None None] Hash Ring: Node 4563e56dc81853a1b2589a080ea1ba23 (host: np0000003869) handling event "update" for row 1d5360f9-9eb8-4258-8ef4-73abe858d0e9 (table: NB_Global) {{(pid=87377) notify /opt/stack/neutron/neutron/plugins/ml2/drivers/ovn/mech_driver/ovsdb/ovsdb_monitor.py:1015}}
Jun 28 07:04:02.281938 np0000003869 devstack@neutron-api.service[87376]: DEBUG neutron.plugins.ml2.drivers.ovn.mech_driver.ovsdb.ovsdb_monitor [None req-5e6a152a-5f56-43cd-8fa0-af4d5601932b None None] Touching Hash Ring node "d66119954a755a3f8d0211bd51a80e97" from IDL notify handler {{(pid=87376) notify /opt/stack/neutron/neutron/plugins/ml2/drivers/ovn/mech_driver/ovsdb/ovsdb_monitor.py:1007}}
Jun 28 07:04:02.282679 np0000003869 devstack@neutron-api.service[87377]: DEBUG neutron.plugins.ml2.drivers.ovn.mech_driver.ovsdb.ovsdb_monitor [None req-710b2647-8056-4641-8822-d27a77577ee1 None None] Touching Hash Ring node "4563e56dc81853a1b2589a080ea1ba23" from IDL notify handler {{(pid=87377) notify /opt/stack/neutron/neutron/plugins/ml2/drivers/ovn/mech_driver/ovsdb/ovsdb_monitor.py:1007}}
Jun 28 07:04:02.285417 np0000003869 devstack@neutron-api.service[87377]: DEBUG neutron.plugins.ml2.drivers.ovn.mech_driver.ovsdb.ovsdb_monitor [None req-710b2647-8056-4641-8822-d27a77577ee1 None None] Hash Ring: Node 4563e56dc81853a1b2589a080ea1ba23 (host: np0000003869) handling event "update" for row 1d5360f9-9eb8-4258-8ef4-73abe858d0e9 (table: NB_Global) {{(pid=87377) notify /opt/stack/neutron/neutron/plugins/ml2/drivers/ovn/mech_driver/ovsdb/ovsdb_monitor.py:1015}}
Jun 28 07:04:02.286151 np0000003869 devstack@neutron-api.service[87376]: DEBUG neutron.plugins.ml2.drivers.ovn.mech_driver.ovsdb.ovsdb_monitor [None req-5e6a152a-5f56-43cd-8fa0-af4d5601932b None None] Hash Ring: Node d66119954a755a3f8d0211bd51a80e97 (host: np0000003869) handling event "update" for row 1d5360f9-9eb8-4258-8ef4-73abe858d0e9 (table: NB_Global) {{(pid=87376) notify /opt/stack/neutron/neutron/plugins/ml2/drivers/ovn/mech_driver/ovsdb/ovsdb_monitor.py:1015}}
Jun 28 07:04:02.292675 np0000003869 devstack@neutron-api.service[87377]: DEBUG neutron.plugins.ml2.drivers.ovn.mech_driver.ovsdb.ovsdb_monitor [None req-710b2647-8056-4641-8822-d27a77577ee1 None None] Touching Hash Ring node "4563e56dc81853a1b2589a080ea1ba23" from IDL notify handler {{(pid=87377) notify /opt/stack/neutron/neutron/plugins/ml2/drivers/ovn/mech_driver/ovsdb/ovsdb_monitor.py:1007}}
Jun 28 07:04:02.293226 np0000003869 devstack@neutron-api.service[87376]: DEBUG neutron.plugins.ml2.drivers.ovn.mech_driver.ovsdb.ovsdb_monitor [None req-5e6a152a-5f56-43cd-8fa0-af4d5601932b None None] Touching Hash Ring node "d66119954a755a3f8d0211bd51a80e97" from IDL notify handler {{(pid=87376) notify /opt/stack/neutron/neutron/plugins/ml2/drivers/ovn/mech_driver/ovsdb/ovsdb_monitor.py:1007}}
Jun 28 07:04:02.296280 np0000003869 devstack@neutron-api.service[87376]: DEBUG neutron.plugins.ml2.drivers.ovn.mech_driver.ovsdb.ovsdb_monitor [None req-5e6a152a-5f56-43cd-8fa0-af4d5601932b None None] Hash Ring: Node d66119954a755a3f8d0211bd51a80e97 (host: np0000003869) handling event "update" for row 1d5360f9-9eb8-4258-8ef4-73abe858d0e9 (table: NB_Global) {{(pid=87376) notify /opt/stack/neutron/neutron/plugins/ml2/drivers/ovn/mech_driver/ovsdb/ovsdb_monitor.py:1015}}
Jun 28 07:04:02.296765 np0000003869 devstack@neutron-api.service[87377]: DEBUG neutron.plugins.ml2.drivers.ovn.mech_driver.ovsdb.ovsdb_monitor [None req-710b2647-8056-4641-8822-d27a77577ee1 None None] Hash Ring: Node 4563e56dc81853a1b2589a080ea1ba23 (host: np0000003869) handling event "update" for row 1d5360f9-9eb8-4258-8ef4-73abe858d0e9 (table: NB_Global) {{(pid=87377) notify /opt/stack/neutron/neutron/plugins/ml2/drivers/ovn/mech_driver/ovsdb/ovsdb_monitor.py:1015}}
Jun 28 07:04:02.310493 np0000003869 devstack@neutron-api.service[87376]: DEBUG neutron.plugins.ml2.drivers.ovn.mech_driver.ovsdb.ovsdb_monitor [None req-5e6a152a-5f56-43cd-8fa0-af4d5601932b None None] Touching Hash Ring node "d66119954a755a3f8d0211bd51a80e97" from IDL notify handler {{(pid=87376) notify /opt/stack/neutron/neutron/plugins/ml2/drivers/ovn/mech_driver/ovsdb/ovsdb_monitor.py:1007}}
Jun 28 07:04:02.310998 np0000003869 devstack@neutron-api.service[87377]: DEBUG neutron.plugins.ml2.drivers.ovn.mech_driver.ovsdb.ovsdb_monitor [None req-710b2647-8056-4641-8822-d27a77577ee1 None None] Touching Hash Ring node "4563e56dc81853a1b2589a080ea1ba23" from IDL notify handler {{(pid=87377) notify /opt/stack/neutron/neutron/plugins/ml2/drivers/ovn/mech_driver/ovsdb/ovsdb_monitor.py:1007}}
Jun 28 07:04:02.312394 np0000003869 devstack@neutron-api.service[87376]: DEBUG neutron.plugins.ml2.drivers.ovn.mech_driver.ovsdb.ovsdb_monitor [None req-5e6a152a-5f56-43cd-8fa0-af4d5601932b None None] Hash Ring: Node d66119954a755a3f8d0211bd51a80e97 (host: np0000003869) handling event "update" for row 1d5360f9-9eb8-4258-8ef4-73abe858d0e9 (table: NB_Global) {{(pid=87376) notify /opt/stack/neutron/neutron/plugins/ml2/drivers/ovn/mech_driver/ovsdb/ovsdb_monitor.py:1015}}
Jun 28 07:04:02.314517 np0000003869 devstack@neutron-api.service[87377]: DEBUG neutron.plugins.ml2.drivers.ovn.mech_driver.ovsdb.ovsdb_monitor [None req-710b2647-8056-4641-8822-d27a77577ee1 None None] Hash Ring: Node 4563e56dc81853a1b2589a080ea1ba23 (host: np0000003869) handling event "update" for row 1d5360f9-9eb8-4258-8ef4-73abe858d0e9 (table: NB_Global) {{(pid=87377) notify /opt/stack/neutron/neutron/plugins/ml2/drivers/ovn/mech_driver/ovsdb/ovsdb_monitor.py:1015}}
Jun 28 07:04:04.116804 np0000003869 devstack@neutron-api.service[87376]: WARNING neutron.plugins.ml2.drivers.ovn.mech_driver.ovsdb.ovn_client [None req-8f23d360-4ebd-4bed-acc3-f302071d7f98 None None] No hosting information found for port e571f308-6af5-4a89-8589-6135bbaf4a1a: RuntimeError: No hosting information found for port e571f308-6af5-4a89-8589-6135bbaf4a1a
Jun 28 07:04:04.152773 np0000003869 devstack@neutron-api.service[87376]: INFO neutron.common.ovn.utils [None req-8f23d360-4ebd-4bed-acc3-f302071d7f98 None None] HA Chassis Group neutron-a769f349-149e-4b13-9fe9-2a68fc1810f5 synchronized; highest priority chassis 370e0756-08c6-465c-b59f-746308b5f8be
Jun 28 07:04:04.153244 np0000003869 devstack@neutron-api.service[87376]: DEBUG ovsdbapp.backend.ovs_idl.transaction [None req-5e6a152a-5f56-43cd-8fa0-af4d5601932b None None] Running txn n=1 command(idx=0): DbSetCommand(_result=None, table=HA_Chassis_Group, record=neutron-a769f349-149e-4b13-9fe9-2a68fc1810f5, col_values=(('external_ids', {'neutron:availability_zone_hints': '', 'neutron:network_id': 'a769f349-149e-4b13-9fe9-2a68fc1810f5', 'neutron:router_id': '9006d5c4-b653-47ae-9a6a-5c2fb2a3cbaa'}),), if_exists=True) {{(pid=87376) do_commit /opt/stack/data/venv/lib/python3.12/site-packages/ovsdbapp/backend/ovs_idl/transaction.py:89}}
Jun 28 07:04:04.153506 np0000003869 devstack@neutron-api.service[87376]: DEBUG ovsdbapp.backend.ovs_idl.transaction [None req-5e6a152a-5f56-43cd-8fa0-af4d5601932b None None] Running txn n=1 command(idx=1): HAChassisGroupAddChassisCommand(_result=None, hcg=neutron-a769f349-149e-4b13-9fe9-2a68fc1810f5, chassis=370e0756-08c6-465c-b59f-746308b5f8be, priority=1, columns={}) {{(pid=87376) do_commit /opt/stack/data/venv/lib/python3.12/site-packages/ovsdbapp/backend/ovs_idl/transaction.py:89}}
Jun 28 07:04:04.153708 np0000003869 devstack@neutron-api.service[87376]: DEBUG ovsdbapp.backend.ovs_idl.transaction [None req-5e6a152a-5f56-43cd-8fa0-af4d5601932b None None] Transaction caused no change {{(pid=87376) do_commit /opt/stack/data/venv/lib/python3.12/site-packages/ovsdbapp/backend/ovs_idl/transaction.py:129}}
Jun 28 07:04:04.211439 np0000003869 devstack@neutron-api.service[87376]: DEBUG ovsdbapp.backend.ovs_idl.transaction [None req-5e6a152a-5f56-43cd-8fa0-af4d5601932b None None] Running txn n=1 command(idx=0): CheckRevisionNumberCommand(_result=None, name=lrp-e571f308-6af5-4a89-8589-6135bbaf4a1a, resource={'id': 'e571f308-6af5-4a89-8589-6135bbaf4a1a', 'name': '', 'network_id': 'a769f349-149e-4b13-9fe9-2a68fc1810f5', 'project_id': 'c1492d5a76074b688d77c544895812af', 'mac_address': 'fa:16:3e:92:f4:5c', 'admin_state_up': True, 'status': 'ACTIVE', 'device_id': '9006d5c4-b653-47ae-9a6a-5c2fb2a3cbaa', 'device_owner': 'network:router_interface', 'standard_attr_id': 24, 'fixed_ips': [{'subnet_id': '55d2caaf-d82c-44c3-a6c6-1cc918f08275', 'ip_address': 'fd8b:8e7c:3ccd::1'}], 'allowed_address_pairs': [], 'extra_dhcp_opts': [], 'security_groups': [], 'description': '', 'binding:vnic_type': 'normal', 'binding:profile': {}, 'binding:host_id': '', 'binding:vif_type': 'unbound', 'binding:vif_details': {}, 'port_security_enabled': False, 'tags': [], 'created_at': '2026-06-28T07:03:56Z', 'updated_at': '2026-06-28T07:03:59Z', 'revision_number': 2, 'tenant_id': 'c1492d5a76074b688d77c544895812af'}, resource_type=router_ports, if_exists=True) {{(pid=87376) do_commit /opt/stack/data/venv/lib/python3.12/site-packages/ovsdbapp/backend/ovs_idl/transaction.py:89}}
Jun 28 07:04:04.211623 np0000003869 devstack@neutron-api.service[87376]: DEBUG ovsdbapp.backend.ovs_idl.transaction [None req-5e6a152a-5f56-43cd-8fa0-af4d5601932b None None] Running txn n=1 command(idx=1): UpdateLRouterPortCommand(_result=None, name=lrp-e571f308-6af5-4a89-8589-6135bbaf4a1a, columns={'external_ids': {'neutron:revision_number': '2', 'neutron:subnet_ids': '55d2caaf-d82c-44c3-a6c6-1cc918f08275', 'neutron:network_name': 'neutron-a769f349-149e-4b13-9fe9-2a68fc1810f5', 'neutron:is_ext_gw': 'False', 'neutron:router_name': 'neutron-9006d5c4-b653-47ae-9a6a-5c2fb2a3cbaa'}, 'options': {}, 'networks': ['fd8b:8e7c:3ccd::1/64'], 'ipv6_ra_configs': {'address_mode': 'slaac', 'send_periodic': 'true', 'mtu': '1372'}}, if_exists=False) {{(pid=87376) do_commit /opt/stack/data/venv/lib/python3.12/site-packages/ovsdbapp/backend/ovs_idl/transaction.py:89}}
Jun 28 07:04:04.211871 np0000003869 devstack@neutron-api.service[87376]: DEBUG ovsdbapp.backend.ovs_idl.transaction [None req-5e6a152a-5f56-43cd-8fa0-af4d5601932b None None] Running txn n=1 command(idx=2): SetLRouterPortInLSwitchPortCommand(_result=None, lswitch_port=e571f308-6af5-4a89-8589-6135bbaf4a1a, lrouter_port=lrp-e571f308-6af5-4a89-8589-6135bbaf4a1a, is_gw_port=False, if_exists=True, lsp_address=router) {{(pid=87376) do_commit /opt/stack/data/venv/lib/python3.12/site-packages/ovsdbapp/backend/ovs_idl/transaction.py:89}}
Jun 28 07:04:04.217378 np0000003869 devstack@neutron-api.service[87375]: DEBUG neutron.plugins.ml2.drivers.ovn.mech_driver.ovsdb.ovsdb_monitor [None req-268fbd5e-a7b5-45fe-91bd-90c74f0a1fe2 None None] Touching Hash Ring node "cd000b621ef7541693d3561d8511f6cc" from IDL notify handler {{(pid=87375) notify /opt/stack/neutron/neutron/plugins/ml2/drivers/ovn/mech_driver/ovsdb/ovsdb_monitor.py:1007}}
Jun 28 07:04:04.218017 np0000003869 devstack@neutron-api.service[87376]: DEBUG neutron.plugins.ml2.drivers.ovn.mech_driver.ovsdb.ovsdb_monitor [None req-5e6a152a-5f56-43cd-8fa0-af4d5601932b None None] Touching Hash Ring node "d66119954a755a3f8d0211bd51a80e97" from IDL notify handler {{(pid=87376) notify /opt/stack/neutron/neutron/plugins/ml2/drivers/ovn/mech_driver/ovsdb/ovsdb_monitor.py:1007}}
Jun 28 07:04:04.219174 np0000003869 devstack@neutron-api.service[87375]: DEBUG neutron.plugins.ml2.drivers.ovn.mech_driver.ovsdb.ovsdb_monitor [None req-217b90d4-38ca-46de-bc3f-9facaba1fd1c None None] Touching Hash Ring node "cd000b621ef7541693d3561d8511f6cc" from IDL notify handler {{(pid=87375) notify /opt/stack/neutron/neutron/plugins/ml2/drivers/ovn/mech_driver/ovsdb/ovsdb_monitor.py:1007}}
Jun 28 07:04:04.223458 np0000003869 devstack@neutron-api.service[87376]: DEBUG neutron.plugins.ml2.drivers.ovn.mech_driver.ovsdb.ovsdb_monitor [None req-121a4c57-6243-4228-bf86-cf8ec7652795 None None] Touching Hash Ring node "d66119954a755a3f8d0211bd51a80e97" from IDL notify handler {{(pid=87376) notify /opt/stack/neutron/neutron/plugins/ml2/drivers/ovn/mech_driver/ovsdb/ovsdb_monitor.py:1007}}
Jun 28 07:04:04.226879 np0000003869 devstack@neutron-api.service[87375]: DEBUG neutron.plugins.ml2.drivers.ovn.mech_driver.ovsdb.ovsdb_monitor [None req-217b90d4-38ca-46de-bc3f-9facaba1fd1c None None] Hash Ring: Node cd000b621ef7541693d3561d8511f6cc (host: np0000003869) handling event "update" for row 50079cb1-6dae-4b79-be95-c43728ccc5fe (table: Port_Binding) {{(pid=87375) notify /opt/stack/neutron/neutron/plugins/ml2/drivers/ovn/mech_driver/ovsdb/ovsdb_monitor.py:1015}}
Jun 28 07:04:04.227524 np0000003869 devstack@neutron-api.service[87375]: DEBUG neutron.plugins.ml2.drivers.ovn.mech_driver.ovsdb.ovsdb_monitor [None req-268fbd5e-a7b5-45fe-91bd-90c74f0a1fe2 None None] Hash Ring: Node cd000b621ef7541693d3561d8511f6cc (host: np0000003869) handling event "update" for row abfac340-6e3c-47c5-8cac-560efd30d042 (table: Logical_Router_Port) {{(pid=87375) notify /opt/stack/neutron/neutron/plugins/ml2/drivers/ovn/mech_driver/ovsdb/ovsdb_monitor.py:1015}}
Jun 28 07:04:04.228554 np0000003869 devstack@neutron-api.service[87376]: DEBUG neutron.plugins.ml2.drivers.ovn.mech_driver.ovsdb.ovsdb_monitor [None req-5e6a152a-5f56-43cd-8fa0-af4d5601932b None None] Hash Ring: Node d66119954a755a3f8d0211bd51a80e97 (host: np0000003869) handling event "update" for row abfac340-6e3c-47c5-8cac-560efd30d042 (table: Logical_Router_Port) {{(pid=87376) notify /opt/stack/neutron/neutron/plugins/ml2/drivers/ovn/mech_driver/ovsdb/ovsdb_monitor.py:1015}}
Jun 28 07:04:04.230184 np0000003869 devstack@neutron-api.service[87376]: DEBUG neutron.plugins.ml2.drivers.ovn.mech_driver.ovsdb.ovsdb_monitor [None req-121a4c57-6243-4228-bf86-cf8ec7652795 None None] Hash Ring: Node d66119954a755a3f8d0211bd51a80e97 (host: np0000003869) handling event "update" for row 50079cb1-6dae-4b79-be95-c43728ccc5fe (table: Port_Binding) {{(pid=87376) notify /opt/stack/neutron/neutron/plugins/ml2/drivers/ovn/mech_driver/ovsdb/ovsdb_monitor.py:1015}}
Jun 28 07:04:04.248265 np0000003869 devstack@neutron-api.service[87376]: INFO neutron.db.ovn_revision_numbers_db [None req-8f23d360-4ebd-4bed-acc3-f302071d7f98 None None] Successfully bumped revision number for resource e571f308-6af5-4a89-8589-6135bbaf4a1a (type: router_ports) to 2
Jun 28 07:04:04.282893 np0000003869 devstack@neutron-api.service[87376]: INFO neutron.common.ovn.utils [None req-8f23d360-4ebd-4bed-acc3-f302071d7f98 None None] HA Chassis Group neutron-a769f349-149e-4b13-9fe9-2a68fc1810f5 synchronized; highest priority chassis 370e0756-08c6-465c-b59f-746308b5f8be
Jun 28 07:04:04.283491 np0000003869 devstack@neutron-api.service[87376]: DEBUG ovsdbapp.backend.ovs_idl.transaction [None req-5e6a152a-5f56-43cd-8fa0-af4d5601932b None None] Running txn n=1 command(idx=0): DbSetCommand(_result=None, table=HA_Chassis_Group, record=neutron-a769f349-149e-4b13-9fe9-2a68fc1810f5, col_values=(('external_ids', {'neutron:availability_zone_hints': '', 'neutron:network_id': 'a769f349-149e-4b13-9fe9-2a68fc1810f5', 'neutron:router_id': '9006d5c4-b653-47ae-9a6a-5c2fb2a3cbaa'}),), if_exists=True) {{(pid=87376) do_commit /opt/stack/data/venv/lib/python3.12/site-packages/ovsdbapp/backend/ovs_idl/transaction.py:89}}
Jun 28 07:04:04.283649 np0000003869 devstack@neutron-api.service[87376]: DEBUG ovsdbapp.backend.ovs_idl.transaction [None req-5e6a152a-5f56-43cd-8fa0-af4d5601932b None None] Running txn n=1 command(idx=1): HAChassisGroupAddChassisCommand(_result=None, hcg=neutron-a769f349-149e-4b13-9fe9-2a68fc1810f5, chassis=370e0756-08c6-465c-b59f-746308b5f8be, priority=1, columns={}) {{(pid=87376) do_commit /opt/stack/data/venv/lib/python3.12/site-packages/ovsdbapp/backend/ovs_idl/transaction.py:89}}
Jun 28 07:04:04.283912 np0000003869 devstack@neutron-api.service[87376]: DEBUG ovsdbapp.backend.ovs_idl.transaction [None req-5e6a152a-5f56-43cd-8fa0-af4d5601932b None None] Transaction caused no change {{(pid=87376) do_commit /opt/stack/data/venv/lib/python3.12/site-packages/ovsdbapp/backend/ovs_idl/transaction.py:129}}
Jun 28 07:04:04.311732 np0000003869 devstack@neutron-api.service[87376]: INFO neutron.common.ovn.utils [None req-8f23d360-4ebd-4bed-acc3-f302071d7f98 None None] HA Chassis Group neutron-a769f349-149e-4b13-9fe9-2a68fc1810f5 synchronized; highest priority chassis 370e0756-08c6-465c-b59f-746308b5f8be
Jun 28 07:04:04.312219 np0000003869 devstack@neutron-api.service[87376]: DEBUG ovsdbapp.backend.ovs_idl.transaction [None req-5e6a152a-5f56-43cd-8fa0-af4d5601932b None None] Running txn n=1 command(idx=0): DbSetCommand(_result=None, table=HA_Chassis_Group, record=neutron-a769f349-149e-4b13-9fe9-2a68fc1810f5, col_values=(('external_ids', {'neutron:availability_zone_hints': '', 'neutron:network_id': 'a769f349-149e-4b13-9fe9-2a68fc1810f5', 'neutron:router_id': '9006d5c4-b653-47ae-9a6a-5c2fb2a3cbaa'}),), if_exists=True) {{(pid=87376) do_commit /opt/stack/data/venv/lib/python3.12/site-packages/ovsdbapp/backend/ovs_idl/transaction.py:89}}
Jun 28 07:04:04.312438 np0000003869 devstack@neutron-api.service[87376]: DEBUG ovsdbapp.backend.ovs_idl.transaction [None req-5e6a152a-5f56-43cd-8fa0-af4d5601932b None None] Running txn n=1 command(idx=1): HAChassisGroupAddChassisCommand(_result=None, hcg=neutron-a769f349-149e-4b13-9fe9-2a68fc1810f5, chassis=370e0756-08c6-465c-b59f-746308b5f8be, priority=1, columns={}) {{(pid=87376) do_commit /opt/stack/data/venv/lib/python3.12/site-packages/ovsdbapp/backend/ovs_idl/transaction.py:89}}
Jun 28 07:04:04.312668 np0000003869 devstack@neutron-api.service[87376]: DEBUG ovsdbapp.backend.ovs_idl.transaction [None req-5e6a152a-5f56-43cd-8fa0-af4d5601932b None None] Transaction caused no change {{(pid=87376) do_commit /opt/stack/data/venv/lib/python3.12/site-packages/ovsdbapp/backend/ovs_idl/transaction.py:129}}
Jun 28 07:04:04.373599 np0000003869 devstack@neutron-api.service[87376]: DEBUG ovsdbapp.backend.ovs_idl.transaction [None req-5e6a152a-5f56-43cd-8fa0-af4d5601932b None None] Running txn n=1 command(idx=0): CheckRevisionNumberCommand(_result=None, name=lrp-e571f308-6af5-4a89-8589-6135bbaf4a1a, resource={'id': 'e571f308-6af5-4a89-8589-6135bbaf4a1a', 'name': '', 'network_id': 'a769f349-149e-4b13-9fe9-2a68fc1810f5', 'project_id': 'c1492d5a76074b688d77c544895812af', 'mac_address': 'fa:16:3e:92:f4:5c', 'admin_state_up': True, 'status': 'ACTIVE', 'device_id': '9006d5c4-b653-47ae-9a6a-5c2fb2a3cbaa', 'device_owner': 'network:router_interface', 'standard_attr_id': 24, 'fixed_ips': [{'subnet_id': '55d2caaf-d82c-44c3-a6c6-1cc918f08275', 'ip_address': 'fd8b:8e7c:3ccd::1'}], 'allowed_address_pairs': [], 'extra_dhcp_opts': [], 'security_groups': [], 'description': '', 'binding:vnic_type': 'normal', 'binding:profile': {}, 'binding:host_id': '', 'binding:vif_type': 'unbound', 'binding:vif_details': {}, 'port_security_enabled': False, 'tags': [], 'created_at': '2026-06-28T07:03:56Z', 'updated_at': '2026-06-28T07:03:59Z', 'revision_number': 2, 'tenant_id': 'c1492d5a76074b688d77c544895812af'}, resource_type=router_ports, if_exists=True) {{(pid=87376) do_commit /opt/stack/data/venv/lib/python3.12/site-packages/ovsdbapp/backend/ovs_idl/transaction.py:89}}
Jun 28 07:04:04.373908 np0000003869 devstack@neutron-api.service[87376]: DEBUG ovsdbapp.backend.ovs_idl.transaction [None req-5e6a152a-5f56-43cd-8fa0-af4d5601932b None None] Running txn n=1 command(idx=1): UpdateLRouterPortCommand(_result=None, name=lrp-e571f308-6af5-4a89-8589-6135bbaf4a1a, columns={'external_ids': {'neutron:revision_number': '2', 'neutron:subnet_ids': '55d2caaf-d82c-44c3-a6c6-1cc918f08275', 'neutron:network_name': 'neutron-a769f349-149e-4b13-9fe9-2a68fc1810f5', 'neutron:is_ext_gw': 'False', 'neutron:router_name': 'neutron-9006d5c4-b653-47ae-9a6a-5c2fb2a3cbaa'}, 'options': {}, 'networks': ['fd8b:8e7c:3ccd::1/64'], 'ipv6_ra_configs': {'address_mode': 'slaac', 'send_periodic': 'true', 'mtu': '1372'}}, if_exists=False) {{(pid=87376) do_commit /opt/stack/data/venv/lib/python3.12/site-packages/ovsdbapp/backend/ovs_idl/transaction.py:89}}
Jun 28 07:04:04.374146 np0000003869 devstack@neutron-api.service[87376]: DEBUG ovsdbapp.backend.ovs_idl.transaction [None req-5e6a152a-5f56-43cd-8fa0-af4d5601932b None None] Running txn n=1 command(idx=2): SetLRouterPortInLSwitchPortCommand(_result=None, lswitch_port=e571f308-6af5-4a89-8589-6135bbaf4a1a, lrouter_port=lrp-e571f308-6af5-4a89-8589-6135bbaf4a1a, is_gw_port=False, if_exists=True, lsp_address=router) {{(pid=87376) do_commit /opt/stack/data/venv/lib/python3.12/site-packages/ovsdbapp/backend/ovs_idl/transaction.py:89}}
Jun 28 07:04:04.374411 np0000003869 devstack@neutron-api.service[87376]: DEBUG ovsdbapp.backend.ovs_idl.transaction [None req-5e6a152a-5f56-43cd-8fa0-af4d5601932b None None] Transaction caused no change {{(pid=87376) do_commit /opt/stack/data/venv/lib/python3.12/site-packages/ovsdbapp/backend/ovs_idl/transaction.py:129}}
Jun 28 07:04:08.950947 np0000003869 devstack@neutron-api.service[87376]: DEBUG futurist.periodics [-] Submitting periodic callback 'neutron.plugins.ml2.drivers.ovn.mech_driver.ovsdb.maintenance.HashRingHealthCheckPeriodics.touch_hash_ring_node' {{(pid=87376) _process_scheduled /opt/stack/data/venv/lib/python3.12/site-packages/futurist/periodics.py:784}}
Jun 28 07:04:08.952443 np0000003869 devstack@neutron-api.service[87376]: DEBUG neutron.plugins.ml2.drivers.ovn.mech_driver.ovsdb.maintenance [-] Touching Hash Ring node "d66119954a755a3f8d0211bd51a80e97" from periodic health check thread {{(pid=87376) touch_hash_ring_node /opt/stack/neutron/neutron/plugins/ml2/drivers/ovn/mech_driver/ovsdb/maintenance.py:1419}}
Jun 28 07:04:10.031170 np0000003869 devstack@neutron-api.service[87375]: DEBUG futurist.periodics [-] Submitting periodic callback 'neutron.plugins.ml2.drivers.ovn.mech_driver.ovsdb.maintenance.HashRingHealthCheckPeriodics.touch_hash_ring_node' {{(pid=87375) _process_scheduled /opt/stack/data/venv/lib/python3.12/site-packages/futurist/periodics.py:784}}
Jun 28 07:04:10.031699 np0000003869 devstack@neutron-api.service[87375]: DEBUG neutron.plugins.ml2.drivers.ovn.mech_driver.ovsdb.maintenance [-] Touching Hash Ring node "cd000b621ef7541693d3561d8511f6cc" from periodic health check thread {{(pid=87375) touch_hash_ring_node /opt/stack/neutron/neutron/plugins/ml2/drivers/ovn/mech_driver/ovsdb/maintenance.py:1419}}
Jun 28 07:04:10.054402 np0000003869 devstack@neutron-api.service[87377]: DEBUG futurist.periodics [-] Submitting periodic callback 'neutron.plugins.ml2.drivers.ovn.mech_driver.ovsdb.maintenance.HashRingHealthCheckPeriodics.touch_hash_ring_node' {{(pid=87377) _process_scheduled /opt/stack/data/venv/lib/python3.12/site-packages/futurist/periodics.py:784}}
Jun 28 07:04:10.054699 np0000003869 devstack@neutron-api.service[87377]: DEBUG neutron.plugins.ml2.drivers.ovn.mech_driver.ovsdb.maintenance [-] Touching Hash Ring node "4563e56dc81853a1b2589a080ea1ba23" from periodic health check thread {{(pid=87377) touch_hash_ring_node /opt/stack/neutron/neutron/plugins/ml2/drivers/ovn/mech_driver/ovsdb/maintenance.py:1419}}
Jun 28 07:04:18.965484 np0000003869 devstack@neutron-api.service[87376]: DEBUG dbcounter [-] [87376] Writing DB stats neutron:SELECT=3103,neutron:INSERT=729,neutron:DELETE=12,neutron:UPDATE=129 {{(pid=87376) stat_writer /opt/stack/data/venv/lib/python3.12/site-packages/dbcounter.py:115}}
Jun 28 07:04:20.038455 np0000003869 devstack@neutron-api.service[87375]: DEBUG dbcounter [-] [87375] Writing DB stats neutron:SELECT=314,neutron:INSERT=19,neutron:DELETE=6,neutron:UPDATE=26 {{(pid=87375) stat_writer /opt/stack/data/venv/lib/python3.12/site-packages/dbcounter.py:115}}
Jun 28 07:04:20.060443 np0000003869 devstack@neutron-api.service[87377]: DEBUG dbcounter [-] [87377] Writing DB stats neutron:SELECT=2127,neutron:INSERT=55,neutron:DELETE=9,neutron:UPDATE=46 {{(pid=87377) stat_writer /opt/stack/data/venv/lib/python3.12/site-packages/dbcounter.py:115}}
Jun 28 07:04:23.952411 np0000003869 devstack@neutron-api.service[87376]: DEBUG futurist.periodics [-] Submitting periodic callback 'neutron.plugins.ml2.drivers.ovn.mech_driver.ovsdb.maintenance.HashRingHealthCheckPeriodics.touch_hash_ring_node' {{(pid=87376) _process_scheduled /opt/stack/data/venv/lib/python3.12/site-packages/futurist/periodics.py:784}}
Jun 28 07:04:23.953109 np0000003869 devstack@neutron-api.service[87376]: DEBUG neutron.plugins.ml2.drivers.ovn.mech_driver.ovsdb.maintenance [-] Touching Hash Ring node "d66119954a755a3f8d0211bd51a80e97" from periodic health check thread {{(pid=87376) touch_hash_ring_node /opt/stack/neutron/neutron/plugins/ml2/drivers/ovn/mech_driver/ovsdb/maintenance.py:1419}}
Jun 28 07:04:25.031681 np0000003869 devstack@neutron-api.service[87375]: DEBUG futurist.periodics [-] Submitting periodic callback 'neutron.plugins.ml2.drivers.ovn.mech_driver.ovsdb.maintenance.HashRingHealthCheckPeriodics.touch_hash_ring_node' {{(pid=87375) _process_scheduled /opt/stack/data/venv/lib/python3.12/site-packages/futurist/periodics.py:784}}
Jun 28 07:04:25.032152 np0000003869 devstack@neutron-api.service[87375]: DEBUG neutron.plugins.ml2.drivers.ovn.mech_driver.ovsdb.maintenance [-] Touching Hash Ring node "cd000b621ef7541693d3561d8511f6cc" from periodic health check thread {{(pid=87375) touch_hash_ring_node /opt/stack/neutron/neutron/plugins/ml2/drivers/ovn/mech_driver/ovsdb/maintenance.py:1419}}
Jun 28 07:04:25.054768 np0000003869 devstack@neutron-api.service[87377]: DEBUG futurist.periodics [-] Submitting periodic callback 'neutron.plugins.ml2.drivers.ovn.mech_driver.ovsdb.maintenance.HashRingHealthCheckPeriodics.touch_hash_ring_node' {{(pid=87377) _process_scheduled /opt/stack/data/venv/lib/python3.12/site-packages/futurist/periodics.py:784}}
Jun 28 07:04:25.055269 np0000003869 devstack@neutron-api.service[87377]: DEBUG neutron.plugins.ml2.drivers.ovn.mech_driver.ovsdb.maintenance [-] Touching Hash Ring node "4563e56dc81853a1b2589a080ea1ba23" from periodic health check thread {{(pid=87377) touch_hash_ring_node /opt/stack/neutron/neutron/plugins/ml2/drivers/ovn/mech_driver/ovsdb/maintenance.py:1419}}
Jun 28 07:04:33.963201 np0000003869 devstack@neutron-api.service[87376]: DEBUG dbcounter [-] [87376] Writing DB stats neutron:UPDATE=1,neutron:SELECT=1 {{(pid=87376) stat_writer /opt/stack/data/venv/lib/python3.12/site-packages/dbcounter.py:115}}
Jun 28 07:04:35.039611 np0000003869 devstack@neutron-api.service[87375]: DEBUG dbcounter [-] [87375] Writing DB stats neutron:UPDATE=1,neutron:SELECT=1 {{(pid=87375) stat_writer /opt/stack/data/venv/lib/python3.12/site-packages/dbcounter.py:115}}
Jun 28 07:04:35.064761 np0000003869 devstack@neutron-api.service[87377]: DEBUG dbcounter [-] [87377] Writing DB stats neutron:UPDATE=1,neutron:SELECT=1 {{(pid=87377) stat_writer /opt/stack/data/venv/lib/python3.12/site-packages/dbcounter.py:115}}
Jun 28 07:04:38.953100 np0000003869 devstack@neutron-api.service[87376]: DEBUG futurist.periodics [-] Submitting periodic callback 'neutron.plugins.ml2.drivers.ovn.mech_driver.ovsdb.maintenance.HashRingHealthCheckPeriodics.touch_hash_ring_node' {{(pid=87376) _process_scheduled /opt/stack/data/venv/lib/python3.12/site-packages/futurist/periodics.py:784}}
Jun 28 07:04:38.953486 np0000003869 devstack@neutron-api.service[87376]: DEBUG neutron.plugins.ml2.drivers.ovn.mech_driver.ovsdb.maintenance [-] Touching Hash Ring node "d66119954a755a3f8d0211bd51a80e97" from periodic health check thread {{(pid=87376) touch_hash_ring_node /opt/stack/neutron/neutron/plugins/ml2/drivers/ovn/mech_driver/ovsdb/maintenance.py:1419}}
Jun 28 07:04:40.032438 np0000003869 devstack@neutron-api.service[87375]: DEBUG futurist.periodics [-] Submitting periodic callback 'neutron.plugins.ml2.drivers.ovn.mech_driver.ovsdb.maintenance.HashRingHealthCheckPeriodics.touch_hash_ring_node' {{(pid=87375) _process_scheduled /opt/stack/data/venv/lib/python3.12/site-packages/futurist/periodics.py:784}}
Jun 28 07:04:40.032981 np0000003869 devstack@neutron-api.service[87375]: DEBUG neutron.plugins.ml2.drivers.ovn.mech_driver.ovsdb.maintenance [-] Touching Hash Ring node "cd000b621ef7541693d3561d8511f6cc" from periodic health check thread {{(pid=87375) touch_hash_ring_node /opt/stack/neutron/neutron/plugins/ml2/drivers/ovn/mech_driver/ovsdb/maintenance.py:1419}}
Jun 28 07:04:40.055269 np0000003869 devstack@neutron-api.service[87377]: DEBUG futurist.periodics [-] Submitting periodic callback 'neutron.plugins.ml2.drivers.ovn.mech_driver.ovsdb.maintenance.HashRingHealthCheckPeriodics.touch_hash_ring_node' {{(pid=87377) _process_scheduled /opt/stack/data/venv/lib/python3.12/site-packages/futurist/periodics.py:784}}
Jun 28 07:04:40.055710 np0000003869 devstack@neutron-api.service[87377]: DEBUG neutron.plugins.ml2.drivers.ovn.mech_driver.ovsdb.maintenance [-] Touching Hash Ring node "4563e56dc81853a1b2589a080ea1ba23" from periodic health check thread {{(pid=87377) touch_hash_ring_node /opt/stack/neutron/neutron/plugins/ml2/drivers/ovn/mech_driver/ovsdb/maintenance.py:1419}}
Jun 28 07:04:48.959461 np0000003869 devstack@neutron-api.service[87376]: DEBUG dbcounter [-] [87376] Writing DB stats neutron:UPDATE=1,neutron:SELECT=1 {{(pid=87376) stat_writer /opt/stack/data/venv/lib/python3.12/site-packages/dbcounter.py:115}}
Jun 28 07:04:50.041513 np0000003869 devstack@neutron-api.service[87375]: DEBUG dbcounter [-] [87375] Writing DB stats neutron:UPDATE=1,neutron:SELECT=1 {{(pid=87375) stat_writer /opt/stack/data/venv/lib/python3.12/site-packages/dbcounter.py:115}}
Jun 28 07:04:50.063021 np0000003869 devstack@neutron-api.service[87377]: DEBUG dbcounter [-] [87377] Writing DB stats neutron:UPDATE=1,neutron:SELECT=1 {{(pid=87377) stat_writer /opt/stack/data/venv/lib/python3.12/site-packages/dbcounter.py:115}}
Jun 28 07:04:53.953688 np0000003869 devstack@neutron-api.service[87376]: DEBUG futurist.periodics [-] Submitting periodic callback 'neutron.plugins.ml2.drivers.ovn.mech_driver.ovsdb.maintenance.HashRingHealthCheckPeriodics.touch_hash_ring_node' {{(pid=87376) _process_scheduled /opt/stack/data/venv/lib/python3.12/site-packages/futurist/periodics.py:784}}
Jun 28 07:04:53.954262 np0000003869 devstack@neutron-api.service[87376]: DEBUG neutron.plugins.ml2.drivers.ovn.mech_driver.ovsdb.maintenance [-] Touching Hash Ring node "d66119954a755a3f8d0211bd51a80e97" from periodic health check thread {{(pid=87376) touch_hash_ring_node /opt/stack/neutron/neutron/plugins/ml2/drivers/ovn/mech_driver/ovsdb/maintenance.py:1419}}
Jun 28 07:04:55.032936 np0000003869 devstack@neutron-api.service[87375]: DEBUG futurist.periodics [-] Submitting periodic callback 'neutron.plugins.ml2.drivers.ovn.mech_driver.ovsdb.maintenance.HashRingHealthCheckPeriodics.touch_hash_ring_node' {{(pid=87375) _process_scheduled /opt/stack/data/venv/lib/python3.12/site-packages/futurist/periodics.py:784}}
Jun 28 07:04:55.033491 np0000003869 devstack@neutron-api.service[87375]: DEBUG neutron.plugins.ml2.drivers.ovn.mech_driver.ovsdb.maintenance [-] Touching Hash Ring node "cd000b621ef7541693d3561d8511f6cc" from periodic health check thread {{(pid=87375) touch_hash_ring_node /opt/stack/neutron/neutron/plugins/ml2/drivers/ovn/mech_driver/ovsdb/maintenance.py:1419}}
Jun 28 07:04:55.055734 np0000003869 devstack@neutron-api.service[87377]: DEBUG futurist.periodics [-] Submitting periodic callback 'neutron.plugins.ml2.drivers.ovn.mech_driver.ovsdb.maintenance.HashRingHealthCheckPeriodics.touch_hash_ring_node' {{(pid=87377) _process_scheduled /opt/stack/data/venv/lib/python3.12/site-packages/futurist/periodics.py:784}}
Jun 28 07:04:55.056250 np0000003869 devstack@neutron-api.service[87377]: DEBUG neutron.plugins.ml2.drivers.ovn.mech_driver.ovsdb.maintenance [-] Touching Hash Ring node "4563e56dc81853a1b2589a080ea1ba23" from periodic health check thread {{(pid=87377) touch_hash_ring_node /opt/stack/neutron/neutron/plugins/ml2/drivers/ovn/mech_driver/ovsdb/maintenance.py:1419}}
Jun 28 07:05:01.069570 np0000003869 devstack@neutron-api.service[87377]: DEBUG neutron.api.wsgi [None req-02578b72-d30c-4ed9-80fb-3a664c5d1ffa admin admin] Missing Content-Type {{(pid=87377) get_content_type /opt/stack/neutron/neutron/api/wsgi.py:80}}
Jun 28 07:05:01.070170 np0000003869 devstack@neutron-api.service[87377]: DEBUG neutron.api.wsgi [None req-02578b72-d30c-4ed9-80fb-3a664c5d1ffa admin admin] https://10.4.3.36/networking/v2.0/extensions returned with HTTP 200 {{(pid=87377) __call__ /opt/stack/neutron/neutron/api/wsgi.py:540}}
Jun 28 07:05:01.070484 np0000003869 devstack@neutron-api.service[87377]: [pid: 87377|app: 0|req: 11/34] 10.4.3.36 () {64 vars in 1285 bytes} [Sun Jun 28 07:05:01 2026] GET /networking/v2.0/extensions => generated 16171 bytes in 5 msecs (HTTP/1.1 200) 4 headers in 159 bytes (1 switches on core 0)
Jun 28 07:05:01.390874 np0000003869 devstack@neutron-api.service[87376]: INFO neutron.pecan_wsgi.hooks.translation [None req-cbc3e2c8-a530-4e93-92d8-0f5418e4509c admin admin] GET failed (client error): The resource could not be found.
Jun 28 07:05:01.391719 np0000003869 devstack@neutron-api.service[87376]: [pid: 87376|app: 0|req: 13/35] 10.4.3.36 () {64 vars in 1287 bytes} [Sun Jun 28 07:05:01 2026] GET /networking/v2.0/networks/public => generated 108 bytes in 9 msecs (HTTP/1.1 404) 4 headers in 164 bytes (1 switches on core 0)
Jun 28 07:05:01.452760 np0000003869 devstack@neutron-api.service[87375]: DEBUG neutron.pecan_wsgi.hooks.policy_enforcement [None req-0db7e1c7-5235-4824-93ba-17c5c87953c9 admin admin] Attributes excluded by policy engine: ['standard_attr_id'] {{(pid=87375) _exclude_attributes_by_policy /opt/stack/neutron/neutron/pecan_wsgi/hooks/policy_enforcement.py:259}}
Jun 28 07:05:01.454589 np0000003869 devstack@neutron-api.service[87375]: [pid: 87375|app: 0|req: 12/36] 10.4.3.36 () {64 vars in 1302 bytes} [Sun Jun 28 07:05:01 2026] GET /networking/v2.0/networks?name=public => generated 759 bytes in 55 msecs (HTTP/1.1 200) 4 headers in 157 bytes (1 switches on core 0)
Jun 28 07:05:01.677185 np0000003869 devstack@neutron-api.service[87377]: DEBUG neutron.api.v2.base [None req-74a8b29a-1e84-48a7-820c-419c186047f1 admin admin] Request body: {'network': {'name': 'shared', 'admin_state_up': True, 'shared': True}} {{(pid=87377) prepare_request_body /opt/stack/neutron/neutron/api/v2/base.py:727}}
Jun 28 07:05:01.688783 np0000003869 devstack@neutron-api.service[87377]: DEBUG neutron.pecan_wsgi.hooks.quota_enforcement [None req-74a8b29a-1e84-48a7-820c-419c186047f1 admin admin] Made reservation on behalf of c1492d5a76074b688d77c544895812af for: {'network': 1} {{(pid=87377) before /opt/stack/neutron/neutron/pecan_wsgi/hooks/quota_enforcement.py:66}}
Jun 28 07:05:01.691424 np0000003869 devstack@neutron-api.service[87377]: DEBUG neutron_lib.callbacks.manager [None req-74a8b29a-1e84-48a7-820c-419c186047f1 admin admin] Publish callbacks ['neutron.plugins.ml2.plugin.SecurityGroupDbMixin._ensure_default_security_group_handler-3173580'] for network (None), before_create {{(pid=87377) _notify_loop /opt/stack/data/venv/lib/python3.12/site-packages/neutron_lib/callbacks/manager.py:184}}
