Jun 24 08:53:14.068843 np0000003527 devstack@g-api.service[99477]: DEBUG glance.api.middleware.version_negotiation [None req-463a370d-2fa0-4b9c-ab26-32c36ad355ea tempest-ImageDependencyTests-527191652 tempest-ImageDependencyTests-527191652-project-member] new path /v2/schemas/image {{(pid=99477) process_request /opt/stack/glance/glance/api/middleware/version_negotiation.py:70}}
Jun 24 08:53:14.076014 np0000003527 devstack@g-api.service[99477]: [pid: 99477|app: 0|req: 26/72] 127.0.0.1 () {44 vars in 1055 bytes} [Wed Jun 24 08:53:14 2026] GET /v2/schemas/image => generated 6083 bytes in 8 msecs (HTTP/1.1 200) 4 headers in 158 bytes (1 switches on core 0)
Jun 24 08:53:14.083970 np0000003527 devstack@g-api.service[99478]: DEBUG glance.api.middleware.version_negotiation [None req-e5ce0cf6-8749-47fd-a97c-30845fc63ce9 tempest-TaggedBootDevicesTest-378072775 tempest-TaggedBootDevicesTest-378072775-project-member] Determining version of request: GET /v2/schemas/image Accept: */* {{(pid=99478) process_request /opt/stack/glance/glance/api/middleware/version_negotiation.py:44}}
Jun 24 08:53:14.084154 np0000003527 devstack@g-api.service[99478]: DEBUG glance.api.middleware.version_negotiation [None req-e5ce0cf6-8749-47fd-a97c-30845fc63ce9 tempest-TaggedBootDevicesTest-378072775 tempest-TaggedBootDevicesTest-378072775-project-member] Using url versioning {{(pid=99478) process_request /opt/stack/glance/glance/api/middleware/version_negotiation.py:57}}
Jun 24 08:53:14.084230 np0000003527 devstack@g-api.service[99478]: DEBUG glance.api.middleware.version_negotiation [None req-e5ce0cf6-8749-47fd-a97c-30845fc63ce9 tempest-TaggedBootDevicesTest-378072775 tempest-TaggedBootDevicesTest-378072775-project-member] Matched version: v2 {{(pid=99478) process_request /opt/stack/glance/glance/api/middleware/version_negotiation.py:69}}
Jun 24 08:53:14.084316 np0000003527 devstack@g-api.service[99478]: DEBUG glance.api.middleware.version_negotiation [None req-e5ce0cf6-8749-47fd-a97c-30845fc63ce9 tempest-TaggedBootDevicesTest-378072775 tempest-TaggedBootDevicesTest-378072775-project-member] new path /v2/schemas/image {{(pid=99478) process_request /opt/stack/glance/glance/api/middleware/version_negotiation.py:70}}
Jun 24 08:53:14.087283 np0000003527 devstack@g-api.service[99478]: [pid: 99478|app: 0|req: 24/73] 127.0.0.1 () {44 vars in 1055 bytes} [Wed Jun 24 08:53:14 2026] GET /v2/schemas/image => generated 6083 bytes in 3 msecs (HTTP/1.1 200) 4 headers in 158 bytes (1 switches on core 0)
Jun 24 08:53:14.095933 np0000003527 devstack@g-api.service[99477]: DEBUG glance.api.middleware.version_negotiation [None req-e5ce0cf6-8749-47fd-a97c-30845fc63ce9 tempest-TaggedBootDevicesTest-378072775 tempest-TaggedBootDevicesTest-378072775-project-member] Determining version of request: GET /v2/images/a3089d9b-4031-4568-a338-98d41d2b13b6 Accept: */* {{(pid=99477) process_request /opt/stack/glance/glance/api/middleware/version_negotiation.py:44}}
Jun 24 08:53:14.096246 np0000003527 devstack@g-api.service[99477]: DEBUG glance.api.middleware.version_negotiation [None req-e5ce0cf6-8749-47fd-a97c-30845fc63ce9 tempest-TaggedBootDevicesTest-378072775 tempest-TaggedBootDevicesTest-378072775-project-member] Using url versioning {{(pid=99477) process_request /opt/stack/glance/glance/api/middleware/version_negotiation.py:57}}
Jun 24 08:53:14.096452 np0000003527 devstack@g-api.service[99477]: DEBUG glance.api.middleware.version_negotiation [None req-e5ce0cf6-8749-47fd-a97c-30845fc63ce9 tempest-TaggedBootDevicesTest-378072775 tempest-TaggedBootDevicesTest-378072775-project-member] Matched version: v2 {{(pid=99477) process_request /opt/stack/glance/glance/api/middleware/version_negotiation.py:69}}
Jun 24 08:53:14.096635 np0000003527 devstack@g-api.service[99477]: DEBUG glance.api.middleware.version_negotiation [None req-e5ce0cf6-8749-47fd-a97c-30845fc63ce9 tempest-TaggedBootDevicesTest-378072775 tempest-TaggedBootDevicesTest-378072775-project-member] new path /v2/images/a3089d9b-4031-4568-a338-98d41d2b13b6 {{(pid=99477) process_request /opt/stack/glance/glance/api/middleware/version_negotiation.py:70}}
Jun 24 08:53:14.108167 np0000003527 devstack@g-api.service[99477]: [pid: 99477|app: 0|req: 27/74] 127.0.0.1 () {44 vars in 1115 bytes} [Wed Jun 24 08:53:14 2026] GET /v2/images/a3089d9b-4031-4568-a338-98d41d2b13b6 => generated 1044 bytes in 12 msecs (HTTP/1.1 200) 4 headers in 158 bytes (1 switches on core 0)
Jun 24 08:53:14.116196 np0000003527 devstack@g-api.service[99478]: DEBUG glance.api.middleware.version_negotiation [None req-e5ce0cf6-8749-47fd-a97c-30845fc63ce9 tempest-TaggedBootDevicesTest-378072775 tempest-TaggedBootDevicesTest-378072775-project-member] Determining version of request: GET /v2/schemas/image Accept: */* {{(pid=99478) process_request /opt/stack/glance/glance/api/middleware/version_negotiation.py:44}}
Jun 24 08:53:14.116342 np0000003527 devstack@g-api.service[99478]: DEBUG glance.api.middleware.version_negotiation [None req-e5ce0cf6-8749-47fd-a97c-30845fc63ce9 tempest-TaggedBootDevicesTest-378072775 tempest-TaggedBootDevicesTest-378072775-project-member] Using url versioning {{(pid=99478) process_request /opt/stack/glance/glance/api/middleware/version_negotiation.py:57}}
Jun 24 08:53:14.116784 np0000003527 devstack@g-api.service[99478]: DEBUG glance.api.middleware.version_negotiation [None req-e5ce0cf6-8749-47fd-a97c-30845fc63ce9 tempest-TaggedBootDevicesTest-378072775 tempest-TaggedBootDevicesTest-378072775-project-member] Matched version: v2 {{(pid=99478) process_request /opt/stack/glance/glance/api/middleware/version_negotiation.py:69}}
Jun 24 08:53:14.116918 np0000003527 devstack@g-api.service[99478]: DEBUG glance.api.middleware.version_negotiation [None req-e5ce0cf6-8749-47fd-a97c-30845fc63ce9 tempest-TaggedBootDevicesTest-378072775 tempest-TaggedBootDevicesTest-378072775-project-member] new path /v2/schemas/image {{(pid=99478) process_request /opt/stack/glance/glance/api/middleware/version_negotiation.py:70}}
Jun 24 08:53:14.120501 np0000003527 devstack@g-api.service[99478]: [pid: 99478|app: 0|req: 25/75] 127.0.0.1 () {44 vars in 1055 bytes} [Wed Jun 24 08:53:14 2026] GET /v2/schemas/image => generated 6083 bytes in 4 msecs (HTTP/1.1 200) 4 headers in 158 bytes (1 switches on core 0)
Jun 24 08:53:14.132116 np0000003527 devstack@g-api.service[99477]: DEBUG glance.api.middleware.version_negotiation [None req-e5ce0cf6-8749-47fd-a97c-30845fc63ce9 tempest-TaggedBootDevicesTest-378072775 tempest-TaggedBootDevicesTest-378072775-project-member] Determining version of request: GET /v2/schemas/image Accept: */* {{(pid=99477) process_request /opt/stack/glance/glance/api/middleware/version_negotiation.py:44}}
Jun 24 08:53:14.132309 np0000003527 devstack@g-api.service[99477]: DEBUG glance.api.middleware.version_negotiation [None req-e5ce0cf6-8749-47fd-a97c-30845fc63ce9 tempest-TaggedBootDevicesTest-378072775 tempest-TaggedBootDevicesTest-378072775-project-member] Using url versioning {{(pid=99477) process_request /opt/stack/glance/glance/api/middleware/version_negotiation.py:57}}
Jun 24 08:53:14.132466 np0000003527 devstack@g-api.service[99477]: DEBUG glance.api.middleware.version_negotiation [None req-e5ce0cf6-8749-47fd-a97c-30845fc63ce9 tempest-TaggedBootDevicesTest-378072775 tempest-TaggedBootDevicesTest-378072775-project-member] Matched version: v2 {{(pid=99477) process_request /opt/stack/glance/glance/api/middleware/version_negotiation.py:69}}
Jun 24 08:53:14.132568 np0000003527 devstack@g-api.service[99477]: DEBUG glance.api.middleware.version_negotiation [None req-e5ce0cf6-8749-47fd-a97c-30845fc63ce9 tempest-TaggedBootDevicesTest-378072775 tempest-TaggedBootDevicesTest-378072775-project-member] new path /v2/schemas/image {{(pid=99477) process_request /opt/stack/glance/glance/api/middleware/version_negotiation.py:70}}
Jun 24 08:53:14.134722 np0000003527 devstack@g-api.service[99477]: [pid: 99477|app: 0|req: 28/76] 127.0.0.1 () {44 vars in 1055 bytes} [Wed Jun 24 08:53:14 2026] GET /v2/schemas/image => generated 6083 bytes in 5 msecs (HTTP/1.1 200) 4 headers in 158 bytes (1 switches on core 0)
Jun 24 08:53:14.156283 np0000003527 devstack@g-api.service[99478]: DEBUG glance.api.middleware.version_negotiation [None req-e5ce0cf6-8749-47fd-a97c-30845fc63ce9 tempest-TaggedBootDevicesTest-378072775 tempest-TaggedBootDevicesTest-378072775-project-member] Determining version of request: GET /v2/images/a3089d9b-4031-4568-a338-98d41d2b13b6 Accept: */* {{(pid=99478) process_request /opt/stack/glance/glance/api/middleware/version_negotiation.py:44}}
Jun 24 08:53:14.156551 np0000003527 devstack@g-api.service[99478]: DEBUG glance.api.middleware.version_negotiation [None req-e5ce0cf6-8749-47fd-a97c-30845fc63ce9 tempest-TaggedBootDevicesTest-378072775 tempest-TaggedBootDevicesTest-378072775-project-member] Using url versioning {{(pid=99478) process_request /opt/stack/glance/glance/api/middleware/version_negotiation.py:57}}
Jun 24 08:53:14.156663 np0000003527 devstack@g-api.service[99478]: DEBUG glance.api.middleware.version_negotiation [None req-e5ce0cf6-8749-47fd-a97c-30845fc63ce9 tempest-TaggedBootDevicesTest-378072775 tempest-TaggedBootDevicesTest-378072775-project-member] Matched version: v2 {{(pid=99478) process_request /opt/stack/glance/glance/api/middleware/version_negotiation.py:69}}
Jun 24 08:53:14.156734 np0000003527 devstack@g-api.service[99478]: DEBUG glance.api.middleware.version_negotiation [None req-e5ce0cf6-8749-47fd-a97c-30845fc63ce9 tempest-TaggedBootDevicesTest-378072775 tempest-TaggedBootDevicesTest-378072775-project-member] new path /v2/images/a3089d9b-4031-4568-a338-98d41d2b13b6 {{(pid=99478) process_request /opt/stack/glance/glance/api/middleware/version_negotiation.py:70}}
Jun 24 08:53:14.169338 np0000003527 devstack@g-api.service[99478]: [pid: 99478|app: 0|req: 26/77] 127.0.0.1 () {44 vars in 1115 bytes} [Wed Jun 24 08:53:14 2026] GET /v2/images/a3089d9b-4031-4568-a338-98d41d2b13b6 => generated 1044 bytes in 13 msecs (HTTP/1.1 200) 4 headers in 158 bytes (1 switches on core 0)
Jun 24 08:53:14.188875 np0000003527 devstack@g-api.service[99477]: DEBUG glance.api.middleware.version_negotiation [None req-e5ce0cf6-8749-47fd-a97c-30845fc63ce9 tempest-TaggedBootDevicesTest-378072775 tempest-TaggedBootDevicesTest-378072775-project-member] Determining version of request: GET /v2/schemas/image Accept: */* {{(pid=99477) process_request /opt/stack/glance/glance/api/middleware/version_negotiation.py:44}}
Jun 24 08:53:14.188875 np0000003527 devstack@g-api.service[99477]: DEBUG glance.api.middleware.version_negotiation [None req-e5ce0cf6-8749-47fd-a97c-30845fc63ce9 tempest-TaggedBootDevicesTest-378072775 tempest-TaggedBootDevicesTest-378072775-project-member] Using url versioning {{(pid=99477) process_request /opt/stack/glance/glance/api/middleware/version_negotiation.py:57}}
Jun 24 08:53:14.188875 np0000003527 devstack@g-api.service[99477]: DEBUG glance.api.middleware.version_negotiation [None req-e5ce0cf6-8749-47fd-a97c-30845fc63ce9 tempest-TaggedBootDevicesTest-378072775 tempest-TaggedBootDevicesTest-378072775-project-member] Matched version: v2 {{(pid=99477) process_request /opt/stack/glance/glance/api/middleware/version_negotiation.py:69}}
Jun 24 08:53:14.188875 np0000003527 devstack@g-api.service[99477]: DEBUG glance.api.middleware.version_negotiation [None req-e5ce0cf6-8749-47fd-a97c-30845fc63ce9 tempest-TaggedBootDevicesTest-378072775 tempest-TaggedBootDevicesTest-378072775-project-member] new path /v2/schemas/image {{(pid=99477) process_request /opt/stack/glance/glance/api/middleware/version_negotiation.py:70}}
Jun 24 08:53:14.194294 np0000003527 devstack@g-api.service[99477]: [pid: 99477|app: 0|req: 29/78] 127.0.0.1 () {44 vars in 1055 bytes} [Wed Jun 24 08:53:14 2026] GET /v2/schemas/image => generated 6083 bytes in 6 msecs (HTTP/1.1 200) 4 headers in 158 bytes (1 switches on core 0)
Jun 24 08:53:14.513193 np0000003527 devstack@g-api.service[99479]: INFO glance.api.v2.image_data [None req-463a370d-2fa0-4b9c-ab26-32c36ad355ea tempest-ImageDependencyTests-527191652 tempest-ImageDependencyTests-527191652-project-member] Unable to create trust: no such option collect_timing in group [keystone_authtoken] Use the existing user token.
Jun 24 08:53:14.815201 np0000003527 devstack@g-api.service[99478]: DEBUG glance.api.middleware.version_negotiation [None req-e5ce0cf6-8749-47fd-a97c-30845fc63ce9 tempest-TaggedBootDevicesTest-378072775 tempest-TaggedBootDevicesTest-378072775-project-member] Determining version of request: GET /versions Accept: */* {{(pid=99478) process_request /opt/stack/glance/glance/api/middleware/version_negotiation.py:44}}
Jun 24 08:53:14.815201 np0000003527 devstack@g-api.service[99478]: [pid: 99478|app: 0|req: 27/79] 127.0.0.1 () {44 vars in 1039 bytes} [Wed Jun 24 08:53:14 2026] GET /versions => generated 1407 bytes in 1 msecs (HTTP/1.1 200) 3 headers in 92 bytes (1 switches on core 0)
Jun 24 08:53:14.823248 np0000003527 devstack@g-api.service[99477]: DEBUG glance.api.middleware.version_negotiation [None req-e5ce0cf6-8749-47fd-a97c-30845fc63ce9 tempest-TaggedBootDevicesTest-378072775 tempest-TaggedBootDevicesTest-378072775-project-member] Determining version of request: GET /v2/images/a3089d9b-4031-4568-a338-98d41d2b13b6/locations Accept: */* {{(pid=99477) process_request /opt/stack/glance/glance/api/middleware/version_negotiation.py:44}}
Jun 24 08:53:14.823480 np0000003527 devstack@g-api.service[99477]: DEBUG glance.api.middleware.version_negotiation [None req-e5ce0cf6-8749-47fd-a97c-30845fc63ce9 tempest-TaggedBootDevicesTest-378072775 tempest-TaggedBootDevicesTest-378072775-project-member] Using url versioning {{(pid=99477) process_request /opt/stack/glance/glance/api/middleware/version_negotiation.py:57}}
Jun 24 08:53:14.823645 np0000003527 devstack@g-api.service[99477]: DEBUG glance.api.middleware.version_negotiation [None req-e5ce0cf6-8749-47fd-a97c-30845fc63ce9 tempest-TaggedBootDevicesTest-378072775 tempest-TaggedBootDevicesTest-378072775-project-member] Matched version: v2 {{(pid=99477) process_request /opt/stack/glance/glance/api/middleware/version_negotiation.py:69}}
Jun 24 08:53:14.823799 np0000003527 devstack@g-api.service[99477]: DEBUG glance.api.middleware.version_negotiation [None req-e5ce0cf6-8749-47fd-a97c-30845fc63ce9 tempest-TaggedBootDevicesTest-378072775 tempest-TaggedBootDevicesTest-378072775-project-member] new path /v2/images/a3089d9b-4031-4568-a338-98d41d2b13b6/locations {{(pid=99477) process_request /opt/stack/glance/glance/api/middleware/version_negotiation.py:70}}
Jun 24 08:53:15.178648 np0000003527 devstack@g-api.service[99479]: DEBUG glance.location [None req-463a370d-2fa0-4b9c-ab26-32c36ad355ea tempest-ImageDependencyTests-527191652 tempest-ImageDependencyTests-527191652-project-member] Enabling in-flight format inspection for raw {{(pid=99479) set_data /opt/stack/glance/glance/location.py:616}}
Jun 24 08:53:15.179267 np0000003527 devstack@g-api.service[99479]: DEBUG glance_store.backend [None req-463a370d-2fa0-4b9c-ab26-32c36ad355ea tempest-ImageDependencyTests-527191652 tempest-ImageDependencyTests-527191652-project-member] Attempting to import store swift {{(pid=99479) _load_store /opt/stack/data/venv/lib/python3.12/site-packages/glance_store/backend.py:215}}
Jun 24 08:53:15.180706 np0000003527 devstack@g-api.service[99479]: DEBUG glance_store.capabilities [None req-463a370d-2fa0-4b9c-ab26-32c36ad355ea tempest-ImageDependencyTests-527191652 tempest-ImageDependencyTests-527191652-project-member] Store glance_store._drivers.swift.store.SingleTenantStore doesn't support updating dynamic storage capabilities. Please overwrite 'update_capabilities' method of the store to implement updating logics if needed. {{(pid=99479) update_capabilities /opt/stack/data/venv/lib/python3.12/site-packages/glance_store/capabilities.py:91}}
Jun 24 08:53:15.180913 np0000003527 devstack@g-api.service[99479]: DEBUG glance_store.driver [None req-463a370d-2fa0-4b9c-ab26-32c36ad355ea tempest-ImageDependencyTests-527191652 tempest-ImageDependencyTests-527191652-project-member] Late loading location class glance_store._drivers.swift.store.StoreLocation {{(pid=99479) get_store_location_class /opt/stack/data/venv/lib/python3.12/site-packages/glance_store/driver.py:134}}
Jun 24 08:53:15.181068 np0000003527 devstack@g-api.service[99479]: DEBUG glance_store.location [None req-463a370d-2fa0-4b9c-ab26-32c36ad355ea tempest-ImageDependencyTests-527191652 tempest-ImageDependencyTests-527191652-project-member] Registering scheme swift+https with {'store': , 'location_class': , 'store_entry': 'swift'} {{(pid=99479) register_scheme_map /opt/stack/data/venv/lib/python3.12/site-packages/glance_store/location.py:146}}
Jun 24 08:53:15.181214 np0000003527 devstack@g-api.service[99479]: DEBUG glance_store.location [None req-463a370d-2fa0-4b9c-ab26-32c36ad355ea tempest-ImageDependencyTests-527191652 tempest-ImageDependencyTests-527191652-project-member] Registering scheme swift+https with {'store': , 'location_class': , 'store_entry': 'swift'} {{(pid=99479) register_scheme_map /opt/stack/data/venv/lib/python3.12/site-packages/glance_store/location.py:146}}
Jun 24 08:53:15.181351 np0000003527 devstack@g-api.service[99479]: DEBUG glance_store.location [None req-463a370d-2fa0-4b9c-ab26-32c36ad355ea tempest-ImageDependencyTests-527191652 tempest-ImageDependencyTests-527191652-project-member] Registering scheme swift with {'store': , 'location_class': , 'store_entry': 'swift'} {{(pid=99479) register_scheme_map /opt/stack/data/venv/lib/python3.12/site-packages/glance_store/location.py:146}}
Jun 24 08:53:15.181487 np0000003527 devstack@g-api.service[99479]: DEBUG glance_store.location [None req-463a370d-2fa0-4b9c-ab26-32c36ad355ea tempest-ImageDependencyTests-527191652 tempest-ImageDependencyTests-527191652-project-member] Registering scheme swift+https with {'store': , 'location_class': , 'store_entry': 'swift'} {{(pid=99479) register_scheme_map /opt/stack/data/venv/lib/python3.12/site-packages/glance_store/location.py:146}}
Jun 24 08:53:15.181597 np0000003527 devstack@g-api.service[99479]: DEBUG glance_store.location [None req-463a370d-2fa0-4b9c-ab26-32c36ad355ea tempest-ImageDependencyTests-527191652 tempest-ImageDependencyTests-527191652-project-member] Registering scheme swift with {'store': , 'location_class': , 'store_entry': 'swift'} {{(pid=99479) register_scheme_map /opt/stack/data/venv/lib/python3.12/site-packages/glance_store/location.py:146}}
Jun 24 08:53:15.181703 np0000003527 devstack@g-api.service[99479]: DEBUG glance_store.location [None req-463a370d-2fa0-4b9c-ab26-32c36ad355ea tempest-ImageDependencyTests-527191652 tempest-ImageDependencyTests-527191652-project-member] Registering scheme swift+http with {'store': , 'location_class': , 'store_entry': 'swift'} {{(pid=99479) register_scheme_map /opt/stack/data/venv/lib/python3.12/site-packages/glance_store/location.py:146}}
Jun 24 08:53:15.181817 np0000003527 devstack@g-api.service[99479]: DEBUG glance_store.location [None req-463a370d-2fa0-4b9c-ab26-32c36ad355ea tempest-ImageDependencyTests-527191652 tempest-ImageDependencyTests-527191652-project-member] Registering scheme swift+https with {'store': , 'location_class': , 'store_entry': 'swift'} {{(pid=99479) register_scheme_map /opt/stack/data/venv/lib/python3.12/site-packages/glance_store/location.py:146}}
Jun 24 08:53:15.181982 np0000003527 devstack@g-api.service[99479]: DEBUG glance_store.location [None req-463a370d-2fa0-4b9c-ab26-32c36ad355ea tempest-ImageDependencyTests-527191652 tempest-ImageDependencyTests-527191652-project-member] Registering scheme swift with {'store': , 'location_class': , 'store_entry': 'swift'} {{(pid=99479) register_scheme_map /opt/stack/data/venv/lib/python3.12/site-packages/glance_store/location.py:146}}
Jun 24 08:53:15.182110 np0000003527 devstack@g-api.service[99479]: DEBUG glance_store.location [None req-463a370d-2fa0-4b9c-ab26-32c36ad355ea tempest-ImageDependencyTests-527191652 tempest-ImageDependencyTests-527191652-project-member] Registering scheme swift+http with {'store': , 'location_class': , 'store_entry': 'swift'} {{(pid=99479) register_scheme_map /opt/stack/data/venv/lib/python3.12/site-packages/glance_store/location.py:146}}
Jun 24 08:53:15.182246 np0000003527 devstack@g-api.service[99479]: DEBUG glance_store.location [None req-463a370d-2fa0-4b9c-ab26-32c36ad355ea tempest-ImageDependencyTests-527191652 tempest-ImageDependencyTests-527191652-project-member] Registering scheme swift+config with {'store': , 'location_class': , 'store_entry': 'swift'} {{(pid=99479) register_scheme_map /opt/stack/data/venv/lib/python3.12/site-packages/glance_store/location.py:146}}
Jun 24 08:53:15.185254 np0000003527 devstack@g-api.service[99477]: [pid: 99477|app: 0|req: 30/80] 127.0.0.1 () {44 vars in 1135 bytes} [Wed Jun 24 08:53:14 2026] GET /v2/images/a3089d9b-4031-4568-a338-98d41d2b13b6/locations => generated 92 bytes in 362 msecs (HTTP/1.1 200) 4 headers in 156 bytes (1 switches on core 0)
Jun 24 08:53:15.195134 np0000003527 devstack@g-api.service[99478]: DEBUG glance.api.middleware.version_negotiation [None req-e5ce0cf6-8749-47fd-a97c-30845fc63ce9 tempest-TaggedBootDevicesTest-378072775 tempest-TaggedBootDevicesTest-378072775-project-member] Determining version of request: GET /v2/images/a3089d9b-4031-4568-a338-98d41d2b13b6 Accept: */* {{(pid=99478) process_request /opt/stack/glance/glance/api/middleware/version_negotiation.py:44}}
Jun 24 08:53:15.195549 np0000003527 devstack@g-api.service[99478]: DEBUG glance.api.middleware.version_negotiation [None req-e5ce0cf6-8749-47fd-a97c-30845fc63ce9 tempest-TaggedBootDevicesTest-378072775 tempest-TaggedBootDevicesTest-378072775-project-member] Using url versioning {{(pid=99478) process_request /opt/stack/glance/glance/api/middleware/version_negotiation.py:57}}
Jun 24 08:53:15.195549 np0000003527 devstack@g-api.service[99478]: DEBUG glance.api.middleware.version_negotiation [None req-e5ce0cf6-8749-47fd-a97c-30845fc63ce9 tempest-TaggedBootDevicesTest-378072775 tempest-TaggedBootDevicesTest-378072775-project-member] Matched version: v2 {{(pid=99478) process_request /opt/stack/glance/glance/api/middleware/version_negotiation.py:69}}
Jun 24 08:53:15.195634 np0000003527 devstack@g-api.service[99478]: DEBUG glance.api.middleware.version_negotiation [None req-e5ce0cf6-8749-47fd-a97c-30845fc63ce9 tempest-TaggedBootDevicesTest-378072775 tempest-TaggedBootDevicesTest-378072775-project-member] new path /v2/images/a3089d9b-4031-4568-a338-98d41d2b13b6 {{(pid=99478) process_request /opt/stack/glance/glance/api/middleware/version_negotiation.py:70}}
Jun 24 08:53:15.210809 np0000003527 devstack@g-api.service[99478]: [pid: 99478|app: 0|req: 28/81] 127.0.0.1 () {44 vars in 1115 bytes} [Wed Jun 24 08:53:15 2026] GET /v2/images/a3089d9b-4031-4568-a338-98d41d2b13b6 => generated 1044 bytes in 16 msecs (HTTP/1.1 200) 4 headers in 158 bytes (1 switches on core 0)
Jun 24 08:53:15.226414 np0000003527 devstack@g-api.service[99477]: DEBUG glance.api.middleware.version_negotiation [None req-e5ce0cf6-8749-47fd-a97c-30845fc63ce9 service glance] Determining version of request: GET /v2/schemas/image Accept: */* {{(pid=99477) process_request /opt/stack/glance/glance/api/middleware/version_negotiation.py:44}}
Jun 24 08:53:15.226671 np0000003527 devstack@g-api.service[99477]: DEBUG glance.api.middleware.version_negotiation [None req-e5ce0cf6-8749-47fd-a97c-30845fc63ce9 service glance] Using url versioning {{(pid=99477) process_request /opt/stack/glance/glance/api/middleware/version_negotiation.py:57}}
Jun 24 08:53:15.226852 np0000003527 devstack@g-api.service[99477]: DEBUG glance.api.middleware.version_negotiation [None req-e5ce0cf6-8749-47fd-a97c-30845fc63ce9 service glance] Matched version: v2 {{(pid=99477) process_request /opt/stack/glance/glance/api/middleware/version_negotiation.py:69}}
Jun 24 08:53:15.226985 np0000003527 devstack@g-api.service[99477]: DEBUG glance.api.middleware.version_negotiation [None req-e5ce0cf6-8749-47fd-a97c-30845fc63ce9 service glance] new path /v2/schemas/image {{(pid=99477) process_request /opt/stack/glance/glance/api/middleware/version_negotiation.py:70}}
Jun 24 08:53:15.232947 np0000003527 devstack@g-api.service[99477]: [pid: 99477|app: 0|req: 31/82] 127.0.0.1 () {44 vars in 1055 bytes} [Wed Jun 24 08:53:15 2026] GET /v2/schemas/image => generated 6083 bytes in 7 msecs (HTTP/1.1 200) 4 headers in 158 bytes (1 switches on core 0)
Jun 24 08:53:15.246830 np0000003527 devstack@g-api.service[99478]: DEBUG glance.api.middleware.version_negotiation [None req-e5ce0cf6-8749-47fd-a97c-30845fc63ce9 tempest-TaggedBootDevicesTest-378072775 tempest-TaggedBootDevicesTest-378072775-project-member] Determining version of request: GET /v2/schemas/image Accept: */* {{(pid=99478) process_request /opt/stack/glance/glance/api/middleware/version_negotiation.py:44}}
Jun 24 08:53:15.246994 np0000003527 devstack@g-api.service[99478]: DEBUG glance.api.middleware.version_negotiation [None req-e5ce0cf6-8749-47fd-a97c-30845fc63ce9 tempest-TaggedBootDevicesTest-378072775 tempest-TaggedBootDevicesTest-378072775-project-member] Using url versioning {{(pid=99478) process_request /opt/stack/glance/glance/api/middleware/version_negotiation.py:57}}
Jun 24 08:53:15.247108 np0000003527 devstack@g-api.service[99478]: DEBUG glance.api.middleware.version_negotiation [None req-e5ce0cf6-8749-47fd-a97c-30845fc63ce9 tempest-TaggedBootDevicesTest-378072775 tempest-TaggedBootDevicesTest-378072775-project-member] Matched version: v2 {{(pid=99478) process_request /opt/stack/glance/glance/api/middleware/version_negotiation.py:69}}
Jun 24 08:53:15.247206 np0000003527 devstack@g-api.service[99478]: DEBUG glance.api.middleware.version_negotiation [None req-e5ce0cf6-8749-47fd-a97c-30845fc63ce9 tempest-TaggedBootDevicesTest-378072775 tempest-TaggedBootDevicesTest-378072775-project-member] new path /v2/schemas/image {{(pid=99478) process_request /opt/stack/glance/glance/api/middleware/version_negotiation.py:70}}
Jun 24 08:53:15.249802 np0000003527 devstack@g-api.service[99478]: [pid: 99478|app: 0|req: 29/83] 127.0.0.1 () {44 vars in 1055 bytes} [Wed Jun 24 08:53:15 2026] GET /v2/schemas/image => generated 6083 bytes in 3 msecs (HTTP/1.1 200) 4 headers in 158 bytes (1 switches on core 0)
Jun 24 08:53:15.288277 np0000003527 devstack@g-api.service[99477]: DEBUG glance.api.middleware.version_negotiation [None req-e5ce0cf6-8749-47fd-a97c-30845fc63ce9 tempest-TaggedBootDevicesTest-378072775 tempest-TaggedBootDevicesTest-378072775-project-member] Determining version of request: GET /v2/images/a3089d9b-4031-4568-a338-98d41d2b13b6 Accept: */* {{(pid=99477) process_request /opt/stack/glance/glance/api/middleware/version_negotiation.py:44}}
Jun 24 08:53:15.288767 np0000003527 devstack@g-api.service[99477]: DEBUG glance.api.middleware.version_negotiation [None req-e5ce0cf6-8749-47fd-a97c-30845fc63ce9 tempest-TaggedBootDevicesTest-378072775 tempest-TaggedBootDevicesTest-378072775-project-member] Using url versioning {{(pid=99477) process_request /opt/stack/glance/glance/api/middleware/version_negotiation.py:57}}
Jun 24 08:53:15.289003 np0000003527 devstack@g-api.service[99477]: DEBUG glance.api.middleware.version_negotiation [None req-e5ce0cf6-8749-47fd-a97c-30845fc63ce9 tempest-TaggedBootDevicesTest-378072775 tempest-TaggedBootDevicesTest-378072775-project-member] Matched version: v2 {{(pid=99477) process_request /opt/stack/glance/glance/api/middleware/version_negotiation.py:69}}
Jun 24 08:53:15.289364 np0000003527 devstack@g-api.service[99477]: DEBUG glance.api.middleware.version_negotiation [None req-e5ce0cf6-8749-47fd-a97c-30845fc63ce9 tempest-TaggedBootDevicesTest-378072775 tempest-TaggedBootDevicesTest-378072775-project-member] new path /v2/images/a3089d9b-4031-4568-a338-98d41d2b13b6 {{(pid=99477) process_request /opt/stack/glance/glance/api/middleware/version_negotiation.py:70}}
Jun 24 08:53:15.309064 np0000003527 devstack@g-api.service[99477]: [pid: 99477|app: 0|req: 32/84] 127.0.0.1 () {44 vars in 1115 bytes} [Wed Jun 24 08:53:15 2026] GET /v2/images/a3089d9b-4031-4568-a338-98d41d2b13b6 => generated 1044 bytes in 20 msecs (HTTP/1.1 200) 4 headers in 158 bytes (1 switches on core 0)
Jun 24 08:53:15.319194 np0000003527 devstack@g-api.service[99478]: DEBUG glance.api.middleware.version_negotiation [None req-e5ce0cf6-8749-47fd-a97c-30845fc63ce9 tempest-TaggedBootDevicesTest-378072775 tempest-TaggedBootDevicesTest-378072775-project-member] Determining version of request: GET /v2/images/a3089d9b-4031-4568-a338-98d41d2b13b6/file Accept: */* {{(pid=99478) process_request /opt/stack/glance/glance/api/middleware/version_negotiation.py:44}}
Jun 24 08:53:15.319516 np0000003527 devstack@g-api.service[99478]: DEBUG glance.api.middleware.version_negotiation [None req-e5ce0cf6-8749-47fd-a97c-30845fc63ce9 tempest-TaggedBootDevicesTest-378072775 tempest-TaggedBootDevicesTest-378072775-project-member] Using url versioning {{(pid=99478) process_request /opt/stack/glance/glance/api/middleware/version_negotiation.py:57}}
Jun 24 08:53:15.319700 np0000003527 devstack@g-api.service[99478]: DEBUG glance.api.middleware.version_negotiation [None req-e5ce0cf6-8749-47fd-a97c-30845fc63ce9 tempest-TaggedBootDevicesTest-378072775 tempest-TaggedBootDevicesTest-378072775-project-member] Matched version: v2 {{(pid=99478) process_request /opt/stack/glance/glance/api/middleware/version_negotiation.py:69}}
Jun 24 08:53:15.319800 np0000003527 devstack@g-api.service[99478]: DEBUG glance.api.middleware.version_negotiation [None req-e5ce0cf6-8749-47fd-a97c-30845fc63ce9 tempest-TaggedBootDevicesTest-378072775 tempest-TaggedBootDevicesTest-378072775-project-member] new path /v2/images/a3089d9b-4031-4568-a338-98d41d2b13b6/file {{(pid=99478) process_request /opt/stack/glance/glance/api/middleware/version_negotiation.py:70}}
Jun 24 08:53:15.333515 np0000003527 devstack@g-api.service[99478]: DEBUG glance.api.middleware.cache [None req-e5ce0cf6-8749-47fd-a97c-30845fc63ce9 tempest-TaggedBootDevicesTest-378072775 tempest-TaggedBootDevicesTest-378072775-project-member] Cache hit for image 'a3089d9b-4031-4568-a338-98d41d2b13b6' {{(pid=99478) process_request /opt/stack/glance/glance/api/middleware/cache.py:160}}
Jun 24 08:53:15.444142 np0000003527 devstack@g-api.service[99478]: [pid: 99478|app: 0|req: 30/85] 127.0.0.1 () {44 vars in 1125 bytes} [Wed Jun 24 08:53:15 2026] GET /v2/images/a3089d9b-4031-4568-a338-98d41d2b13b6/file => generated 21692416 bytes in 125 msecs (HTTP/1.1 200) 5 headers in 217 bytes (340 switches on core 0)
Jun 24 08:53:15.615378 np0000003527 devstack@g-api.service[99477]: DEBUG glance.api.middleware.version_negotiation [None req-e5ce0cf6-8749-47fd-a97c-30845fc63ce9 tempest-TaggedBootDevicesTest-378072775 tempest-TaggedBootDevicesTest-378072775-project-member] Determining version of request: GET /v2/images/a3089d9b-4031-4568-a338-98d41d2b13b6 Accept: */* {{(pid=99477) process_request /opt/stack/glance/glance/api/middleware/version_negotiation.py:44}}
Jun 24 08:53:15.615671 np0000003527 devstack@g-api.service[99477]: DEBUG glance.api.middleware.version_negotiation [None req-e5ce0cf6-8749-47fd-a97c-30845fc63ce9 tempest-TaggedBootDevicesTest-378072775 tempest-TaggedBootDevicesTest-378072775-project-member] Using url versioning {{(pid=99477) process_request /opt/stack/glance/glance/api/middleware/version_negotiation.py:57}}
Jun 24 08:53:15.615888 np0000003527 devstack@g-api.service[99477]: DEBUG glance.api.middleware.version_negotiation [None req-e5ce0cf6-8749-47fd-a97c-30845fc63ce9 tempest-TaggedBootDevicesTest-378072775 tempest-TaggedBootDevicesTest-378072775-project-member] Matched version: v2 {{(pid=99477) process_request /opt/stack/glance/glance/api/middleware/version_negotiation.py:69}}
Jun 24 08:53:15.616067 np0000003527 devstack@g-api.service[99477]: DEBUG glance.api.middleware.version_negotiation [None req-e5ce0cf6-8749-47fd-a97c-30845fc63ce9 tempest-TaggedBootDevicesTest-378072775 tempest-TaggedBootDevicesTest-378072775-project-member] new path /v2/images/a3089d9b-4031-4568-a338-98d41d2b13b6 {{(pid=99477) process_request /opt/stack/glance/glance/api/middleware/version_negotiation.py:70}}
Jun 24 08:53:15.629658 np0000003527 devstack@g-api.service[99477]: [pid: 99477|app: 0|req: 33/86] 127.0.0.1 () {44 vars in 1115 bytes} [Wed Jun 24 08:53:15 2026] GET /v2/images/a3089d9b-4031-4568-a338-98d41d2b13b6 => generated 1044 bytes in 14 msecs (HTTP/1.1 200) 4 headers in 158 bytes (1 switches on core 0)
Jun 24 08:53:15.640612 np0000003527 devstack@g-api.service[99478]: DEBUG glance.api.middleware.version_negotiation [None req-e5ce0cf6-8749-47fd-a97c-30845fc63ce9 tempest-TaggedBootDevicesTest-378072775 tempest-TaggedBootDevicesTest-378072775-project-member] Determining version of request: GET /v2/schemas/image Accept: */* {{(pid=99478) process_request /opt/stack/glance/glance/api/middleware/version_negotiation.py:44}}
Jun 24 08:53:15.641793 np0000003527 devstack@g-api.service[99478]: DEBUG glance.api.middleware.version_negotiation [None req-e5ce0cf6-8749-47fd-a97c-30845fc63ce9 tempest-TaggedBootDevicesTest-378072775 tempest-TaggedBootDevicesTest-378072775-project-member] Using url versioning {{(pid=99478) process_request /opt/stack/glance/glance/api/middleware/version_negotiation.py:57}}
Jun 24 08:53:15.641960 np0000003527 devstack@g-api.service[99478]: DEBUG glance.api.middleware.version_negotiation [None req-e5ce0cf6-8749-47fd-a97c-30845fc63ce9 tempest-TaggedBootDevicesTest-378072775 tempest-TaggedBootDevicesTest-378072775-project-member] Matched version: v2 {{(pid=99478) process_request /opt/stack/glance/glance/api/middleware/version_negotiation.py:69}}
Jun 24 08:53:15.642083 np0000003527 devstack@g-api.service[99478]: DEBUG glance.api.middleware.version_negotiation [None req-e5ce0cf6-8749-47fd-a97c-30845fc63ce9 tempest-TaggedBootDevicesTest-378072775 tempest-TaggedBootDevicesTest-378072775-project-member] new path /v2/schemas/image {{(pid=99478) process_request /opt/stack/glance/glance/api/middleware/version_negotiation.py:70}}
Jun 24 08:53:15.646052 np0000003527 devstack@g-api.service[99478]: [pid: 99478|app: 0|req: 31/87] 127.0.0.1 () {44 vars in 1055 bytes} [Wed Jun 24 08:53:15 2026] GET /v2/schemas/image => generated 6083 bytes in 6 msecs (HTTP/1.1 200) 4 headers in 158 bytes (1 switches on core 0)
Jun 24 08:53:15.861798 np0000003527 devstack@g-api.service[99479]: DEBUG swiftclient [None req-463a370d-2fa0-4b9c-ab26-32c36ad355ea tempest-ImageDependencyTests-527191652 tempest-ImageDependencyTests-527191652-project-member] REQ: curl -i https://10.4.3.179:8080/v1/AUTH_a0ccbedd7f6b47d994a05b796fd3b8fe/glance -I -H "X-Auth-Token: gAAAAABqO5r7eLwd..." {{(pid=99479) http_log /opt/stack/data/venv/lib/python3.12/site-packages/swiftclient/client.py:160}}
Jun 24 08:53:15.861999 np0000003527 devstack@g-api.service[99479]: DEBUG swiftclient [None req-463a370d-2fa0-4b9c-ab26-32c36ad355ea tempest-ImageDependencyTests-527191652 tempest-ImageDependencyTests-527191652-project-member] RESP STATUS: 204 No Content {{(pid=99479) http_log /opt/stack/data/venv/lib/python3.12/site-packages/swiftclient/client.py:161}}
Jun 24 08:53:15.862203 np0000003527 devstack@g-api.service[99479]: DEBUG swiftclient [None req-463a370d-2fa0-4b9c-ab26-32c36ad355ea tempest-ImageDependencyTests-527191652 tempest-ImageDependencyTests-527191652-project-member] RESP HEADERS: {'Date': 'Wed, 24 Jun 2026 08:53:15 GMT', 'Server': 'Apache/2.4.58 (Ubuntu)', 'Content-Type': 'text/plain; charset=utf-8', 'X-Container-Object-Count': '6', 'X-Container-Bytes-Used': '86049792', 'X-Timestamp': '1782291030.37381', 'Last-Modified': 'Wed, 24 Jun 2026 08:50:31 GMT', 'Accept-Ranges': 'bytes', 'X-Storage-Policy': 'Policy-0', 'X-Container-Sharding': 'False', 'Vary': 'Accept', 'X-Trans-Id': 'tx005008f1582f46a191331-006a3b9afb', 'X-Openstack-Request-Id': 'tx005008f1582f46a191331-006a3b9afb', 'Connection': 'close'} {{(pid=99479) http_log /opt/stack/data/venv/lib/python3.12/site-packages/swiftclient/client.py:162}}
Jun 24 08:53:15.862461 np0000003527 devstack@g-api.service[99479]: DEBUG glance_store._drivers.swift.store [None req-463a370d-2fa0-4b9c-ab26-32c36ad355ea tempest-ImageDependencyTests-527191652 tempest-ImageDependencyTests-527191652-project-member] Adding image object '9c5a8dfa-d979-4b02-8c9f-022a54c79057' to Swift {{(pid=99479) add /opt/stack/data/venv/lib/python3.12/site-packages/glance_store/_drivers/swift/store.py:970}}
Jun 24 08:53:15.864081 np0000003527 devstack@g-api.service[99479]: DEBUG glance_store._drivers.swift.store [None req-463a370d-2fa0-4b9c-ab26-32c36ad355ea tempest-ImageDependencyTests-527191652 tempest-ImageDependencyTests-527191652-project-member] Cannot determine image size because it is either not provided in the request or chunked-transfer encoding is used. Adding image as a segmented object to Swift. {{(pid=99479) add /opt/stack/data/venv/lib/python3.12/site-packages/glance_store/_drivers/swift/store.py:994}}
Jun 24 08:53:15.864749 np0000003527 devstack@g-api.service[99479]: DEBUG glance_store._drivers.swift.store [None req-463a370d-2fa0-4b9c-ab26-32c36ad355ea tempest-ImageDependencyTests-527191652 tempest-ImageDependencyTests-527191652-project-member] Not writing zero-length chunk. {{(pid=99479) add /opt/stack/data/venv/lib/python3.12/site-packages/glance_store/_drivers/swift/store.py:1028}}
Jun 24 08:53:15.899092 np0000003527 devstack@g-api.service[99479]: DEBUG swiftclient [None req-463a370d-2fa0-4b9c-ab26-32c36ad355ea tempest-ImageDependencyTests-527191652 tempest-ImageDependencyTests-527191652-project-member] REQ: curl -i https://10.4.3.179:8080/v1/AUTH_a0ccbedd7f6b47d994a05b796fd3b8fe/glance/9c5a8dfa-d979-4b02-8c9f-022a54c79057 -X PUT -H "X-Object-Manifest: glance/9c5a8dfa-d979-4b02-8c9f-022a54c79057-" -H "X-Auth-Token: gAAAAABqO5r7eLwd..." -H "Content-Length: 0" {{(pid=99479) http_log /opt/stack/data/venv/lib/python3.12/site-packages/swiftclient/client.py:160}}
Jun 24 08:53:15.899261 np0000003527 devstack@g-api.service[99479]: DEBUG swiftclient [None req-463a370d-2fa0-4b9c-ab26-32c36ad355ea tempest-ImageDependencyTests-527191652 tempest-ImageDependencyTests-527191652-project-member] RESP STATUS: 201 Created {{(pid=99479) http_log /opt/stack/data/venv/lib/python3.12/site-packages/swiftclient/client.py:161}}
Jun 24 08:53:15.899478 np0000003527 devstack@g-api.service[99479]: DEBUG swiftclient [None req-463a370d-2fa0-4b9c-ab26-32c36ad355ea tempest-ImageDependencyTests-527191652 tempest-ImageDependencyTests-527191652-project-member] RESP HEADERS: {'Date': 'Wed, 24 Jun 2026 08:53:15 GMT', 'Server': 'Apache/2.4.58 (Ubuntu)', 'Content-Type': 'text/html; charset=UTF-8', 'Content-Length': '0', 'Etag': 'd41d8cd98f00b204e9800998ecf8427e', 'Last-Modified': 'Wed, 24 Jun 2026 08:53:16 GMT', 'X-Trans-Id': 'tx891870d1387c4a51ba097-006a3b9afb', 'X-Openstack-Request-Id': 'tx891870d1387c4a51ba097-006a3b9afb', 'Connection': 'close'} {{(pid=99479) http_log /opt/stack/data/venv/lib/python3.12/site-packages/swiftclient/client.py:162}}
Jun 24 08:53:15.900018 np0000003527 devstack@g-api.service[99479]: INFO glance.location [None req-463a370d-2fa0-4b9c-ab26-32c36ad355ea tempest-ImageDependencyTests-527191652 tempest-ImageDependencyTests-527191652-project-member] Image format matched and virtual size computed: 0
Jun 24 08:53:15.939003 np0000003527 devstack@g-api.service[99479]: DEBUG glance_store.backend [None req-463a370d-2fa0-4b9c-ab26-32c36ad355ea tempest-ImageDependencyTests-527191652 tempest-ImageDependencyTests-527191652-project-member] Attempting to import store swift {{(pid=99479) _load_store /opt/stack/data/venv/lib/python3.12/site-packages/glance_store/backend.py:215}}
Jun 24 08:53:15.940894 np0000003527 devstack@g-api.service[99479]: DEBUG glance_store.capabilities [None req-463a370d-2fa0-4b9c-ab26-32c36ad355ea tempest-ImageDependencyTests-527191652 tempest-ImageDependencyTests-527191652-project-member] Store glance_store._drivers.swift.store.SingleTenantStore doesn't support updating dynamic storage capabilities. Please overwrite 'update_capabilities' method of the store to implement updating logics if needed. {{(pid=99479) update_capabilities /opt/stack/data/venv/lib/python3.12/site-packages/glance_store/capabilities.py:91}}
Jun 24 08:53:15.941124 np0000003527 devstack@g-api.service[99479]: DEBUG glance_store.driver [None req-463a370d-2fa0-4b9c-ab26-32c36ad355ea tempest-ImageDependencyTests-527191652 tempest-ImageDependencyTests-527191652-project-member] Late loading location class glance_store._drivers.swift.store.StoreLocation {{(pid=99479) get_store_location_class /opt/stack/data/venv/lib/python3.12/site-packages/glance_store/driver.py:134}}
Jun 24 08:53:15.941292 np0000003527 devstack@g-api.service[99479]: DEBUG glance_store.location [None req-463a370d-2fa0-4b9c-ab26-32c36ad355ea tempest-ImageDependencyTests-527191652 tempest-ImageDependencyTests-527191652-project-member] Registering scheme swift+https with {'store': , 'location_class': , 'store_entry': 'swift'} {{(pid=99479) register_scheme_map /opt/stack/data/venv/lib/python3.12/site-packages/glance_store/location.py:146}}
Jun 24 08:53:15.941414 np0000003527 devstack@g-api.service[99479]: DEBUG glance_store.location [None req-463a370d-2fa0-4b9c-ab26-32c36ad355ea tempest-ImageDependencyTests-527191652 tempest-ImageDependencyTests-527191652-project-member] Registering scheme swift+https with {'store': , 'location_class': , 'store_entry': 'swift'} {{(pid=99479) register_scheme_map /opt/stack/data/venv/lib/python3.12/site-packages/glance_store/location.py:146}}
Jun 24 08:53:15.941570 np0000003527 devstack@g-api.service[99479]: DEBUG glance_store.location [None req-463a370d-2fa0-4b9c-ab26-32c36ad355ea tempest-ImageDependencyTests-527191652 tempest-ImageDependencyTests-527191652-project-member] Registering scheme swift with {'store': , 'location_class': , 'store_entry': 'swift'} {{(pid=99479) register_scheme_map /opt/stack/data/venv/lib/python3.12/site-packages/glance_store/location.py:146}}
Jun 24 08:53:15.941681 np0000003527 devstack@g-api.service[99479]: DEBUG glance_store.location [None req-463a370d-2fa0-4b9c-ab26-32c36ad355ea tempest-ImageDependencyTests-527191652 tempest-ImageDependencyTests-527191652-project-member] Registering scheme swift+https with {'store': , 'location_class': , 'store_entry': 'swift'} {{(pid=99479) register_scheme_map /opt/stack/data/venv/lib/python3.12/site-packages/glance_store/location.py:146}}
Jun 24 08:53:15.941815 np0000003527 devstack@g-api.service[99479]: DEBUG glance_store.location [None req-463a370d-2fa0-4b9c-ab26-32c36ad355ea tempest-ImageDependencyTests-527191652 tempest-ImageDependencyTests-527191652-project-member] Registering scheme swift with {'store': , 'location_class': , 'store_entry': 'swift'} {{(pid=99479) register_scheme_map /opt/stack/data/venv/lib/python3.12/site-packages/glance_store/location.py:146}}
Jun 24 08:53:15.942009 np0000003527 devstack@g-api.service[99479]: DEBUG glance_store.location [None req-463a370d-2fa0-4b9c-ab26-32c36ad355ea tempest-ImageDependencyTests-527191652 tempest-ImageDependencyTests-527191652-project-member] Registering scheme swift+http with {'store': , 'location_class': , 'store_entry': 'swift'} {{(pid=99479) register_scheme_map /opt/stack/data/venv/lib/python3.12/site-packages/glance_store/location.py:146}}
Jun 24 08:53:15.942009 np0000003527 devstack@g-api.service[99479]: DEBUG glance_store.location [None req-463a370d-2fa0-4b9c-ab26-32c36ad355ea tempest-ImageDependencyTests-527191652 tempest-ImageDependencyTests-527191652-project-member] Registering scheme swift+https with {'store': , 'location_class': , 'store_entry': 'swift'} {{(pid=99479) register_scheme_map /opt/stack/data/venv/lib/python3.12/site-packages/glance_store/location.py:146}}
Jun 24 08:53:15.942210 np0000003527 devstack@g-api.service[99479]: DEBUG glance_store.location [None req-463a370d-2fa0-4b9c-ab26-32c36ad355ea tempest-ImageDependencyTests-527191652 tempest-ImageDependencyTests-527191652-project-member] Registering scheme swift with {'store': , 'location_class': , 'store_entry': 'swift'} {{(pid=99479) register_scheme_map /opt/stack/data/venv/lib/python3.12/site-packages/glance_store/location.py:146}}
Jun 24 08:53:15.942210 np0000003527 devstack@g-api.service[99479]: DEBUG glance_store.location [None req-463a370d-2fa0-4b9c-ab26-32c36ad355ea tempest-ImageDependencyTests-527191652 tempest-ImageDependencyTests-527191652-project-member] Registering scheme swift+http with {'store': , 'location_class': , 'store_entry': 'swift'} {{(pid=99479) register_scheme_map /opt/stack/data/venv/lib/python3.12/site-packages/glance_store/location.py:146}}
Jun 24 08:53:15.942452 np0000003527 devstack@g-api.service[99479]: DEBUG glance_store.location [None req-463a370d-2fa0-4b9c-ab26-32c36ad355ea tempest-ImageDependencyTests-527191652 tempest-ImageDependencyTests-527191652-project-member] Registering scheme swift+config with {'store': , 'location_class': , 'store_entry': 'swift'} {{(pid=99479) register_scheme_map /opt/stack/data/venv/lib/python3.12/site-packages/glance_store/location.py:146}}
Jun 24 08:53:15.942452 np0000003527 devstack@g-api.service[99479]: DEBUG glance_store.backend [None req-463a370d-2fa0-4b9c-ab26-32c36ad355ea tempest-ImageDependencyTests-527191652 tempest-ImageDependencyTests-527191652-project-member] Skipping store.set_acls... not implemented. {{(pid=99479) set_acls /opt/stack/data/venv/lib/python3.12/site-packages/glance_store/backend.py:507}}
Jun 24 08:53:15.945055 np0000003527 devstack@g-api.service[99479]: [pid: 99479|app: 0|req: 24/88] 127.0.0.1 () {46 vars in 1144 bytes} [Wed Jun 24 08:53:13 2026] PUT /v2/images/9c5a8dfa-d979-4b02-8c9f-022a54c79057/file => generated 0 bytes in 2093 msecs (HTTP/1.1 204) 4 headers in 171 bytes (1 switches on core 0)
Jun 24 08:53:15.987999 np0000003527 devstack@g-api.service[99477]: DEBUG glance.api.middleware.version_negotiation [None req-e5ce0cf6-8749-47fd-a97c-30845fc63ce9 tempest-TaggedBootDevicesTest-378072775 tempest-TaggedBootDevicesTest-378072775-project-member] Determining version of request: GET /v2/images/9c5a8dfa-d979-4b02-8c9f-022a54c79057 Accept: */* {{(pid=99477) process_request /opt/stack/glance/glance/api/middleware/version_negotiation.py:44}}
Jun 24 08:53:15.988521 np0000003527 devstack@g-api.service[99477]: DEBUG glance.api.middleware.version_negotiation [None req-e5ce0cf6-8749-47fd-a97c-30845fc63ce9 tempest-TaggedBootDevicesTest-378072775 tempest-TaggedBootDevicesTest-378072775-project-member] Using url versioning {{(pid=99477) process_request /opt/stack/glance/glance/api/middleware/version_negotiation.py:57}}
Jun 24 08:53:15.988521 np0000003527 devstack@g-api.service[99477]: DEBUG glance.api.middleware.version_negotiation [None req-e5ce0cf6-8749-47fd-a97c-30845fc63ce9 tempest-TaggedBootDevicesTest-378072775 tempest-TaggedBootDevicesTest-378072775-project-member] Matched version: v2 {{(pid=99477) process_request /opt/stack/glance/glance/api/middleware/version_negotiation.py:69}}
Jun 24 08:53:15.988521 np0000003527 devstack@g-api.service[99477]: DEBUG glance.api.middleware.version_negotiation [None req-e5ce0cf6-8749-47fd-a97c-30845fc63ce9 tempest-TaggedBootDevicesTest-378072775 tempest-TaggedBootDevicesTest-378072775-project-member] new path /v2/images/9c5a8dfa-d979-4b02-8c9f-022a54c79057 {{(pid=99477) process_request /opt/stack/glance/glance/api/middleware/version_negotiation.py:70}}
Jun 24 08:53:16.002056 np0000003527 devstack@g-api.service[99477]: [pid: 99477|app: 0|req: 34/89] 127.0.0.1 () {44 vars in 1115 bytes} [Wed Jun 24 08:53:15 2026] GET /v2/images/9c5a8dfa-d979-4b02-8c9f-022a54c79057 => generated 1761 bytes in 14 msecs (HTTP/1.1 200) 4 headers in 158 bytes (1 switches on core 0)
Jun 24 08:53:16.048520 np0000003527 devstack@g-api.service[99478]: DEBUG glance.api.middleware.version_negotiation [None req-e5ce0cf6-8749-47fd-a97c-30845fc63ce9 tempest-TaggedBootDevicesTest-378072775 tempest-TaggedBootDevicesTest-378072775-project-member] Determining version of request: GET /v2/schemas/image Accept: */* {{(pid=99478) process_request /opt/stack/glance/glance/api/middleware/version_negotiation.py:44}}
Jun 24 08:53:16.048687 np0000003527 devstack@g-api.service[99478]: DEBUG glance.api.middleware.version_negotiation [None req-e5ce0cf6-8749-47fd-a97c-30845fc63ce9 tempest-TaggedBootDevicesTest-378072775 tempest-TaggedBootDevicesTest-378072775-project-member] Using url versioning {{(pid=99478) process_request /opt/stack/glance/glance/api/middleware/version_negotiation.py:57}}
Jun 24 08:53:16.048824 np0000003527 devstack@g-api.service[99478]: DEBUG glance.api.middleware.version_negotiation [None req-e5ce0cf6-8749-47fd-a97c-30845fc63ce9 tempest-TaggedBootDevicesTest-378072775 tempest-TaggedBootDevicesTest-378072775-project-member] Matched version: v2 {{(pid=99478) process_request /opt/stack/glance/glance/api/middleware/version_negotiation.py:69}}
Jun 24 08:53:16.048905 np0000003527 devstack@g-api.service[99478]: DEBUG glance.api.middleware.version_negotiation [None req-e5ce0cf6-8749-47fd-a97c-30845fc63ce9 tempest-TaggedBootDevicesTest-378072775 tempest-TaggedBootDevicesTest-378072775-project-member] new path /v2/schemas/image {{(pid=99478) process_request /opt/stack/glance/glance/api/middleware/version_negotiation.py:70}}
Jun 24 08:53:16.050975 np0000003527 devstack@g-api.service[99478]: [pid: 99478|app: 0|req: 32/90] 127.0.0.1 () {44 vars in 1055 bytes} [Wed Jun 24 08:53:16 2026] GET /v2/schemas/image => generated 6083 bytes in 2 msecs (HTTP/1.1 200) 4 headers in 158 bytes (1 switches on core 0)
Jun 24 08:53:16.073338 np0000003527 devstack@g-api.service[99479]: DEBUG glance.api.middleware.version_negotiation [None req-463a370d-2fa0-4b9c-ab26-32c36ad355ea tempest-ImageDependencyTests-527191652 tempest-ImageDependencyTests-527191652-project-member] Determining version of request: GET /v2/images/9c5a8dfa-d979-4b02-8c9f-022a54c79057 Accept: application/json {{(pid=99479) process_request /opt/stack/glance/glance/api/middleware/version_negotiation.py:44}}
