Jun 26 19:41:36.170740 np0000003788 devstack@g-api.service[102786]: DEBUG glance.api.middleware.version_negotiation [None req-df4828b4-3045-4141-9017-55304e877a53 tempest-TaggedBootDevicesTest-1941834160 tempest-TaggedBootDevicesTest-1941834160-project-member] Using url versioning {{(pid=102786) process_request /opt/stack/glance/glance/api/middleware/version_negotiation.py:57}}
Jun 26 19:41:36.170959 np0000003788 devstack@g-api.service[102786]: DEBUG glance.api.middleware.version_negotiation [None req-df4828b4-3045-4141-9017-55304e877a53 tempest-TaggedBootDevicesTest-1941834160 tempest-TaggedBootDevicesTest-1941834160-project-member] Matched version: v2 {{(pid=102786) process_request /opt/stack/glance/glance/api/middleware/version_negotiation.py:69}}
Jun 26 19:41:36.171422 np0000003788 devstack@g-api.service[102786]: DEBUG glance.api.middleware.version_negotiation [None req-df4828b4-3045-4141-9017-55304e877a53 tempest-TaggedBootDevicesTest-1941834160 tempest-TaggedBootDevicesTest-1941834160-project-member] new path /v2/images/52ce7ebc-c92c-457b-b219-1a845b72d9a1 {{(pid=102786) process_request /opt/stack/glance/glance/api/middleware/version_negotiation.py:70}}
Jun 26 19:41:36.183178 np0000003788 devstack@g-api.service[102786]: [pid: 102786|app: 0|req: 8/31] 127.0.0.1 () {44 vars in 1111 bytes} [Fri Jun 26 19:41:36 2026] GET /v2/images/52ce7ebc-c92c-457b-b219-1a845b72d9a1 => generated 1044 bytes in 14 msecs (HTTP/1.1 200) 4 headers in 158 bytes (1 switches on core 0)
Jun 26 19:41:36.195163 np0000003788 devstack@g-api.service[102788]: DEBUG glance.api.middleware.version_negotiation [None req-df4828b4-3045-4141-9017-55304e877a53 tempest-TaggedBootDevicesTest-1941834160 tempest-TaggedBootDevicesTest-1941834160-project-member] Determining version of request: GET /v2/schemas/image Accept: */* {{(pid=102788) process_request /opt/stack/glance/glance/api/middleware/version_negotiation.py:44}}
Jun 26 19:41:36.195467 np0000003788 devstack@g-api.service[102788]: DEBUG glance.api.middleware.version_negotiation [None req-df4828b4-3045-4141-9017-55304e877a53 tempest-TaggedBootDevicesTest-1941834160 tempest-TaggedBootDevicesTest-1941834160-project-member] Using url versioning {{(pid=102788) process_request /opt/stack/glance/glance/api/middleware/version_negotiation.py:57}}
Jun 26 19:41:36.195670 np0000003788 devstack@g-api.service[102788]: DEBUG glance.api.middleware.version_negotiation [None req-df4828b4-3045-4141-9017-55304e877a53 tempest-TaggedBootDevicesTest-1941834160 tempest-TaggedBootDevicesTest-1941834160-project-member] Matched version: v2 {{(pid=102788) process_request /opt/stack/glance/glance/api/middleware/version_negotiation.py:69}}
Jun 26 19:41:36.195907 np0000003788 devstack@g-api.service[102788]: DEBUG glance.api.middleware.version_negotiation [None req-df4828b4-3045-4141-9017-55304e877a53 tempest-TaggedBootDevicesTest-1941834160 tempest-TaggedBootDevicesTest-1941834160-project-member] new path /v2/schemas/image {{(pid=102788) process_request /opt/stack/glance/glance/api/middleware/version_negotiation.py:70}}
Jun 26 19:41:36.198505 np0000003788 devstack@g-api.service[102788]: [pid: 102788|app: 0|req: 9/32] 127.0.0.1 () {44 vars in 1051 bytes} [Fri Jun 26 19:41:36 2026] GET /v2/schemas/image => generated 6083 bytes in 3 msecs (HTTP/1.1 200) 4 headers in 158 bytes (1 switches on core 0)
Jun 26 19:41:36.208911 np0000003788 devstack@g-api.service[102787]: DEBUG glance.api.middleware.version_negotiation [None req-df4828b4-3045-4141-9017-55304e877a53 tempest-TaggedBootDevicesTest-1941834160 tempest-TaggedBootDevicesTest-1941834160-project-member] Determining version of request: GET /v2/schemas/image Accept: */* {{(pid=102787) process_request /opt/stack/glance/glance/api/middleware/version_negotiation.py:44}}
Jun 26 19:41:36.209137 np0000003788 devstack@g-api.service[102787]: DEBUG glance.api.middleware.version_negotiation [None req-df4828b4-3045-4141-9017-55304e877a53 tempest-TaggedBootDevicesTest-1941834160 tempest-TaggedBootDevicesTest-1941834160-project-member] Using url versioning {{(pid=102787) process_request /opt/stack/glance/glance/api/middleware/version_negotiation.py:57}}
Jun 26 19:41:36.209565 np0000003788 devstack@g-api.service[102787]: DEBUG glance.api.middleware.version_negotiation [None req-df4828b4-3045-4141-9017-55304e877a53 tempest-TaggedBootDevicesTest-1941834160 tempest-TaggedBootDevicesTest-1941834160-project-member] Matched version: v2 {{(pid=102787) process_request /opt/stack/glance/glance/api/middleware/version_negotiation.py:69}}
Jun 26 19:41:36.209565 np0000003788 devstack@g-api.service[102787]: DEBUG glance.api.middleware.version_negotiation [None req-df4828b4-3045-4141-9017-55304e877a53 tempest-TaggedBootDevicesTest-1941834160 tempest-TaggedBootDevicesTest-1941834160-project-member] new path /v2/schemas/image {{(pid=102787) process_request /opt/stack/glance/glance/api/middleware/version_negotiation.py:70}}
Jun 26 19:41:36.212362 np0000003788 devstack@g-api.service[102787]: [pid: 102787|app: 0|req: 10/33] 127.0.0.1 () {44 vars in 1051 bytes} [Fri Jun 26 19:41:36 2026] GET /v2/schemas/image => generated 6083 bytes in 3 msecs (HTTP/1.1 200) 4 headers in 158 bytes (1 switches on core 0)
Jun 26 19:41:36.908198 np0000003788 devstack@g-api.service[102789]: INFO glance.api.v2.image_data [None req-2e24622d-4732-46bb-be9f-4bd9d77ea034 tempest-AttachSCSIVolumeTestJSON-1008253799 tempest-AttachSCSIVolumeTestJSON-1008253799-project-admin] Unable to create trust: no such option collect_timing in group [keystone_authtoken] Use the existing user token.
Jun 26 19:41:37.096044 np0000003788 devstack@g-api.service[102786]: DEBUG glance.api.middleware.version_negotiation [None req-df4828b4-3045-4141-9017-55304e877a53 tempest-TaggedBootDevicesTest-1941834160 tempest-TaggedBootDevicesTest-1941834160-project-member] Determining version of request: GET /versions Accept: */* {{(pid=102786) process_request /opt/stack/glance/glance/api/middleware/version_negotiation.py:44}}
Jun 26 19:41:37.097534 np0000003788 devstack@g-api.service[102786]: [pid: 102786|app: 0|req: 9/34] 127.0.0.1 () {44 vars in 1035 bytes} [Fri Jun 26 19:41:37 2026] GET /versions => generated 1394 bytes in 2 msecs (HTTP/1.1 200) 3 headers in 92 bytes (1 switches on core 0)
Jun 26 19:41:37.112545 np0000003788 devstack@g-api.service[102788]: DEBUG glance.api.middleware.version_negotiation [None req-df4828b4-3045-4141-9017-55304e877a53 tempest-TaggedBootDevicesTest-1941834160 tempest-TaggedBootDevicesTest-1941834160-project-member] Determining version of request: GET /v2/images/52ce7ebc-c92c-457b-b219-1a845b72d9a1/locations Accept: */* {{(pid=102788) process_request /opt/stack/glance/glance/api/middleware/version_negotiation.py:44}}
Jun 26 19:41:37.112934 np0000003788 devstack@g-api.service[102788]: DEBUG glance.api.middleware.version_negotiation [None req-df4828b4-3045-4141-9017-55304e877a53 tempest-TaggedBootDevicesTest-1941834160 tempest-TaggedBootDevicesTest-1941834160-project-member] Using url versioning {{(pid=102788) process_request /opt/stack/glance/glance/api/middleware/version_negotiation.py:57}}
Jun 26 19:41:37.112934 np0000003788 devstack@g-api.service[102788]: DEBUG glance.api.middleware.version_negotiation [None req-df4828b4-3045-4141-9017-55304e877a53 tempest-TaggedBootDevicesTest-1941834160 tempest-TaggedBootDevicesTest-1941834160-project-member] Matched version: v2 {{(pid=102788) process_request /opt/stack/glance/glance/api/middleware/version_negotiation.py:69}}
Jun 26 19:41:37.113437 np0000003788 devstack@g-api.service[102788]: DEBUG glance.api.middleware.version_negotiation [None req-df4828b4-3045-4141-9017-55304e877a53 tempest-TaggedBootDevicesTest-1941834160 tempest-TaggedBootDevicesTest-1941834160-project-member] new path /v2/images/52ce7ebc-c92c-457b-b219-1a845b72d9a1/locations {{(pid=102788) process_request /opt/stack/glance/glance/api/middleware/version_negotiation.py:70}}
Jun 26 19:41:37.744295 np0000003788 devstack@g-api.service[102788]: [pid: 102788|app: 0|req: 10/35] 127.0.0.1 () {44 vars in 1131 bytes} [Fri Jun 26 19:41:37 2026] GET /v2/images/52ce7ebc-c92c-457b-b219-1a845b72d9a1/locations => generated 92 bytes in 632 msecs (HTTP/1.1 200) 4 headers in 156 bytes (1 switches on core 0)
Jun 26 19:41:37.760039 np0000003788 devstack@g-api.service[102787]: DEBUG glance.api.middleware.version_negotiation [None req-df4828b4-3045-4141-9017-55304e877a53 tempest-TaggedBootDevicesTest-1941834160 tempest-TaggedBootDevicesTest-1941834160-project-member] Determining version of request: GET /v2/images/52ce7ebc-c92c-457b-b219-1a845b72d9a1 Accept: */* {{(pid=102787) process_request /opt/stack/glance/glance/api/middleware/version_negotiation.py:44}}
Jun 26 19:41:37.760607 np0000003788 devstack@g-api.service[102787]: DEBUG glance.api.middleware.version_negotiation [None req-df4828b4-3045-4141-9017-55304e877a53 tempest-TaggedBootDevicesTest-1941834160 tempest-TaggedBootDevicesTest-1941834160-project-member] Using url versioning {{(pid=102787) process_request /opt/stack/glance/glance/api/middleware/version_negotiation.py:57}}
Jun 26 19:41:37.760607 np0000003788 devstack@g-api.service[102787]: DEBUG glance.api.middleware.version_negotiation [None req-df4828b4-3045-4141-9017-55304e877a53 tempest-TaggedBootDevicesTest-1941834160 tempest-TaggedBootDevicesTest-1941834160-project-member] Matched version: v2 {{(pid=102787) process_request /opt/stack/glance/glance/api/middleware/version_negotiation.py:69}}
Jun 26 19:41:37.760607 np0000003788 devstack@g-api.service[102787]: DEBUG glance.api.middleware.version_negotiation [None req-df4828b4-3045-4141-9017-55304e877a53 tempest-TaggedBootDevicesTest-1941834160 tempest-TaggedBootDevicesTest-1941834160-project-member] new path /v2/images/52ce7ebc-c92c-457b-b219-1a845b72d9a1 {{(pid=102787) process_request /opt/stack/glance/glance/api/middleware/version_negotiation.py:70}}
Jun 26 19:41:37.779207 np0000003788 devstack@g-api.service[102787]: [pid: 102787|app: 0|req: 11/36] 127.0.0.1 () {44 vars in 1111 bytes} [Fri Jun 26 19:41:37 2026] GET /v2/images/52ce7ebc-c92c-457b-b219-1a845b72d9a1 => generated 1044 bytes in 19 msecs (HTTP/1.1 200) 4 headers in 158 bytes (1 switches on core 0)
Jun 26 19:41:37.787442 np0000003788 devstack@g-api.service[102786]: DEBUG glance.api.middleware.version_negotiation [None req-df4828b4-3045-4141-9017-55304e877a53 tempest-TaggedBootDevicesTest-1941834160 tempest-TaggedBootDevicesTest-1941834160-project-member] Determining version of request: GET /v2/schemas/image Accept: */* {{(pid=102786) process_request /opt/stack/glance/glance/api/middleware/version_negotiation.py:44}}
Jun 26 19:41:37.787640 np0000003788 devstack@g-api.service[102786]: DEBUG glance.api.middleware.version_negotiation [None req-df4828b4-3045-4141-9017-55304e877a53 tempest-TaggedBootDevicesTest-1941834160 tempest-TaggedBootDevicesTest-1941834160-project-member] Using url versioning {{(pid=102786) process_request /opt/stack/glance/glance/api/middleware/version_negotiation.py:57}}
Jun 26 19:41:37.787733 np0000003788 devstack@g-api.service[102786]: DEBUG glance.api.middleware.version_negotiation [None req-df4828b4-3045-4141-9017-55304e877a53 tempest-TaggedBootDevicesTest-1941834160 tempest-TaggedBootDevicesTest-1941834160-project-member] Matched version: v2 {{(pid=102786) process_request /opt/stack/glance/glance/api/middleware/version_negotiation.py:69}}
Jun 26 19:41:37.787883 np0000003788 devstack@g-api.service[102786]: DEBUG glance.api.middleware.version_negotiation [None req-df4828b4-3045-4141-9017-55304e877a53 tempest-TaggedBootDevicesTest-1941834160 tempest-TaggedBootDevicesTest-1941834160-project-member] new path /v2/schemas/image {{(pid=102786) process_request /opt/stack/glance/glance/api/middleware/version_negotiation.py:70}}
Jun 26 19:41:37.793315 np0000003788 devstack@g-api.service[102786]: [pid: 102786|app: 0|req: 10/37] 127.0.0.1 () {44 vars in 1051 bytes} [Fri Jun 26 19:41:37 2026] GET /v2/schemas/image => generated 6083 bytes in 6 msecs (HTTP/1.1 200) 4 headers in 158 bytes (1 switches on core 0)
Jun 26 19:41:37.801950 np0000003788 devstack@g-api.service[102789]: DEBUG glance.location [None req-2e24622d-4732-46bb-be9f-4bd9d77ea034 tempest-AttachSCSIVolumeTestJSON-1008253799 tempest-AttachSCSIVolumeTestJSON-1008253799-project-admin] Enabling in-flight format inspection for qcow2 {{(pid=102789) set_data /opt/stack/glance/glance/location.py:616}}
Jun 26 19:41:37.802536 np0000003788 devstack@g-api.service[102789]: DEBUG glance_store.backend [None req-2e24622d-4732-46bb-be9f-4bd9d77ea034 tempest-AttachSCSIVolumeTestJSON-1008253799 tempest-AttachSCSIVolumeTestJSON-1008253799-project-admin] Attempting to import store swift {{(pid=102789) _load_store /opt/stack/data/venv/lib/python3.12/site-packages/glance_store/backend.py:215}}
Jun 26 19:41:37.804276 np0000003788 devstack@g-api.service[102789]: DEBUG glance_store.capabilities [None req-2e24622d-4732-46bb-be9f-4bd9d77ea034 tempest-AttachSCSIVolumeTestJSON-1008253799 tempest-AttachSCSIVolumeTestJSON-1008253799-project-admin] Store glance_store._drivers.swift.store.SingleTenantStore doesn't support updating dynamic storage capabilities. Please overwrite 'update_capabilities' method of the store to implement updating logics if needed. {{(pid=102789) update_capabilities /opt/stack/data/venv/lib/python3.12/site-packages/glance_store/capabilities.py:91}}
Jun 26 19:41:37.804420 np0000003788 devstack@g-api.service[102789]: DEBUG glance_store.driver [None req-2e24622d-4732-46bb-be9f-4bd9d77ea034 tempest-AttachSCSIVolumeTestJSON-1008253799 tempest-AttachSCSIVolumeTestJSON-1008253799-project-admin] Late loading location class glance_store._drivers.swift.store.StoreLocation {{(pid=102789) get_store_location_class /opt/stack/data/venv/lib/python3.12/site-packages/glance_store/driver.py:134}}
Jun 26 19:41:37.804538 np0000003788 devstack@g-api.service[102789]: DEBUG glance_store.location [None req-2e24622d-4732-46bb-be9f-4bd9d77ea034 tempest-AttachSCSIVolumeTestJSON-1008253799 tempest-AttachSCSIVolumeTestJSON-1008253799-project-admin] Registering scheme swift+https with {'store': , 'location_class': , 'store_entry': 'swift'} {{(pid=102789) register_scheme_map /opt/stack/data/venv/lib/python3.12/site-packages/glance_store/location.py:146}}
Jun 26 19:41:37.804648 np0000003788 devstack@g-api.service[102789]: DEBUG glance_store.location [None req-2e24622d-4732-46bb-be9f-4bd9d77ea034 tempest-AttachSCSIVolumeTestJSON-1008253799 tempest-AttachSCSIVolumeTestJSON-1008253799-project-admin] Registering scheme swift+https with {'store': , 'location_class': , 'store_entry': 'swift'} {{(pid=102789) register_scheme_map /opt/stack/data/venv/lib/python3.12/site-packages/glance_store/location.py:146}}
Jun 26 19:41:37.804765 np0000003788 devstack@g-api.service[102789]: DEBUG glance_store.location [None req-2e24622d-4732-46bb-be9f-4bd9d77ea034 tempest-AttachSCSIVolumeTestJSON-1008253799 tempest-AttachSCSIVolumeTestJSON-1008253799-project-admin] Registering scheme swift with {'store': , 'location_class': , 'store_entry': 'swift'} {{(pid=102789) register_scheme_map /opt/stack/data/venv/lib/python3.12/site-packages/glance_store/location.py:146}}
Jun 26 19:41:37.805595 np0000003788 devstack@g-api.service[102789]: DEBUG glance_store.location [None req-2e24622d-4732-46bb-be9f-4bd9d77ea034 tempest-AttachSCSIVolumeTestJSON-1008253799 tempest-AttachSCSIVolumeTestJSON-1008253799-project-admin] Registering scheme swift+https with {'store': , 'location_class': , 'store_entry': 'swift'} {{(pid=102789) register_scheme_map /opt/stack/data/venv/lib/python3.12/site-packages/glance_store/location.py:146}}
Jun 26 19:41:37.805595 np0000003788 devstack@g-api.service[102789]: DEBUG glance_store.location [None req-2e24622d-4732-46bb-be9f-4bd9d77ea034 tempest-AttachSCSIVolumeTestJSON-1008253799 tempest-AttachSCSIVolumeTestJSON-1008253799-project-admin] Registering scheme swift with {'store': , 'location_class': , 'store_entry': 'swift'} {{(pid=102789) register_scheme_map /opt/stack/data/venv/lib/python3.12/site-packages/glance_store/location.py:146}}
Jun 26 19:41:37.806382 np0000003788 devstack@g-api.service[102788]: DEBUG glance.api.middleware.version_negotiation [None req-df4828b4-3045-4141-9017-55304e877a53 service glance] Determining version of request: GET /v2/schemas/image Accept: */* {{(pid=102788) process_request /opt/stack/glance/glance/api/middleware/version_negotiation.py:44}}
Jun 26 19:41:37.806630 np0000003788 devstack@g-api.service[102789]: DEBUG glance_store.location [None req-2e24622d-4732-46bb-be9f-4bd9d77ea034 tempest-AttachSCSIVolumeTestJSON-1008253799 tempest-AttachSCSIVolumeTestJSON-1008253799-project-admin] Registering scheme swift+http with {'store': , 'location_class': , 'store_entry': 'swift'} {{(pid=102789) register_scheme_map /opt/stack/data/venv/lib/python3.12/site-packages/glance_store/location.py:146}}
Jun 26 19:41:37.806722 np0000003788 devstack@g-api.service[102788]: DEBUG glance.api.middleware.version_negotiation [None req-df4828b4-3045-4141-9017-55304e877a53 service glance] Using url versioning {{(pid=102788) process_request /opt/stack/glance/glance/api/middleware/version_negotiation.py:57}}
Jun 26 19:41:37.806891 np0000003788 devstack@g-api.service[102789]: DEBUG glance_store.location [None req-2e24622d-4732-46bb-be9f-4bd9d77ea034 tempest-AttachSCSIVolumeTestJSON-1008253799 tempest-AttachSCSIVolumeTestJSON-1008253799-project-admin] Registering scheme swift+https with {'store': , 'location_class': , 'store_entry': 'swift'} {{(pid=102789) register_scheme_map /opt/stack/data/venv/lib/python3.12/site-packages/glance_store/location.py:146}}
Jun 26 19:41:37.807152 np0000003788 devstack@g-api.service[102789]: DEBUG glance_store.location [None req-2e24622d-4732-46bb-be9f-4bd9d77ea034 tempest-AttachSCSIVolumeTestJSON-1008253799 tempest-AttachSCSIVolumeTestJSON-1008253799-project-admin] Registering scheme swift with {'store': , 'location_class': , 'store_entry': 'swift'} {{(pid=102789) register_scheme_map /opt/stack/data/venv/lib/python3.12/site-packages/glance_store/location.py:146}}
Jun 26 19:41:37.807211 np0000003788 devstack@g-api.service[102788]: DEBUG glance.api.middleware.version_negotiation [None req-df4828b4-3045-4141-9017-55304e877a53 service glance] Matched version: v2 {{(pid=102788) process_request /opt/stack/glance/glance/api/middleware/version_negotiation.py:69}}
Jun 26 19:41:37.807331 np0000003788 devstack@g-api.service[102788]: DEBUG glance.api.middleware.version_negotiation [None req-df4828b4-3045-4141-9017-55304e877a53 service glance] new path /v2/schemas/image {{(pid=102788) process_request /opt/stack/glance/glance/api/middleware/version_negotiation.py:70}}
Jun 26 19:41:37.807382 np0000003788 devstack@g-api.service[102789]: DEBUG glance_store.location [None req-2e24622d-4732-46bb-be9f-4bd9d77ea034 tempest-AttachSCSIVolumeTestJSON-1008253799 tempest-AttachSCSIVolumeTestJSON-1008253799-project-admin] Registering scheme swift+http with {'store': , 'location_class': , 'store_entry': 'swift'} {{(pid=102789) register_scheme_map /opt/stack/data/venv/lib/python3.12/site-packages/glance_store/location.py:146}}
Jun 26 19:41:37.807573 np0000003788 devstack@g-api.service[102789]: DEBUG glance_store.location [None req-2e24622d-4732-46bb-be9f-4bd9d77ea034 tempest-AttachSCSIVolumeTestJSON-1008253799 tempest-AttachSCSIVolumeTestJSON-1008253799-project-admin] Registering scheme swift+config with {'store': , 'location_class': , 'store_entry': 'swift'} {{(pid=102789) register_scheme_map /opt/stack/data/venv/lib/python3.12/site-packages/glance_store/location.py:146}}
Jun 26 19:41:37.810762 np0000003788 devstack@g-api.service[102788]: [pid: 102788|app: 0|req: 11/38] 127.0.0.1 () {44 vars in 1051 bytes} [Fri Jun 26 19:41:37 2026] GET /v2/schemas/image => generated 6083 bytes in 5 msecs (HTTP/1.1 200) 4 headers in 158 bytes (1 switches on core 0)
Jun 26 19:41:37.850359 np0000003788 devstack@g-api.service[102787]: DEBUG glance.api.middleware.version_negotiation [None req-df4828b4-3045-4141-9017-55304e877a53 tempest-TaggedBootDevicesTest-1941834160 tempest-TaggedBootDevicesTest-1941834160-project-member] Determining version of request: GET /v2/images/52ce7ebc-c92c-457b-b219-1a845b72d9a1 Accept: */* {{(pid=102787) process_request /opt/stack/glance/glance/api/middleware/version_negotiation.py:44}}
Jun 26 19:41:37.851907 np0000003788 devstack@g-api.service[102787]: DEBUG glance.api.middleware.version_negotiation [None req-df4828b4-3045-4141-9017-55304e877a53 tempest-TaggedBootDevicesTest-1941834160 tempest-TaggedBootDevicesTest-1941834160-project-member] Using url versioning {{(pid=102787) process_request /opt/stack/glance/glance/api/middleware/version_negotiation.py:57}}
Jun 26 19:41:37.851907 np0000003788 devstack@g-api.service[102787]: DEBUG glance.api.middleware.version_negotiation [None req-df4828b4-3045-4141-9017-55304e877a53 tempest-TaggedBootDevicesTest-1941834160 tempest-TaggedBootDevicesTest-1941834160-project-member] Matched version: v2 {{(pid=102787) process_request /opt/stack/glance/glance/api/middleware/version_negotiation.py:69}}
Jun 26 19:41:37.851907 np0000003788 devstack@g-api.service[102787]: DEBUG glance.api.middleware.version_negotiation [None req-df4828b4-3045-4141-9017-55304e877a53 tempest-TaggedBootDevicesTest-1941834160 tempest-TaggedBootDevicesTest-1941834160-project-member] new path /v2/images/52ce7ebc-c92c-457b-b219-1a845b72d9a1 {{(pid=102787) process_request /opt/stack/glance/glance/api/middleware/version_negotiation.py:70}}
Jun 26 19:41:37.863989 np0000003788 devstack@g-api.service[102787]: [pid: 102787|app: 0|req: 12/39] 127.0.0.1 () {44 vars in 1111 bytes} [Fri Jun 26 19:41:37 2026] GET /v2/images/52ce7ebc-c92c-457b-b219-1a845b72d9a1 => generated 1044 bytes in 14 msecs (HTTP/1.1 200) 4 headers in 158 bytes (1 switches on core 0)
Jun 26 19:41:37.877934 np0000003788 devstack@g-api.service[102786]: DEBUG glance.api.middleware.version_negotiation [None req-df4828b4-3045-4141-9017-55304e877a53 tempest-TaggedBootDevicesTest-1941834160 tempest-TaggedBootDevicesTest-1941834160-project-member] Determining version of request: GET /v2/images/52ce7ebc-c92c-457b-b219-1a845b72d9a1/file Accept: */* {{(pid=102786) process_request /opt/stack/glance/glance/api/middleware/version_negotiation.py:44}}
Jun 26 19:41:37.878284 np0000003788 devstack@g-api.service[102786]: DEBUG glance.api.middleware.version_negotiation [None req-df4828b4-3045-4141-9017-55304e877a53 tempest-TaggedBootDevicesTest-1941834160 tempest-TaggedBootDevicesTest-1941834160-project-member] Using url versioning {{(pid=102786) process_request /opt/stack/glance/glance/api/middleware/version_negotiation.py:57}}
Jun 26 19:41:37.878284 np0000003788 devstack@g-api.service[102786]: DEBUG glance.api.middleware.version_negotiation [None req-df4828b4-3045-4141-9017-55304e877a53 tempest-TaggedBootDevicesTest-1941834160 tempest-TaggedBootDevicesTest-1941834160-project-member] Matched version: v2 {{(pid=102786) process_request /opt/stack/glance/glance/api/middleware/version_negotiation.py:69}}
Jun 26 19:41:37.878909 np0000003788 devstack@g-api.service[102786]: DEBUG glance.api.middleware.version_negotiation [None req-df4828b4-3045-4141-9017-55304e877a53 tempest-TaggedBootDevicesTest-1941834160 tempest-TaggedBootDevicesTest-1941834160-project-member] new path /v2/images/52ce7ebc-c92c-457b-b219-1a845b72d9a1/file {{(pid=102786) process_request /opt/stack/glance/glance/api/middleware/version_negotiation.py:70}}
Jun 26 19:41:37.892333 np0000003788 devstack@g-api.service[102786]: DEBUG glance.api.middleware.cache [None req-df4828b4-3045-4141-9017-55304e877a53 tempest-TaggedBootDevicesTest-1941834160 tempest-TaggedBootDevicesTest-1941834160-project-member] Cache hit for image '52ce7ebc-c92c-457b-b219-1a845b72d9a1' {{(pid=102786) process_request /opt/stack/glance/glance/api/middleware/cache.py:160}}
Jun 26 19:41:37.976578 np0000003788 devstack@g-api.service[102786]: [pid: 102786|app: 0|req: 11/40] 127.0.0.1 () {44 vars in 1121 bytes} [Fri Jun 26 19:41:37 2026] GET /v2/images/52ce7ebc-c92c-457b-b219-1a845b72d9a1/file => generated 21692416 bytes in 98 msecs (HTTP/1.1 200) 5 headers in 217 bytes (337 switches on core 0)
Jun 26 19:41:38.076836 np0000003788 devstack@g-api.service[102788]: DEBUG glance.api.middleware.version_negotiation [None req-df4828b4-3045-4141-9017-55304e877a53 tempest-TaggedBootDevicesTest-1941834160 tempest-TaggedBootDevicesTest-1941834160-project-member] Determining version of request: GET /v2/images/52ce7ebc-c92c-457b-b219-1a845b72d9a1 Accept: */* {{(pid=102788) process_request /opt/stack/glance/glance/api/middleware/version_negotiation.py:44}}
Jun 26 19:41:38.077213 np0000003788 devstack@g-api.service[102788]: DEBUG glance.api.middleware.version_negotiation [None req-df4828b4-3045-4141-9017-55304e877a53 tempest-TaggedBootDevicesTest-1941834160 tempest-TaggedBootDevicesTest-1941834160-project-member] Using url versioning {{(pid=102788) process_request /opt/stack/glance/glance/api/middleware/version_negotiation.py:57}}
Jun 26 19:41:38.077759 np0000003788 devstack@g-api.service[102788]: DEBUG glance.api.middleware.version_negotiation [None req-df4828b4-3045-4141-9017-55304e877a53 tempest-TaggedBootDevicesTest-1941834160 tempest-TaggedBootDevicesTest-1941834160-project-member] Matched version: v2 {{(pid=102788) process_request /opt/stack/glance/glance/api/middleware/version_negotiation.py:69}}
Jun 26 19:41:38.077759 np0000003788 devstack@g-api.service[102788]: DEBUG glance.api.middleware.version_negotiation [None req-df4828b4-3045-4141-9017-55304e877a53 tempest-TaggedBootDevicesTest-1941834160 tempest-TaggedBootDevicesTest-1941834160-project-member] new path /v2/images/52ce7ebc-c92c-457b-b219-1a845b72d9a1 {{(pid=102788) process_request /opt/stack/glance/glance/api/middleware/version_negotiation.py:70}}
Jun 26 19:41:38.094287 np0000003788 devstack@g-api.service[102788]: [pid: 102788|app: 0|req: 12/41] 127.0.0.1 () {44 vars in 1111 bytes} [Fri Jun 26 19:41:38 2026] GET /v2/images/52ce7ebc-c92c-457b-b219-1a845b72d9a1 => generated 1044 bytes in 17 msecs (HTTP/1.1 200) 4 headers in 158 bytes (1 switches on core 0)
Jun 26 19:41:38.108950 np0000003788 devstack@g-api.service[102787]: DEBUG glance.api.middleware.version_negotiation [None req-df4828b4-3045-4141-9017-55304e877a53 tempest-TaggedBootDevicesTest-1941834160 tempest-TaggedBootDevicesTest-1941834160-project-member] Determining version of request: GET /v2/schemas/image Accept: */* {{(pid=102787) process_request /opt/stack/glance/glance/api/middleware/version_negotiation.py:44}}
Jun 26 19:41:38.108950 np0000003788 devstack@g-api.service[102787]: DEBUG glance.api.middleware.version_negotiation [None req-df4828b4-3045-4141-9017-55304e877a53 tempest-TaggedBootDevicesTest-1941834160 tempest-TaggedBootDevicesTest-1941834160-project-member] Using url versioning {{(pid=102787) process_request /opt/stack/glance/glance/api/middleware/version_negotiation.py:57}}
Jun 26 19:41:38.108950 np0000003788 devstack@g-api.service[102787]: DEBUG glance.api.middleware.version_negotiation [None req-df4828b4-3045-4141-9017-55304e877a53 tempest-TaggedBootDevicesTest-1941834160 tempest-TaggedBootDevicesTest-1941834160-project-member] Matched version: v2 {{(pid=102787) process_request /opt/stack/glance/glance/api/middleware/version_negotiation.py:69}}
Jun 26 19:41:38.108950 np0000003788 devstack@g-api.service[102787]: DEBUG glance.api.middleware.version_negotiation [None req-df4828b4-3045-4141-9017-55304e877a53 tempest-TaggedBootDevicesTest-1941834160 tempest-TaggedBootDevicesTest-1941834160-project-member] new path /v2/schemas/image {{(pid=102787) process_request /opt/stack/glance/glance/api/middleware/version_negotiation.py:70}}
Jun 26 19:41:38.111580 np0000003788 devstack@g-api.service[102787]: [pid: 102787|app: 0|req: 13/42] 127.0.0.1 () {44 vars in 1051 bytes} [Fri Jun 26 19:41:38 2026] GET /v2/schemas/image => generated 6083 bytes in 4 msecs (HTTP/1.1 200) 4 headers in 158 bytes (1 switches on core 0)
Jun 26 19:41:38.395837 np0000003788 devstack@g-api.service[102789]: DEBUG swiftclient [None req-2e24622d-4732-46bb-be9f-4bd9d77ea034 tempest-AttachSCSIVolumeTestJSON-1008253799 tempest-AttachSCSIVolumeTestJSON-1008253799-project-admin] REQ: curl -i https://10.4.3.76:8080/v1/AUTH_c01465ed12fe4924b5d88cf566ac2a92/glance -I -H "X-Auth-Token: gAAAAABqPtXxcCUY..." {{(pid=102789) http_log /opt/stack/data/venv/lib/python3.12/site-packages/swiftclient/client.py:160}}
Jun 26 19:41:38.396279 np0000003788 devstack@g-api.service[102789]: DEBUG swiftclient [None req-2e24622d-4732-46bb-be9f-4bd9d77ea034 tempest-AttachSCSIVolumeTestJSON-1008253799 tempest-AttachSCSIVolumeTestJSON-1008253799-project-admin] RESP STATUS: 204 No Content {{(pid=102789) http_log /opt/stack/data/venv/lib/python3.12/site-packages/swiftclient/client.py:161}}
Jun 26 19:41:38.396279 np0000003788 devstack@g-api.service[102789]: DEBUG swiftclient [None req-2e24622d-4732-46bb-be9f-4bd9d77ea034 tempest-AttachSCSIVolumeTestJSON-1008253799 tempest-AttachSCSIVolumeTestJSON-1008253799-project-admin] RESP HEADERS: {'Date': 'Fri, 26 Jun 2026 19:41:38 GMT', 'Server': 'Apache/2.4.58 (Ubuntu)', 'Content-Type': 'text/plain; charset=utf-8', 'X-Container-Object-Count': '3', 'X-Container-Bytes-Used': '64356352', 'X-Timestamp': '1782502757.81744', 'Last-Modified': 'Fri, 26 Jun 2026 19:39:18 GMT', 'Accept-Ranges': 'bytes', 'X-Storage-Policy': 'Policy-0', 'X-Container-Sharding': 'False', 'Vary': 'Accept', 'X-Trans-Id': 'tx02e51ff0f5db4effbf2a2-006a3ed5f1', 'X-Openstack-Request-Id': 'tx02e51ff0f5db4effbf2a2-006a3ed5f1', 'Connection': 'close'} {{(pid=102789) http_log /opt/stack/data/venv/lib/python3.12/site-packages/swiftclient/client.py:162}}
Jun 26 19:41:38.396429 np0000003788 devstack@g-api.service[102789]: DEBUG glance_store._drivers.swift.store [None req-2e24622d-4732-46bb-be9f-4bd9d77ea034 tempest-AttachSCSIVolumeTestJSON-1008253799 tempest-AttachSCSIVolumeTestJSON-1008253799-project-admin] Adding image object '09a480fb-7bbb-47fd-8a66-ac5b2332275d' to Swift {{(pid=102789) add /opt/stack/data/venv/lib/python3.12/site-packages/glance_store/_drivers/swift/store.py:970}}
Jun 26 19:41:38.396472 np0000003788 devstack@g-api.service[102789]: DEBUG glance_store._drivers.swift.store [None req-2e24622d-4732-46bb-be9f-4bd9d77ea034 tempest-AttachSCSIVolumeTestJSON-1008253799 tempest-AttachSCSIVolumeTestJSON-1008253799-project-admin] Cannot determine image size because it is either not provided in the request or chunked-transfer encoding is used. Adding image as a segmented object to Swift. {{(pid=102789) add /opt/stack/data/venv/lib/python3.12/site-packages/glance_store/_drivers/swift/store.py:994}}
Jun 26 19:41:38.407159 np0000003788 devstack@g-api.service[102789]: DEBUG oslo_utils.imageutils.format_inspector [None req-2e24622d-4732-46bb-be9f-4bd9d77ea034 tempest-AttachSCSIVolumeTestJSON-1008253799 tempest-AttachSCSIVolumeTestJSON-1008253799-project-admin] Format inspector for vmdk does not match, excluding from consideration (Signature KDMV not found: b'QFI\xfb') {{(pid=102789) _process_chunk /opt/stack/data/venv/lib/python3.12/site-packages/oslo_utils/imageutils/format_inspector.py:1758}}
Jun 26 19:41:38.411977 np0000003788 devstack@g-api.service[102789]: DEBUG oslo_utils.imageutils.format_inspector [None req-2e24622d-4732-46bb-be9f-4bd9d77ea034 tempest-AttachSCSIVolumeTestJSON-1008253799 tempest-AttachSCSIVolumeTestJSON-1008253799-project-admin] Format inspector for vhdx does not match, excluding from consideration (Region signature not found at 30000) {{(pid=102789) _process_chunk /opt/stack/data/venv/lib/python3.12/site-packages/oslo_utils/imageutils/format_inspector.py:1758}}
Jun 26 19:41:38.724302 np0000003788 devstack@g-api.service[102789]: DEBUG swiftclient [None req-2e24622d-4732-46bb-be9f-4bd9d77ea034 tempest-AttachSCSIVolumeTestJSON-1008253799 tempest-AttachSCSIVolumeTestJSON-1008253799-project-admin] REQ: curl -i https://10.4.3.76:8080/v1/AUTH_c01465ed12fe4924b5d88cf566ac2a92/glance/09a480fb-7bbb-47fd-8a66-ac5b2332275d-00001 -X PUT -H "X-Auth-Token: gAAAAABqPtXxcCUY..." {{(pid=102789) http_log /opt/stack/data/venv/lib/python3.12/site-packages/swiftclient/client.py:160}}
Jun 26 19:41:38.724471 np0000003788 devstack@g-api.service[102789]: DEBUG swiftclient [None req-2e24622d-4732-46bb-be9f-4bd9d77ea034 tempest-AttachSCSIVolumeTestJSON-1008253799 tempest-AttachSCSIVolumeTestJSON-1008253799-project-admin] RESP STATUS: 201 Created {{(pid=102789) http_log /opt/stack/data/venv/lib/python3.12/site-packages/swiftclient/client.py:161}}
Jun 26 19:41:38.724674 np0000003788 devstack@g-api.service[102789]: DEBUG swiftclient [None req-2e24622d-4732-46bb-be9f-4bd9d77ea034 tempest-AttachSCSIVolumeTestJSON-1008253799 tempest-AttachSCSIVolumeTestJSON-1008253799-project-admin] RESP HEADERS: {'Date': 'Fri, 26 Jun 2026 19:41:38 GMT', 'Server': 'Apache/2.4.58 (Ubuntu)', 'Content-Type': 'text/html; charset=UTF-8', 'Content-Length': '0', 'Etag': '87617e24a5e30cb3b87fda8c0764838f', 'Last-Modified': 'Fri, 26 Jun 2026 19:41:39 GMT', 'X-Trans-Id': 'tx41f30d0833e04bc08beb5-006a3ed5f2', 'X-Openstack-Request-Id': 'tx41f30d0833e04bc08beb5-006a3ed5f2', 'Connection': 'close'} {{(pid=102789) http_log /opt/stack/data/venv/lib/python3.12/site-packages/swiftclient/client.py:162}}
Jun 26 19:41:38.725640 np0000003788 devstack@g-api.service[102789]: DEBUG glance_store._drivers.swift.store [None req-2e24622d-4732-46bb-be9f-4bd9d77ea034 tempest-AttachSCSIVolumeTestJSON-1008253799 tempest-AttachSCSIVolumeTestJSON-1008253799-project-admin] Wrote chunk 09a480fb-7bbb-47fd-8a66-ac5b2332275d-00001 (1/?) of length 21692416 to Swift returning MD5 of content: 87617e24a5e30cb3b87fda8c0764838f {{(pid=102789) add /opt/stack/data/venv/lib/python3.12/site-packages/glance_store/_drivers/swift/store.py:1059}}
Jun 26 19:41:38.725640 np0000003788 devstack@g-api.service[102789]: DEBUG glance_store._drivers.swift.store [None req-2e24622d-4732-46bb-be9f-4bd9d77ea034 tempest-AttachSCSIVolumeTestJSON-1008253799 tempest-AttachSCSIVolumeTestJSON-1008253799-project-admin] Not writing zero-length chunk. {{(pid=102789) add /opt/stack/data/venv/lib/python3.12/site-packages/glance_store/_drivers/swift/store.py:1028}}
Jun 26 19:41:38.760186 np0000003788 devstack@g-api.service[102789]: DEBUG swiftclient [None req-2e24622d-4732-46bb-be9f-4bd9d77ea034 tempest-AttachSCSIVolumeTestJSON-1008253799 tempest-AttachSCSIVolumeTestJSON-1008253799-project-admin] REQ: curl -i https://10.4.3.76:8080/v1/AUTH_c01465ed12fe4924b5d88cf566ac2a92/glance/09a480fb-7bbb-47fd-8a66-ac5b2332275d -X PUT -H "X-Object-Manifest: glance/09a480fb-7bbb-47fd-8a66-ac5b2332275d-" -H "X-Auth-Token: gAAAAABqPtXxcCUY..." -H "Content-Length: 0" {{(pid=102789) http_log /opt/stack/data/venv/lib/python3.12/site-packages/swiftclient/client.py:160}}
Jun 26 19:41:38.760186 np0000003788 devstack@g-api.service[102789]: DEBUG swiftclient [None req-2e24622d-4732-46bb-be9f-4bd9d77ea034 tempest-AttachSCSIVolumeTestJSON-1008253799 tempest-AttachSCSIVolumeTestJSON-1008253799-project-admin] RESP STATUS: 201 Created {{(pid=102789) http_log /opt/stack/data/venv/lib/python3.12/site-packages/swiftclient/client.py:161}}
Jun 26 19:41:38.763503 np0000003788 devstack@g-api.service[102789]: DEBUG swiftclient [None req-2e24622d-4732-46bb-be9f-4bd9d77ea034 tempest-AttachSCSIVolumeTestJSON-1008253799 tempest-AttachSCSIVolumeTestJSON-1008253799-project-admin] RESP HEADERS: {'Date': 'Fri, 26 Jun 2026 19:41:38 GMT', 'Server': 'Apache/2.4.58 (Ubuntu)', 'Content-Type': 'text/html; charset=UTF-8', 'Content-Length': '0', 'Etag': 'd41d8cd98f00b204e9800998ecf8427e', 'Last-Modified': 'Fri, 26 Jun 2026 19:41:39 GMT', 'X-Trans-Id': 'txb11c6d2ff0e04c2b8c058-006a3ed5f2', 'X-Openstack-Request-Id': 'txb11c6d2ff0e04c2b8c058-006a3ed5f2', 'Connection': 'close'} {{(pid=102789) http_log /opt/stack/data/venv/lib/python3.12/site-packages/swiftclient/client.py:162}}
Jun 26 19:41:38.763503 np0000003788 devstack@g-api.service[102789]: INFO glance.location [None req-2e24622d-4732-46bb-be9f-4bd9d77ea034 tempest-AttachSCSIVolumeTestJSON-1008253799 tempest-AttachSCSIVolumeTestJSON-1008253799-project-admin] Image format matched and virtual size computed: 117440512
Jun 26 19:41:38.803381 np0000003788 devstack@g-api.service[102789]: DEBUG glance_store.backend [None req-2e24622d-4732-46bb-be9f-4bd9d77ea034 tempest-AttachSCSIVolumeTestJSON-1008253799 tempest-AttachSCSIVolumeTestJSON-1008253799-project-admin] Attempting to import store swift {{(pid=102789) _load_store /opt/stack/data/venv/lib/python3.12/site-packages/glance_store/backend.py:215}}
Jun 26 19:41:38.805546 np0000003788 devstack@g-api.service[102789]: DEBUG glance_store.capabilities [None req-2e24622d-4732-46bb-be9f-4bd9d77ea034 tempest-AttachSCSIVolumeTestJSON-1008253799 tempest-AttachSCSIVolumeTestJSON-1008253799-project-admin] Store glance_store._drivers.swift.store.SingleTenantStore doesn't support updating dynamic storage capabilities. Please overwrite 'update_capabilities' method of the store to implement updating logics if needed. {{(pid=102789) update_capabilities /opt/stack/data/venv/lib/python3.12/site-packages/glance_store/capabilities.py:91}}
Jun 26 19:41:38.805546 np0000003788 devstack@g-api.service[102789]: DEBUG glance_store.driver [None req-2e24622d-4732-46bb-be9f-4bd9d77ea034 tempest-AttachSCSIVolumeTestJSON-1008253799 tempest-AttachSCSIVolumeTestJSON-1008253799-project-admin] Late loading location class glance_store._drivers.swift.store.StoreLocation {{(pid=102789) get_store_location_class /opt/stack/data/venv/lib/python3.12/site-packages/glance_store/driver.py:134}}
Jun 26 19:41:38.805763 np0000003788 devstack@g-api.service[102789]: DEBUG glance_store.location [None req-2e24622d-4732-46bb-be9f-4bd9d77ea034 tempest-AttachSCSIVolumeTestJSON-1008253799 tempest-AttachSCSIVolumeTestJSON-1008253799-project-admin] Registering scheme swift+https with {'store': , 'location_class': , 'store_entry': 'swift'} {{(pid=102789) register_scheme_map /opt/stack/data/venv/lib/python3.12/site-packages/glance_store/location.py:146}}
Jun 26 19:41:38.805763 np0000003788 devstack@g-api.service[102789]: DEBUG glance_store.location [None req-2e24622d-4732-46bb-be9f-4bd9d77ea034 tempest-AttachSCSIVolumeTestJSON-1008253799 tempest-AttachSCSIVolumeTestJSON-1008253799-project-admin] Registering scheme swift+https with {'store': , 'location_class': , 'store_entry': 'swift'} {{(pid=102789) register_scheme_map /opt/stack/data/venv/lib/python3.12/site-packages/glance_store/location.py:146}}
Jun 26 19:41:38.805910 np0000003788 devstack@g-api.service[102789]: DEBUG glance_store.location [None req-2e24622d-4732-46bb-be9f-4bd9d77ea034 tempest-AttachSCSIVolumeTestJSON-1008253799 tempest-AttachSCSIVolumeTestJSON-1008253799-project-admin] Registering scheme swift with {'store': , 'location_class': , 'store_entry': 'swift'} {{(pid=102789) register_scheme_map /opt/stack/data/venv/lib/python3.12/site-packages/glance_store/location.py:146}}
Jun 26 19:41:38.806026 np0000003788 devstack@g-api.service[102789]: DEBUG glance_store.location [None req-2e24622d-4732-46bb-be9f-4bd9d77ea034 tempest-AttachSCSIVolumeTestJSON-1008253799 tempest-AttachSCSIVolumeTestJSON-1008253799-project-admin] Registering scheme swift+https with {'store': , 'location_class': , 'store_entry': 'swift'} {{(pid=102789) register_scheme_map /opt/stack/data/venv/lib/python3.12/site-packages/glance_store/location.py:146}}
Jun 26 19:41:38.806159 np0000003788 devstack@g-api.service[102789]: DEBUG glance_store.location [None req-2e24622d-4732-46bb-be9f-4bd9d77ea034 tempest-AttachSCSIVolumeTestJSON-1008253799 tempest-AttachSCSIVolumeTestJSON-1008253799-project-admin] Registering scheme swift with {'store': , 'location_class': , 'store_entry': 'swift'} {{(pid=102789) register_scheme_map /opt/stack/data/venv/lib/python3.12/site-packages/glance_store/location.py:146}}
Jun 26 19:41:38.806245 np0000003788 devstack@g-api.service[102789]: DEBUG glance_store.location [None req-2e24622d-4732-46bb-be9f-4bd9d77ea034 tempest-AttachSCSIVolumeTestJSON-1008253799 tempest-AttachSCSIVolumeTestJSON-1008253799-project-admin] Registering scheme swift+http with {'store': , 'location_class': , 'store_entry': 'swift'} {{(pid=102789) register_scheme_map /opt/stack/data/venv/lib/python3.12/site-packages/glance_store/location.py:146}}
Jun 26 19:41:38.806439 np0000003788 devstack@g-api.service[102789]: DEBUG glance_store.location [None req-2e24622d-4732-46bb-be9f-4bd9d77ea034 tempest-AttachSCSIVolumeTestJSON-1008253799 tempest-AttachSCSIVolumeTestJSON-1008253799-project-admin] Registering scheme swift+https with {'store': , 'location_class': , 'store_entry': 'swift'} {{(pid=102789) register_scheme_map /opt/stack/data/venv/lib/python3.12/site-packages/glance_store/location.py:146}}
Jun 26 19:41:38.806439 np0000003788 devstack@g-api.service[102789]: DEBUG glance_store.location [None req-2e24622d-4732-46bb-be9f-4bd9d77ea034 tempest-AttachSCSIVolumeTestJSON-1008253799 tempest-AttachSCSIVolumeTestJSON-1008253799-project-admin] Registering scheme swift with {'store': , 'location_class': , 'store_entry': 'swift'} {{(pid=102789) register_scheme_map /opt/stack/data/venv/lib/python3.12/site-packages/glance_store/location.py:146}}
Jun 26 19:41:38.806540 np0000003788 devstack@g-api.service[102789]: DEBUG glance_store.location [None req-2e24622d-4732-46bb-be9f-4bd9d77ea034 tempest-AttachSCSIVolumeTestJSON-1008253799 tempest-AttachSCSIVolumeTestJSON-1008253799-project-admin] Registering scheme swift+http with {'store': , 'location_class': , 'store_entry': 'swift'} {{(pid=102789) register_scheme_map /opt/stack/data/venv/lib/python3.12/site-packages/glance_store/location.py:146}}
Jun 26 19:41:38.806578 np0000003788 devstack@g-api.service[102789]: DEBUG glance_store.location [None req-2e24622d-4732-46bb-be9f-4bd9d77ea034 tempest-AttachSCSIVolumeTestJSON-1008253799 tempest-AttachSCSIVolumeTestJSON-1008253799-project-admin] Registering scheme swift+config with {'store': , 'location_class': , 'store_entry': 'swift'} {{(pid=102789) register_scheme_map /opt/stack/data/venv/lib/python3.12/site-packages/glance_store/location.py:146}}
Jun 26 19:41:38.806727 np0000003788 devstack@g-api.service[102789]: DEBUG glance_store.backend [None req-2e24622d-4732-46bb-be9f-4bd9d77ea034 tempest-AttachSCSIVolumeTestJSON-1008253799 tempest-AttachSCSIVolumeTestJSON-1008253799-project-admin] Skipping store.set_acls... not implemented. {{(pid=102789) set_acls /opt/stack/data/venv/lib/python3.12/site-packages/glance_store/backend.py:507}}
Jun 26 19:41:38.809595 np0000003788 devstack@g-api.service[102789]: [pid: 102789|app: 0|req: 7/43] 127.0.0.1 () {40 vars in 854 bytes} [Fri Jun 26 19:41:35 2026] PUT /v2/images/09a480fb-7bbb-47fd-8a66-ac5b2332275d/file => generated 0 bytes in 3019 msecs (HTTP/1.1 204) 4 headers in 171 bytes (1 switches on core 0)
Jun 26 19:41:39.674081 np0000003788 devstack@g-api.service[102786]: DEBUG glance.api.middleware.version_negotiation [None req-df4828b4-3045-4141-9017-55304e877a53 tempest-TaggedBootDevicesTest-1941834160 tempest-TaggedBootDevicesTest-1941834160-project-member] Determining version of request: GET /v2/images/52ce7ebc-c92c-457b-b219-1a845b72d9a1 Accept: */* {{(pid=102786) process_request /opt/stack/glance/glance/api/middleware/version_negotiation.py:44}}
Jun 26 19:41:39.674599 np0000003788 devstack@g-api.service[102786]: DEBUG glance.api.middleware.version_negotiation [None req-df4828b4-3045-4141-9017-55304e877a53 tempest-TaggedBootDevicesTest-1941834160 tempest-TaggedBootDevicesTest-1941834160-project-member] Using url versioning {{(pid=102786) process_request /opt/stack/glance/glance/api/middleware/version_negotiation.py:57}}
Jun 26 19:41:39.674599 np0000003788 devstack@g-api.service[102786]: DEBUG glance.api.middleware.version_negotiation [None req-df4828b4-3045-4141-9017-55304e877a53 tempest-TaggedBootDevicesTest-1941834160 tempest-TaggedBootDevicesTest-1941834160-project-member] Matched version: v2 {{(pid=102786) process_request /opt/stack/glance/glance/api/middleware/version_negotiation.py:69}}
Jun 26 19:41:39.674599 np0000003788 devstack@g-api.service[102786]: DEBUG glance.api.middleware.version_negotiation [None req-df4828b4-3045-4141-9017-55304e877a53 tempest-TaggedBootDevicesTest-1941834160 tempest-TaggedBootDevicesTest-1941834160-project-member] new path /v2/images/52ce7ebc-c92c-457b-b219-1a845b72d9a1 {{(pid=102786) process_request /opt/stack/glance/glance/api/middleware/version_negotiation.py:70}}
Jun 26 19:41:39.689577 np0000003788 devstack@g-api.service[102786]: [pid: 102786|app: 0|req: 12/44] 127.0.0.1 () {44 vars in 1111 bytes} [Fri Jun 26 19:41:39 2026] GET /v2/images/52ce7ebc-c92c-457b-b219-1a845b72d9a1 => generated 1044 bytes in 16 msecs (HTTP/1.1 200) 4 headers in 158 bytes (1 switches on core 0)
Jun 26 19:41:39.703815 np0000003788 devstack@g-api.service[102788]: DEBUG glance.api.middleware.version_negotiation [None req-df4828b4-3045-4141-9017-55304e877a53 tempest-TaggedBootDevicesTest-1941834160 tempest-TaggedBootDevicesTest-1941834160-project-member] Determining version of request: GET /v2/schemas/image Accept: */* {{(pid=102788) process_request /opt/stack/glance/glance/api/middleware/version_negotiation.py:44}}
Jun 26 19:41:39.704240 np0000003788 devstack@g-api.service[102788]: DEBUG glance.api.middleware.version_negotiation [None req-df4828b4-3045-4141-9017-55304e877a53 tempest-TaggedBootDevicesTest-1941834160 tempest-TaggedBootDevicesTest-1941834160-project-member] Using url versioning {{(pid=102788) process_request /opt/stack/glance/glance/api/middleware/version_negotiation.py:57}}
Jun 26 19:41:39.704240 np0000003788 devstack@g-api.service[102788]: DEBUG glance.api.middleware.version_negotiation [None req-df4828b4-3045-4141-9017-55304e877a53 tempest-TaggedBootDevicesTest-1941834160 tempest-TaggedBootDevicesTest-1941834160-project-member] Matched version: v2 {{(pid=102788) process_request /opt/stack/glance/glance/api/middleware/version_negotiation.py:69}}
Jun 26 19:41:39.704323 np0000003788 devstack@g-api.service[102788]: DEBUG glance.api.middleware.version_negotiation [None req-df4828b4-3045-4141-9017-55304e877a53 tempest-TaggedBootDevicesTest-1941834160 tempest-TaggedBootDevicesTest-1941834160-project-member] new path /v2/schemas/image {{(pid=102788) process_request /opt/stack/glance/glance/api/middleware/version_negotiation.py:70}}
Jun 26 19:41:39.709407 np0000003788 devstack@g-api.service[102788]: [pid: 102788|app: 0|req: 13/45] 127.0.0.1 () {44 vars in 1051 bytes} [Fri Jun 26 19:41:39 2026] GET /v2/schemas/image => generated 6083 bytes in 6 msecs (HTTP/1.1 200) 4 headers in 158 bytes (1 switches on core 0)
Jun 26 19:41:40.053923 np0000003788 devstack@g-api.service[102787]: DEBUG glance.api.middleware.version_negotiation [None req-df4828b4-3045-4141-9017-55304e877a53 tempest-TaggedBootDevicesTest-1941834160 tempest-TaggedBootDevicesTest-1941834160-project-member] Determining version of request: GET /v2/images/52ce7ebc-c92c-457b-b219-1a845b72d9a1 Accept: */* {{(pid=102787) process_request /opt/stack/glance/glance/api/middleware/version_negotiation.py:44}}
Jun 26 19:41:40.053923 np0000003788 devstack@g-api.service[102787]: DEBUG glance.api.middleware.version_negotiation [None req-df4828b4-3045-4141-9017-55304e877a53 tempest-TaggedBootDevicesTest-1941834160 tempest-TaggedBootDevicesTest-1941834160-project-member] Using url versioning {{(pid=102787) process_request /opt/stack/glance/glance/api/middleware/version_negotiation.py:57}}
Jun 26 19:41:40.053923 np0000003788 devstack@g-api.service[102787]: DEBUG glance.api.middleware.version_negotiation [None req-df4828b4-3045-4141-9017-55304e877a53 tempest-TaggedBootDevicesTest-1941834160 tempest-TaggedBootDevicesTest-1941834160-project-member] Matched version: v2 {{(pid=102787) process_request /opt/stack/glance/glance/api/middleware/version_negotiation.py:69}}
Jun 26 19:41:40.053923 np0000003788 devstack@g-api.service[102787]: DEBUG glance.api.middleware.version_negotiation [None req-df4828b4-3045-4141-9017-55304e877a53 tempest-TaggedBootDevicesTest-1941834160 tempest-TaggedBootDevicesTest-1941834160-project-member] new path /v2/images/52ce7ebc-c92c-457b-b219-1a845b72d9a1 {{(pid=102787) process_request /opt/stack/glance/glance/api/middleware/version_negotiation.py:70}}
Jun 26 19:41:40.080148 np0000003788 devstack@g-api.service[102787]: [pid: 102787|app: 0|req: 14/46] 127.0.0.1 () {44 vars in 1111 bytes} [Fri Jun 26 19:41:40 2026] GET /v2/images/52ce7ebc-c92c-457b-b219-1a845b72d9a1 => generated 1044 bytes in 28 msecs (HTTP/1.1 200) 4 headers in 158 bytes (1 switches on core 0)
Jun 26 19:41:40.130725 np0000003788 devstack@g-api.service[102789]: DEBUG glance.api.middleware.version_negotiation [None req-2e24622d-4732-46bb-be9f-4bd9d77ea034 tempest-AttachSCSIVolumeTestJSON-1008253799 tempest-AttachSCSIVolumeTestJSON-1008253799-project-admin] Determining version of request: GET /v2/images/52ce7ebc-c92c-457b-b219-1a845b72d9a1/file Accept: */* {{(pid=102789) process_request /opt/stack/glance/glance/api/middleware/version_negotiation.py:44}}
Jun 26 19:41:40.131252 np0000003788 devstack@g-api.service[102789]: DEBUG glance.api.middleware.version_negotiation [None req-2e24622d-4732-46bb-be9f-4bd9d77ea034 tempest-AttachSCSIVolumeTestJSON-1008253799 tempest-AttachSCSIVolumeTestJSON-1008253799-project-admin] Using url versioning {{(pid=102789) process_request /opt/stack/glance/glance/api/middleware/version_negotiation.py:57}}
Jun 26 19:41:40.131252 np0000003788 devstack@g-api.service[102789]: DEBUG glance.api.middleware.version_negotiation [None req-2e24622d-4732-46bb-be9f-4bd9d77ea034 tempest-AttachSCSIVolumeTestJSON-1008253799 tempest-AttachSCSIVolumeTestJSON-1008253799-project-admin] Matched version: v2 {{(pid=102789) process_request /opt/stack/glance/glance/api/middleware/version_negotiation.py:69}}
