Jun 26 19:38:48.315222 np0000003788 nova-scheduler[96367]: DEBUG cotyledon.oslo_config_glue [-] profiler.filter_error_trace = False {{(pid=96367) log_opt_values /opt/stack/data/venv/lib/python3.12/site-packages/oslo_config/cfg.py:3253}}
Jun 26 19:38:48.315222 np0000003788 nova-scheduler[96367]: DEBUG cotyledon.oslo_config_glue [-] profiler.hmac_keys = **** {{(pid=96367) log_opt_values /opt/stack/data/venv/lib/python3.12/site-packages/oslo_config/cfg.py:3253}}
Jun 26 19:38:48.315222 np0000003788 nova-scheduler[96367]: DEBUG cotyledon.oslo_config_glue [-] profiler.sentinel_service_name = mymaster {{(pid=96367) log_opt_values /opt/stack/data/venv/lib/python3.12/site-packages/oslo_config/cfg.py:3253}}
Jun 26 19:38:48.315222 np0000003788 nova-scheduler[96367]: DEBUG cotyledon.oslo_config_glue [-] profiler.socket_timeout = 0.1 {{(pid=96367) log_opt_values /opt/stack/data/venv/lib/python3.12/site-packages/oslo_config/cfg.py:3253}}
Jun 26 19:38:48.315498 np0000003788 nova-scheduler[96367]: DEBUG cotyledon.oslo_config_glue [-] profiler.trace_requests = False {{(pid=96367) log_opt_values /opt/stack/data/venv/lib/python3.12/site-packages/oslo_config/cfg.py:3253}}
Jun 26 19:38:48.315498 np0000003788 nova-scheduler[96367]: DEBUG cotyledon.oslo_config_glue [-] profiler.trace_sqlalchemy = False {{(pid=96367) log_opt_values /opt/stack/data/venv/lib/python3.12/site-packages/oslo_config/cfg.py:3253}}
Jun 26 19:38:48.315498 np0000003788 nova-scheduler[96367]: DEBUG cotyledon.oslo_config_glue [-] profiler_jaeger.process_tags = {} {{(pid=96367) log_opt_values /opt/stack/data/venv/lib/python3.12/site-packages/oslo_config/cfg.py:3253}}
Jun 26 19:38:48.315498 np0000003788 nova-scheduler[96367]: DEBUG cotyledon.oslo_config_glue [-] profiler_jaeger.service_name_prefix = None {{(pid=96367) log_opt_values /opt/stack/data/venv/lib/python3.12/site-packages/oslo_config/cfg.py:3253}}
Jun 26 19:38:48.315498 np0000003788 nova-scheduler[96367]: DEBUG cotyledon.oslo_config_glue [-] profiler_otlp.service_name_prefix = None {{(pid=96367) log_opt_values /opt/stack/data/venv/lib/python3.12/site-packages/oslo_config/cfg.py:3253}}
Jun 26 19:38:48.315498 np0000003788 nova-scheduler[96367]: DEBUG cotyledon.oslo_config_glue [-] oslo_messaging_rabbit.amqp_auto_delete = False {{(pid=96367) log_opt_values /opt/stack/data/venv/lib/python3.12/site-packages/oslo_config/cfg.py:3253}}
Jun 26 19:38:48.315498 np0000003788 nova-scheduler[96367]: DEBUG cotyledon.oslo_config_glue [-] oslo_messaging_rabbit.amqp_durable_queues = False {{(pid=96367) log_opt_values /opt/stack/data/venv/lib/python3.12/site-packages/oslo_config/cfg.py:3253}}
Jun 26 19:38:48.315498 np0000003788 nova-scheduler[96367]: DEBUG cotyledon.oslo_config_glue [-] oslo_messaging_rabbit.conn_pool_min_size = 2 {{(pid=96367) log_opt_values /opt/stack/data/venv/lib/python3.12/site-packages/oslo_config/cfg.py:3253}}
Jun 26 19:38:48.315498 np0000003788 nova-scheduler[96367]: DEBUG cotyledon.oslo_config_glue [-] oslo_messaging_rabbit.conn_pool_ttl = 1200 {{(pid=96367) log_opt_values /opt/stack/data/venv/lib/python3.12/site-packages/oslo_config/cfg.py:3253}}
Jun 26 19:38:48.315775 np0000003788 nova-scheduler[96367]: DEBUG cotyledon.oslo_config_glue [-] oslo_messaging_rabbit.direct_mandatory_flag = True {{(pid=96367) log_opt_values /opt/stack/data/venv/lib/python3.12/site-packages/oslo_config/cfg.py:3253}}
Jun 26 19:38:48.315775 np0000003788 nova-scheduler[96367]: DEBUG cotyledon.oslo_config_glue [-] oslo_messaging_rabbit.enable_cancel_on_failover = False {{(pid=96367) log_opt_values /opt/stack/data/venv/lib/python3.12/site-packages/oslo_config/cfg.py:3253}}
Jun 26 19:38:48.315775 np0000003788 nova-scheduler[96367]: DEBUG cotyledon.oslo_config_glue [-] oslo_messaging_rabbit.heartbeat_rate = 3 {{(pid=96367) log_opt_values /opt/stack/data/venv/lib/python3.12/site-packages/oslo_config/cfg.py:3253}}
Jun 26 19:38:48.315775 np0000003788 nova-scheduler[96367]: DEBUG cotyledon.oslo_config_glue [-] oslo_messaging_rabbit.heartbeat_timeout_threshold = 60 {{(pid=96367) log_opt_values /opt/stack/data/venv/lib/python3.12/site-packages/oslo_config/cfg.py:3253}}
Jun 26 19:38:48.315775 np0000003788 nova-scheduler[96367]: DEBUG cotyledon.oslo_config_glue [-] oslo_messaging_rabbit.hostname = np0000003788 {{(pid=96367) log_opt_values /opt/stack/data/venv/lib/python3.12/site-packages/oslo_config/cfg.py:3253}}
Jun 26 19:38:48.315775 np0000003788 nova-scheduler[96367]: DEBUG cotyledon.oslo_config_glue [-] oslo_messaging_rabbit.kombu_compression = None {{(pid=96367) log_opt_values /opt/stack/data/venv/lib/python3.12/site-packages/oslo_config/cfg.py:3253}}
Jun 26 19:38:48.315775 np0000003788 nova-scheduler[96367]: DEBUG cotyledon.oslo_config_glue [-] oslo_messaging_rabbit.kombu_failover_strategy = round-robin {{(pid=96367) log_opt_values /opt/stack/data/venv/lib/python3.12/site-packages/oslo_config/cfg.py:3253}}
Jun 26 19:38:48.315775 np0000003788 nova-scheduler[96367]: DEBUG cotyledon.oslo_config_glue [-] oslo_messaging_rabbit.kombu_missing_consumer_retry_timeout = 60 {{(pid=96367) log_opt_values /opt/stack/data/venv/lib/python3.12/site-packages/oslo_config/cfg.py:3253}}
Jun 26 19:38:48.315775 np0000003788 nova-scheduler[96367]: DEBUG cotyledon.oslo_config_glue [-] oslo_messaging_rabbit.kombu_reconnect_delay = 1.0 {{(pid=96367) log_opt_values /opt/stack/data/venv/lib/python3.12/site-packages/oslo_config/cfg.py:3253}}
Jun 26 19:38:48.316077 np0000003788 nova-scheduler[96367]: DEBUG cotyledon.oslo_config_glue [-] oslo_messaging_rabbit.kombu_reconnect_splay = 0.0 {{(pid=96367) log_opt_values /opt/stack/data/venv/lib/python3.12/site-packages/oslo_config/cfg.py:3253}}
Jun 26 19:38:48.316077 np0000003788 nova-scheduler[96367]: DEBUG cotyledon.oslo_config_glue [-] oslo_messaging_rabbit.processname = nova-scheduler {{(pid=96367) log_opt_values /opt/stack/data/venv/lib/python3.12/site-packages/oslo_config/cfg.py:3253}}
Jun 26 19:38:48.316077 np0000003788 nova-scheduler[96367]: DEBUG cotyledon.oslo_config_glue [-] oslo_messaging_rabbit.rabbit_ha_queues = False {{(pid=96367) log_opt_values /opt/stack/data/venv/lib/python3.12/site-packages/oslo_config/cfg.py:3253}}
Jun 26 19:38:48.316077 np0000003788 nova-scheduler[96367]: DEBUG cotyledon.oslo_config_glue [-] oslo_messaging_rabbit.rabbit_interval_max = 30 {{(pid=96367) log_opt_values /opt/stack/data/venv/lib/python3.12/site-packages/oslo_config/cfg.py:3253}}
Jun 26 19:38:48.316077 np0000003788 nova-scheduler[96367]: DEBUG cotyledon.oslo_config_glue [-] oslo_messaging_rabbit.rabbit_login_method = AMQPLAIN {{(pid=96367) log_opt_values /opt/stack/data/venv/lib/python3.12/site-packages/oslo_config/cfg.py:3253}}
Jun 26 19:38:48.316077 np0000003788 nova-scheduler[96367]: DEBUG cotyledon.oslo_config_glue [-] oslo_messaging_rabbit.rabbit_qos_prefetch_count = 0 {{(pid=96367) log_opt_values /opt/stack/data/venv/lib/python3.12/site-packages/oslo_config/cfg.py:3253}}
Jun 26 19:38:48.316077 np0000003788 nova-scheduler[96367]: DEBUG cotyledon.oslo_config_glue [-] oslo_messaging_rabbit.rabbit_quorum_delivery_limit = 0 {{(pid=96367) log_opt_values /opt/stack/data/venv/lib/python3.12/site-packages/oslo_config/cfg.py:3253}}
Jun 26 19:38:48.316077 np0000003788 nova-scheduler[96367]: DEBUG cotyledon.oslo_config_glue [-] oslo_messaging_rabbit.rabbit_quorum_max_memory_bytes = 0 {{(pid=96367) log_opt_values /opt/stack/data/venv/lib/python3.12/site-packages/oslo_config/cfg.py:3253}}
Jun 26 19:38:48.316077 np0000003788 nova-scheduler[96367]: DEBUG cotyledon.oslo_config_glue [-] oslo_messaging_rabbit.rabbit_quorum_max_memory_length = 0 {{(pid=96367) log_opt_values /opt/stack/data/venv/lib/python3.12/site-packages/oslo_config/cfg.py:3253}}
Jun 26 19:38:48.316351 np0000003788 nova-scheduler[96367]: DEBUG cotyledon.oslo_config_glue [-] oslo_messaging_rabbit.rabbit_quorum_queue = False {{(pid=96367) log_opt_values /opt/stack/data/venv/lib/python3.12/site-packages/oslo_config/cfg.py:3253}}
Jun 26 19:38:48.316351 np0000003788 nova-scheduler[96367]: DEBUG cotyledon.oslo_config_glue [-] oslo_messaging_rabbit.rabbit_retry_backoff = 2 {{(pid=96367) log_opt_values /opt/stack/data/venv/lib/python3.12/site-packages/oslo_config/cfg.py:3253}}
Jun 26 19:38:48.316351 np0000003788 nova-scheduler[96367]: DEBUG cotyledon.oslo_config_glue [-] oslo_messaging_rabbit.rabbit_retry_interval = 1 {{(pid=96367) log_opt_values /opt/stack/data/venv/lib/python3.12/site-packages/oslo_config/cfg.py:3253}}
Jun 26 19:38:48.316351 np0000003788 nova-scheduler[96367]: DEBUG cotyledon.oslo_config_glue [-] oslo_messaging_rabbit.rabbit_stream_fanout = False {{(pid=96367) log_opt_values /opt/stack/data/venv/lib/python3.12/site-packages/oslo_config/cfg.py:3253}}
Jun 26 19:38:48.316351 np0000003788 nova-scheduler[96367]: DEBUG cotyledon.oslo_config_glue [-] oslo_messaging_rabbit.rabbit_transient_queues_ttl = 1800 {{(pid=96367) log_opt_values /opt/stack/data/venv/lib/python3.12/site-packages/oslo_config/cfg.py:3253}}
Jun 26 19:38:48.316351 np0000003788 nova-scheduler[96367]: DEBUG cotyledon.oslo_config_glue [-] oslo_messaging_rabbit.rabbit_transient_quorum_queue = False {{(pid=96367) log_opt_values /opt/stack/data/venv/lib/python3.12/site-packages/oslo_config/cfg.py:3253}}
Jun 26 19:38:48.316351 np0000003788 nova-scheduler[96367]: DEBUG cotyledon.oslo_config_glue [-] oslo_messaging_rabbit.rpc_conn_pool_size = 30 {{(pid=96367) log_opt_values /opt/stack/data/venv/lib/python3.12/site-packages/oslo_config/cfg.py:3253}}
Jun 26 19:38:48.316351 np0000003788 nova-scheduler[96367]: DEBUG cotyledon.oslo_config_glue [-] oslo_messaging_rabbit.ssl = False {{(pid=96367) log_opt_values /opt/stack/data/venv/lib/python3.12/site-packages/oslo_config/cfg.py:3253}}
Jun 26 19:38:48.316351 np0000003788 nova-scheduler[96367]: DEBUG cotyledon.oslo_config_glue [-] oslo_messaging_rabbit.ssl_ca_file = {{(pid=96367) log_opt_values /opt/stack/data/venv/lib/python3.12/site-packages/oslo_config/cfg.py:3253}}
Jun 26 19:38:48.316631 np0000003788 nova-scheduler[96367]: DEBUG cotyledon.oslo_config_glue [-] oslo_messaging_rabbit.ssl_cert_file = {{(pid=96367) log_opt_values /opt/stack/data/venv/lib/python3.12/site-packages/oslo_config/cfg.py:3253}}
Jun 26 19:38:48.316631 np0000003788 nova-scheduler[96367]: DEBUG cotyledon.oslo_config_glue [-] oslo_messaging_rabbit.ssl_enforce_fips_mode = False {{(pid=96367) log_opt_values /opt/stack/data/venv/lib/python3.12/site-packages/oslo_config/cfg.py:3253}}
Jun 26 19:38:48.316631 np0000003788 nova-scheduler[96367]: DEBUG cotyledon.oslo_config_glue [-] oslo_messaging_rabbit.ssl_enforce_hostname_verification = True {{(pid=96367) log_opt_values /opt/stack/data/venv/lib/python3.12/site-packages/oslo_config/cfg.py:3253}}
Jun 26 19:38:48.316631 np0000003788 nova-scheduler[96367]: DEBUG cotyledon.oslo_config_glue [-] oslo_messaging_rabbit.ssl_key_file = {{(pid=96367) log_opt_values /opt/stack/data/venv/lib/python3.12/site-packages/oslo_config/cfg.py:3253}}
Jun 26 19:38:48.316631 np0000003788 nova-scheduler[96367]: DEBUG cotyledon.oslo_config_glue [-] oslo_messaging_rabbit.ssl_version = {{(pid=96367) log_opt_values /opt/stack/data/venv/lib/python3.12/site-packages/oslo_config/cfg.py:3253}}
Jun 26 19:38:48.316631 np0000003788 nova-scheduler[96367]: DEBUG cotyledon.oslo_config_glue [-] oslo_messaging_rabbit.use_queue_manager = False {{(pid=96367) log_opt_values /opt/stack/data/venv/lib/python3.12/site-packages/oslo_config/cfg.py:3253}}
Jun 26 19:38:48.316631 np0000003788 nova-scheduler[96367]: DEBUG cotyledon.oslo_config_glue [-] oslo_messaging_notifications.driver = ['messagingv2'] {{(pid=96367) log_opt_values /opt/stack/data/venv/lib/python3.12/site-packages/oslo_config/cfg.py:3253}}
Jun 26 19:38:48.316631 np0000003788 nova-scheduler[96367]: DEBUG cotyledon.oslo_config_glue [-] oslo_messaging_notifications.retry = -1 {{(pid=96367) log_opt_values /opt/stack/data/venv/lib/python3.12/site-packages/oslo_config/cfg.py:3253}}
Jun 26 19:38:48.316631 np0000003788 nova-scheduler[96367]: DEBUG cotyledon.oslo_config_glue [-] oslo_messaging_notifications.topics = ['notifications'] {{(pid=96367) log_opt_values /opt/stack/data/venv/lib/python3.12/site-packages/oslo_config/cfg.py:3253}}
Jun 26 19:38:48.317039 np0000003788 nova-scheduler[96367]: DEBUG cotyledon.oslo_config_glue [-] oslo_messaging_notifications.transport_url = **** {{(pid=96367) log_opt_values /opt/stack/data/venv/lib/python3.12/site-packages/oslo_config/cfg.py:3253}}
Jun 26 19:38:48.317039 np0000003788 nova-scheduler[96367]: DEBUG cotyledon.oslo_config_glue [-] oslo_limit.auth_section = None {{(pid=96367) log_opt_values /opt/stack/data/venv/lib/python3.12/site-packages/oslo_config/cfg.py:3253}}
Jun 26 19:38:48.317039 np0000003788 nova-scheduler[96367]: DEBUG cotyledon.oslo_config_glue [-] oslo_limit.auth_type = None {{(pid=96367) log_opt_values /opt/stack/data/venv/lib/python3.12/site-packages/oslo_config/cfg.py:3253}}
Jun 26 19:38:48.317039 np0000003788 nova-scheduler[96367]: DEBUG cotyledon.oslo_config_glue [-] oslo_limit.cafile = None {{(pid=96367) log_opt_values /opt/stack/data/venv/lib/python3.12/site-packages/oslo_config/cfg.py:3253}}
Jun 26 19:38:48.317039 np0000003788 nova-scheduler[96367]: DEBUG cotyledon.oslo_config_glue [-] oslo_limit.certfile = None {{(pid=96367) log_opt_values /opt/stack/data/venv/lib/python3.12/site-packages/oslo_config/cfg.py:3253}}
Jun 26 19:38:48.317039 np0000003788 nova-scheduler[96367]: DEBUG cotyledon.oslo_config_glue [-] oslo_limit.collect_timing = False {{(pid=96367) log_opt_values /opt/stack/data/venv/lib/python3.12/site-packages/oslo_config/cfg.py:3253}}
Jun 26 19:38:48.317039 np0000003788 nova-scheduler[96367]: DEBUG cotyledon.oslo_config_glue [-] oslo_limit.connect_retries = None {{(pid=96367) log_opt_values /opt/stack/data/venv/lib/python3.12/site-packages/oslo_config/cfg.py:3253}}
Jun 26 19:38:48.317039 np0000003788 nova-scheduler[96367]: DEBUG cotyledon.oslo_config_glue [-] oslo_limit.connect_retry_delay = None {{(pid=96367) log_opt_values /opt/stack/data/venv/lib/python3.12/site-packages/oslo_config/cfg.py:3253}}
Jun 26 19:38:48.317039 np0000003788 nova-scheduler[96367]: DEBUG cotyledon.oslo_config_glue [-] oslo_limit.endpoint_id = None {{(pid=96367) log_opt_values /opt/stack/data/venv/lib/python3.12/site-packages/oslo_config/cfg.py:3253}}
Jun 26 19:38:48.317298 np0000003788 nova-scheduler[96367]: DEBUG cotyledon.oslo_config_glue [-] oslo_limit.endpoint_interface = public {{(pid=96367) log_opt_values /opt/stack/data/venv/lib/python3.12/site-packages/oslo_config/cfg.py:3253}}
Jun 26 19:38:48.317298 np0000003788 nova-scheduler[96367]: DEBUG cotyledon.oslo_config_glue [-] oslo_limit.endpoint_override = None {{(pid=96367) log_opt_values /opt/stack/data/venv/lib/python3.12/site-packages/oslo_config/cfg.py:3253}}
Jun 26 19:38:48.317298 np0000003788 nova-scheduler[96367]: DEBUG cotyledon.oslo_config_glue [-] oslo_limit.endpoint_region_name = None {{(pid=96367) log_opt_values /opt/stack/data/venv/lib/python3.12/site-packages/oslo_config/cfg.py:3253}}
Jun 26 19:38:48.317298 np0000003788 nova-scheduler[96367]: DEBUG cotyledon.oslo_config_glue [-] oslo_limit.endpoint_service_name = None {{(pid=96367) log_opt_values /opt/stack/data/venv/lib/python3.12/site-packages/oslo_config/cfg.py:3253}}
Jun 26 19:38:48.317298 np0000003788 nova-scheduler[96367]: DEBUG cotyledon.oslo_config_glue [-] oslo_limit.endpoint_service_type = None {{(pid=96367) log_opt_values /opt/stack/data/venv/lib/python3.12/site-packages/oslo_config/cfg.py:3253}}
Jun 26 19:38:48.317298 np0000003788 nova-scheduler[96367]: DEBUG cotyledon.oslo_config_glue [-] oslo_limit.insecure = False {{(pid=96367) log_opt_values /opt/stack/data/venv/lib/python3.12/site-packages/oslo_config/cfg.py:3253}}
Jun 26 19:38:48.317298 np0000003788 nova-scheduler[96367]: DEBUG cotyledon.oslo_config_glue [-] oslo_limit.keyfile = None {{(pid=96367) log_opt_values /opt/stack/data/venv/lib/python3.12/site-packages/oslo_config/cfg.py:3253}}
Jun 26 19:38:48.317298 np0000003788 nova-scheduler[96367]: DEBUG cotyledon.oslo_config_glue [-] oslo_limit.max_version = None {{(pid=96367) log_opt_values /opt/stack/data/venv/lib/python3.12/site-packages/oslo_config/cfg.py:3253}}
Jun 26 19:38:48.317298 np0000003788 nova-scheduler[96367]: DEBUG cotyledon.oslo_config_glue [-] oslo_limit.min_version = None {{(pid=96367) log_opt_values /opt/stack/data/venv/lib/python3.12/site-packages/oslo_config/cfg.py:3253}}
Jun 26 19:38:48.317573 np0000003788 nova-scheduler[96367]: DEBUG cotyledon.oslo_config_glue [-] oslo_limit.region_name = None {{(pid=96367) log_opt_values /opt/stack/data/venv/lib/python3.12/site-packages/oslo_config/cfg.py:3253}}
Jun 26 19:38:48.317573 np0000003788 nova-scheduler[96367]: DEBUG cotyledon.oslo_config_glue [-] oslo_limit.retriable_status_codes = None {{(pid=96367) log_opt_values /opt/stack/data/venv/lib/python3.12/site-packages/oslo_config/cfg.py:3253}}
Jun 26 19:38:48.317573 np0000003788 nova-scheduler[96367]: DEBUG cotyledon.oslo_config_glue [-] oslo_limit.service_name = None {{(pid=96367) log_opt_values /opt/stack/data/venv/lib/python3.12/site-packages/oslo_config/cfg.py:3253}}
Jun 26 19:38:48.317573 np0000003788 nova-scheduler[96367]: DEBUG cotyledon.oslo_config_glue [-] oslo_limit.service_type = None {{(pid=96367) log_opt_values /opt/stack/data/venv/lib/python3.12/site-packages/oslo_config/cfg.py:3253}}
Jun 26 19:38:48.317573 np0000003788 nova-scheduler[96367]: DEBUG cotyledon.oslo_config_glue [-] oslo_limit.split_loggers = False {{(pid=96367) log_opt_values /opt/stack/data/venv/lib/python3.12/site-packages/oslo_config/cfg.py:3253}}
Jun 26 19:38:48.317573 np0000003788 nova-scheduler[96367]: DEBUG cotyledon.oslo_config_glue [-] oslo_limit.status_code_retries = None {{(pid=96367) log_opt_values /opt/stack/data/venv/lib/python3.12/site-packages/oslo_config/cfg.py:3253}}
Jun 26 19:38:48.317573 np0000003788 nova-scheduler[96367]: DEBUG cotyledon.oslo_config_glue [-] oslo_limit.status_code_retry_delay = None {{(pid=96367) log_opt_values /opt/stack/data/venv/lib/python3.12/site-packages/oslo_config/cfg.py:3253}}
Jun 26 19:38:48.317573 np0000003788 nova-scheduler[96367]: DEBUG cotyledon.oslo_config_glue [-] oslo_limit.timeout = None {{(pid=96367) log_opt_values /opt/stack/data/venv/lib/python3.12/site-packages/oslo_config/cfg.py:3253}}
Jun 26 19:38:48.317573 np0000003788 nova-scheduler[96367]: DEBUG cotyledon.oslo_config_glue [-] oslo_limit.valid_interfaces = None {{(pid=96367) log_opt_values /opt/stack/data/venv/lib/python3.12/site-packages/oslo_config/cfg.py:3253}}
Jun 26 19:38:48.317889 np0000003788 nova-scheduler[96367]: DEBUG cotyledon.oslo_config_glue [-] oslo_limit.version = None {{(pid=96367) log_opt_values /opt/stack/data/venv/lib/python3.12/site-packages/oslo_config/cfg.py:3253}}
Jun 26 19:38:48.317889 np0000003788 nova-scheduler[96367]: DEBUG cotyledon.oslo_config_glue [-] oslo_reports.file_event_handler = None {{(pid=96367) log_opt_values /opt/stack/data/venv/lib/python3.12/site-packages/oslo_config/cfg.py:3253}}
Jun 26 19:38:48.317889 np0000003788 nova-scheduler[96367]: DEBUG cotyledon.oslo_config_glue [-] oslo_reports.file_event_handler_interval = 1 {{(pid=96367) log_opt_values /opt/stack/data/venv/lib/python3.12/site-packages/oslo_config/cfg.py:3253}}
Jun 26 19:38:48.317889 np0000003788 nova-scheduler[96367]: DEBUG cotyledon.oslo_config_glue [-] oslo_reports.log_dir = None {{(pid=96367) log_opt_values /opt/stack/data/venv/lib/python3.12/site-packages/oslo_config/cfg.py:3253}}
Jun 26 19:38:48.317889 np0000003788 nova-scheduler[96367]: DEBUG cotyledon.oslo_config_glue [-] ******************************************************************************** {{(pid=96367) log_opt_values /opt/stack/data/venv/lib/python3.12/site-packages/oslo_config/cfg.py:3260}}
Jun 26 19:38:48.317889 np0000003788 nova-scheduler[96367]: DEBUG cotyledon._service_worker [-] Run service ServiceWrapper(3) [96367] {{(pid=96367) wait_forever /opt/stack/data/venv/lib/python3.12/site-packages/cotyledon/_service_worker.py:218}}
Jun 26 19:38:48.317889 np0000003788 nova-scheduler[96367]: INFO nova.service [-] Starting scheduler node (version 33.1.0)
Jun 26 19:38:48.317889 np0000003788 nova-scheduler[96367]: INFO dbcounter [None req-56875436-a6cb-4953-936f-12b10a68ba6a None None] Registered counter for database nova_cell0
Jun 26 19:38:48.318152 np0000003788 nova-scheduler[96361]: DEBUG oslo_db.sqlalchemy.engines [None req-1b60e3bc-1a6e-466b-b6af-6491139bf0f5 None None] MySQL server mode set to STRICT_TRANS_TABLES,STRICT_ALL_TABLES,NO_ZERO_IN_DATE,NO_ZERO_DATE,ERROR_FOR_DIVISION_BY_ZERO,TRADITIONAL,NO_ENGINE_SUBSTITUTION {{(pid=96361) _check_effective_sql_mode /opt/stack/data/venv/lib/python3.12/site-packages/oslo_db/sqlalchemy/engines.py:325}}
Jun 26 19:38:48.318152 np0000003788 nova-scheduler[96361]: DEBUG dbcounter [-] [96361] Writer thread running {{(pid=96361) stat_writer /opt/stack/data/venv/lib/python3.12/site-packages/dbcounter.py:102}}
Jun 26 19:38:48.318233 np0000003788 nova-scheduler[96365]: DEBUG oslo_db.sqlalchemy.engines [None req-364db373-530e-4f3f-ab97-c3b5bc56bb10 None None] MySQL server mode set to STRICT_TRANS_TABLES,STRICT_ALL_TABLES,NO_ZERO_IN_DATE,NO_ZERO_DATE,ERROR_FOR_DIVISION_BY_ZERO,TRADITIONAL,NO_ENGINE_SUBSTITUTION {{(pid=96365) _check_effective_sql_mode /opt/stack/data/venv/lib/python3.12/site-packages/oslo_db/sqlalchemy/engines.py:325}}
Jun 26 19:38:48.326016 np0000003788 nova-scheduler[96365]: DEBUG dbcounter [-] [96365] Writer thread running {{(pid=96365) stat_writer /opt/stack/data/venv/lib/python3.12/site-packages/dbcounter.py:102}}
Jun 26 19:38:48.327646 np0000003788 nova-scheduler[96363]: DEBUG oslo_db.sqlalchemy.engines [None req-e7af6e8e-ba47-45b6-acbf-5297cd0e4e10 None None] MySQL server mode set to STRICT_TRANS_TABLES,STRICT_ALL_TABLES,NO_ZERO_IN_DATE,NO_ZERO_DATE,ERROR_FOR_DIVISION_BY_ZERO,TRADITIONAL,NO_ENGINE_SUBSTITUTION {{(pid=96363) _check_effective_sql_mode /opt/stack/data/venv/lib/python3.12/site-packages/oslo_db/sqlalchemy/engines.py:325}}
Jun 26 19:38:48.337609 np0000003788 nova-scheduler[96363]: DEBUG dbcounter [-] [96363] Writer thread running {{(pid=96363) stat_writer /opt/stack/data/venv/lib/python3.12/site-packages/dbcounter.py:102}}
Jun 26 19:38:48.340298 np0000003788 nova-scheduler[96361]: DEBUG nova.service [None req-1b60e3bc-1a6e-466b-b6af-6491139bf0f5 None None] Creating RPC server for service: nova-scheduler on topic: scheduler {{(pid=96361) start /opt/stack/nova/nova/service.py:196}}
Jun 26 19:38:48.344748 np0000003788 nova-scheduler[96363]: DEBUG nova.service [None req-e7af6e8e-ba47-45b6-acbf-5297cd0e4e10 None None] Creating RPC server for service: nova-scheduler on topic: scheduler {{(pid=96363) start /opt/stack/nova/nova/service.py:196}}
Jun 26 19:38:48.349598 np0000003788 nova-scheduler[96367]: DEBUG oslo_db.sqlalchemy.engines [None req-56875436-a6cb-4953-936f-12b10a68ba6a None None] MySQL server mode set to STRICT_TRANS_TABLES,STRICT_ALL_TABLES,NO_ZERO_IN_DATE,NO_ZERO_DATE,ERROR_FOR_DIVISION_BY_ZERO,TRADITIONAL,NO_ENGINE_SUBSTITUTION {{(pid=96367) _check_effective_sql_mode /opt/stack/data/venv/lib/python3.12/site-packages/oslo_db/sqlalchemy/engines.py:325}}
Jun 26 19:38:48.354351 np0000003788 nova-scheduler[96365]: DEBUG nova.service [None req-364db373-530e-4f3f-ab97-c3b5bc56bb10 None None] Creating RPC server for service: nova-scheduler on topic: scheduler {{(pid=96365) start /opt/stack/nova/nova/service.py:196}}
Jun 26 19:38:48.361112 np0000003788 nova-scheduler[96367]: DEBUG dbcounter [-] [96367] Writer thread running {{(pid=96367) stat_writer /opt/stack/data/venv/lib/python3.12/site-packages/dbcounter.py:102}}
Jun 26 19:38:48.364053 np0000003788 nova-scheduler[96367]: DEBUG nova.service [None req-56875436-a6cb-4953-936f-12b10a68ba6a None None] Creating RPC server for service: nova-scheduler on topic: scheduler {{(pid=96367) start /opt/stack/nova/nova/service.py:196}}
Jun 26 19:38:48.373241 np0000003788 nova-scheduler[96361]: DEBUG nova.service [None req-1b60e3bc-1a6e-466b-b6af-6491139bf0f5 None None] Join ServiceGroup membership for this service scheduler {{(pid=96361) start /opt/stack/nova/nova/service.py:222}}
Jun 26 19:38:48.373477 np0000003788 nova-scheduler[96361]: DEBUG nova.servicegroup.drivers.db [None req-1b60e3bc-1a6e-466b-b6af-6491139bf0f5 None None] DB_Driver: join new ServiceGroup member np0000003788 to the scheduler group, service = {{(pid=96361) join /opt/stack/nova/nova/servicegroup/drivers/db.py:44}}
Jun 26 19:38:48.376114 np0000003788 nova-scheduler[96365]: DEBUG nova.service [None req-364db373-530e-4f3f-ab97-c3b5bc56bb10 None None] Join ServiceGroup membership for this service scheduler {{(pid=96365) start /opt/stack/nova/nova/service.py:222}}
Jun 26 19:38:48.376372 np0000003788 nova-scheduler[96365]: DEBUG nova.servicegroup.drivers.db [None req-364db373-530e-4f3f-ab97-c3b5bc56bb10 None None] DB_Driver: join new ServiceGroup member np0000003788 to the scheduler group, service = {{(pid=96365) join /opt/stack/nova/nova/servicegroup/drivers/db.py:44}}
Jun 26 19:38:48.379167 np0000003788 nova-scheduler[96363]: DEBUG nova.service [None req-e7af6e8e-ba47-45b6-acbf-5297cd0e4e10 None None] Join ServiceGroup membership for this service scheduler {{(pid=96363) start /opt/stack/nova/nova/service.py:222}}
Jun 26 19:38:48.379339 np0000003788 nova-scheduler[96363]: DEBUG nova.servicegroup.drivers.db [None req-e7af6e8e-ba47-45b6-acbf-5297cd0e4e10 None None] DB_Driver: join new ServiceGroup member np0000003788 to the scheduler group, service = {{(pid=96363) join /opt/stack/nova/nova/servicegroup/drivers/db.py:44}}
Jun 26 19:38:48.386642 np0000003788 nova-scheduler[96367]: DEBUG nova.service [None req-56875436-a6cb-4953-936f-12b10a68ba6a None None] Join ServiceGroup membership for this service scheduler {{(pid=96367) start /opt/stack/nova/nova/service.py:222}}
Jun 26 19:38:48.386949 np0000003788 nova-scheduler[96367]: DEBUG nova.servicegroup.drivers.db [None req-56875436-a6cb-4953-936f-12b10a68ba6a None None] DB_Driver: join new ServiceGroup member np0000003788 to the scheduler group, service = {{(pid=96367) join /opt/stack/nova/nova/servicegroup/drivers/db.py:44}}
Jun 26 19:38:53.420950 np0000003788 nova-scheduler[96361]: DEBUG oslo.service.backend._threading.loopingcall [-] Fixed interval looping call 'nova.servicegroup.drivers.db.DbDriver._report_state' sleeping for 119.95 seconds {{(pid=96361) _run_loop /opt/stack/data/venv/lib/python3.12/site-packages/oslo_service/backend/_threading/loopingcall.py:125}}
Jun 26 19:38:53.421560 np0000003788 nova-scheduler[96365]: DEBUG oslo.service.backend._threading.loopingcall [-] Fixed interval looping call 'nova.servicegroup.drivers.db.DbDriver._report_state' sleeping for 119.96 seconds {{(pid=96365) _run_loop /opt/stack/data/venv/lib/python3.12/site-packages/oslo_service/backend/_threading/loopingcall.py:125}}
Jun 26 19:38:53.423882 np0000003788 nova-scheduler[96363]: DEBUG oslo.service.backend._threading.loopingcall [-] Fixed interval looping call 'nova.servicegroup.drivers.db.DbDriver._report_state' sleeping for 119.96 seconds {{(pid=96363) _run_loop /opt/stack/data/venv/lib/python3.12/site-packages/oslo_service/backend/_threading/loopingcall.py:125}}
Jun 26 19:38:53.424095 np0000003788 nova-scheduler[96367]: DEBUG oslo.service.backend._threading.loopingcall [-] Fixed interval looping call 'nova.servicegroup.drivers.db.DbDriver._report_state' sleeping for 119.97 seconds {{(pid=96367) _run_loop /opt/stack/data/venv/lib/python3.12/site-packages/oslo_service/backend/_threading/loopingcall.py:125}}
Jun 26 19:38:56.870879 np0000003788 nova-scheduler[95164]: DEBUG dbcounter [-] [95164] Writing DB stats nova_api:SELECT=3 {{(pid=95164) stat_writer /opt/stack/data/venv/lib/python3.12/site-packages/dbcounter.py:115}}
Jun 26 19:38:57.010079 np0000003788 nova-scheduler[95164]: DEBUG dbcounter [-] [95164] Writing DB stats nova_cell1:SELECT=1 {{(pid=95164) stat_writer /opt/stack/data/venv/lib/python3.12/site-packages/dbcounter.py:115}}
Jun 26 19:38:57.013734 np0000003788 nova-scheduler[95164]: DEBUG dbcounter [-] [95164] Writing DB stats nova_cell0:SELECT=1 {{(pid=95164) stat_writer /opt/stack/data/venv/lib/python3.12/site-packages/dbcounter.py:115}}
Jun 26 19:39:00.378691 np0000003788 nova-scheduler[96365]: DEBUG oslo.service.backend._threading.loopingcall [None req-2184d843-9ad9-4224-8357-bc4644ecb126 None None] Dynamic interval looping call 'nova.service.Service.periodic_tasks' sleeping for 60.00 seconds {{(pid=96365) _run_loop /opt/stack/data/venv/lib/python3.12/site-packages/oslo_service/backend/_threading/loopingcall.py:125}}
Jun 26 19:39:03.383382 np0000003788 nova-scheduler[96361]: DEBUG dbcounter [-] [96361] Writing DB stats nova_cell0:SELECT=4,nova_cell0:INSERT=1,nova_cell0:UPDATE=1 {{(pid=96361) stat_writer /opt/stack/data/venv/lib/python3.12/site-packages/dbcounter.py:115}}
Jun 26 19:39:03.389169 np0000003788 nova-scheduler[96365]: DEBUG dbcounter [-] [96365] Writing DB stats nova_cell0:SELECT=5,nova_cell0:INSERT=1,nova_cell0:UPDATE=1 {{(pid=96365) stat_writer /opt/stack/data/venv/lib/python3.12/site-packages/dbcounter.py:115}}
Jun 26 19:39:03.391949 np0000003788 nova-scheduler[96363]: DEBUG dbcounter [-] [96363] Writing DB stats nova_cell0:SELECT=3,nova_cell0:UPDATE=1 {{(pid=96363) stat_writer /opt/stack/data/venv/lib/python3.12/site-packages/dbcounter.py:115}}
Jun 26 19:39:03.399259 np0000003788 nova-scheduler[96367]: DEBUG dbcounter [-] [96367] Writing DB stats nova_cell0:SELECT=3,nova_cell0:UPDATE=1 {{(pid=96367) stat_writer /opt/stack/data/venv/lib/python3.12/site-packages/dbcounter.py:115}}
Jun 26 19:39:18.375502 np0000003788 nova-scheduler[96361]: DEBUG oslo.service.backend._threading.loopingcall [None req-966ad120-f223-46c5-b623-62a496f4dc8c None None] Dynamic interval looping call 'nova.service.Service.periodic_tasks' sleeping for 60.00 seconds {{(pid=96361) _run_loop /opt/stack/data/venv/lib/python3.12/site-packages/oslo_service/backend/_threading/loopingcall.py:125}}
Jun 26 19:39:26.381271 np0000003788 nova-scheduler[96363]: DEBUG oslo.service.backend._threading.loopingcall [None req-f2a90362-a0a2-48df-afc1-2ecd4b2a4ece None None] Dynamic interval looping call 'nova.service.Service.periodic_tasks' sleeping for 60.00 seconds {{(pid=96363) _run_loop /opt/stack/data/venv/lib/python3.12/site-packages/oslo_service/backend/_threading/loopingcall.py:125}}
Jun 26 19:39:26.388768 np0000003788 nova-scheduler[96367]: DEBUG oslo.service.backend._threading.loopingcall [None req-078886f4-057d-4a6f-b69b-76e8f10faa0f None None] Dynamic interval looping call 'nova.service.Service.periodic_tasks' sleeping for 60.00 seconds {{(pid=96367) _run_loop /opt/stack/data/venv/lib/python3.12/site-packages/oslo_service/backend/_threading/loopingcall.py:125}}
Jun 26 19:40:00.379220 np0000003788 nova-scheduler[96365]: DEBUG oslo.service.backend._threading.loopingcall [None req-2184d843-9ad9-4224-8357-bc4644ecb126 None None] Dynamic interval looping call 'nova.service.Service.periodic_tasks' sleeping for 60.00 seconds {{(pid=96365) _run_loop /opt/stack/data/venv/lib/python3.12/site-packages/oslo_service/backend/_threading/loopingcall.py:125}}
Jun 26 19:40:18.376007 np0000003788 nova-scheduler[96361]: DEBUG oslo.service.backend._threading.loopingcall [None req-966ad120-f223-46c5-b623-62a496f4dc8c None None] Dynamic interval looping call 'nova.service.Service.periodic_tasks' sleeping for 60.00 seconds {{(pid=96361) _run_loop /opt/stack/data/venv/lib/python3.12/site-packages/oslo_service/backend/_threading/loopingcall.py:125}}
Jun 26 19:40:26.381763 np0000003788 nova-scheduler[96363]: DEBUG oslo.service.backend._threading.loopingcall [None req-f2a90362-a0a2-48df-afc1-2ecd4b2a4ece None None] Dynamic interval looping call 'nova.service.Service.periodic_tasks' sleeping for 60.00 seconds {{(pid=96363) _run_loop /opt/stack/data/venv/lib/python3.12/site-packages/oslo_service/backend/_threading/loopingcall.py:125}}
Jun 26 19:40:26.389355 np0000003788 nova-scheduler[96367]: DEBUG oslo.service.backend._threading.loopingcall [None req-078886f4-057d-4a6f-b69b-76e8f10faa0f None None] Dynamic interval looping call 'nova.service.Service.periodic_tasks' sleeping for 60.00 seconds {{(pid=96367) _run_loop /opt/stack/data/venv/lib/python3.12/site-packages/oslo_service/backend/_threading/loopingcall.py:125}}
Jun 26 19:40:53.380145 np0000003788 nova-scheduler[96361]: DEBUG oslo.service.backend._threading.loopingcall [-] Fixed interval looping call 'nova.servicegroup.drivers.db.DbDriver._report_state' sleeping for 119.99 seconds {{(pid=96361) _run_loop /opt/stack/data/venv/lib/python3.12/site-packages/oslo_service/backend/_threading/loopingcall.py:125}}
Jun 26 19:40:53.386185 np0000003788 nova-scheduler[96365]: DEBUG oslo.service.backend._threading.loopingcall [-] Fixed interval looping call 'nova.servicegroup.drivers.db.DbDriver._report_state' sleeping for 120.00 seconds {{(pid=96365) _run_loop /opt/stack/data/venv/lib/python3.12/site-packages/oslo_service/backend/_threading/loopingcall.py:125}}
Jun 26 19:40:53.387213 np0000003788 nova-scheduler[96363]: DEBUG oslo.service.backend._threading.loopingcall [-] Fixed interval looping call 'nova.servicegroup.drivers.db.DbDriver._report_state' sleeping for 120.00 seconds {{(pid=96363) _run_loop /opt/stack/data/venv/lib/python3.12/site-packages/oslo_service/backend/_threading/loopingcall.py:125}}
Jun 26 19:40:53.397580 np0000003788 nova-scheduler[96367]: DEBUG oslo.service.backend._threading.loopingcall [-] Fixed interval looping call 'nova.servicegroup.drivers.db.DbDriver._report_state' sleeping for 120.00 seconds {{(pid=96367) _run_loop /opt/stack/data/venv/lib/python3.12/site-packages/oslo_service/backend/_threading/loopingcall.py:125}}
Jun 26 19:41:00.379903 np0000003788 nova-scheduler[96365]: DEBUG oslo.service.backend._threading.loopingcall [None req-2184d843-9ad9-4224-8357-bc4644ecb126 None None] Dynamic interval looping call 'nova.service.Service.periodic_tasks' sleeping for 60.00 seconds {{(pid=96365) _run_loop /opt/stack/data/venv/lib/python3.12/site-packages/oslo_service/backend/_threading/loopingcall.py:125}}
Jun 26 19:41:03.374150 np0000003788 nova-scheduler[96361]: DEBUG dbcounter [-] [96361] Writing DB stats nova_cell0:SELECT=1,nova_cell0:UPDATE=1 {{(pid=96361) stat_writer /opt/stack/data/venv/lib/python3.12/site-packages/dbcounter.py:115}}
Jun 26 19:41:03.384587 np0000003788 nova-scheduler[96365]: DEBUG dbcounter [-] [96365] Writing DB stats nova_cell0:SELECT=1 {{(pid=96365) stat_writer /opt/stack/data/venv/lib/python3.12/site-packages/dbcounter.py:115}}
Jun 26 19:41:03.385049 np0000003788 nova-scheduler[96363]: DEBUG dbcounter [-] [96363] Writing DB stats nova_cell0:SELECT=1 {{(pid=96363) stat_writer /opt/stack/data/venv/lib/python3.12/site-packages/dbcounter.py:115}}
Jun 26 19:41:03.395812 np0000003788 nova-scheduler[96367]: DEBUG dbcounter [-] [96367] Writing DB stats nova_cell0:SELECT=1 {{(pid=96367) stat_writer /opt/stack/data/venv/lib/python3.12/site-packages/dbcounter.py:115}}
Jun 26 19:41:18.376582 np0000003788 nova-scheduler[96361]: DEBUG oslo.service.backend._threading.loopingcall [None req-966ad120-f223-46c5-b623-62a496f4dc8c None None] Dynamic interval looping call 'nova.service.Service.periodic_tasks' sleeping for 60.00 seconds {{(pid=96361) _run_loop /opt/stack/data/venv/lib/python3.12/site-packages/oslo_service/backend/_threading/loopingcall.py:125}}
Jun 26 19:41:26.382375 np0000003788 nova-scheduler[96363]: DEBUG oslo.service.backend._threading.loopingcall [None req-f2a90362-a0a2-48df-afc1-2ecd4b2a4ece None None] Dynamic interval looping call 'nova.service.Service.periodic_tasks' sleeping for 60.00 seconds {{(pid=96363) _run_loop /opt/stack/data/venv/lib/python3.12/site-packages/oslo_service/backend/_threading/loopingcall.py:125}}
Jun 26 19:41:26.389895 np0000003788 nova-scheduler[96367]: DEBUG oslo.service.backend._threading.loopingcall [None req-078886f4-057d-4a6f-b69b-76e8f10faa0f None None] Dynamic interval looping call 'nova.service.Service.periodic_tasks' sleeping for 60.00 seconds {{(pid=96367) _run_loop /opt/stack/data/venv/lib/python3.12/site-packages/oslo_service/backend/_threading/loopingcall.py:125}}
Jun 26 19:41:31.746052 np0000003788 nova-scheduler[96361]: DEBUG nova.scheduler.manager [None req-cffd6112-c1e6-4f83-ad48-b5ddcafcf9b2 tempest-ServerActionsTestOtherB-839966923 tempest-ServerActionsTestOtherB-839966923-project-member] Starting to schedule for instances: ['4eb05cb3-1888-492b-be90-7686a4952835'] {{(pid=96361) select_destinations /opt/stack/nova/nova/scheduler/manager.py:210}}
Jun 26 19:41:31.746052 np0000003788 nova-scheduler[96361]: DEBUG nova.scheduler.request_filter [None req-cffd6112-c1e6-4f83-ad48-b5ddcafcf9b2 tempest-ServerActionsTestOtherB-839966923 tempest-ServerActionsTestOtherB-839966923-project-member] compute_status_filter request filter added forbidden trait COMPUTE_STATUS_DISABLED {{(pid=96361) compute_status_filter /opt/stack/nova/nova/scheduler/request_filter.py:253}}
Jun 26 19:41:31.747214 np0000003788 nova-scheduler[96361]: DEBUG nova.scheduler.request_filter [None req-cffd6112-c1e6-4f83-ad48-b5ddcafcf9b2 tempest-ServerActionsTestOtherB-839966923 tempest-ServerActionsTestOtherB-839966923-project-member] Request filter 'compute_status_filter' took 0.0 seconds {{(pid=96361) wrapper /opt/stack/nova/nova/scheduler/request_filter.py:46}}
Jun 26 19:41:31.748023 np0000003788 nova-scheduler[96361]: DEBUG nova.scheduler.request_filter [None req-cffd6112-c1e6-4f83-ad48-b5ddcafcf9b2 tempest-ServerActionsTestOtherB-839966923 tempest-ServerActionsTestOtherB-839966923-project-member] Request filter 'accelerators_filter' took 0.0 seconds {{(pid=96361) wrapper /opt/stack/nova/nova/scheduler/request_filter.py:46}}
Jun 26 19:41:31.748023 np0000003788 nova-scheduler[96361]: DEBUG nova.scheduler.request_filter [None req-cffd6112-c1e6-4f83-ad48-b5ddcafcf9b2 tempest-ServerActionsTestOtherB-839966923 tempest-ServerActionsTestOtherB-839966923-project-member] Request filter 'packed_virtqueue_filter' took 0.0 seconds {{(pid=96361) wrapper /opt/stack/nova/nova/scheduler/request_filter.py:46}}
Jun 26 19:41:31.748872 np0000003788 nova-scheduler[96361]: DEBUG nova.scheduler.request_filter [None req-cffd6112-c1e6-4f83-ad48-b5ddcafcf9b2 tempest-ServerActionsTestOtherB-839966923 tempest-ServerActionsTestOtherB-839966923-project-member] Request filter 'remote_managed_ports_filter' took 0.0 seconds {{(pid=96361) wrapper /opt/stack/nova/nova/scheduler/request_filter.py:46}}
Jun 26 19:41:31.748872 np0000003788 nova-scheduler[96361]: DEBUG nova.scheduler.request_filter [None req-cffd6112-c1e6-4f83-ad48-b5ddcafcf9b2 tempest-ServerActionsTestOtherB-839966923 tempest-ServerActionsTestOtherB-839966923-project-member] ephemeral_encryption_filter skipped {{(pid=96361) ephemeral_encryption_filter /opt/stack/nova/nova/scheduler/request_filter.py:426}}
Jun 26 19:41:31.748872 np0000003788 nova-scheduler[96361]: DEBUG nova.scheduler.request_filter [None req-cffd6112-c1e6-4f83-ad48-b5ddcafcf9b2 tempest-ServerActionsTestOtherB-839966923 tempest-ServerActionsTestOtherB-839966923-project-member] virtio_sound_filter skipped {{(pid=96361) virtio_sound_filter /opt/stack/nova/nova/scheduler/request_filter.py:460}}
Jun 26 19:41:31.748872 np0000003788 nova-scheduler[96361]: DEBUG nova.scheduler.request_filter [None req-cffd6112-c1e6-4f83-ad48-b5ddcafcf9b2 tempest-ServerActionsTestOtherB-839966923 tempest-ServerActionsTestOtherB-839966923-project-member] tpm_secret_security_filter skipped {{(pid=96361) tpm_secret_security_filter /opt/stack/nova/nova/scheduler/request_filter.py:477}}
Jun 26 19:41:32.610570 np0000003788 nova-scheduler[96361]: INFO nova.utils [None req-cffd6112-c1e6-4f83-ad48-b5ddcafcf9b2 tempest-ServerActionsTestOtherB-839966923 tempest-ServerActionsTestOtherB-839966923-project-member] The cell worker thread pool ForkProcess-1.cell_worker is initialized
Jun 26 19:41:32.610570 np0000003788 nova-scheduler[96361]: DEBUG oslo_concurrency.lockutils [None req-cffd6112-c1e6-4f83-ad48-b5ddcafcf9b2 tempest-ServerActionsTestOtherB-839966923 tempest-ServerActionsTestOtherB-839966923-project-member] Acquiring lock "bd7549e8-cf64-4719-acdd-5dd16707f95a" by "nova.context.set_target_cell..get_or_set_cached_cell_and_set_connections" {{(pid=96361) inner /opt/stack/data/venv/lib/python3.12/site-packages/oslo_concurrency/lockutils.py:511}}
Jun 26 19:41:32.610570 np0000003788 nova-scheduler[96361]: DEBUG oslo_concurrency.lockutils [None req-cffd6112-c1e6-4f83-ad48-b5ddcafcf9b2 tempest-ServerActionsTestOtherB-839966923 tempest-ServerActionsTestOtherB-839966923-project-member] Lock "bd7549e8-cf64-4719-acdd-5dd16707f95a" acquired by "nova.context.set_target_cell..get_or_set_cached_cell_and_set_connections" :: waited 0.000s {{(pid=96361) inner /opt/stack/data/venv/lib/python3.12/site-packages/oslo_concurrency/lockutils.py:524}}
Jun 26 19:41:32.610570 np0000003788 nova-scheduler[96361]: DEBUG oslo_concurrency.lockutils [None req-cffd6112-c1e6-4f83-ad48-b5ddcafcf9b2 tempest-ServerActionsTestOtherB-839966923 tempest-ServerActionsTestOtherB-839966923-project-member] Lock "bd7549e8-cf64-4719-acdd-5dd16707f95a" "released" by "nova.context.set_target_cell..get_or_set_cached_cell_and_set_connections" :: held 0.001s {{(pid=96361) inner /opt/stack/data/venv/lib/python3.12/site-packages/oslo_concurrency/lockutils.py:543}}
Jun 26 19:41:32.616227 np0000003788 nova-scheduler[96361]: INFO dbcounter [None req-cffd6112-c1e6-4f83-ad48-b5ddcafcf9b2 tempest-ServerActionsTestOtherB-839966923 tempest-ServerActionsTestOtherB-839966923-project-member] Registered counter for database nova_cell1
Jun 26 19:41:32.666869 np0000003788 nova-scheduler[96361]: DEBUG oslo_db.sqlalchemy.engines [None req-cffd6112-c1e6-4f83-ad48-b5ddcafcf9b2 tempest-ServerActionsTestOtherB-839966923 tempest-ServerActionsTestOtherB-839966923-project-member] MySQL server mode set to STRICT_TRANS_TABLES,STRICT_ALL_TABLES,NO_ZERO_IN_DATE,NO_ZERO_DATE,ERROR_FOR_DIVISION_BY_ZERO,TRADITIONAL,NO_ENGINE_SUBSTITUTION {{(pid=96361) _check_effective_sql_mode /opt/stack/data/venv/lib/python3.12/site-packages/oslo_db/sqlalchemy/engines.py:325}}
Jun 26 19:41:32.675934 np0000003788 nova-scheduler[96361]: DEBUG dbcounter [-] [96361] Writer thread running {{(pid=96361) stat_writer /opt/stack/data/venv/lib/python3.12/site-packages/dbcounter.py:102}}
Jun 26 19:41:32.710524 np0000003788 nova-scheduler[96361]: DEBUG oslo_db.sqlalchemy.engines [None req-cffd6112-c1e6-4f83-ad48-b5ddcafcf9b2 tempest-ServerActionsTestOtherB-839966923 tempest-ServerActionsTestOtherB-839966923-project-member] Parent process 95164 forked (96361) with an open database connection, which is being discarded and recreated. {{(pid=96361) checkout /opt/stack/data/venv/lib/python3.12/site-packages/oslo_db/sqlalchemy/engines.py:402}}
Jun 26 19:41:32.765919 np0000003788 nova-scheduler[96361]: DEBUG dbcounter [-] [96361] Writer thread running {{(pid=96361) stat_writer /opt/stack/data/venv/lib/python3.12/site-packages/dbcounter.py:102}}
Jun 26 19:41:32.767072 np0000003788 nova-scheduler[96361]: DEBUG oslo_concurrency.lockutils [None req-cffd6112-c1e6-4f83-ad48-b5ddcafcf9b2 tempest-ServerActionsTestOtherB-839966923 tempest-ServerActionsTestOtherB-839966923-project-member] Acquiring lock "bd7549e8-cf64-4719-acdd-5dd16707f95a" by "nova.context.set_target_cell..get_or_set_cached_cell_and_set_connections" {{(pid=96361) inner /opt/stack/data/venv/lib/python3.12/site-packages/oslo_concurrency/lockutils.py:511}}
Jun 26 19:41:32.767072 np0000003788 nova-scheduler[96361]: DEBUG oslo_concurrency.lockutils [None req-cffd6112-c1e6-4f83-ad48-b5ddcafcf9b2 tempest-ServerActionsTestOtherB-839966923 tempest-ServerActionsTestOtherB-839966923-project-member] Lock "bd7549e8-cf64-4719-acdd-5dd16707f95a" acquired by "nova.context.set_target_cell..get_or_set_cached_cell_and_set_connections" :: waited 0.000s {{(pid=96361) inner /opt/stack/data/venv/lib/python3.12/site-packages/oslo_concurrency/lockutils.py:524}}
Jun 26 19:41:32.767072 np0000003788 nova-scheduler[96361]: DEBUG oslo_concurrency.lockutils [None req-cffd6112-c1e6-4f83-ad48-b5ddcafcf9b2 tempest-ServerActionsTestOtherB-839966923 tempest-ServerActionsTestOtherB-839966923-project-member] Lock "bd7549e8-cf64-4719-acdd-5dd16707f95a" "released" by "nova.context.set_target_cell..get_or_set_cached_cell_and_set_connections" :: held 0.000s {{(pid=96361) inner /opt/stack/data/venv/lib/python3.12/site-packages/oslo_concurrency/lockutils.py:543}}
Jun 26 19:41:32.771591 np0000003788 nova-scheduler[96361]: DEBUG oslo_concurrency.lockutils [None req-cffd6112-c1e6-4f83-ad48-b5ddcafcf9b2 tempest-ServerActionsTestOtherB-839966923 tempest-ServerActionsTestOtherB-839966923-project-member] Acquiring lock "('np0000003788', 'np0000003788')" by "nova.scheduler.host_manager.HostState.update.._locked_update" {{(pid=96361) inner /opt/stack/data/venv/lib/python3.12/site-packages/oslo_concurrency/lockutils.py:511}}
Jun 26 19:41:32.771591 np0000003788 nova-scheduler[96361]: DEBUG oslo_concurrency.lockutils [None req-cffd6112-c1e6-4f83-ad48-b5ddcafcf9b2 tempest-ServerActionsTestOtherB-839966923 tempest-ServerActionsTestOtherB-839966923-project-member] Lock "('np0000003788', 'np0000003788')" acquired by "nova.scheduler.host_manager.HostState.update.._locked_update" :: waited 0.000s {{(pid=96361) inner /opt/stack/data/venv/lib/python3.12/site-packages/oslo_concurrency/lockutils.py:524}}
Jun 26 19:41:32.774397 np0000003788 nova-scheduler[96361]: DEBUG nova.scheduler.host_manager [None req-cffd6112-c1e6-4f83-ad48-b5ddcafcf9b2 tempest-ServerActionsTestOtherB-839966923 tempest-ServerActionsTestOtherB-839966923-project-member] Update host state from compute node: ComputeNode(cpu_allocation_ratio=4.0,cpu_info='{"arch": "x86_64", "model": "EPYC-Milan", "vendor": "AMD", "topology": {"cells": 1, "sockets": 16, "cores": 1, "threads": 1}, "maxphysaddr": {"mode": "emulate", "bits": 40}, "features": ["ibpb", "ibrs", "clwb", "gds-no", "sha-ni", "pfthreshold", "xsavec", "fsgsbase", "lbrv", "rdpid", "pge", "hypervisor", "null-sel-clr-base", "apic", "osvw", "pse36", "virt-ssbd", "tsc-scale", "vgif", "invpcid", "mtrr", "adx", "fxsr", "rdtscp", "umip", "smap", "npt", "stibp", "fsrm", "clflush", "smep", "bmi1", "pku", "lm", "3dnowprefetch", "rdctl-no", "avx2", "sse", "pschange-mc-no", "clzero", "flushbyasid", "pni", "mce", "cx8", "misalignsse", "vaes", "cx16", "sse4.1", "syscall", "no-nested-data-bp", "aes", "popcnt", "mca", "spec-ctrl", "nrip-save", "msr", "amd-ssbd", "skip-l1dfl-vmentry", "pause-filter", "x2apic", "sse4.2", "stibp-always-on", "f16c", "svm", "svme-addr-chk", "movbe", "sep", "pcid", "xsaveopt", "pse", "xsaveerptr", "arat", "rdseed", "tsc-deadline", "xsaves", "xsave", "fxsr_opt", "cmov", "ssse3", "vpclmulqdq", "fma", "lfence-always-serializing", "erms", "amd-stibp", "tsc", "ssbd", "de", "arch-capabilities", "perfctr_core", "cr8legacy", "pdpe1gb", "abm", "pclmuldq", "fpu", "pae", "pat", "topoext", "v-vmsave-vmload", "sse2", "nx", "wbnoinvd", "avx", "tsc_adjust", "mmx", "bmi2", "clflushopt", "rdrand", "amd-psfd", "cmp_legacy", "vme", "mds-no", "mmxext", "lahf_lm", "xgetbv1", "sse4a", "vmcb-clean"]}',created_at=2026-06-26T19:39:12Z,current_workload=0,deleted=False,deleted_at=None,disk_allocation_ratio=1.0,disk_available_least=74,free_disk_gb=95,free_ram_mb=63789,host='np0000003788',host_ip=10.4.3.76,hypervisor_hostname='np0000003788',hypervisor_type='QEMU',hypervisor_version=8002002,id=1,local_gb=95,local_gb_used=0,mapped=1,memory_mb=64301,memory_mb_used=512,metrics='[]',numa_topology='{"nova_object.name": "NUMATopology", "nova_object.namespace": "nova", "nova_object.version": "1.2", "nova_object.data": {"cells": [{"nova_object.name": "NUMACell", "nova_object.namespace": "nova", "nova_object.version": "1.5", "nova_object.data": {"id": 0, "cpuset": [0, 1, 2, 3, 4, 5, 6, 7, 8, 9, 10, 11, 12, 13, 14, 15], "pcpuset": [0, 1, 2, 3, 4, 5, 6, 7, 8, 9, 10, 11, 12, 13, 14, 15], "memory": 64301, "cpu_usage": 0, "memory_usage": 0, "pinned_cpus": [], "siblings": [[6], [12], [2], [15], [5], [11], [8], [14], [4], [1], [7], [10], [0], [13], [3], [9]], "mempages": [{"nova_object.name": "NUMAPagesTopology", "nova_object.namespace": "nova", "nova_object.version": "1.1", "nova_object.data": {"size_kb": 4, "total": 16461069, "used": 0, "reserved": 0}, "nova_object.changes": ["total", "used", "size_kb", "reserved"]}, {"nova_object.name": "NUMAPagesTopology", "nova_object.namespace": "nova", "nova_object.version": "1.1", "nova_object.data": {"size_kb": 2048, "total": 0, "used": 0, "reserved": 0}, "nova_object.changes": ["total", "used", "size_kb", "reserved"]}, {"nova_object.name": "NUMAPagesTopology", "nova_object.namespace": "nova", "nova_object.version": "1.1", "nova_object.data": {"size_kb": 1048576, "total": 0, "used": 0, "reserved": 0}, "nova_object.changes": ["total", "used", "size_kb", "reserved"]}], "network_metadata": {"nova_object.name": "NetworkMetadata", "nova_object.namespace": "nova", "nova_object.version": "1.0", "nova_object.data": {"physnets": [], "tunneled": false}, "nova_object.changes": ["tunneled", "physnets"]}, "socket": null}, "nova_object.changes": ["cpu_usage", "pcpuset", "network_metadata", "mempages", "cpuset", "id", "memory_usage", "memory", "siblings", "pinned_cpus", "socket"]}]}, "nova_object.changes": ["cells"]}',pci_device_pools=PciDevicePoolList,ram_allocation_ratio=1.0,running_vms=0,service_id=4,stats={failed_builds='0',uptime=' 19:40:59 up 26 min, 2 users, load average: 1.29, 1.53, 0.92
Jun 26 19:41:32.774397 np0000003788 nova-scheduler[96361]: '},supported_hv_specs=[HVSpec,HVSpec,HVSpec,HVSpec,HVSpec,HVSpec,HVSpec,HVSpec,HVSpec,HVSpec,HVSpec,HVSpec,HVSpec,HVSpec,HVSpec,HVSpec,HVSpec,HVSpec,HVSpec,HVSpec,HVSpec,HVSpec,HVSpec,HVSpec,HVSpec],updated_at=2026-06-26T19:41:01Z,uuid=d7845800-8acc-4570-857a-bf617cc69835,vcpus=16,vcpus_used=0) {{(pid=96361) _locked_update /opt/stack/nova/nova/scheduler/host_manager.py:168}}
