Jun 26 19:38:53.517811 np0000003788 nova-conductor[98803]: DEBUG cotyledon.oslo_config_glue [-] profiler.es_scroll_size = 10000 {{(pid=98803) log_opt_values /opt/stack/data/venv/lib/python3.12/site-packages/oslo_config/cfg.py:3253}}
Jun 26 19:38:53.517811 np0000003788 nova-conductor[98803]: DEBUG cotyledon.oslo_config_glue [-] profiler.es_scroll_time = 2m {{(pid=98803) log_opt_values /opt/stack/data/venv/lib/python3.12/site-packages/oslo_config/cfg.py:3253}}
Jun 26 19:38:53.517811 np0000003788 nova-conductor[98803]: DEBUG cotyledon.oslo_config_glue [-] profiler.filter_error_trace = False {{(pid=98803) log_opt_values /opt/stack/data/venv/lib/python3.12/site-packages/oslo_config/cfg.py:3253}}
Jun 26 19:38:53.518126 np0000003788 nova-conductor[98803]: DEBUG cotyledon.oslo_config_glue [-] profiler.hmac_keys = **** {{(pid=98803) log_opt_values /opt/stack/data/venv/lib/python3.12/site-packages/oslo_config/cfg.py:3253}}
Jun 26 19:38:53.518126 np0000003788 nova-conductor[98803]: DEBUG cotyledon.oslo_config_glue [-] profiler.sentinel_service_name = mymaster {{(pid=98803) log_opt_values /opt/stack/data/venv/lib/python3.12/site-packages/oslo_config/cfg.py:3253}}
Jun 26 19:38:53.518126 np0000003788 nova-conductor[98803]: DEBUG cotyledon.oslo_config_glue [-] profiler.socket_timeout = 0.1 {{(pid=98803) log_opt_values /opt/stack/data/venv/lib/python3.12/site-packages/oslo_config/cfg.py:3253}}
Jun 26 19:38:53.518126 np0000003788 nova-conductor[98803]: DEBUG cotyledon.oslo_config_glue [-] profiler.trace_requests = False {{(pid=98803) log_opt_values /opt/stack/data/venv/lib/python3.12/site-packages/oslo_config/cfg.py:3253}}
Jun 26 19:38:53.518126 np0000003788 nova-conductor[98803]: DEBUG cotyledon.oslo_config_glue [-] profiler.trace_sqlalchemy = False {{(pid=98803) log_opt_values /opt/stack/data/venv/lib/python3.12/site-packages/oslo_config/cfg.py:3253}}
Jun 26 19:38:53.518126 np0000003788 nova-conductor[98803]: DEBUG cotyledon.oslo_config_glue [-] profiler_jaeger.process_tags = {} {{(pid=98803) log_opt_values /opt/stack/data/venv/lib/python3.12/site-packages/oslo_config/cfg.py:3253}}
Jun 26 19:38:53.518126 np0000003788 nova-conductor[98803]: DEBUG cotyledon.oslo_config_glue [-] profiler_jaeger.service_name_prefix = None {{(pid=98803) log_opt_values /opt/stack/data/venv/lib/python3.12/site-packages/oslo_config/cfg.py:3253}}
Jun 26 19:38:53.518126 np0000003788 nova-conductor[98803]: DEBUG cotyledon.oslo_config_glue [-] profiler_otlp.service_name_prefix = None {{(pid=98803) log_opt_values /opt/stack/data/venv/lib/python3.12/site-packages/oslo_config/cfg.py:3253}}
Jun 26 19:38:53.518126 np0000003788 nova-conductor[98803]: DEBUG cotyledon.oslo_config_glue [-] oslo_messaging_rabbit.amqp_auto_delete = False {{(pid=98803) log_opt_values /opt/stack/data/venv/lib/python3.12/site-packages/oslo_config/cfg.py:3253}}
Jun 26 19:38:53.518418 np0000003788 nova-conductor[98803]: DEBUG cotyledon.oslo_config_glue [-] oslo_messaging_rabbit.amqp_durable_queues = False {{(pid=98803) log_opt_values /opt/stack/data/venv/lib/python3.12/site-packages/oslo_config/cfg.py:3253}}
Jun 26 19:38:53.518418 np0000003788 nova-conductor[98803]: DEBUG cotyledon.oslo_config_glue [-] oslo_messaging_rabbit.conn_pool_min_size = 2 {{(pid=98803) log_opt_values /opt/stack/data/venv/lib/python3.12/site-packages/oslo_config/cfg.py:3253}}
Jun 26 19:38:53.518418 np0000003788 nova-conductor[98803]: DEBUG cotyledon.oslo_config_glue [-] oslo_messaging_rabbit.conn_pool_ttl = 1200 {{(pid=98803) log_opt_values /opt/stack/data/venv/lib/python3.12/site-packages/oslo_config/cfg.py:3253}}
Jun 26 19:38:53.518418 np0000003788 nova-conductor[98803]: DEBUG cotyledon.oslo_config_glue [-] oslo_messaging_rabbit.direct_mandatory_flag = True {{(pid=98803) log_opt_values /opt/stack/data/venv/lib/python3.12/site-packages/oslo_config/cfg.py:3253}}
Jun 26 19:38:53.518418 np0000003788 nova-conductor[98803]: DEBUG cotyledon.oslo_config_glue [-] oslo_messaging_rabbit.enable_cancel_on_failover = False {{(pid=98803) log_opt_values /opt/stack/data/venv/lib/python3.12/site-packages/oslo_config/cfg.py:3253}}
Jun 26 19:38:53.518418 np0000003788 nova-conductor[98803]: DEBUG cotyledon.oslo_config_glue [-] oslo_messaging_rabbit.heartbeat_rate = 3 {{(pid=98803) log_opt_values /opt/stack/data/venv/lib/python3.12/site-packages/oslo_config/cfg.py:3253}}
Jun 26 19:38:53.518418 np0000003788 nova-conductor[98803]: DEBUG cotyledon.oslo_config_glue [-] oslo_messaging_rabbit.heartbeat_timeout_threshold = 60 {{(pid=98803) log_opt_values /opt/stack/data/venv/lib/python3.12/site-packages/oslo_config/cfg.py:3253}}
Jun 26 19:38:53.518418 np0000003788 nova-conductor[98803]: DEBUG cotyledon.oslo_config_glue [-] oslo_messaging_rabbit.hostname = np0000003788 {{(pid=98803) log_opt_values /opt/stack/data/venv/lib/python3.12/site-packages/oslo_config/cfg.py:3253}}
Jun 26 19:38:53.518418 np0000003788 nova-conductor[98803]: DEBUG cotyledon.oslo_config_glue [-] oslo_messaging_rabbit.kombu_compression = None {{(pid=98803) log_opt_values /opt/stack/data/venv/lib/python3.12/site-packages/oslo_config/cfg.py:3253}}
Jun 26 19:38:53.518719 np0000003788 nova-conductor[98803]: DEBUG cotyledon.oslo_config_glue [-] oslo_messaging_rabbit.kombu_failover_strategy = round-robin {{(pid=98803) log_opt_values /opt/stack/data/venv/lib/python3.12/site-packages/oslo_config/cfg.py:3253}}
Jun 26 19:38:53.518719 np0000003788 nova-conductor[98803]: DEBUG cotyledon.oslo_config_glue [-] oslo_messaging_rabbit.kombu_missing_consumer_retry_timeout = 60 {{(pid=98803) log_opt_values /opt/stack/data/venv/lib/python3.12/site-packages/oslo_config/cfg.py:3253}}
Jun 26 19:38:53.518719 np0000003788 nova-conductor[98803]: DEBUG cotyledon.oslo_config_glue [-] oslo_messaging_rabbit.kombu_reconnect_delay = 1.0 {{(pid=98803) log_opt_values /opt/stack/data/venv/lib/python3.12/site-packages/oslo_config/cfg.py:3253}}
Jun 26 19:38:53.518719 np0000003788 nova-conductor[98803]: DEBUG cotyledon.oslo_config_glue [-] oslo_messaging_rabbit.kombu_reconnect_splay = 0.0 {{(pid=98803) log_opt_values /opt/stack/data/venv/lib/python3.12/site-packages/oslo_config/cfg.py:3253}}
Jun 26 19:38:53.518719 np0000003788 nova-conductor[98803]: DEBUG cotyledon.oslo_config_glue [-] oslo_messaging_rabbit.processname = nova-conductor {{(pid=98803) log_opt_values /opt/stack/data/venv/lib/python3.12/site-packages/oslo_config/cfg.py:3253}}
Jun 26 19:38:53.518719 np0000003788 nova-conductor[98803]: DEBUG cotyledon.oslo_config_glue [-] oslo_messaging_rabbit.rabbit_ha_queues = False {{(pid=98803) log_opt_values /opt/stack/data/venv/lib/python3.12/site-packages/oslo_config/cfg.py:3253}}
Jun 26 19:38:53.518719 np0000003788 nova-conductor[98803]: DEBUG cotyledon.oslo_config_glue [-] oslo_messaging_rabbit.rabbit_interval_max = 30 {{(pid=98803) log_opt_values /opt/stack/data/venv/lib/python3.12/site-packages/oslo_config/cfg.py:3253}}
Jun 26 19:38:53.518719 np0000003788 nova-conductor[98803]: DEBUG cotyledon.oslo_config_glue [-] oslo_messaging_rabbit.rabbit_login_method = AMQPLAIN {{(pid=98803) log_opt_values /opt/stack/data/venv/lib/python3.12/site-packages/oslo_config/cfg.py:3253}}
Jun 26 19:38:53.519001 np0000003788 nova-conductor[98803]: DEBUG cotyledon.oslo_config_glue [-] oslo_messaging_rabbit.rabbit_qos_prefetch_count = 0 {{(pid=98803) log_opt_values /opt/stack/data/venv/lib/python3.12/site-packages/oslo_config/cfg.py:3253}}
Jun 26 19:38:53.519001 np0000003788 nova-conductor[98803]: DEBUG cotyledon.oslo_config_glue [-] oslo_messaging_rabbit.rabbit_quorum_delivery_limit = 0 {{(pid=98803) log_opt_values /opt/stack/data/venv/lib/python3.12/site-packages/oslo_config/cfg.py:3253}}
Jun 26 19:38:53.519001 np0000003788 nova-conductor[98803]: DEBUG cotyledon.oslo_config_glue [-] oslo_messaging_rabbit.rabbit_quorum_max_memory_bytes = 0 {{(pid=98803) log_opt_values /opt/stack/data/venv/lib/python3.12/site-packages/oslo_config/cfg.py:3253}}
Jun 26 19:38:53.519001 np0000003788 nova-conductor[98803]: DEBUG cotyledon.oslo_config_glue [-] oslo_messaging_rabbit.rabbit_quorum_max_memory_length = 0 {{(pid=98803) log_opt_values /opt/stack/data/venv/lib/python3.12/site-packages/oslo_config/cfg.py:3253}}
Jun 26 19:38:53.519001 np0000003788 nova-conductor[98803]: DEBUG cotyledon.oslo_config_glue [-] oslo_messaging_rabbit.rabbit_quorum_queue = False {{(pid=98803) log_opt_values /opt/stack/data/venv/lib/python3.12/site-packages/oslo_config/cfg.py:3253}}
Jun 26 19:38:53.519001 np0000003788 nova-conductor[98803]: DEBUG cotyledon.oslo_config_glue [-] oslo_messaging_rabbit.rabbit_retry_backoff = 2 {{(pid=98803) log_opt_values /opt/stack/data/venv/lib/python3.12/site-packages/oslo_config/cfg.py:3253}}
Jun 26 19:38:53.519001 np0000003788 nova-conductor[98803]: DEBUG cotyledon.oslo_config_glue [-] oslo_messaging_rabbit.rabbit_retry_interval = 1 {{(pid=98803) log_opt_values /opt/stack/data/venv/lib/python3.12/site-packages/oslo_config/cfg.py:3253}}
Jun 26 19:38:53.519001 np0000003788 nova-conductor[98803]: DEBUG cotyledon.oslo_config_glue [-] oslo_messaging_rabbit.rabbit_stream_fanout = False {{(pid=98803) log_opt_values /opt/stack/data/venv/lib/python3.12/site-packages/oslo_config/cfg.py:3253}}
Jun 26 19:38:53.519283 np0000003788 nova-conductor[98803]: DEBUG cotyledon.oslo_config_glue [-] oslo_messaging_rabbit.rabbit_transient_queues_ttl = 1800 {{(pid=98803) log_opt_values /opt/stack/data/venv/lib/python3.12/site-packages/oslo_config/cfg.py:3253}}
Jun 26 19:38:53.519283 np0000003788 nova-conductor[98803]: DEBUG cotyledon.oslo_config_glue [-] oslo_messaging_rabbit.rabbit_transient_quorum_queue = False {{(pid=98803) log_opt_values /opt/stack/data/venv/lib/python3.12/site-packages/oslo_config/cfg.py:3253}}
Jun 26 19:38:53.519283 np0000003788 nova-conductor[98803]: DEBUG cotyledon.oslo_config_glue [-] oslo_messaging_rabbit.rpc_conn_pool_size = 30 {{(pid=98803) log_opt_values /opt/stack/data/venv/lib/python3.12/site-packages/oslo_config/cfg.py:3253}}
Jun 26 19:38:53.519283 np0000003788 nova-conductor[98803]: DEBUG cotyledon.oslo_config_glue [-] oslo_messaging_rabbit.ssl = False {{(pid=98803) log_opt_values /opt/stack/data/venv/lib/python3.12/site-packages/oslo_config/cfg.py:3253}}
Jun 26 19:38:53.519283 np0000003788 nova-conductor[98803]: DEBUG cotyledon.oslo_config_glue [-] oslo_messaging_rabbit.ssl_ca_file = {{(pid=98803) log_opt_values /opt/stack/data/venv/lib/python3.12/site-packages/oslo_config/cfg.py:3253}}
Jun 26 19:38:53.519283 np0000003788 nova-conductor[98803]: DEBUG cotyledon.oslo_config_glue [-] oslo_messaging_rabbit.ssl_cert_file = {{(pid=98803) log_opt_values /opt/stack/data/venv/lib/python3.12/site-packages/oslo_config/cfg.py:3253}}
Jun 26 19:38:53.519283 np0000003788 nova-conductor[98803]: DEBUG cotyledon.oslo_config_glue [-] oslo_messaging_rabbit.ssl_enforce_fips_mode = False {{(pid=98803) log_opt_values /opt/stack/data/venv/lib/python3.12/site-packages/oslo_config/cfg.py:3253}}
Jun 26 19:38:53.519283 np0000003788 nova-conductor[98803]: DEBUG cotyledon.oslo_config_glue [-] oslo_messaging_rabbit.ssl_enforce_hostname_verification = True {{(pid=98803) log_opt_values /opt/stack/data/venv/lib/python3.12/site-packages/oslo_config/cfg.py:3253}}
Jun 26 19:38:53.519283 np0000003788 nova-conductor[98803]: DEBUG cotyledon.oslo_config_glue [-] oslo_messaging_rabbit.ssl_key_file = {{(pid=98803) log_opt_values /opt/stack/data/venv/lib/python3.12/site-packages/oslo_config/cfg.py:3253}}
Jun 26 19:38:53.519577 np0000003788 nova-conductor[98803]: DEBUG cotyledon.oslo_config_glue [-] oslo_messaging_rabbit.ssl_version = {{(pid=98803) log_opt_values /opt/stack/data/venv/lib/python3.12/site-packages/oslo_config/cfg.py:3253}}
Jun 26 19:38:53.519577 np0000003788 nova-conductor[98803]: DEBUG cotyledon.oslo_config_glue [-] oslo_messaging_rabbit.use_queue_manager = False {{(pid=98803) log_opt_values /opt/stack/data/venv/lib/python3.12/site-packages/oslo_config/cfg.py:3253}}
Jun 26 19:38:53.519577 np0000003788 nova-conductor[98803]: DEBUG cotyledon.oslo_config_glue [-] oslo_messaging_notifications.driver = ['messagingv2'] {{(pid=98803) log_opt_values /opt/stack/data/venv/lib/python3.12/site-packages/oslo_config/cfg.py:3253}}
Jun 26 19:38:53.519577 np0000003788 nova-conductor[98803]: DEBUG cotyledon.oslo_config_glue [-] oslo_messaging_notifications.retry = -1 {{(pid=98803) log_opt_values /opt/stack/data/venv/lib/python3.12/site-packages/oslo_config/cfg.py:3253}}
Jun 26 19:38:53.519577 np0000003788 nova-conductor[98803]: DEBUG cotyledon.oslo_config_glue [-] oslo_messaging_notifications.topics = ['notifications'] {{(pid=98803) log_opt_values /opt/stack/data/venv/lib/python3.12/site-packages/oslo_config/cfg.py:3253}}
Jun 26 19:38:53.519577 np0000003788 nova-conductor[98803]: DEBUG cotyledon.oslo_config_glue [-] oslo_messaging_notifications.transport_url = **** {{(pid=98803) log_opt_values /opt/stack/data/venv/lib/python3.12/site-packages/oslo_config/cfg.py:3253}}
Jun 26 19:38:53.519577 np0000003788 nova-conductor[98803]: DEBUG cotyledon.oslo_config_glue [-] oslo_limit.auth_section = None {{(pid=98803) log_opt_values /opt/stack/data/venv/lib/python3.12/site-packages/oslo_config/cfg.py:3253}}
Jun 26 19:38:53.519577 np0000003788 nova-conductor[98803]: DEBUG cotyledon.oslo_config_glue [-] oslo_limit.auth_type = None {{(pid=98803) log_opt_values /opt/stack/data/venv/lib/python3.12/site-packages/oslo_config/cfg.py:3253}}
Jun 26 19:38:53.519577 np0000003788 nova-conductor[98803]: DEBUG cotyledon.oslo_config_glue [-] oslo_limit.cafile = None {{(pid=98803) log_opt_values /opt/stack/data/venv/lib/python3.12/site-packages/oslo_config/cfg.py:3253}}
Jun 26 19:38:53.519911 np0000003788 nova-conductor[98803]: DEBUG cotyledon.oslo_config_glue [-] oslo_limit.certfile = None {{(pid=98803) log_opt_values /opt/stack/data/venv/lib/python3.12/site-packages/oslo_config/cfg.py:3253}}
Jun 26 19:38:53.519911 np0000003788 nova-conductor[98803]: DEBUG cotyledon.oslo_config_glue [-] oslo_limit.collect_timing = False {{(pid=98803) log_opt_values /opt/stack/data/venv/lib/python3.12/site-packages/oslo_config/cfg.py:3253}}
Jun 26 19:38:53.519911 np0000003788 nova-conductor[98803]: DEBUG cotyledon.oslo_config_glue [-] oslo_limit.connect_retries = None {{(pid=98803) log_opt_values /opt/stack/data/venv/lib/python3.12/site-packages/oslo_config/cfg.py:3253}}
Jun 26 19:38:53.519911 np0000003788 nova-conductor[98803]: DEBUG cotyledon.oslo_config_glue [-] oslo_limit.connect_retry_delay = None {{(pid=98803) log_opt_values /opt/stack/data/venv/lib/python3.12/site-packages/oslo_config/cfg.py:3253}}
Jun 26 19:38:53.519911 np0000003788 nova-conductor[98803]: DEBUG cotyledon.oslo_config_glue [-] oslo_limit.endpoint_id = None {{(pid=98803) log_opt_values /opt/stack/data/venv/lib/python3.12/site-packages/oslo_config/cfg.py:3253}}
Jun 26 19:38:53.519911 np0000003788 nova-conductor[98803]: DEBUG cotyledon.oslo_config_glue [-] oslo_limit.endpoint_interface = public {{(pid=98803) log_opt_values /opt/stack/data/venv/lib/python3.12/site-packages/oslo_config/cfg.py:3253}}
Jun 26 19:38:53.519911 np0000003788 nova-conductor[98803]: DEBUG cotyledon.oslo_config_glue [-] oslo_limit.endpoint_override = None {{(pid=98803) log_opt_values /opt/stack/data/venv/lib/python3.12/site-packages/oslo_config/cfg.py:3253}}
Jun 26 19:38:53.519911 np0000003788 nova-conductor[98803]: DEBUG cotyledon.oslo_config_glue [-] oslo_limit.endpoint_region_name = None {{(pid=98803) log_opt_values /opt/stack/data/venv/lib/python3.12/site-packages/oslo_config/cfg.py:3253}}
Jun 26 19:38:53.519911 np0000003788 nova-conductor[98803]: DEBUG cotyledon.oslo_config_glue [-] oslo_limit.endpoint_service_name = None {{(pid=98803) log_opt_values /opt/stack/data/venv/lib/python3.12/site-packages/oslo_config/cfg.py:3253}}
Jun 26 19:38:53.520217 np0000003788 nova-conductor[98803]: DEBUG cotyledon.oslo_config_glue [-] oslo_limit.endpoint_service_type = None {{(pid=98803) log_opt_values /opt/stack/data/venv/lib/python3.12/site-packages/oslo_config/cfg.py:3253}}
Jun 26 19:38:53.520217 np0000003788 nova-conductor[98803]: DEBUG cotyledon.oslo_config_glue [-] oslo_limit.insecure = False {{(pid=98803) log_opt_values /opt/stack/data/venv/lib/python3.12/site-packages/oslo_config/cfg.py:3253}}
Jun 26 19:38:53.520217 np0000003788 nova-conductor[98803]: DEBUG cotyledon.oslo_config_glue [-] oslo_limit.keyfile = None {{(pid=98803) log_opt_values /opt/stack/data/venv/lib/python3.12/site-packages/oslo_config/cfg.py:3253}}
Jun 26 19:38:53.520217 np0000003788 nova-conductor[98803]: DEBUG cotyledon.oslo_config_glue [-] oslo_limit.max_version = None {{(pid=98803) log_opt_values /opt/stack/data/venv/lib/python3.12/site-packages/oslo_config/cfg.py:3253}}
Jun 26 19:38:53.520217 np0000003788 nova-conductor[98803]: DEBUG cotyledon.oslo_config_glue [-] oslo_limit.min_version = None {{(pid=98803) log_opt_values /opt/stack/data/venv/lib/python3.12/site-packages/oslo_config/cfg.py:3253}}
Jun 26 19:38:53.520217 np0000003788 nova-conductor[98803]: DEBUG cotyledon.oslo_config_glue [-] oslo_limit.region_name = None {{(pid=98803) log_opt_values /opt/stack/data/venv/lib/python3.12/site-packages/oslo_config/cfg.py:3253}}
Jun 26 19:38:53.520217 np0000003788 nova-conductor[98803]: DEBUG cotyledon.oslo_config_glue [-] oslo_limit.retriable_status_codes = None {{(pid=98803) log_opt_values /opt/stack/data/venv/lib/python3.12/site-packages/oslo_config/cfg.py:3253}}
Jun 26 19:38:53.520217 np0000003788 nova-conductor[98803]: DEBUG cotyledon.oslo_config_glue [-] oslo_limit.service_name = None {{(pid=98803) log_opt_values /opt/stack/data/venv/lib/python3.12/site-packages/oslo_config/cfg.py:3253}}
Jun 26 19:38:53.520217 np0000003788 nova-conductor[98803]: DEBUG cotyledon.oslo_config_glue [-] oslo_limit.service_type = None {{(pid=98803) log_opt_values /opt/stack/data/venv/lib/python3.12/site-packages/oslo_config/cfg.py:3253}}
Jun 26 19:38:53.520524 np0000003788 nova-conductor[98803]: DEBUG cotyledon.oslo_config_glue [-] oslo_limit.split_loggers = False {{(pid=98803) log_opt_values /opt/stack/data/venv/lib/python3.12/site-packages/oslo_config/cfg.py:3253}}
Jun 26 19:38:53.520524 np0000003788 nova-conductor[98803]: DEBUG cotyledon.oslo_config_glue [-] oslo_limit.status_code_retries = None {{(pid=98803) log_opt_values /opt/stack/data/venv/lib/python3.12/site-packages/oslo_config/cfg.py:3253}}
Jun 26 19:38:53.520524 np0000003788 nova-conductor[98803]: DEBUG cotyledon.oslo_config_glue [-] oslo_limit.status_code_retry_delay = None {{(pid=98803) log_opt_values /opt/stack/data/venv/lib/python3.12/site-packages/oslo_config/cfg.py:3253}}
Jun 26 19:38:53.520524 np0000003788 nova-conductor[98803]: DEBUG cotyledon.oslo_config_glue [-] oslo_limit.timeout = None {{(pid=98803) log_opt_values /opt/stack/data/venv/lib/python3.12/site-packages/oslo_config/cfg.py:3253}}
Jun 26 19:38:53.520524 np0000003788 nova-conductor[98803]: DEBUG cotyledon.oslo_config_glue [-] oslo_limit.valid_interfaces = None {{(pid=98803) log_opt_values /opt/stack/data/venv/lib/python3.12/site-packages/oslo_config/cfg.py:3253}}
Jun 26 19:38:53.520524 np0000003788 nova-conductor[98803]: DEBUG cotyledon.oslo_config_glue [-] oslo_limit.version = None {{(pid=98803) log_opt_values /opt/stack/data/venv/lib/python3.12/site-packages/oslo_config/cfg.py:3253}}
Jun 26 19:38:53.520524 np0000003788 nova-conductor[98803]: DEBUG cotyledon.oslo_config_glue [-] oslo_reports.file_event_handler = None {{(pid=98803) log_opt_values /opt/stack/data/venv/lib/python3.12/site-packages/oslo_config/cfg.py:3253}}
Jun 26 19:38:53.520524 np0000003788 nova-conductor[98803]: DEBUG cotyledon.oslo_config_glue [-] oslo_reports.file_event_handler_interval = 1 {{(pid=98803) log_opt_values /opt/stack/data/venv/lib/python3.12/site-packages/oslo_config/cfg.py:3253}}
Jun 26 19:38:53.520524 np0000003788 nova-conductor[98803]: DEBUG cotyledon.oslo_config_glue [-] oslo_reports.log_dir = None {{(pid=98803) log_opt_values /opt/stack/data/venv/lib/python3.12/site-packages/oslo_config/cfg.py:3253}}
Jun 26 19:38:53.520854 np0000003788 nova-conductor[98803]: DEBUG cotyledon.oslo_config_glue [-] ******************************************************************************** {{(pid=98803) log_opt_values /opt/stack/data/venv/lib/python3.12/site-packages/oslo_config/cfg.py:3260}}
Jun 26 19:38:53.520854 np0000003788 nova-conductor[98803]: DEBUG cotyledon._service_worker [-] Run service ServiceWrapper(3) [98803] {{(pid=98803) wait_forever /opt/stack/data/venv/lib/python3.12/site-packages/cotyledon/_service_worker.py:218}}
Jun 26 19:38:53.520854 np0000003788 nova-conductor[98803]: INFO nova.service [-] Starting conductor node (version 33.1.0)
Jun 26 19:38:53.520854 np0000003788 nova-conductor[98803]: INFO dbcounter [None req-fd3c9f1b-1f1c-4967-b5eb-ad3d79045d9b None None] Registered counter for database nova_cell0
Jun 26 19:38:53.520991 np0000003788 nova-conductor[98782]: DEBUG oslo_db.sqlalchemy.engines [None req-329fec3b-4dba-4acf-8e31-15d5aee54980 None None] MySQL server mode set to STRICT_TRANS_TABLES,STRICT_ALL_TABLES,NO_ZERO_IN_DATE,NO_ZERO_DATE,ERROR_FOR_DIVISION_BY_ZERO,TRADITIONAL,NO_ENGINE_SUBSTITUTION {{(pid=98782) _check_effective_sql_mode /opt/stack/data/venv/lib/python3.12/site-packages/oslo_db/sqlalchemy/engines.py:325}}
Jun 26 19:38:53.521036 np0000003788 nova-conductor[98799]: DEBUG oslo_db.sqlalchemy.engines [None req-60228f61-73fd-4c71-a809-122149545b11 None None] MySQL server mode set to STRICT_TRANS_TABLES,STRICT_ALL_TABLES,NO_ZERO_IN_DATE,NO_ZERO_DATE,ERROR_FOR_DIVISION_BY_ZERO,TRADITIONAL,NO_ENGINE_SUBSTITUTION {{(pid=98799) _check_effective_sql_mode /opt/stack/data/venv/lib/python3.12/site-packages/oslo_db/sqlalchemy/engines.py:325}}
Jun 26 19:38:53.521081 np0000003788 nova-conductor[98782]: DEBUG dbcounter [-] [98782] Writer thread running {{(pid=98782) stat_writer /opt/stack/data/venv/lib/python3.12/site-packages/dbcounter.py:102}}
Jun 26 19:38:53.521121 np0000003788 nova-conductor[98791]: DEBUG oslo_db.sqlalchemy.engines [None req-5fddba6e-f247-459e-b88f-47d7733e2b3a None None] MySQL server mode set to STRICT_TRANS_TABLES,STRICT_ALL_TABLES,NO_ZERO_IN_DATE,NO_ZERO_DATE,ERROR_FOR_DIVISION_BY_ZERO,TRADITIONAL,NO_ENGINE_SUBSTITUTION {{(pid=98791) _check_effective_sql_mode /opt/stack/data/venv/lib/python3.12/site-packages/oslo_db/sqlalchemy/engines.py:325}}
Jun 26 19:38:53.521174 np0000003788 nova-conductor[98799]: DEBUG dbcounter [-] [98799] Writer thread running {{(pid=98799) stat_writer /opt/stack/data/venv/lib/python3.12/site-packages/dbcounter.py:102}}
Jun 26 19:38:53.521213 np0000003788 nova-conductor[98791]: DEBUG dbcounter [-] [98791] Writer thread running {{(pid=98791) stat_writer /opt/stack/data/venv/lib/python3.12/site-packages/dbcounter.py:102}}
Jun 26 19:38:53.521253 np0000003788 nova-conductor[98782]: DEBUG nova.service [None req-329fec3b-4dba-4acf-8e31-15d5aee54980 None None] Creating RPC server for service: nova-conductor on topic: conductor {{(pid=98782) start /opt/stack/nova/nova/service.py:196}}
Jun 26 19:38:53.521301 np0000003788 nova-conductor[98803]: DEBUG oslo_db.sqlalchemy.engines [None req-fd3c9f1b-1f1c-4967-b5eb-ad3d79045d9b None None] MySQL server mode set to STRICT_TRANS_TABLES,STRICT_ALL_TABLES,NO_ZERO_IN_DATE,NO_ZERO_DATE,ERROR_FOR_DIVISION_BY_ZERO,TRADITIONAL,NO_ENGINE_SUBSTITUTION {{(pid=98803) _check_effective_sql_mode /opt/stack/data/venv/lib/python3.12/site-packages/oslo_db/sqlalchemy/engines.py:325}}
Jun 26 19:38:53.521347 np0000003788 nova-conductor[98799]: DEBUG nova.service [None req-60228f61-73fd-4c71-a809-122149545b11 None None] Creating RPC server for service: nova-conductor on topic: conductor {{(pid=98799) start /opt/stack/nova/nova/service.py:196}}
Jun 26 19:38:53.521388 np0000003788 nova-conductor[98803]: DEBUG dbcounter [-] [98803] Writer thread running {{(pid=98803) stat_writer /opt/stack/data/venv/lib/python3.12/site-packages/dbcounter.py:102}}
Jun 26 19:38:53.521388 np0000003788 nova-conductor[98803]: DEBUG nova.service [None req-fd3c9f1b-1f1c-4967-b5eb-ad3d79045d9b None None] Creating RPC server for service: nova-conductor on topic: conductor {{(pid=98803) start /opt/stack/nova/nova/service.py:196}}
Jun 26 19:38:53.521458 np0000003788 nova-conductor[98791]: DEBUG nova.service [None req-5fddba6e-f247-459e-b88f-47d7733e2b3a None None] Creating RPC server for service: nova-conductor on topic: conductor {{(pid=98791) start /opt/stack/nova/nova/service.py:196}}
Jun 26 19:38:53.521505 np0000003788 nova-conductor[98782]: DEBUG nova.service [None req-329fec3b-4dba-4acf-8e31-15d5aee54980 None None] Join ServiceGroup membership for this service conductor {{(pid=98782) start /opt/stack/nova/nova/service.py:222}}
Jun 26 19:38:53.521505 np0000003788 nova-conductor[98782]: DEBUG nova.servicegroup.drivers.db [None req-329fec3b-4dba-4acf-8e31-15d5aee54980 None None] DB_Driver: join new ServiceGroup member np0000003788 to the conductor group, service = {{(pid=98782) join /opt/stack/nova/nova/servicegroup/drivers/db.py:44}}
Jun 26 19:38:53.521578 np0000003788 nova-conductor[98799]: DEBUG nova.service [None req-60228f61-73fd-4c71-a809-122149545b11 None None] Join ServiceGroup membership for this service conductor {{(pid=98799) start /opt/stack/nova/nova/service.py:222}}
Jun 26 19:38:53.521578 np0000003788 nova-conductor[98799]: DEBUG nova.servicegroup.drivers.db [None req-60228f61-73fd-4c71-a809-122149545b11 None None] DB_Driver: join new ServiceGroup member np0000003788 to the conductor group, service = {{(pid=98799) join /opt/stack/nova/nova/servicegroup/drivers/db.py:44}}
Jun 26 19:38:53.521657 np0000003788 nova-conductor[98791]: DEBUG nova.service [None req-5fddba6e-f247-459e-b88f-47d7733e2b3a None None] Join ServiceGroup membership for this service conductor {{(pid=98791) start /opt/stack/nova/nova/service.py:222}}
Jun 26 19:38:53.521657 np0000003788 nova-conductor[98791]: DEBUG nova.servicegroup.drivers.db [None req-5fddba6e-f247-459e-b88f-47d7733e2b3a None None] DB_Driver: join new ServiceGroup member np0000003788 to the conductor group, service = {{(pid=98791) join /opt/stack/nova/nova/servicegroup/drivers/db.py:44}}
Jun 26 19:38:53.521739 np0000003788 nova-conductor[98803]: DEBUG nova.service [None req-fd3c9f1b-1f1c-4967-b5eb-ad3d79045d9b None None] Join ServiceGroup membership for this service conductor {{(pid=98803) start /opt/stack/nova/nova/service.py:222}}
Jun 26 19:38:53.521739 np0000003788 nova-conductor[98803]: DEBUG nova.servicegroup.drivers.db [None req-fd3c9f1b-1f1c-4967-b5eb-ad3d79045d9b None None] DB_Driver: join new ServiceGroup member np0000003788 to the conductor group, service = {{(pid=98803) join /opt/stack/nova/nova/servicegroup/drivers/db.py:44}}
Jun 26 19:38:58.522843 np0000003788 nova-conductor[98782]: DEBUG oslo.service.backend._threading.loopingcall [-] Fixed interval looping call 'nova.servicegroup.drivers.db.DbDriver._report_state' sleeping for 119.99 seconds {{(pid=98782) _run_loop /opt/stack/data/venv/lib/python3.12/site-packages/oslo_service/backend/_threading/loopingcall.py:125}}
Jun 26 19:38:58.523194 np0000003788 nova-conductor[98799]: DEBUG oslo.service.backend._threading.loopingcall [-] Fixed interval looping call 'nova.servicegroup.drivers.db.DbDriver._report_state' sleeping for 119.99 seconds {{(pid=98799) _run_loop /opt/stack/data/venv/lib/python3.12/site-packages/oslo_service/backend/_threading/loopingcall.py:125}}
Jun 26 19:38:58.528079 np0000003788 nova-conductor[98803]: DEBUG oslo.service.backend._threading.loopingcall [-] Fixed interval looping call 'nova.servicegroup.drivers.db.DbDriver._report_state' sleeping for 119.99 seconds {{(pid=98803) _run_loop /opt/stack/data/venv/lib/python3.12/site-packages/oslo_service/backend/_threading/loopingcall.py:125}}
Jun 26 19:38:58.528542 np0000003788 nova-conductor[98791]: DEBUG oslo.service.backend._threading.loopingcall [-] Fixed interval looping call 'nova.servicegroup.drivers.db.DbDriver._report_state' sleeping for 119.99 seconds {{(pid=98791) _run_loop /opt/stack/data/venv/lib/python3.12/site-packages/oslo_service/backend/_threading/loopingcall.py:125}}
Jun 26 19:39:02.083348 np0000003788 nova-conductor[97318]: DEBUG dbcounter [-] [97318] Writing DB stats nova_api:SELECT=1 {{(pid=97318) stat_writer /opt/stack/data/venv/lib/python3.12/site-packages/dbcounter.py:115}}
Jun 26 19:39:02.218880 np0000003788 nova-conductor[97318]: DEBUG dbcounter [-] [97318] Writing DB stats nova_cell0:SELECT=1 {{(pid=97318) stat_writer /opt/stack/data/venv/lib/python3.12/site-packages/dbcounter.py:115}}
Jun 26 19:39:02.224492 np0000003788 nova-conductor[97318]: DEBUG dbcounter [-] [97318] Writing DB stats nova_cell1:SELECT=1 {{(pid=97318) stat_writer /opt/stack/data/venv/lib/python3.12/site-packages/dbcounter.py:115}}
Jun 26 19:39:08.517817 np0000003788 nova-conductor[98782]: DEBUG dbcounter [-] [98782] Writing DB stats nova_cell0:SELECT=4,nova_cell0:INSERT=1,nova_cell0:UPDATE=1 {{(pid=98782) stat_writer /opt/stack/data/venv/lib/python3.12/site-packages/dbcounter.py:115}}
Jun 26 19:39:08.520677 np0000003788 nova-conductor[98799]: DEBUG dbcounter [-] [98799] Writing DB stats nova_cell0:SELECT=5,nova_cell0:INSERT=1,nova_cell0:UPDATE=1 {{(pid=98799) stat_writer /opt/stack/data/venv/lib/python3.12/site-packages/dbcounter.py:115}}
Jun 26 19:39:08.524006 np0000003788 nova-conductor[98791]: DEBUG dbcounter [-] [98791] Writing DB stats nova_cell0:SELECT=5,nova_cell0:INSERT=1 {{(pid=98791) stat_writer /opt/stack/data/venv/lib/python3.12/site-packages/dbcounter.py:115}}
Jun 26 19:39:08.526039 np0000003788 nova-conductor[98803]: DEBUG dbcounter [-] [98803] Writing DB stats nova_cell0:SELECT=3 {{(pid=98803) stat_writer /opt/stack/data/venv/lib/python3.12/site-packages/dbcounter.py:115}}
Jun 26 19:39:09.519714 np0000003788 nova-conductor[98803]: DEBUG oslo.service.backend._threading.loopingcall [None req-c414aa1d-62b8-4d11-a5b3-ed9184365456 None None] Dynamic interval looping call 'nova.service.Service.periodic_tasks' sleeping for 60.00 seconds {{(pid=98803) _run_loop /opt/stack/data/venv/lib/python3.12/site-packages/oslo_service/backend/_threading/loopingcall.py:125}}
Jun 26 19:39:20.510099 np0000003788 nova-conductor[98782]: DEBUG oslo.service.backend._threading.loopingcall [None req-2608b6f0-7cb1-4ec1-af65-c72505e2adb4 None None] Dynamic interval looping call 'nova.service.Service.periodic_tasks' sleeping for 60.00 seconds {{(pid=98782) _run_loop /opt/stack/data/venv/lib/python3.12/site-packages/oslo_service/backend/_threading/loopingcall.py:125}}
Jun 26 19:39:23.515921 np0000003788 nova-conductor[98791]: DEBUG oslo.service.backend._threading.loopingcall [None req-88cfc904-f58c-4627-9841-5c7774f9453e None None] Dynamic interval looping call 'nova.service.Service.periodic_tasks' sleeping for 60.00 seconds {{(pid=98791) _run_loop /opt/stack/data/venv/lib/python3.12/site-packages/oslo_service/backend/_threading/loopingcall.py:125}}
Jun 26 19:39:51.513559 np0000003788 nova-conductor[98799]: DEBUG oslo.service.backend._threading.loopingcall [None req-dc34afbe-3afd-4ea6-8834-abea9d1e22fa None None] Dynamic interval looping call 'nova.service.Service.periodic_tasks' sleeping for 60.00 seconds {{(pid=98799) _run_loop /opt/stack/data/venv/lib/python3.12/site-packages/oslo_service/backend/_threading/loopingcall.py:125}}
Jun 26 19:40:09.520252 np0000003788 nova-conductor[98803]: DEBUG oslo.service.backend._threading.loopingcall [None req-c414aa1d-62b8-4d11-a5b3-ed9184365456 None None] Dynamic interval looping call 'nova.service.Service.periodic_tasks' sleeping for 60.00 seconds {{(pid=98803) _run_loop /opt/stack/data/venv/lib/python3.12/site-packages/oslo_service/backend/_threading/loopingcall.py:125}}
Jun 26 19:40:20.510654 np0000003788 nova-conductor[98782]: DEBUG oslo.service.backend._threading.loopingcall [None req-2608b6f0-7cb1-4ec1-af65-c72505e2adb4 None None] Dynamic interval looping call 'nova.service.Service.periodic_tasks' sleeping for 60.00 seconds {{(pid=98782) _run_loop /opt/stack/data/venv/lib/python3.12/site-packages/oslo_service/backend/_threading/loopingcall.py:125}}
Jun 26 19:40:23.516480 np0000003788 nova-conductor[98791]: DEBUG oslo.service.backend._threading.loopingcall [None req-88cfc904-f58c-4627-9841-5c7774f9453e None None] Dynamic interval looping call 'nova.service.Service.periodic_tasks' sleeping for 60.00 seconds {{(pid=98791) _run_loop /opt/stack/data/venv/lib/python3.12/site-packages/oslo_service/backend/_threading/loopingcall.py:125}}
Jun 26 19:40:51.514242 np0000003788 nova-conductor[98799]: DEBUG oslo.service.backend._threading.loopingcall [None req-dc34afbe-3afd-4ea6-8834-abea9d1e22fa None None] Dynamic interval looping call 'nova.service.Service.periodic_tasks' sleeping for 60.00 seconds {{(pid=98799) _run_loop /opt/stack/data/venv/lib/python3.12/site-packages/oslo_service/backend/_threading/loopingcall.py:125}}
Jun 26 19:40:58.529623 np0000003788 nova-conductor[98782]: DEBUG oslo.service.backend._threading.loopingcall [-] Fixed interval looping call 'nova.servicegroup.drivers.db.DbDriver._report_state' sleeping for 119.98 seconds {{(pid=98782) _run_loop /opt/stack/data/venv/lib/python3.12/site-packages/oslo_service/backend/_threading/loopingcall.py:125}}
Jun 26 19:40:58.530306 np0000003788 nova-conductor[98799]: DEBUG oslo.service.backend._threading.loopingcall [-] Fixed interval looping call 'nova.servicegroup.drivers.db.DbDriver._report_state' sleeping for 119.98 seconds {{(pid=98799) _run_loop /opt/stack/data/venv/lib/python3.12/site-packages/oslo_service/backend/_threading/loopingcall.py:125}}
Jun 26 19:40:58.531179 np0000003788 nova-conductor[98803]: DEBUG oslo.service.backend._threading.loopingcall [-] Fixed interval looping call 'nova.servicegroup.drivers.db.DbDriver._report_state' sleeping for 119.99 seconds {{(pid=98803) _run_loop /opt/stack/data/venv/lib/python3.12/site-packages/oslo_service/backend/_threading/loopingcall.py:125}}
Jun 26 19:40:58.531682 np0000003788 nova-conductor[98791]: DEBUG oslo.service.backend._threading.loopingcall [-] Fixed interval looping call 'nova.servicegroup.drivers.db.DbDriver._report_state' sleeping for 119.99 seconds {{(pid=98791) _run_loop /opt/stack/data/venv/lib/python3.12/site-packages/oslo_service/backend/_threading/loopingcall.py:125}}
Jun 26 19:41:08.516586 np0000003788 nova-conductor[98782]: DEBUG dbcounter [-] [98782] Writing DB stats nova_cell0:SELECT=1,nova_cell0:UPDATE=1 {{(pid=98782) stat_writer /opt/stack/data/venv/lib/python3.12/site-packages/dbcounter.py:115}}
Jun 26 19:41:08.517026 np0000003788 nova-conductor[98799]: DEBUG dbcounter [-] [98799] Writing DB stats nova_cell0:SELECT=1,nova_cell0:UPDATE=1 {{(pid=98799) stat_writer /opt/stack/data/venv/lib/python3.12/site-packages/dbcounter.py:115}}
Jun 26 19:41:08.523333 np0000003788 nova-conductor[98803]: DEBUG dbcounter [-] [98803] Writing DB stats nova_cell0:SELECT=1,nova_cell0:UPDATE=1 {{(pid=98803) stat_writer /opt/stack/data/venv/lib/python3.12/site-packages/dbcounter.py:115}}
Jun 26 19:41:08.523882 np0000003788 nova-conductor[98791]: DEBUG dbcounter [-] [98791] Writing DB stats nova_cell0:SELECT=1,nova_cell0:UPDATE=1 {{(pid=98791) stat_writer /opt/stack/data/venv/lib/python3.12/site-packages/dbcounter.py:115}}
Jun 26 19:41:09.520770 np0000003788 nova-conductor[98803]: DEBUG oslo.service.backend._threading.loopingcall [None req-c414aa1d-62b8-4d11-a5b3-ed9184365456 None None] Dynamic interval looping call 'nova.service.Service.periodic_tasks' sleeping for 60.00 seconds {{(pid=98803) _run_loop /opt/stack/data/venv/lib/python3.12/site-packages/oslo_service/backend/_threading/loopingcall.py:125}}
Jun 26 19:41:20.511828 np0000003788 nova-conductor[98782]: DEBUG oslo.service.backend._threading.loopingcall [None req-2608b6f0-7cb1-4ec1-af65-c72505e2adb4 None None] Dynamic interval looping call 'nova.service.Service.periodic_tasks' sleeping for 60.00 seconds {{(pid=98782) _run_loop /opt/stack/data/venv/lib/python3.12/site-packages/oslo_service/backend/_threading/loopingcall.py:125}}
Jun 26 19:41:23.516954 np0000003788 nova-conductor[98791]: DEBUG oslo.service.backend._threading.loopingcall [None req-88cfc904-f58c-4627-9841-5c7774f9453e None None] Dynamic interval looping call 'nova.service.Service.periodic_tasks' sleeping for 60.00 seconds {{(pid=98791) _run_loop /opt/stack/data/venv/lib/python3.12/site-packages/oslo_service/backend/_threading/loopingcall.py:125}}
Jun 26 19:41:31.642846 np0000003788 nova-conductor[98782]: DEBUG oslo_db.sqlalchemy.engines [None req-cffd6112-c1e6-4f83-ad48-b5ddcafcf9b2 tempest-ServerActionsTestOtherB-839966923 tempest-ServerActionsTestOtherB-839966923-project-member] Parent process 97318 forked (98782) with an open database connection, which is being discarded and recreated. {{(pid=98782) checkout /opt/stack/data/venv/lib/python3.12/site-packages/oslo_db/sqlalchemy/engines.py:402}}
Jun 26 19:41:31.703600 np0000003788 nova-conductor[98782]: DEBUG dbcounter [-] [98782] Writer thread running {{(pid=98782) stat_writer /opt/stack/data/venv/lib/python3.12/site-packages/dbcounter.py:102}}
Jun 26 19:41:33.250030 np0000003788 nova-conductor[98782]: DEBUG nova.conductor.manager [None req-cffd6112-c1e6-4f83-ad48-b5ddcafcf9b2 tempest-ServerActionsTestOtherB-839966923 tempest-ServerActionsTestOtherB-839966923-project-member] Took 1.54 seconds to select destinations for 1 instance(s). {{(pid=98782) _schedule_instances /opt/stack/nova/nova/conductor/manager.py:968}}
Jun 26 19:41:33.343378 np0000003788 nova-conductor[98782]: DEBUG oslo_concurrency.lockutils [None req-cffd6112-c1e6-4f83-ad48-b5ddcafcf9b2 tempest-ServerActionsTestOtherB-839966923 tempest-ServerActionsTestOtherB-839966923-project-member] Acquiring lock "bd7549e8-cf64-4719-acdd-5dd16707f95a" by "nova.context.set_target_cell..get_or_set_cached_cell_and_set_connections" {{(pid=98782) inner /opt/stack/data/venv/lib/python3.12/site-packages/oslo_concurrency/lockutils.py:511}}
Jun 26 19:41:33.344501 np0000003788 nova-conductor[98782]: DEBUG oslo_concurrency.lockutils [None req-cffd6112-c1e6-4f83-ad48-b5ddcafcf9b2 tempest-ServerActionsTestOtherB-839966923 tempest-ServerActionsTestOtherB-839966923-project-member] Lock "bd7549e8-cf64-4719-acdd-5dd16707f95a" acquired by "nova.context.set_target_cell..get_or_set_cached_cell_and_set_connections" :: waited 0.000s {{(pid=98782) inner /opt/stack/data/venv/lib/python3.12/site-packages/oslo_concurrency/lockutils.py:524}}
Jun 26 19:41:33.345165 np0000003788 nova-conductor[98782]: DEBUG oslo_concurrency.lockutils [None req-cffd6112-c1e6-4f83-ad48-b5ddcafcf9b2 tempest-ServerActionsTestOtherB-839966923 tempest-ServerActionsTestOtherB-839966923-project-member] Lock "bd7549e8-cf64-4719-acdd-5dd16707f95a" "released" by "nova.context.set_target_cell..get_or_set_cached_cell_and_set_connections" :: held 0.001s {{(pid=98782) inner /opt/stack/data/venv/lib/python3.12/site-packages/oslo_concurrency/lockutils.py:543}}
Jun 26 19:41:33.348810 np0000003788 nova-conductor[98782]: INFO dbcounter [None req-cffd6112-c1e6-4f83-ad48-b5ddcafcf9b2 tempest-ServerActionsTestOtherB-839966923 tempest-ServerActionsTestOtherB-839966923-project-member] Registered counter for database nova_cell1
Jun 26 19:41:33.401464 np0000003788 nova-conductor[98782]: DEBUG oslo_db.sqlalchemy.engines [None req-cffd6112-c1e6-4f83-ad48-b5ddcafcf9b2 tempest-ServerActionsTestOtherB-839966923 tempest-ServerActionsTestOtherB-839966923-project-member] MySQL server mode set to STRICT_TRANS_TABLES,STRICT_ALL_TABLES,NO_ZERO_IN_DATE,NO_ZERO_DATE,ERROR_FOR_DIVISION_BY_ZERO,TRADITIONAL,NO_ENGINE_SUBSTITUTION {{(pid=98782) _check_effective_sql_mode /opt/stack/data/venv/lib/python3.12/site-packages/oslo_db/sqlalchemy/engines.py:325}}
Jun 26 19:41:33.409559 np0000003788 nova-conductor[98782]: DEBUG dbcounter [-] [98782] Writer thread running {{(pid=98782) stat_writer /opt/stack/data/venv/lib/python3.12/site-packages/dbcounter.py:102}}
Jun 26 19:41:33.713702 np0000003788 nova-conductor[98782]: INFO nova.utils [None req-cffd6112-c1e6-4f83-ad48-b5ddcafcf9b2 tempest-ServerActionsTestOtherB-839966923 tempest-ServerActionsTestOtherB-839966923-project-member] The cell worker thread pool ForkProcess-1.cell_worker is initialized
Jun 26 19:41:33.714101 np0000003788 nova-conductor[98782]: DEBUG oslo_concurrency.lockutils [None req-cffd6112-c1e6-4f83-ad48-b5ddcafcf9b2 tempest-ServerActionsTestOtherB-839966923 tempest-ServerActionsTestOtherB-839966923-project-member] Acquiring lock "00000000-0000-0000-0000-000000000000" by "nova.context.set_target_cell..get_or_set_cached_cell_and_set_connections" {{(pid=98782) inner /opt/stack/data/venv/lib/python3.12/site-packages/oslo_concurrency/lockutils.py:511}}
Jun 26 19:41:33.714271 np0000003788 nova-conductor[98782]: DEBUG oslo_concurrency.lockutils [None req-cffd6112-c1e6-4f83-ad48-b5ddcafcf9b2 tempest-ServerActionsTestOtherB-839966923 tempest-ServerActionsTestOtherB-839966923-project-member] Lock "00000000-0000-0000-0000-000000000000" acquired by "nova.context.set_target_cell..get_or_set_cached_cell_and_set_connections" :: waited 0.000s {{(pid=98782) inner /opt/stack/data/venv/lib/python3.12/site-packages/oslo_concurrency/lockutils.py:524}}
Jun 26 19:41:33.714862 np0000003788 nova-conductor[98782]: DEBUG oslo_concurrency.lockutils [None req-cffd6112-c1e6-4f83-ad48-b5ddcafcf9b2 tempest-ServerActionsTestOtherB-839966923 tempest-ServerActionsTestOtherB-839966923-project-member] Lock "00000000-0000-0000-0000-000000000000" "released" by "nova.context.set_target_cell..get_or_set_cached_cell_and_set_connections" :: held 0.001s {{(pid=98782) inner /opt/stack/data/venv/lib/python3.12/site-packages/oslo_concurrency/lockutils.py:543}}
Jun 26 19:41:33.715769 np0000003788 nova-conductor[98782]: DEBUG oslo_concurrency.lockutils [None req-cffd6112-c1e6-4f83-ad48-b5ddcafcf9b2 tempest-ServerActionsTestOtherB-839966923 tempest-ServerActionsTestOtherB-839966923-project-member] Acquiring lock "bd7549e8-cf64-4719-acdd-5dd16707f95a" by "nova.context.set_target_cell..get_or_set_cached_cell_and_set_connections" {{(pid=98782) inner /opt/stack/data/venv/lib/python3.12/site-packages/oslo_concurrency/lockutils.py:511}}
Jun 26 19:41:33.716037 np0000003788 nova-conductor[98782]: DEBUG oslo_concurrency.lockutils [None req-cffd6112-c1e6-4f83-ad48-b5ddcafcf9b2 tempest-ServerActionsTestOtherB-839966923 tempest-ServerActionsTestOtherB-839966923-project-member] Lock "bd7549e8-cf64-4719-acdd-5dd16707f95a" acquired by "nova.context.set_target_cell..get_or_set_cached_cell_and_set_connections" :: waited 0.000s {{(pid=98782) inner /opt/stack/data/venv/lib/python3.12/site-packages/oslo_concurrency/lockutils.py:524}}
Jun 26 19:41:33.716203 np0000003788 nova-conductor[98782]: DEBUG oslo_concurrency.lockutils [None req-cffd6112-c1e6-4f83-ad48-b5ddcafcf9b2 tempest-ServerActionsTestOtherB-839966923 tempest-ServerActionsTestOtherB-839966923-project-member] Lock "bd7549e8-cf64-4719-acdd-5dd16707f95a" "released" by "nova.context.set_target_cell..get_or_set_cached_cell_and_set_connections" :: held 0.000s {{(pid=98782) inner /opt/stack/data/venv/lib/python3.12/site-packages/oslo_concurrency/lockutils.py:543}}
Jun 26 19:41:33.720642 np0000003788 nova-conductor[98782]: INFO dbcounter [None req-cffd6112-c1e6-4f83-ad48-b5ddcafcf9b2 tempest-ServerActionsTestOtherB-839966923 tempest-ServerActionsTestOtherB-839966923-project-member] Registered counter for database nova_cell0
Jun 26 19:41:33.770373 np0000003788 nova-conductor[98782]: DEBUG oslo_db.sqlalchemy.engines [None req-cffd6112-c1e6-4f83-ad48-b5ddcafcf9b2 tempest-ServerActionsTestOtherB-839966923 tempest-ServerActionsTestOtherB-839966923-project-member] MySQL server mode set to STRICT_TRANS_TABLES,STRICT_ALL_TABLES,NO_ZERO_IN_DATE,NO_ZERO_DATE,ERROR_FOR_DIVISION_BY_ZERO,TRADITIONAL,NO_ENGINE_SUBSTITUTION {{(pid=98782) _check_effective_sql_mode /opt/stack/data/venv/lib/python3.12/site-packages/oslo_db/sqlalchemy/engines.py:325}}
Jun 26 19:41:33.775941 np0000003788 nova-conductor[98782]: DEBUG dbcounter [-] [98782] Writer thread running {{(pid=98782) stat_writer /opt/stack/data/venv/lib/python3.12/site-packages/dbcounter.py:102}}
Jun 26 19:41:33.823698 np0000003788 nova-conductor[98782]: DEBUG nova.quota [None req-cffd6112-c1e6-4f83-ad48-b5ddcafcf9b2 tempest-ServerActionsTestOtherB-839966923 tempest-ServerActionsTestOtherB-839966923-project-member] Getting quotas for project 459e4c71450b4c2583473750949dbc80. Resources: {'instances', 'cores', 'ram'} {{(pid=98782) _get_quotas /opt/stack/nova/nova/quota.py:392}}
Jun 26 19:41:33.827479 np0000003788 nova-conductor[98782]: DEBUG nova.quota [None req-cffd6112-c1e6-4f83-ad48-b5ddcafcf9b2 tempest-ServerActionsTestOtherB-839966923 tempest-ServerActionsTestOtherB-839966923-project-member] Getting quotas for user ad0c9015971c4fa9ab9d6202de4cca2a and project 459e4c71450b4c2583473750949dbc80. Resources: {'instances', 'cores', 'ram'} {{(pid=98782) _get_quotas /opt/stack/nova/nova/quota.py:382}}
Jun 26 19:41:33.833642 np0000003788 nova-conductor[98782]: DEBUG nova.conductor.manager [None req-cffd6112-c1e6-4f83-ad48-b5ddcafcf9b2 tempest-ServerActionsTestOtherB-839966923 tempest-ServerActionsTestOtherB-839966923-project-member] [instance: 4eb05cb3-1888-492b-be90-7686a4952835] Selected host: np0000003788; Selected node: np0000003788; Alternates: [] {{(pid=98782) schedule_and_build_instances /opt/stack/nova/nova/conductor/manager.py:1784}}
Jun 26 19:41:33.834459 np0000003788 nova-conductor[98782]: DEBUG oslo_concurrency.lockutils [None req-cffd6112-c1e6-4f83-ad48-b5ddcafcf9b2 tempest-ServerActionsTestOtherB-839966923 tempest-ServerActionsTestOtherB-839966923-project-member] Acquiring lock "bd7549e8-cf64-4719-acdd-5dd16707f95a" by "nova.context.set_target_cell..get_or_set_cached_cell_and_set_connections" {{(pid=98782) inner /opt/stack/data/venv/lib/python3.12/site-packages/oslo_concurrency/lockutils.py:511}}
Jun 26 19:41:33.834459 np0000003788 nova-conductor[98782]: DEBUG oslo_concurrency.lockutils [None req-cffd6112-c1e6-4f83-ad48-b5ddcafcf9b2 tempest-ServerActionsTestOtherB-839966923 tempest-ServerActionsTestOtherB-839966923-project-member] Lock "bd7549e8-cf64-4719-acdd-5dd16707f95a" acquired by "nova.context.set_target_cell..get_or_set_cached_cell_and_set_connections" :: waited 0.000s {{(pid=98782) inner /opt/stack/data/venv/lib/python3.12/site-packages/oslo_concurrency/lockutils.py:524}}
Jun 26 19:41:33.834527 np0000003788 nova-conductor[98782]: DEBUG oslo_concurrency.lockutils [None req-cffd6112-c1e6-4f83-ad48-b5ddcafcf9b2 tempest-ServerActionsTestOtherB-839966923 tempest-ServerActionsTestOtherB-839966923-project-member] Lock "bd7549e8-cf64-4719-acdd-5dd16707f95a" "released" by "nova.context.set_target_cell..get_or_set_cached_cell_and_set_connections" :: held 0.000s {{(pid=98782) inner /opt/stack/data/venv/lib/python3.12/site-packages/oslo_concurrency/lockutils.py:543}}
Jun 26 19:41:33.905997 np0000003788 nova-conductor[98782]: DEBUG nova.conductor.manager [None req-cffd6112-c1e6-4f83-ad48-b5ddcafcf9b2 tempest-ServerActionsTestOtherB-839966923 tempest-ServerActionsTestOtherB-839966923-project-member] [instance: 4eb05cb3-1888-492b-be90-7686a4952835] block_device_mapping [BlockDeviceMapping(attachment_id=,boot_index=0,connection_info=None,created_at=,delete_on_termination=True,deleted=,deleted_at=,destination_type='local',device_name=None,device_type='disk',disk_bus=None,encrypted=False,encryption_format=None,encryption_options=None,encryption_secret_uuid=None,guest_format=None,id=,image_id='52ce7ebc-c92c-457b-b219-1a845b72d9a1',instance=,instance_uuid=,no_device=False,snapshot_id=None,source_type='image',tag=None,updated_at=,uuid=,volume_id=None,volume_size=None,volume_type=None)] {{(pid=98782) _create_block_device_mapping /opt/stack/nova/nova/conductor/manager.py:1529}}
Jun 26 19:41:33.907652 np0000003788 nova-conductor[98782]: DEBUG oslo_concurrency.lockutils [None req-cffd6112-c1e6-4f83-ad48-b5ddcafcf9b2 tempest-ServerActionsTestOtherB-839966923 tempest-ServerActionsTestOtherB-839966923-project-member] Acquiring lock "bd7549e8-cf64-4719-acdd-5dd16707f95a" by "nova.context.set_target_cell..get_or_set_cached_cell_and_set_connections" {{(pid=98782) inner /opt/stack/data/venv/lib/python3.12/site-packages/oslo_concurrency/lockutils.py:511}}
Jun 26 19:41:33.907652 np0000003788 nova-conductor[98782]: DEBUG oslo_concurrency.lockutils [None req-cffd6112-c1e6-4f83-ad48-b5ddcafcf9b2 tempest-ServerActionsTestOtherB-839966923 tempest-ServerActionsTestOtherB-839966923-project-member] Lock "bd7549e8-cf64-4719-acdd-5dd16707f95a" acquired by "nova.context.set_target_cell..get_or_set_cached_cell_and_set_connections" :: waited 0.000s {{(pid=98782) inner /opt/stack/data/venv/lib/python3.12/site-packages/oslo_concurrency/lockutils.py:524}}
Jun 26 19:41:33.907824 np0000003788 nova-conductor[98782]: DEBUG oslo_concurrency.lockutils [None req-cffd6112-c1e6-4f83-ad48-b5ddcafcf9b2 tempest-ServerActionsTestOtherB-839966923 tempest-ServerActionsTestOtherB-839966923-project-member] Lock "bd7549e8-cf64-4719-acdd-5dd16707f95a" "released" by "nova.context.set_target_cell..get_or_set_cached_cell_and_set_connections" :: held 0.000s {{(pid=98782) inner /opt/stack/data/venv/lib/python3.12/site-packages/oslo_concurrency/lockutils.py:543}}
Jun 26 19:41:34.135293 np0000003788 nova-conductor[98782]: DEBUG oslo_concurrency.lockutils [None req-cffd6112-c1e6-4f83-ad48-b5ddcafcf9b2 tempest-ServerActionsTestOtherB-839966923 tempest-ServerActionsTestOtherB-839966923-project-member] Acquiring lock "bd7549e8-cf64-4719-acdd-5dd16707f95a" by "nova.context.set_target_cell..get_or_set_cached_cell_and_set_connections" {{(pid=98782) inner /opt/stack/data/venv/lib/python3.12/site-packages/oslo_concurrency/lockutils.py:511}}
Jun 26 19:41:34.135455 np0000003788 nova-conductor[98782]: DEBUG oslo_concurrency.lockutils [None req-cffd6112-c1e6-4f83-ad48-b5ddcafcf9b2 tempest-ServerActionsTestOtherB-839966923 tempest-ServerActionsTestOtherB-839966923-project-member] Lock "bd7549e8-cf64-4719-acdd-5dd16707f95a" acquired by "nova.context.set_target_cell..get_or_set_cached_cell_and_set_connections" :: waited 0.000s {{(pid=98782) inner /opt/stack/data/venv/lib/python3.12/site-packages/oslo_concurrency/lockutils.py:524}}
