Jul 09 11:58:24.517424 np0000004895 nova-scheduler[93203]: DEBUG cotyledon.oslo_config_glue [-] oslo_messaging_notifications.driver = ['messagingv2'] {{(pid=93203) log_opt_values /opt/stack/data/venv/lib/python3.12/site-packages/oslo_config/cfg.py:3253}}
Jul 09 11:58:24.517424 np0000004895 nova-scheduler[93203]: DEBUG cotyledon.oslo_config_glue [-] oslo_messaging_notifications.retry = -1 {{(pid=93203) log_opt_values /opt/stack/data/venv/lib/python3.12/site-packages/oslo_config/cfg.py:3253}}
Jul 09 11:58:24.517424 np0000004895 nova-scheduler[93203]: DEBUG cotyledon.oslo_config_glue [-] oslo_messaging_notifications.topics = ['notifications'] {{(pid=93203) log_opt_values /opt/stack/data/venv/lib/python3.12/site-packages/oslo_config/cfg.py:3253}}
Jul 09 11:58:24.517424 np0000004895 nova-scheduler[93203]: DEBUG cotyledon.oslo_config_glue [-] oslo_messaging_notifications.transport_url = **** {{(pid=93203) log_opt_values /opt/stack/data/venv/lib/python3.12/site-packages/oslo_config/cfg.py:3253}}
Jul 09 11:58:24.517424 np0000004895 nova-scheduler[93203]: DEBUG cotyledon.oslo_config_glue [-] oslo_limit.auth_section = None {{(pid=93203) log_opt_values /opt/stack/data/venv/lib/python3.12/site-packages/oslo_config/cfg.py:3253}}
Jul 09 11:58:24.517424 np0000004895 nova-scheduler[93203]: DEBUG cotyledon.oslo_config_glue [-] oslo_limit.auth_type = None {{(pid=93203) log_opt_values /opt/stack/data/venv/lib/python3.12/site-packages/oslo_config/cfg.py:3253}}
Jul 09 11:58:24.517424 np0000004895 nova-scheduler[93203]: DEBUG cotyledon.oslo_config_glue [-] oslo_limit.cafile = None {{(pid=93203) log_opt_values /opt/stack/data/venv/lib/python3.12/site-packages/oslo_config/cfg.py:3253}}
Jul 09 11:58:24.517609 np0000004895 nova-scheduler[93203]: DEBUG cotyledon.oslo_config_glue [-] oslo_limit.certfile = None {{(pid=93203) log_opt_values /opt/stack/data/venv/lib/python3.12/site-packages/oslo_config/cfg.py:3253}}
Jul 09 11:58:24.517609 np0000004895 nova-scheduler[93203]: DEBUG cotyledon.oslo_config_glue [-] oslo_limit.collect_timing = False {{(pid=93203) log_opt_values /opt/stack/data/venv/lib/python3.12/site-packages/oslo_config/cfg.py:3253}}
Jul 09 11:58:24.517609 np0000004895 nova-scheduler[93203]: DEBUG cotyledon.oslo_config_glue [-] oslo_limit.connect_retries = None {{(pid=93203) log_opt_values /opt/stack/data/venv/lib/python3.12/site-packages/oslo_config/cfg.py:3253}}
Jul 09 11:58:24.517609 np0000004895 nova-scheduler[93203]: DEBUG cotyledon.oslo_config_glue [-] oslo_limit.connect_retry_delay = None {{(pid=93203) log_opt_values /opt/stack/data/venv/lib/python3.12/site-packages/oslo_config/cfg.py:3253}}
Jul 09 11:58:24.517609 np0000004895 nova-scheduler[93203]: DEBUG cotyledon.oslo_config_glue [-] oslo_limit.endpoint_id = None {{(pid=93203) log_opt_values /opt/stack/data/venv/lib/python3.12/site-packages/oslo_config/cfg.py:3253}}
Jul 09 11:58:24.517609 np0000004895 nova-scheduler[93203]: DEBUG cotyledon.oslo_config_glue [-] oslo_limit.endpoint_interface = public {{(pid=93203) log_opt_values /opt/stack/data/venv/lib/python3.12/site-packages/oslo_config/cfg.py:3253}}
Jul 09 11:58:24.517609 np0000004895 nova-scheduler[93203]: DEBUG cotyledon.oslo_config_glue [-] oslo_limit.endpoint_override = None {{(pid=93203) log_opt_values /opt/stack/data/venv/lib/python3.12/site-packages/oslo_config/cfg.py:3253}}
Jul 09 11:58:24.517609 np0000004895 nova-scheduler[93203]: DEBUG cotyledon.oslo_config_glue [-] oslo_limit.endpoint_region_name = None {{(pid=93203) log_opt_values /opt/stack/data/venv/lib/python3.12/site-packages/oslo_config/cfg.py:3253}}
Jul 09 11:58:24.517609 np0000004895 nova-scheduler[93203]: DEBUG cotyledon.oslo_config_glue [-] oslo_limit.endpoint_service_name = None {{(pid=93203) log_opt_values /opt/stack/data/venv/lib/python3.12/site-packages/oslo_config/cfg.py:3253}}
Jul 09 11:58:24.517782 np0000004895 nova-scheduler[93203]: DEBUG cotyledon.oslo_config_glue [-] oslo_limit.endpoint_service_type = None {{(pid=93203) log_opt_values /opt/stack/data/venv/lib/python3.12/site-packages/oslo_config/cfg.py:3253}}
Jul 09 11:58:24.517782 np0000004895 nova-scheduler[93203]: DEBUG cotyledon.oslo_config_glue [-] oslo_limit.insecure = False {{(pid=93203) log_opt_values /opt/stack/data/venv/lib/python3.12/site-packages/oslo_config/cfg.py:3253}}
Jul 09 11:58:24.517782 np0000004895 nova-scheduler[93203]: DEBUG cotyledon.oslo_config_glue [-] oslo_limit.keyfile = None {{(pid=93203) log_opt_values /opt/stack/data/venv/lib/python3.12/site-packages/oslo_config/cfg.py:3253}}
Jul 09 11:58:24.517782 np0000004895 nova-scheduler[93203]: DEBUG cotyledon.oslo_config_glue [-] oslo_limit.max_version = None {{(pid=93203) log_opt_values /opt/stack/data/venv/lib/python3.12/site-packages/oslo_config/cfg.py:3253}}
Jul 09 11:58:24.517782 np0000004895 nova-scheduler[93203]: DEBUG cotyledon.oslo_config_glue [-] oslo_limit.min_version = None {{(pid=93203) log_opt_values /opt/stack/data/venv/lib/python3.12/site-packages/oslo_config/cfg.py:3253}}
Jul 09 11:58:24.517782 np0000004895 nova-scheduler[93203]: DEBUG cotyledon.oslo_config_glue [-] oslo_limit.region_name = None {{(pid=93203) log_opt_values /opt/stack/data/venv/lib/python3.12/site-packages/oslo_config/cfg.py:3253}}
Jul 09 11:58:24.517782 np0000004895 nova-scheduler[93203]: DEBUG cotyledon.oslo_config_glue [-] oslo_limit.retriable_status_codes = None {{(pid=93203) log_opt_values /opt/stack/data/venv/lib/python3.12/site-packages/oslo_config/cfg.py:3253}}
Jul 09 11:58:24.517782 np0000004895 nova-scheduler[93203]: DEBUG cotyledon.oslo_config_glue [-] oslo_limit.service_name = None {{(pid=93203) log_opt_values /opt/stack/data/venv/lib/python3.12/site-packages/oslo_config/cfg.py:3253}}
Jul 09 11:58:24.517782 np0000004895 nova-scheduler[93203]: DEBUG cotyledon.oslo_config_glue [-] oslo_limit.service_type = None {{(pid=93203) log_opt_values /opt/stack/data/venv/lib/python3.12/site-packages/oslo_config/cfg.py:3253}}
Jul 09 11:58:24.517953 np0000004895 nova-scheduler[93203]: DEBUG cotyledon.oslo_config_glue [-] oslo_limit.split_loggers = False {{(pid=93203) log_opt_values /opt/stack/data/venv/lib/python3.12/site-packages/oslo_config/cfg.py:3253}}
Jul 09 11:58:24.517953 np0000004895 nova-scheduler[93203]: DEBUG cotyledon.oslo_config_glue [-] oslo_limit.status_code_retries = None {{(pid=93203) log_opt_values /opt/stack/data/venv/lib/python3.12/site-packages/oslo_config/cfg.py:3253}}
Jul 09 11:58:24.517953 np0000004895 nova-scheduler[93203]: DEBUG cotyledon.oslo_config_glue [-] oslo_limit.status_code_retry_delay = None {{(pid=93203) log_opt_values /opt/stack/data/venv/lib/python3.12/site-packages/oslo_config/cfg.py:3253}}
Jul 09 11:58:24.517953 np0000004895 nova-scheduler[93203]: DEBUG cotyledon.oslo_config_glue [-] oslo_limit.timeout = None {{(pid=93203) log_opt_values /opt/stack/data/venv/lib/python3.12/site-packages/oslo_config/cfg.py:3253}}
Jul 09 11:58:24.517953 np0000004895 nova-scheduler[93203]: DEBUG cotyledon.oslo_config_glue [-] oslo_limit.valid_interfaces = None {{(pid=93203) log_opt_values /opt/stack/data/venv/lib/python3.12/site-packages/oslo_config/cfg.py:3253}}
Jul 09 11:58:24.517953 np0000004895 nova-scheduler[93203]: DEBUG cotyledon.oslo_config_glue [-] oslo_limit.version = None {{(pid=93203) log_opt_values /opt/stack/data/venv/lib/python3.12/site-packages/oslo_config/cfg.py:3253}}
Jul 09 11:58:24.517953 np0000004895 nova-scheduler[93203]: DEBUG cotyledon.oslo_config_glue [-] oslo_reports.file_event_handler = None {{(pid=93203) log_opt_values /opt/stack/data/venv/lib/python3.12/site-packages/oslo_config/cfg.py:3253}}
Jul 09 11:58:24.517953 np0000004895 nova-scheduler[93203]: DEBUG cotyledon.oslo_config_glue [-] oslo_reports.file_event_handler_interval = 1 {{(pid=93203) log_opt_values /opt/stack/data/venv/lib/python3.12/site-packages/oslo_config/cfg.py:3253}}
Jul 09 11:58:24.517953 np0000004895 nova-scheduler[93203]: DEBUG cotyledon.oslo_config_glue [-] oslo_reports.log_dir = None {{(pid=93203) log_opt_values /opt/stack/data/venv/lib/python3.12/site-packages/oslo_config/cfg.py:3253}}
Jul 09 11:58:24.518128 np0000004895 nova-scheduler[93203]: DEBUG cotyledon.oslo_config_glue [-] ******************************************************************************** {{(pid=93203) log_opt_values /opt/stack/data/venv/lib/python3.12/site-packages/oslo_config/cfg.py:3260}}
Jul 09 11:58:24.518128 np0000004895 nova-scheduler[93203]: DEBUG cotyledon._service_worker [-] Run service ServiceWrapper(2) [93203] {{(pid=93203) wait_forever /opt/stack/data/venv/lib/python3.12/site-packages/cotyledon/_service_worker.py:218}}
Jul 09 11:58:24.518128 np0000004895 nova-scheduler[93203]: INFO nova.service [-] Starting scheduler node (version 33.1.0)
Jul 09 11:58:24.519665 np0000004895 nova-scheduler[93199]: DEBUG oslo_db.sqlalchemy.engines [None req-5f596d36-f95b-418b-8e57-81500952e21c None None] MySQL server mode set to STRICT_TRANS_TABLES,STRICT_ALL_TABLES,NO_ZERO_IN_DATE,NO_ZERO_DATE,ERROR_FOR_DIVISION_BY_ZERO,TRADITIONAL,NO_ENGINE_SUBSTITUTION {{(pid=93199) _check_effective_sql_mode /opt/stack/data/venv/lib/python3.12/site-packages/oslo_db/sqlalchemy/engines.py:325}}
Jul 09 11:58:24.519796 np0000004895 nova-scheduler[93203]: INFO dbcounter [None req-d3f33b86-5126-46e5-8ab5-26f32436e40d None None] Registered counter for database nova_cell0
Jul 09 11:58:24.530840 np0000004895 nova-scheduler[93201]: DEBUG oslo_db.sqlalchemy.engines [None req-b843e1e7-772a-4f41-80cf-2d8de53cf4d7 None None] MySQL server mode set to STRICT_TRANS_TABLES,STRICT_ALL_TABLES,NO_ZERO_IN_DATE,NO_ZERO_DATE,ERROR_FOR_DIVISION_BY_ZERO,TRADITIONAL,NO_ENGINE_SUBSTITUTION {{(pid=93201) _check_effective_sql_mode /opt/stack/data/venv/lib/python3.12/site-packages/oslo_db/sqlalchemy/engines.py:325}}
Jul 09 11:58:24.532596 np0000004895 nova-scheduler[93199]: DEBUG dbcounter [-] [93199] Writer thread running {{(pid=93199) stat_writer /opt/stack/data/venv/lib/python3.12/site-packages/dbcounter.py:102}}
Jul 09 11:58:24.543138 np0000004895 nova-scheduler[93201]: DEBUG dbcounter [-] [93201] Writer thread running {{(pid=93201) stat_writer /opt/stack/data/venv/lib/python3.12/site-packages/dbcounter.py:102}}
Jul 09 11:58:24.550675 np0000004895 nova-scheduler[93199]: DEBUG nova.service [None req-5f596d36-f95b-418b-8e57-81500952e21c None None] Creating RPC server for service: nova-scheduler on topic: scheduler {{(pid=93199) start /opt/stack/nova/nova/service.py:196}}
Jul 09 11:58:24.557125 np0000004895 nova-scheduler[93203]: DEBUG oslo_db.sqlalchemy.engines [None req-d3f33b86-5126-46e5-8ab5-26f32436e40d None None] MySQL server mode set to STRICT_TRANS_TABLES,STRICT_ALL_TABLES,NO_ZERO_IN_DATE,NO_ZERO_DATE,ERROR_FOR_DIVISION_BY_ZERO,TRADITIONAL,NO_ENGINE_SUBSTITUTION {{(pid=93203) _check_effective_sql_mode /opt/stack/data/venv/lib/python3.12/site-packages/oslo_db/sqlalchemy/engines.py:325}}
Jul 09 11:58:24.558423 np0000004895 nova-scheduler[93201]: DEBUG nova.service [None req-b843e1e7-772a-4f41-80cf-2d8de53cf4d7 None None] Creating RPC server for service: nova-scheduler on topic: scheduler {{(pid=93201) start /opt/stack/nova/nova/service.py:196}}
Jul 09 11:58:24.568871 np0000004895 nova-scheduler[93203]: DEBUG dbcounter [-] [93203] Writer thread running {{(pid=93203) stat_writer /opt/stack/data/venv/lib/python3.12/site-packages/dbcounter.py:102}}
Jul 09 11:58:24.576432 np0000004895 nova-scheduler[93203]: DEBUG nova.service [None req-d3f33b86-5126-46e5-8ab5-26f32436e40d None None] Creating RPC server for service: nova-scheduler on topic: scheduler {{(pid=93203) start /opt/stack/nova/nova/service.py:196}}
Jul 09 11:58:24.586605 np0000004895 nova-scheduler[93201]: DEBUG nova.service [None req-b843e1e7-772a-4f41-80cf-2d8de53cf4d7 None None] Join ServiceGroup membership for this service scheduler {{(pid=93201) start /opt/stack/nova/nova/service.py:222}}
Jul 09 11:58:24.586810 np0000004895 nova-scheduler[93201]: DEBUG nova.servicegroup.drivers.db [None req-b843e1e7-772a-4f41-80cf-2d8de53cf4d7 None None] DB_Driver: join new ServiceGroup member np0000004895 to the scheduler group, service = {{(pid=93201) join /opt/stack/nova/nova/servicegroup/drivers/db.py:44}}
Jul 09 11:58:24.593645 np0000004895 nova-scheduler[93199]: DEBUG nova.service [None req-5f596d36-f95b-418b-8e57-81500952e21c None None] Join ServiceGroup membership for this service scheduler {{(pid=93199) start /opt/stack/nova/nova/service.py:222}}
Jul 09 11:58:24.593814 np0000004895 nova-scheduler[93199]: DEBUG nova.servicegroup.drivers.db [None req-5f596d36-f95b-418b-8e57-81500952e21c None None] DB_Driver: join new ServiceGroup member np0000004895 to the scheduler group, service = {{(pid=93199) join /opt/stack/nova/nova/servicegroup/drivers/db.py:44}}
Jul 09 11:58:24.594558 np0000004895 nova-scheduler[93203]: DEBUG nova.service [None req-d3f33b86-5126-46e5-8ab5-26f32436e40d None None] Join ServiceGroup membership for this service scheduler {{(pid=93203) start /opt/stack/nova/nova/service.py:222}}
Jul 09 11:58:24.594802 np0000004895 nova-scheduler[93203]: DEBUG nova.servicegroup.drivers.db [None req-d3f33b86-5126-46e5-8ab5-26f32436e40d None None] DB_Driver: join new ServiceGroup member np0000004895 to the scheduler group, service = {{(pid=93203) join /opt/stack/nova/nova/servicegroup/drivers/db.py:44}}
Jul 09 11:58:26.589693 np0000004895 nova-scheduler[93201]: DEBUG oslo.service.backend._threading.loopingcall [None req-10234ecf-504f-4bdb-8d2d-f8b749e45971 None None] Dynamic interval looping call 'nova.service.Service.periodic_tasks' sleeping for 60.00 seconds {{(pid=93201) _run_loop /opt/stack/data/venv/lib/python3.12/site-packages/oslo_service/backend/_threading/loopingcall.py:125}}
Jul 09 11:58:29.610822 np0000004895 nova-scheduler[93199]: DEBUG oslo.service.backend._threading.loopingcall [-] Fixed interval looping call 'nova.servicegroup.drivers.db.DbDriver._report_state' sleeping for 119.98 seconds {{(pid=93199) _run_loop /opt/stack/data/venv/lib/python3.12/site-packages/oslo_service/backend/_threading/loopingcall.py:125}}
Jul 09 11:58:29.611291 np0000004895 nova-scheduler[93203]: DEBUG oslo.service.backend._threading.loopingcall [-] Fixed interval looping call 'nova.servicegroup.drivers.db.DbDriver._report_state' sleeping for 119.99 seconds {{(pid=93203) _run_loop /opt/stack/data/venv/lib/python3.12/site-packages/oslo_service/backend/_threading/loopingcall.py:125}}
Jul 09 11:58:29.611543 np0000004895 nova-scheduler[93201]: DEBUG oslo.service.backend._threading.loopingcall [-] Fixed interval looping call 'nova.servicegroup.drivers.db.DbDriver._report_state' sleeping for 119.98 seconds {{(pid=93201) _run_loop /opt/stack/data/venv/lib/python3.12/site-packages/oslo_service/backend/_threading/loopingcall.py:125}}
Jul 09 11:58:33.147815 np0000004895 nova-scheduler[91964]: DEBUG dbcounter [-] [91964] Writing DB stats nova_api:SELECT=3 {{(pid=91964) stat_writer /opt/stack/data/venv/lib/python3.12/site-packages/dbcounter.py:115}}
Jul 09 11:58:33.286743 np0000004895 nova-scheduler[91964]: DEBUG dbcounter [-] [91964] Writing DB stats nova_cell0:SELECT=1 {{(pid=91964) stat_writer /opt/stack/data/venv/lib/python3.12/site-packages/dbcounter.py:115}}
Jul 09 11:58:33.290264 np0000004895 nova-scheduler[91964]: DEBUG dbcounter [-] [91964] Writing DB stats nova_cell1:SELECT=1 {{(pid=91964) stat_writer /opt/stack/data/venv/lib/python3.12/site-packages/dbcounter.py:115}}
Jul 09 11:58:39.605259 np0000004895 nova-scheduler[93201]: DEBUG dbcounter [-] [93201] Writing DB stats nova_cell0:SELECT=5,nova_cell0:INSERT=1,nova_cell0:UPDATE=1 {{(pid=93201) stat_writer /opt/stack/data/venv/lib/python3.12/site-packages/dbcounter.py:115}}
Jul 09 11:58:39.605911 np0000004895 nova-scheduler[93199]: DEBUG dbcounter [-] [93199] Writing DB stats nova_cell0:SELECT=4,nova_cell0:INSERT=1,nova_cell0:UPDATE=1 {{(pid=93199) stat_writer /opt/stack/data/venv/lib/python3.12/site-packages/dbcounter.py:115}}
Jul 09 11:58:39.608860 np0000004895 nova-scheduler[93203]: DEBUG dbcounter [-] [93203] Writing DB stats nova_cell0:SELECT=3,nova_cell0:UPDATE=1 {{(pid=93203) stat_writer /opt/stack/data/venv/lib/python3.12/site-packages/dbcounter.py:115}}
Jul 09 11:59:02.597275 np0000004895 nova-scheduler[93203]: DEBUG oslo.service.backend._threading.loopingcall [None req-688fd39c-202a-4ff0-a31e-ffcc59cde658 None None] Dynamic interval looping call 'nova.service.Service.periodic_tasks' sleeping for 60.00 seconds {{(pid=93203) _run_loop /opt/stack/data/venv/lib/python3.12/site-packages/oslo_service/backend/_threading/loopingcall.py:125}}
Jul 09 11:59:18.595773 np0000004895 nova-scheduler[93199]: DEBUG oslo.service.backend._threading.loopingcall [None req-57d3f733-a47c-475c-9748-a7e252a34549 None None] Dynamic interval looping call 'nova.service.Service.periodic_tasks' sleeping for 60.00 seconds {{(pid=93199) _run_loop /opt/stack/data/venv/lib/python3.12/site-packages/oslo_service/backend/_threading/loopingcall.py:125}}
Jul 09 11:59:26.590163 np0000004895 nova-scheduler[93201]: DEBUG oslo.service.backend._threading.loopingcall [None req-10234ecf-504f-4bdb-8d2d-f8b749e45971 None None] Dynamic interval looping call 'nova.service.Service.periodic_tasks' sleeping for 60.00 seconds {{(pid=93201) _run_loop /opt/stack/data/venv/lib/python3.12/site-packages/oslo_service/backend/_threading/loopingcall.py:125}}
Jul 09 12:00:02.597772 np0000004895 nova-scheduler[93203]: DEBUG oslo.service.backend._threading.loopingcall [None req-688fd39c-202a-4ff0-a31e-ffcc59cde658 None None] Dynamic interval looping call 'nova.service.Service.periodic_tasks' sleeping for 60.00 seconds {{(pid=93203) _run_loop /opt/stack/data/venv/lib/python3.12/site-packages/oslo_service/backend/_threading/loopingcall.py:125}}
Jul 09 12:00:18.596275 np0000004895 nova-scheduler[93199]: DEBUG oslo.service.backend._threading.loopingcall [None req-57d3f733-a47c-475c-9748-a7e252a34549 None None] Dynamic interval looping call 'nova.service.Service.periodic_tasks' sleeping for 60.00 seconds {{(pid=93199) _run_loop /opt/stack/data/venv/lib/python3.12/site-packages/oslo_service/backend/_threading/loopingcall.py:125}}
Jul 09 12:00:26.590680 np0000004895 nova-scheduler[93201]: DEBUG oslo.service.backend._threading.loopingcall [None req-10234ecf-504f-4bdb-8d2d-f8b749e45971 None None] Dynamic interval looping call 'nova.service.Service.periodic_tasks' sleeping for 60.00 seconds {{(pid=93201) _run_loop /opt/stack/data/venv/lib/python3.12/site-packages/oslo_service/backend/_threading/loopingcall.py:125}}
Jul 09 12:00:29.598390 np0000004895 nova-scheduler[93199]: DEBUG oslo.service.backend._threading.loopingcall [-] Fixed interval looping call 'nova.servicegroup.drivers.db.DbDriver._report_state' sleeping for 119.99 seconds {{(pid=93199) _run_loop /opt/stack/data/venv/lib/python3.12/site-packages/oslo_service/backend/_threading/loopingcall.py:125}}
Jul 09 12:00:29.599040 np0000004895 nova-scheduler[93201]: DEBUG oslo.service.backend._threading.loopingcall [-] Fixed interval looping call 'nova.servicegroup.drivers.db.DbDriver._report_state' sleeping for 119.99 seconds {{(pid=93201) _run_loop /opt/stack/data/venv/lib/python3.12/site-packages/oslo_service/backend/_threading/loopingcall.py:125}}
Jul 09 12:00:29.604884 np0000004895 nova-scheduler[93203]: DEBUG oslo.service.backend._threading.loopingcall [-] Fixed interval looping call 'nova.servicegroup.drivers.db.DbDriver._report_state' sleeping for 120.00 seconds {{(pid=93203) _run_loop /opt/stack/data/venv/lib/python3.12/site-packages/oslo_service/backend/_threading/loopingcall.py:125}}
Jul 09 12:00:39.594085 np0000004895 nova-scheduler[93199]: DEBUG dbcounter [-] [93199] Writing DB stats nova_cell0:SELECT=1,nova_cell0:UPDATE=1 {{(pid=93199) stat_writer /opt/stack/data/venv/lib/python3.12/site-packages/dbcounter.py:115}}
Jul 09 12:00:39.595186 np0000004895 nova-scheduler[93201]: DEBUG dbcounter [-] [93201] Writing DB stats nova_cell0:SELECT=1,nova_cell0:UPDATE=1 {{(pid=93201) stat_writer /opt/stack/data/venv/lib/python3.12/site-packages/dbcounter.py:115}}
Jul 09 12:00:39.603049 np0000004895 nova-scheduler[93203]: DEBUG dbcounter [-] [93203] Writing DB stats nova_cell0:SELECT=1 {{(pid=93203) stat_writer /opt/stack/data/venv/lib/python3.12/site-packages/dbcounter.py:115}}
Jul 09 12:00:59.187787 np0000004895 nova-scheduler[93201]: DEBUG nova.scheduler.manager [None req-28998c22-d2f5-4770-a992-ad3ff19ddfdd tempest-DeleteServersTestJSON-1401053650 tempest-DeleteServersTestJSON-1401053650-project-member] Starting to schedule for instances: ['000c134f-5f35-46d0-a259-0f5017db7bb1'] {{(pid=93201) select_destinations /opt/stack/nova/nova/scheduler/manager.py:209}}
Jul 09 12:00:59.188322 np0000004895 nova-scheduler[93201]: DEBUG nova.scheduler.request_filter [None req-28998c22-d2f5-4770-a992-ad3ff19ddfdd tempest-DeleteServersTestJSON-1401053650 tempest-DeleteServersTestJSON-1401053650-project-member] compute_status_filter request filter added forbidden trait COMPUTE_STATUS_DISABLED {{(pid=93201) compute_status_filter /opt/stack/nova/nova/scheduler/request_filter.py:253}}
Jul 09 12:00:59.190112 np0000004895 nova-scheduler[93201]: DEBUG nova.scheduler.request_filter [None req-28998c22-d2f5-4770-a992-ad3ff19ddfdd tempest-DeleteServersTestJSON-1401053650 tempest-DeleteServersTestJSON-1401053650-project-member] Request filter 'compute_status_filter' took 0.0 seconds {{(pid=93201) wrapper /opt/stack/nova/nova/scheduler/request_filter.py:46}}
Jul 09 12:00:59.190112 np0000004895 nova-scheduler[93201]: DEBUG nova.scheduler.request_filter [None req-28998c22-d2f5-4770-a992-ad3ff19ddfdd tempest-DeleteServersTestJSON-1401053650 tempest-DeleteServersTestJSON-1401053650-project-member] Request filter 'accelerators_filter' took 0.0 seconds {{(pid=93201) wrapper /opt/stack/nova/nova/scheduler/request_filter.py:46}}
Jul 09 12:00:59.190112 np0000004895 nova-scheduler[93201]: DEBUG nova.scheduler.request_filter [None req-28998c22-d2f5-4770-a992-ad3ff19ddfdd tempest-DeleteServersTestJSON-1401053650 tempest-DeleteServersTestJSON-1401053650-project-member] Request filter 'packed_virtqueue_filter' took 0.0 seconds {{(pid=93201) wrapper /opt/stack/nova/nova/scheduler/request_filter.py:46}}
Jul 09 12:00:59.190112 np0000004895 nova-scheduler[93201]: DEBUG nova.scheduler.request_filter [None req-28998c22-d2f5-4770-a992-ad3ff19ddfdd tempest-DeleteServersTestJSON-1401053650 tempest-DeleteServersTestJSON-1401053650-project-member] Request filter 'remote_managed_ports_filter' took 0.0 seconds {{(pid=93201) wrapper /opt/stack/nova/nova/scheduler/request_filter.py:46}}
Jul 09 12:00:59.190112 np0000004895 nova-scheduler[93201]: DEBUG nova.scheduler.request_filter [None req-28998c22-d2f5-4770-a992-ad3ff19ddfdd tempest-DeleteServersTestJSON-1401053650 tempest-DeleteServersTestJSON-1401053650-project-member] ephemeral_encryption_filter skipped {{(pid=93201) ephemeral_encryption_filter /opt/stack/nova/nova/scheduler/request_filter.py:426}}
Jul 09 12:00:59.190349 np0000004895 nova-scheduler[93201]: DEBUG nova.scheduler.request_filter [None req-28998c22-d2f5-4770-a992-ad3ff19ddfdd tempest-DeleteServersTestJSON-1401053650 tempest-DeleteServersTestJSON-1401053650-project-member] virtio_sound_filter skipped {{(pid=93201) virtio_sound_filter /opt/stack/nova/nova/scheduler/request_filter.py:460}}
Jul 09 12:00:59.190349 np0000004895 nova-scheduler[93201]: DEBUG nova.scheduler.request_filter [None req-28998c22-d2f5-4770-a992-ad3ff19ddfdd tempest-DeleteServersTestJSON-1401053650 tempest-DeleteServersTestJSON-1401053650-project-member] tpm_secret_security_filter skipped {{(pid=93201) tpm_secret_security_filter /opt/stack/nova/nova/scheduler/request_filter.py:477}}
Jul 09 12:00:59.747515 np0000004895 nova-scheduler[93201]: INFO nova.utils [None req-28998c22-d2f5-4770-a992-ad3ff19ddfdd tempest-DeleteServersTestJSON-1401053650 tempest-DeleteServersTestJSON-1401053650-project-member] The cell worker thread pool ForkProcess-2.cell_worker is initialized
Jul 09 12:00:59.747969 np0000004895 nova-scheduler[93201]: DEBUG oslo_concurrency.lockutils [None req-28998c22-d2f5-4770-a992-ad3ff19ddfdd tempest-DeleteServersTestJSON-1401053650 tempest-DeleteServersTestJSON-1401053650-project-member] Acquiring lock "35222ba2-7518-452c-9f69-bea52cbb2b78" by "nova.context.set_target_cell..get_or_set_cached_cell_and_set_connections" {{(pid=93201) inner /opt/stack/data/venv/lib/python3.12/site-packages/oslo_concurrency/lockutils.py:511}}
Jul 09 12:00:59.748213 np0000004895 nova-scheduler[93201]: DEBUG oslo_concurrency.lockutils [None req-28998c22-d2f5-4770-a992-ad3ff19ddfdd tempest-DeleteServersTestJSON-1401053650 tempest-DeleteServersTestJSON-1401053650-project-member] Lock "35222ba2-7518-452c-9f69-bea52cbb2b78" acquired by "nova.context.set_target_cell..get_or_set_cached_cell_and_set_connections" :: waited 0.000s {{(pid=93201) inner /opt/stack/data/venv/lib/python3.12/site-packages/oslo_concurrency/lockutils.py:524}}
Jul 09 12:00:59.749984 np0000004895 nova-scheduler[93201]: DEBUG oslo_concurrency.lockutils [None req-28998c22-d2f5-4770-a992-ad3ff19ddfdd tempest-DeleteServersTestJSON-1401053650 tempest-DeleteServersTestJSON-1401053650-project-member] Lock "35222ba2-7518-452c-9f69-bea52cbb2b78" "released" by "nova.context.set_target_cell..get_or_set_cached_cell_and_set_connections" :: held 0.002s {{(pid=93201) inner /opt/stack/data/venv/lib/python3.12/site-packages/oslo_concurrency/lockutils.py:543}}
Jul 09 12:00:59.751626 np0000004895 nova-scheduler[93201]: INFO dbcounter [None req-28998c22-d2f5-4770-a992-ad3ff19ddfdd tempest-DeleteServersTestJSON-1401053650 tempest-DeleteServersTestJSON-1401053650-project-member] Registered counter for database nova_cell1
Jul 09 12:00:59.780504 np0000004895 nova-scheduler[93201]: DEBUG oslo_db.sqlalchemy.engines [None req-28998c22-d2f5-4770-a992-ad3ff19ddfdd tempest-DeleteServersTestJSON-1401053650 tempest-DeleteServersTestJSON-1401053650-project-member] MySQL server mode set to STRICT_TRANS_TABLES,STRICT_ALL_TABLES,NO_ZERO_IN_DATE,NO_ZERO_DATE,ERROR_FOR_DIVISION_BY_ZERO,TRADITIONAL,NO_ENGINE_SUBSTITUTION {{(pid=93201) _check_effective_sql_mode /opt/stack/data/venv/lib/python3.12/site-packages/oslo_db/sqlalchemy/engines.py:325}}
Jul 09 12:00:59.788314 np0000004895 nova-scheduler[93201]: DEBUG dbcounter [-] [93201] Writer thread running {{(pid=93201) stat_writer /opt/stack/data/venv/lib/python3.12/site-packages/dbcounter.py:102}}
Jul 09 12:00:59.802623 np0000004895 nova-scheduler[93201]: DEBUG oslo_db.sqlalchemy.engines [None req-28998c22-d2f5-4770-a992-ad3ff19ddfdd tempest-DeleteServersTestJSON-1401053650 tempest-DeleteServersTestJSON-1401053650-project-member] Parent process 91964 forked (93201) with an open database connection, which is being discarded and recreated. {{(pid=93201) checkout /opt/stack/data/venv/lib/python3.12/site-packages/oslo_db/sqlalchemy/engines.py:402}}
Jul 09 12:00:59.843381 np0000004895 nova-scheduler[93201]: DEBUG dbcounter [-] [93201] Writer thread running {{(pid=93201) stat_writer /opt/stack/data/venv/lib/python3.12/site-packages/dbcounter.py:102}}
Jul 09 12:00:59.848718 np0000004895 nova-scheduler[93201]: DEBUG oslo_concurrency.lockutils [None req-28998c22-d2f5-4770-a992-ad3ff19ddfdd tempest-DeleteServersTestJSON-1401053650 tempest-DeleteServersTestJSON-1401053650-project-member] Acquiring lock "35222ba2-7518-452c-9f69-bea52cbb2b78" by "nova.context.set_target_cell..get_or_set_cached_cell_and_set_connections" {{(pid=93201) inner /opt/stack/data/venv/lib/python3.12/site-packages/oslo_concurrency/lockutils.py:511}}
Jul 09 12:00:59.848862 np0000004895 nova-scheduler[93201]: DEBUG oslo_concurrency.lockutils [None req-28998c22-d2f5-4770-a992-ad3ff19ddfdd tempest-DeleteServersTestJSON-1401053650 tempest-DeleteServersTestJSON-1401053650-project-member] Lock "35222ba2-7518-452c-9f69-bea52cbb2b78" acquired by "nova.context.set_target_cell..get_or_set_cached_cell_and_set_connections" :: waited 0.000s {{(pid=93201) inner /opt/stack/data/venv/lib/python3.12/site-packages/oslo_concurrency/lockutils.py:524}}
Jul 09 12:00:59.848978 np0000004895 nova-scheduler[93201]: DEBUG oslo_concurrency.lockutils [None req-28998c22-d2f5-4770-a992-ad3ff19ddfdd tempest-DeleteServersTestJSON-1401053650 tempest-DeleteServersTestJSON-1401053650-project-member] Lock "35222ba2-7518-452c-9f69-bea52cbb2b78" "released" by "nova.context.set_target_cell..get_or_set_cached_cell_and_set_connections" :: held 0.000s {{(pid=93201) inner /opt/stack/data/venv/lib/python3.12/site-packages/oslo_concurrency/lockutils.py:543}}
Jul 09 12:00:59.852124 np0000004895 nova-scheduler[93201]: DEBUG oslo_concurrency.lockutils [None req-28998c22-d2f5-4770-a992-ad3ff19ddfdd tempest-DeleteServersTestJSON-1401053650 tempest-DeleteServersTestJSON-1401053650-project-member] Acquiring lock "np0000004895-np0000004895" by "nova.scheduler.host_manager.HostState.update.._locked_update" {{(pid=93201) inner /opt/stack/data/venv/lib/python3.12/site-packages/oslo_concurrency/lockutils.py:511}}
Jul 09 12:00:59.852268 np0000004895 nova-scheduler[93201]: DEBUG oslo_concurrency.lockutils [None req-28998c22-d2f5-4770-a992-ad3ff19ddfdd tempest-DeleteServersTestJSON-1401053650 tempest-DeleteServersTestJSON-1401053650-project-member] Lock "np0000004895-np0000004895" acquired by "nova.scheduler.host_manager.HostState.update.._locked_update" :: waited 0.000s {{(pid=93201) inner /opt/stack/data/venv/lib/python3.12/site-packages/oslo_concurrency/lockutils.py:524}}
Jul 09 12:00:59.853133 np0000004895 nova-scheduler[93201]: DEBUG nova.scheduler.host_manager [None req-28998c22-d2f5-4770-a992-ad3ff19ddfdd tempest-DeleteServersTestJSON-1401053650 tempest-DeleteServersTestJSON-1401053650-project-member] Update host state from compute node: ComputeNode(cpu_allocation_ratio=4.0,cpu_info='{"arch": "x86_64", "model": "EPYC-Milan", "vendor": "AMD", "topology": {"cells": 1, "sockets": 16, "cores": 1, "threads": 1}, "maxphysaddr": {"mode": "emulate", "bits": 40}, "features": ["stibp", "wbnoinvd", "virt-ssbd", "fma", "perfctr_core", "flushbyasid", "cx8", "apic", "pause-filter", "bmi1", "xgetbv1", "tsc-deadline", "xsavec", "avx", "pclmuldq", "rdrand", "xsaves", "sha-ni", "skip-l1dfl-vmentry", "rdctl-no", "popcnt", "null-sel-clr-base", "xsaveerptr", "vaes", "mca", "nrip-save", "cmp_legacy", "svme-addr-chk", "fsrm", "ssse3", "erms", "rdpid", "lfence-always-serializing", "sep", "lahf_lm", "sse4.2", "fpu", "pse36", "lm", "pat", "topoext", "x2apic", "gds-no", "rdseed", "amd-psfd", "ibrs", "pge", "vgif", "syscall", "mtrr", "pdpe1gb", "npt", "sse2", "sse4.1", "clzero", "arch-capabilities", "pku", "3dnowprefetch", "aes", "cx16", "pfthreshold", "mmx", "fxsr", "ibpb", "fxsr_opt", "nx", "clwb", "avx2", "fsgsbase", "vmcb-clean", "pae", "tsc-scale", "xsave", "abm", "xsaveopt", "no-nested-data-bp", "stibp-always-on", "mce", "sse4a", "svm", "pcid", "adx", "pni", "pschange-mc-no", "smep", "lbrv", "ssbd", "amd-stibp", "mmxext", "clflush", "cr8legacy", "de", "sse", "hypervisor", "movbe", "umip", "tsc", "cmov", "vpclmulqdq", "msr", "osvw", "misalignsse", "invpcid", "rdtscp", "clflushopt", "f16c", "spec-ctrl", "tsc_adjust", "arat", "smap", "mds-no", "amd-ssbd", "pse", "vme", "bmi2", "v-vmsave-vmload"]}',created_at=2026-07-09T11:58:50Z,current_workload=0,deleted=False,deleted_at=None,disk_allocation_ratio=1.0,disk_available_least=73,free_disk_gb=95,free_ram_mb=62765,host='np0000004895',host_ip=10.4.3.237,hypervisor_hostname='np0000004895',hypervisor_type='QEMU',hypervisor_version=8002002,id=1,local_gb=95,local_gb_used=0,mapped=1,memory_mb=63277,memory_mb_used=512,metrics='[]',numa_topology='{"nova_object.name": "NUMATopology", "nova_object.namespace": "nova", "nova_object.version": "1.2", "nova_object.data": {"cells": [{"nova_object.name": "NUMACell", "nova_object.namespace": "nova", "nova_object.version": "1.5", "nova_object.data": {"id": 0, "cpuset": [0, 1, 2, 3, 4, 5, 6, 7, 8, 9, 10, 11, 12, 13, 14, 15], "pcpuset": [0, 1, 2, 3, 4, 5, 6, 7, 8, 9, 10, 11, 12, 13, 14, 15], "memory": 63277, "cpu_usage": 0, "memory_usage": 0, "pinned_cpus": [], "siblings": [[6], [12], [2], [15], [5], [11], [8], [14], [4], [1], [7], [10], [0], [13], [3], [9]], "mempages": [{"nova_object.name": "NUMAPagesTopology", "nova_object.namespace": "nova", "nova_object.version": "1.1", "nova_object.data": {"size_kb": 4, "total": 16177928, "used": 0, "reserved": 0}, "nova_object.changes": ["reserved", "total", "size_kb", "used"]}, {"nova_object.name": "NUMAPagesTopology", "nova_object.namespace": "nova", "nova_object.version": "1.1", "nova_object.data": {"size_kb": 2048, "total": 41, "used": 0, "reserved": 0}, "nova_object.changes": ["reserved", "total", "size_kb", "used"]}, {"nova_object.name": "NUMAPagesTopology", "nova_object.namespace": "nova", "nova_object.version": "1.1", "nova_object.data": {"size_kb": 1048576, "total": 0, "used": 0, "reserved": 0}, "nova_object.changes": ["reserved", "total", "size_kb", "used"]}], "network_metadata": {"nova_object.name": "NetworkMetadata", "nova_object.namespace": "nova", "nova_object.version": "1.0", "nova_object.data": {"physnets": [], "tunneled": false}, "nova_object.changes": ["physnets", "tunneled"]}, "socket": null}, "nova_object.changes": ["id", "memory", "socket", "mempages", "pcpuset", "siblings", "cpuset", "pinned_cpus", "memory_usage", "network_metadata", "cpu_usage"]}]}, "nova_object.changes": ["cells"]}',pci_device_pools=PciDevicePoolList,ram_allocation_ratio=1.0,running_vms=0,service_id=3,stats={failed_builds='0',uptime=' 12:00:36 up 13 min, 2 users, load average: 2.04, 1.70, 0.92
Jul 09 12:00:59.853133 np0000004895 nova-scheduler[93201]: '},supported_hv_specs=[HVSpec,HVSpec,HVSpec,HVSpec,HVSpec,HVSpec,HVSpec,HVSpec,HVSpec,HVSpec,HVSpec,HVSpec,HVSpec,HVSpec,HVSpec,HVSpec,HVSpec,HVSpec,HVSpec,HVSpec,HVSpec,HVSpec,HVSpec,HVSpec,HVSpec],updated_at=2026-07-09T12:00:38Z,uuid=29616e44-d583-4081-a7a7-6db2c06e38db,vcpus=16,vcpus_used=0) {{(pid=93201) _locked_update /opt/stack/nova/nova/scheduler/host_manager.py:168}}
Jul 09 12:00:59.853843 np0000004895 nova-scheduler[93201]: DEBUG nova.scheduler.host_manager [None req-28998c22-d2f5-4770-a992-ad3ff19ddfdd tempest-DeleteServersTestJSON-1401053650 tempest-DeleteServersTestJSON-1401053650-project-member] Update host state with aggregates: [] {{(pid=93201) _locked_update /opt/stack/nova/nova/scheduler/host_manager.py:171}}
Jul 09 12:00:59.853959 np0000004895 nova-scheduler[93201]: DEBUG nova.scheduler.host_manager [None req-28998c22-d2f5-4770-a992-ad3ff19ddfdd tempest-DeleteServersTestJSON-1401053650 tempest-DeleteServersTestJSON-1401053650-project-member] Update host state with service dict: {'id': 3, 'uuid': 'ccd1d1bb-9e75-4976-b923-758890802310', 'host': 'np0000004895', 'binary': 'nova-compute', 'topic': 'compute', 'report_count': 2, 'disabled': False, 'disabled_reason': None, 'last_seen_up': datetime.datetime(2026, 7, 9, 12, 0, 59, tzinfo=datetime.timezone.utc), 'forced_down': False, 'version': 72, 'created_at': datetime.datetime(2026, 7, 9, 11, 58, 48, tzinfo=datetime.timezone.utc), 'updated_at': datetime.datetime(2026, 7, 9, 12, 0, 59, tzinfo=datetime.timezone.utc), 'deleted_at': None, 'deleted': False} {{(pid=93201) _locked_update /opt/stack/nova/nova/scheduler/host_manager.py:174}}
Jul 09 12:00:59.854066 np0000004895 nova-scheduler[93201]: DEBUG nova.scheduler.host_manager [None req-28998c22-d2f5-4770-a992-ad3ff19ddfdd tempest-DeleteServersTestJSON-1401053650 tempest-DeleteServersTestJSON-1401053650-project-member] Update host state with instances: [] {{(pid=93201) _locked_update /opt/stack/nova/nova/scheduler/host_manager.py:177}}
Jul 09 12:00:59.854168 np0000004895 nova-scheduler[93201]: DEBUG oslo_concurrency.lockutils [None req-28998c22-d2f5-4770-a992-ad3ff19ddfdd tempest-DeleteServersTestJSON-1401053650 tempest-DeleteServersTestJSON-1401053650-project-member] Lock "np0000004895-np0000004895" "released" by "nova.scheduler.host_manager.HostState.update.._locked_update" :: held 0.002s {{(pid=93201) inner /opt/stack/data/venv/lib/python3.12/site-packages/oslo_concurrency/lockutils.py:543}}
Jul 09 12:00:59.854594 np0000004895 nova-scheduler[93201]: DEBUG nova.filters [None req-28998c22-d2f5-4770-a992-ad3ff19ddfdd tempest-DeleteServersTestJSON-1401053650 tempest-DeleteServersTestJSON-1401053650-project-member] Starting with 1 host(s) {{(pid=93201) get_filtered_objects /opt/stack/nova/nova/filters.py:70}}
Jul 09 12:00:59.854790 np0000004895 nova-scheduler[93201]: DEBUG nova.filters [None req-28998c22-d2f5-4770-a992-ad3ff19ddfdd tempest-DeleteServersTestJSON-1401053650 tempest-DeleteServersTestJSON-1401053650-project-member] Filter ComputeFilter returned 1 host(s) {{(pid=93201) get_filtered_objects /opt/stack/nova/nova/filters.py:102}}
Jul 09 12:00:59.854926 np0000004895 nova-scheduler[93201]: DEBUG nova.filters [None req-28998c22-d2f5-4770-a992-ad3ff19ddfdd tempest-DeleteServersTestJSON-1401053650 tempest-DeleteServersTestJSON-1401053650-project-member] Filter ComputeCapabilitiesFilter returned 1 host(s) {{(pid=93201) get_filtered_objects /opt/stack/nova/nova/filters.py:102}}
Jul 09 12:00:59.855145 np0000004895 nova-scheduler[93201]: DEBUG nova.filters [None req-28998c22-d2f5-4770-a992-ad3ff19ddfdd tempest-DeleteServersTestJSON-1401053650 tempest-DeleteServersTestJSON-1401053650-project-member] Filter ImagePropertiesFilter returned 1 host(s) {{(pid=93201) get_filtered_objects /opt/stack/nova/nova/filters.py:102}}
Jul 09 12:00:59.856542 np0000004895 nova-scheduler[93201]: DEBUG nova.filters [None req-28998c22-d2f5-4770-a992-ad3ff19ddfdd tempest-DeleteServersTestJSON-1401053650 tempest-DeleteServersTestJSON-1401053650-project-member] Filter ServerGroupAntiAffinityFilter returned 1 host(s) {{(pid=93201) get_filtered_objects /opt/stack/nova/nova/filters.py:102}}
Jul 09 12:00:59.856542 np0000004895 nova-scheduler[93201]: DEBUG nova.filters [None req-28998c22-d2f5-4770-a992-ad3ff19ddfdd tempest-DeleteServersTestJSON-1401053650 tempest-DeleteServersTestJSON-1401053650-project-member] Filter ServerGroupAffinityFilter returned 1 host(s) {{(pid=93201) get_filtered_objects /opt/stack/nova/nova/filters.py:102}}
Jul 09 12:00:59.856542 np0000004895 nova-scheduler[93201]: DEBUG nova.filters [None req-28998c22-d2f5-4770-a992-ad3ff19ddfdd tempest-DeleteServersTestJSON-1401053650 tempest-DeleteServersTestJSON-1401053650-project-member] Filter SameHostFilter returned 1 host(s) {{(pid=93201) get_filtered_objects /opt/stack/nova/nova/filters.py:102}}
Jul 09 12:00:59.856542 np0000004895 nova-scheduler[93201]: DEBUG nova.filters [None req-28998c22-d2f5-4770-a992-ad3ff19ddfdd tempest-DeleteServersTestJSON-1401053650 tempest-DeleteServersTestJSON-1401053650-project-member] Filter DifferentHostFilter returned 1 host(s) {{(pid=93201) get_filtered_objects /opt/stack/nova/nova/filters.py:102}}
Jul 09 12:00:59.856542 np0000004895 nova-scheduler[93201]: DEBUG nova.scheduler.manager [None req-28998c22-d2f5-4770-a992-ad3ff19ddfdd tempest-DeleteServersTestJSON-1401053650 tempest-DeleteServersTestJSON-1401053650-project-member] Filtered [(np0000004895, np0000004895) ram: 62765MB disk: 74752MB io_ops: 0 instances: 0, allocation_candidates: 1] {{(pid=93201) _get_sorted_hosts /opt/stack/nova/nova/scheduler/manager.py:742}}
Jul 09 12:00:59.856542 np0000004895 nova-scheduler[93201]: DEBUG nova.scheduler.manager [None req-28998c22-d2f5-4770-a992-ad3ff19ddfdd tempest-DeleteServersTestJSON-1401053650 tempest-DeleteServersTestJSON-1401053650-project-member] Weighed [WeighedHost [host: (np0000004895, np0000004895) ram: 62765MB disk: 74752MB io_ops: 0 instances: 0, allocation_candidates: 1, weight: 0.0]] {{(pid=93201) _get_sorted_hosts /opt/stack/nova/nova/scheduler/manager.py:764}}
Jul 09 12:00:59.856542 np0000004895 nova-scheduler[93201]: DEBUG nova.scheduler.utils [None req-28998c22-d2f5-4770-a992-ad3ff19ddfdd tempest-DeleteServersTestJSON-1401053650 tempest-DeleteServersTestJSON-1401053650-project-member] Attempting to claim resources in the placement API for instance 000c134f-5f35-46d0-a259-0f5017db7bb1 {{(pid=93201) claim_resources /opt/stack/nova/nova/scheduler/utils.py:1345}}
Jul 09 12:01:00.010370 np0000004895 nova-scheduler[93201]: DEBUG nova.scheduler.manager [None req-28998c22-d2f5-4770-a992-ad3ff19ddfdd tempest-DeleteServersTestJSON-1401053650 tempest-DeleteServersTestJSON-1401053650-project-member] [instance: 000c134f-5f35-46d0-a259-0f5017db7bb1] Selected host: (np0000004895, np0000004895) ram: 62765MB disk: 74752MB io_ops: 0 instances: 0, allocation_candidates: 1 {{(pid=93201) _consume_selected_host /opt/stack/nova/nova/scheduler/manager.py:624}}
Jul 09 12:01:00.010370 np0000004895 nova-scheduler[93201]: DEBUG oslo_concurrency.lockutils [None req-28998c22-d2f5-4770-a992-ad3ff19ddfdd tempest-DeleteServersTestJSON-1401053650 tempest-DeleteServersTestJSON-1401053650-project-member] Acquiring lock "np0000004895-np0000004895" by "nova.scheduler.host_manager.HostState.consume_from_request.._locked" {{(pid=93201) inner /opt/stack/data/venv/lib/python3.12/site-packages/oslo_concurrency/lockutils.py:511}}
Jul 09 12:01:00.010370 np0000004895 nova-scheduler[93201]: DEBUG oslo_concurrency.lockutils [None req-28998c22-d2f5-4770-a992-ad3ff19ddfdd tempest-DeleteServersTestJSON-1401053650 tempest-DeleteServersTestJSON-1401053650-project-member] Lock "np0000004895-np0000004895" acquired by "nova.scheduler.host_manager.HostState.consume_from_request.._locked" :: waited 0.000s {{(pid=93201) inner /opt/stack/data/venv/lib/python3.12/site-packages/oslo_concurrency/lockutils.py:524}}
Jul 09 12:01:00.010576 np0000004895 nova-scheduler[93201]: DEBUG oslo_concurrency.lockutils [None req-28998c22-d2f5-4770-a992-ad3ff19ddfdd tempest-DeleteServersTestJSON-1401053650 tempest-DeleteServersTestJSON-1401053650-project-member] Lock "np0000004895-np0000004895" "released" by "nova.scheduler.host_manager.HostState.consume_from_request.._locked" :: held 0.000s {{(pid=93201) inner /opt/stack/data/venv/lib/python3.12/site-packages/oslo_concurrency/lockutils.py:543}}
Jul 09 12:01:01.478208 np0000004895 nova-scheduler[93199]: DEBUG nova.scheduler.manager [None req-5934db0d-4439-4588-955b-0268c265e455 tempest-AttachVolumeNegativeTest-1279142197 tempest-AttachVolumeNegativeTest-1279142197-project-member] Starting to schedule for instances: ['96e386c3-1067-4ee3-965d-053954c30266'] {{(pid=93199) select_destinations /opt/stack/nova/nova/scheduler/manager.py:209}}
Jul 09 12:01:01.478732 np0000004895 nova-scheduler[93199]: DEBUG nova.scheduler.request_filter [None req-5934db0d-4439-4588-955b-0268c265e455 tempest-AttachVolumeNegativeTest-1279142197 tempest-AttachVolumeNegativeTest-1279142197-project-member] compute_status_filter request filter added forbidden trait COMPUTE_STATUS_DISABLED {{(pid=93199) compute_status_filter /opt/stack/nova/nova/scheduler/request_filter.py:253}}
Jul 09 12:01:01.478820 np0000004895 nova-scheduler[93199]: DEBUG nova.scheduler.request_filter [None req-5934db0d-4439-4588-955b-0268c265e455 tempest-AttachVolumeNegativeTest-1279142197 tempest-AttachVolumeNegativeTest-1279142197-project-member] Request filter 'compute_status_filter' took 0.0 seconds {{(pid=93199) wrapper /opt/stack/nova/nova/scheduler/request_filter.py:46}}
Jul 09 12:01:01.479048 np0000004895 nova-scheduler[93199]: DEBUG nova.scheduler.request_filter [None req-5934db0d-4439-4588-955b-0268c265e455 tempest-AttachVolumeNegativeTest-1279142197 tempest-AttachVolumeNegativeTest-1279142197-project-member] Request filter 'accelerators_filter' took 0.0 seconds {{(pid=93199) wrapper /opt/stack/nova/nova/scheduler/request_filter.py:46}}
Jul 09 12:01:01.479277 np0000004895 nova-scheduler[93199]: DEBUG nova.scheduler.request_filter [None req-5934db0d-4439-4588-955b-0268c265e455 tempest-AttachVolumeNegativeTest-1279142197 tempest-AttachVolumeNegativeTest-1279142197-project-member] Request filter 'packed_virtqueue_filter' took 0.0 seconds {{(pid=93199) wrapper /opt/stack/nova/nova/scheduler/request_filter.py:46}}
Jul 09 12:01:01.479902 np0000004895 nova-scheduler[93199]: DEBUG nova.scheduler.request_filter [None req-5934db0d-4439-4588-955b-0268c265e455 tempest-AttachVolumeNegativeTest-1279142197 tempest-AttachVolumeNegativeTest-1279142197-project-member] Request filter 'remote_managed_ports_filter' took 0.0 seconds {{(pid=93199) wrapper /opt/stack/nova/nova/scheduler/request_filter.py:46}}
Jul 09 12:01:01.480133 np0000004895 nova-scheduler[93199]: DEBUG nova.scheduler.request_filter [None req-5934db0d-4439-4588-955b-0268c265e455 tempest-AttachVolumeNegativeTest-1279142197 tempest-AttachVolumeNegativeTest-1279142197-project-member] ephemeral_encryption_filter skipped {{(pid=93199) ephemeral_encryption_filter /opt/stack/nova/nova/scheduler/request_filter.py:426}}
Jul 09 12:01:01.480343 np0000004895 nova-scheduler[93199]: DEBUG nova.scheduler.request_filter [None req-5934db0d-4439-4588-955b-0268c265e455 tempest-AttachVolumeNegativeTest-1279142197 tempest-AttachVolumeNegativeTest-1279142197-project-member] virtio_sound_filter skipped {{(pid=93199) virtio_sound_filter /opt/stack/nova/nova/scheduler/request_filter.py:460}}
Jul 09 12:01:01.480517 np0000004895 nova-scheduler[93199]: DEBUG nova.scheduler.request_filter [None req-5934db0d-4439-4588-955b-0268c265e455 tempest-AttachVolumeNegativeTest-1279142197 tempest-AttachVolumeNegativeTest-1279142197-project-member] tpm_secret_security_filter skipped {{(pid=93199) tpm_secret_security_filter /opt/stack/nova/nova/scheduler/request_filter.py:477}}
Jul 09 12:01:01.599048 np0000004895 nova-scheduler[93199]: INFO nova.utils [None req-5934db0d-4439-4588-955b-0268c265e455 tempest-AttachVolumeNegativeTest-1279142197 tempest-AttachVolumeNegativeTest-1279142197-project-member] The cell worker thread pool ForkProcess-1.cell_worker is initialized
Jul 09 12:01:01.599048 np0000004895 nova-scheduler[93199]: DEBUG oslo_concurrency.lockutils [None req-5934db0d-4439-4588-955b-0268c265e455 tempest-AttachVolumeNegativeTest-1279142197 tempest-AttachVolumeNegativeTest-1279142197-project-member] Acquiring lock "35222ba2-7518-452c-9f69-bea52cbb2b78" by "nova.context.set_target_cell..get_or_set_cached_cell_and_set_connections" {{(pid=93199) inner /opt/stack/data/venv/lib/python3.12/site-packages/oslo_concurrency/lockutils.py:511}}
Jul 09 12:01:01.599048 np0000004895 nova-scheduler[93199]: DEBUG oslo_concurrency.lockutils [None req-5934db0d-4439-4588-955b-0268c265e455 tempest-AttachVolumeNegativeTest-1279142197 tempest-AttachVolumeNegativeTest-1279142197-project-member] Lock "35222ba2-7518-452c-9f69-bea52cbb2b78" acquired by "nova.context.set_target_cell..get_or_set_cached_cell_and_set_connections" :: waited 0.000s {{(pid=93199) inner /opt/stack/data/venv/lib/python3.12/site-packages/oslo_concurrency/lockutils.py:524}}
Jul 09 12:01:01.602056 np0000004895 nova-scheduler[93199]: DEBUG oslo_concurrency.lockutils [None req-5934db0d-4439-4588-955b-0268c265e455 tempest-AttachVolumeNegativeTest-1279142197 tempest-AttachVolumeNegativeTest-1279142197-project-member] Lock "35222ba2-7518-452c-9f69-bea52cbb2b78" "released" by "nova.context.set_target_cell..get_or_set_cached_cell_and_set_connections" :: held 0.004s {{(pid=93199) inner /opt/stack/data/venv/lib/python3.12/site-packages/oslo_concurrency/lockutils.py:543}}
Jul 09 12:01:01.603874 np0000004895 nova-scheduler[93199]: INFO dbcounter [None req-5934db0d-4439-4588-955b-0268c265e455 tempest-AttachVolumeNegativeTest-1279142197 tempest-AttachVolumeNegativeTest-1279142197-project-member] Registered counter for database nova_cell1
Jul 09 12:01:01.644919 np0000004895 nova-scheduler[93199]: DEBUG oslo_db.sqlalchemy.engines [None req-5934db0d-4439-4588-955b-0268c265e455 tempest-AttachVolumeNegativeTest-1279142197 tempest-AttachVolumeNegativeTest-1279142197-project-member] MySQL server mode set to STRICT_TRANS_TABLES,STRICT_ALL_TABLES,NO_ZERO_IN_DATE,NO_ZERO_DATE,ERROR_FOR_DIVISION_BY_ZERO,TRADITIONAL,NO_ENGINE_SUBSTITUTION {{(pid=93199) _check_effective_sql_mode /opt/stack/data/venv/lib/python3.12/site-packages/oslo_db/sqlalchemy/engines.py:325}}
Jul 09 12:01:01.654355 np0000004895 nova-scheduler[93199]: DEBUG dbcounter [-] [93199] Writer thread running {{(pid=93199) stat_writer /opt/stack/data/venv/lib/python3.12/site-packages/dbcounter.py:102}}
Jul 09 12:01:01.722539 np0000004895 nova-scheduler[93199]: DEBUG dbcounter [-] [93199] Writer thread running {{(pid=93199) stat_writer /opt/stack/data/venv/lib/python3.12/site-packages/dbcounter.py:102}}
Jul 09 12:01:01.725508 np0000004895 nova-scheduler[93199]: DEBUG oslo_concurrency.lockutils [None req-5934db0d-4439-4588-955b-0268c265e455 tempest-AttachVolumeNegativeTest-1279142197 tempest-AttachVolumeNegativeTest-1279142197-project-member] Acquiring lock "35222ba2-7518-452c-9f69-bea52cbb2b78" by "nova.context.set_target_cell..get_or_set_cached_cell_and_set_connections" {{(pid=93199) inner /opt/stack/data/venv/lib/python3.12/site-packages/oslo_concurrency/lockutils.py:511}}
Jul 09 12:01:01.726292 np0000004895 nova-scheduler[93199]: DEBUG oslo_concurrency.lockutils [None req-5934db0d-4439-4588-955b-0268c265e455 tempest-AttachVolumeNegativeTest-1279142197 tempest-AttachVolumeNegativeTest-1279142197-project-member] Lock "35222ba2-7518-452c-9f69-bea52cbb2b78" acquired by "nova.context.set_target_cell..get_or_set_cached_cell_and_set_connections" :: waited 0.000s {{(pid=93199) inner /opt/stack/data/venv/lib/python3.12/site-packages/oslo_concurrency/lockutils.py:524}}
Jul 09 12:01:01.726292 np0000004895 nova-scheduler[93199]: DEBUG oslo_concurrency.lockutils [None req-5934db0d-4439-4588-955b-0268c265e455 tempest-AttachVolumeNegativeTest-1279142197 tempest-AttachVolumeNegativeTest-1279142197-project-member] Lock "35222ba2-7518-452c-9f69-bea52cbb2b78" "released" by "nova.context.set_target_cell..get_or_set_cached_cell_and_set_connections" :: held 0.000s {{(pid=93199) inner /opt/stack/data/venv/lib/python3.12/site-packages/oslo_concurrency/lockutils.py:543}}
