Jun 26 21:45:09.367899 np0000003797 devstack@g-api.service[99492]: DEBUG keystoneclient.auth.identity.v3.base [None req-bac94ec3-a662-4d77-9583-f02ea908502d tempest-ImageDependencyTests-544938506 tempest-ImageDependencyTests-544938506-project-member] {"token": {"methods": ["password"], "user": {"domain": {"id": "default", "name": "Default"}, "id": "867da5a28319434db76120be9c364b6d", "name": "glance-swift", "password_expires_at": null}, "audit_ids": ["1Hg2-3h7R6K9q7f4mE_4sg"], "expires_at": "2026-06-26T22:45:09.000000Z", "issued_at": "2026-06-26T21:45:09.000000Z", "project": {"domain": {"id": "default", "name": "Default"}, "id": "e8f702d7e84c4a35b3f728fd6d148915", "name": "service"}, "is_domain": false, "roles": [{"id": "8094bf6a465d470d9883e2bdac402cab", "name": "service"}, {"id": "64f314310fb54915b3af05888270c614", "name": "ResellerAdmin"}], "catalog": [{"endpoints": [{"id": "8b9f2efa92c643bb998a50b93c7ebdf7", "interface": "public", "region_id": "RegionOne", "url": "https://10.4.3.87/image", "region": "RegionOne"}], "id": "12cb12937aa542e99fcfbcc25ff9c6e0", "type": "image", "name": "glance"}, {"endpoints": [{"id": "6cb1506e54484b6fb2a8f97d683f3d32", "interface": "public", "region_id": "RegionOne", "url": "https://10.4.3.87/identity", "region": "RegionOne"}], "id": "282cf0b66abb490a90f26fd30bfc83af", "type": "identity", "name": "keystone"}, {"endpoints": [{"id": "7b571876ff5442adaca17c2f1e932f02", "interface": "public", "region_id": "RegionOne", "url": "https://10.4.3.87/volume/v3", "region": "RegionOne"}], "id": "6999c19ca89841cf9b6d0f9962664eb9", "type": "block-storage", "name": "cinder"}, {"endpoints": [{"id": "cc0d19c387a94df4bfc877b39f9b352c", "interface": "public", "region_id": "RegionOne", "url": "https://10.4.3.87/networking", "region": "RegionOne"}], "id": "826eea173db54f4b99298ddf2cee19b4", "type": "network", "name": "neutron"}, {"endpoints": [{"id": "d50317000bc143a6a3c32e41db35c28b", "interface": "admin", "region_id": "RegionOne", "url": "https://10.4.3.87:8080", "region": "RegionOne"}, {"id": "f33d0625b8164038bae47e9c3fd9a13a", "interface": "public", "region_id": "RegionOne", "url": "https://10.4.3.87:8080/v1/AUTH_e8f702d7e84c4a35b3f728fd6d148915", "region": "RegionOne"}], "id": "99bada92f6d54e09b87198b93fb916d4", "type": "object-store", "name": "swift"}, {"endpoints": [{"id": "cddbe3b170404b8d9663b97b2a21c762", "interface": "public", "region_id": "RegionOne", "url": "https://10.4.3.87/compute/v2/e8f702d7e84c4a35b3f728fd6d148915", "region": "RegionOne"}], "id": "b2b3ab8ba32d4454b086a5c2d25dd4a2", "type": "compute_legacy", "name": "nova_legacy"}, {"endpoints": [{"id": "ef79c03f91d841a3b341583cb0ac0978", "interface": "public", "region_id": "RegionOne", "url": "https://10.4.3.87/compute/v2.1", "region": "RegionOne"}], "id": "d66dbedb4c0a4541a5e2f97fd204baac", "type": "compute", "name": "nova"}, {"endpoints": [{"id": "0142ee1a1e0c40cca2d232d8b1d09306", "interface": "public", "region_id": "RegionOne", "url": "https://10.4.3.87/placement", "region": "RegionOne"}], "id": "d6cef0d8a35041be8f544dce5b9f997a", "type": "placement", "name": "placement"}]}} {{(pid=99492) get_auth_ref /opt/stack/data/venv/lib/python3.12/site-packages/keystoneclient/auth/identity/v3/base.py:190}}
Jun 26 21:45:09.368376 np0000003797 devstack@g-api.service[99492]: DEBUG keystoneclient.httpclient [None req-bac94ec3-a662-4d77-9583-f02ea908502d tempest-ImageDependencyTests-544938506 tempest-ImageDependencyTests-544938506-project-member] Failed to find endpoint for management url admin endpoint for identity service not found {{(pid=99492) _process_management_url /opt/stack/data/venv/lib/python3.12/site-packages/keystoneclient/httpclient.py:670}}
Jun 26 21:45:09.455653 np0000003797 devstack@g-api.service[99492]: DEBUG swiftclient [None req-bac94ec3-a662-4d77-9583-f02ea908502d tempest-ImageDependencyTests-544938506 tempest-ImageDependencyTests-544938506-project-member] REQ: curl -i https://10.4.3.87:8080/v1/AUTH_e8f702d7e84c4a35b3f728fd6d148915/glance/46d329f4-c003-41f1-b311-ab0fffc5166e -I -H "X-Auth-Token: gAAAAABqPvLlLFDo..." {{(pid=99492) http_log /opt/stack/data/venv/lib/python3.12/site-packages/swiftclient/client.py:160}}
Jun 26 21:45:09.455765 np0000003797 devstack@g-api.service[99492]: DEBUG swiftclient [None req-bac94ec3-a662-4d77-9583-f02ea908502d tempest-ImageDependencyTests-544938506 tempest-ImageDependencyTests-544938506-project-member] RESP STATUS: 200 OK {{(pid=99492) http_log /opt/stack/data/venv/lib/python3.12/site-packages/swiftclient/client.py:161}}
Jun 26 21:45:09.455905 np0000003797 devstack@g-api.service[99492]: DEBUG swiftclient [None req-bac94ec3-a662-4d77-9583-f02ea908502d tempest-ImageDependencyTests-544938506 tempest-ImageDependencyTests-544938506-project-member] RESP HEADERS: {'Date': 'Fri, 26 Jun 2026 21:45:09 GMT', 'Server': 'Apache/2.4.58 (Ubuntu)', 'Content-Type': 'application/octet-stream', 'Content-Length': '1024', 'Etag': '8c0b3afd7aa6d9b2ab3bacaf94694c6c', 'Last-Modified': 'Fri, 26 Jun 2026 21:44:43 GMT', 'X-Timestamp': '1782510282.50550', 'Accept-Ranges': 'bytes', 'X-Trans-Id': 'tx20f3c31fe15d42979001a-006a3ef2e5', 'X-Openstack-Request-Id': 'tx20f3c31fe15d42979001a-006a3ef2e5', 'Connection': 'close'} {{(pid=99492) http_log /opt/stack/data/venv/lib/python3.12/site-packages/swiftclient/client.py:162}}
Jun 26 21:45:09.484864 np0000003797 devstack@g-api.service[99492]: DEBUG swiftclient [None req-bac94ec3-a662-4d77-9583-f02ea908502d tempest-ImageDependencyTests-544938506 tempest-ImageDependencyTests-544938506-project-member] REQ: curl -i https://10.4.3.87:8080/v1/AUTH_e8f702d7e84c4a35b3f728fd6d148915/glance/46d329f4-c003-41f1-b311-ab0fffc5166e DELETE -H "X-Auth-Token: gAAAAABqPvLlLFDo..." {{(pid=99492) http_log /opt/stack/data/venv/lib/python3.12/site-packages/swiftclient/client.py:160}}
Jun 26 21:45:09.485002 np0000003797 devstack@g-api.service[99492]: DEBUG swiftclient [None req-bac94ec3-a662-4d77-9583-f02ea908502d tempest-ImageDependencyTests-544938506 tempest-ImageDependencyTests-544938506-project-member] RESP STATUS: 204 No Content {{(pid=99492) http_log /opt/stack/data/venv/lib/python3.12/site-packages/swiftclient/client.py:161}}
Jun 26 21:45:09.485243 np0000003797 devstack@g-api.service[99492]: DEBUG swiftclient [None req-bac94ec3-a662-4d77-9583-f02ea908502d tempest-ImageDependencyTests-544938506 tempest-ImageDependencyTests-544938506-project-member] RESP HEADERS: {'Date': 'Fri, 26 Jun 2026 21:45:09 GMT', 'Server': 'Apache/2.4.58 (Ubuntu)', 'Content-Type': 'text/html; charset=UTF-8', 'X-Trans-Id': 'tx9065a52e95294cc1a06bf-006a3ef2e5', 'X-Openstack-Request-Id': 'tx9065a52e95294cc1a06bf-006a3ef2e5', 'Connection': 'close'} {{(pid=99492) http_log /opt/stack/data/venv/lib/python3.12/site-packages/swiftclient/client.py:162}}
Jun 26 21:45:09.521715 np0000003797 devstack@g-api.service[99492]: DEBUG glance.api.middleware.cache [None req-bac94ec3-a662-4d77-9583-f02ea908502d tempest-ImageDependencyTests-544938506 tempest-ImageDependencyTests-544938506-project-member] Removing image 46d329f4-c003-41f1-b311-ab0fffc5166e from cache {{(pid=99492) _process_DELETE_response /opt/stack/glance/glance/api/middleware/cache.py:264}}
Jun 26 21:45:09.521918 np0000003797 devstack@g-api.service[99492]: DEBUG glance.image_cache.drivers.centralized_db [None req-bac94ec3-a662-4d77-9583-f02ea908502d tempest-ImageDependencyTests-544938506 tempest-ImageDependencyTests-544938506-project-member] Deleting image cache file '/opt/stack/data/glance/cache/46d329f4-c003-41f1-b311-ab0fffc5166e' {{(pid=99492) delete_cached_file /opt/stack/glance/glance/image_cache/drivers/centralized_db.py:400}}
Jun 26 21:45:09.527790 np0000003797 devstack@g-api.service[99492]: [pid: 99492|app: 0|req: 143/441] 127.0.0.1 () {40 vars in 837 bytes} [Fri Jun 26 21:45:09 2026] DELETE /v2/images/46d329f4-c003-41f1-b311-ab0fffc5166e => generated 0 bytes in 252 msecs (HTTP/1.1 204) 4 headers in 171 bytes (1 switches on core 0)
Jun 26 21:45:09.534887 np0000003797 devstack@g-api.service[99491]: DEBUG glance.api.middleware.version_negotiation [None req-59276c04-b2cf-4c81-ba00-ba19214c335c tempest-ImageDependencyTests-544938506 tempest-ImageDependencyTests-544938506-project-member] Determining version of request: GET /v2/images/46d329f4-c003-41f1-b311-ab0fffc5166e Accept: application/json {{(pid=99491) process_request /opt/stack/glance/glance/api/middleware/version_negotiation.py:44}}
Jun 26 21:45:09.535763 np0000003797 devstack@g-api.service[99491]: DEBUG glance.api.middleware.version_negotiation [None req-59276c04-b2cf-4c81-ba00-ba19214c335c tempest-ImageDependencyTests-544938506 tempest-ImageDependencyTests-544938506-project-member] Using url versioning {{(pid=99491) process_request /opt/stack/glance/glance/api/middleware/version_negotiation.py:57}}
Jun 26 21:45:09.535763 np0000003797 devstack@g-api.service[99491]: DEBUG glance.api.middleware.version_negotiation [None req-59276c04-b2cf-4c81-ba00-ba19214c335c tempest-ImageDependencyTests-544938506 tempest-ImageDependencyTests-544938506-project-member] Matched version: v2 {{(pid=99491) process_request /opt/stack/glance/glance/api/middleware/version_negotiation.py:69}}
Jun 26 21:45:09.535763 np0000003797 devstack@g-api.service[99491]: DEBUG glance.api.middleware.version_negotiation [None req-59276c04-b2cf-4c81-ba00-ba19214c335c tempest-ImageDependencyTests-544938506 tempest-ImageDependencyTests-544938506-project-member] new path /v2/images/46d329f4-c003-41f1-b311-ab0fffc5166e {{(pid=99491) process_request /opt/stack/glance/glance/api/middleware/version_negotiation.py:70}}
Jun 26 21:45:09.539596 np0000003797 devstack@g-api.service[99491]: DEBUG glance.db.sqlalchemy.api [None req-1de5f38f-7293-4198-ba53-28ab72fea903 tempest-ImageDependencyTests-544938506 tempest-ImageDependencyTests-544938506-project-member] No image found with ID 46d329f4-c003-41f1-b311-ab0fffc5166e {{(pid=99491) _image_get /opt/stack/glance/glance/db/sqlalchemy/api.py:303}}
Jun 26 21:45:09.540942 np0000003797 devstack@g-api.service[99491]: [pid: 99491|app: 0|req: 148/442] 127.0.0.1 () {40 vars in 834 bytes} [Fri Jun 26 21:45:09 2026] GET /v2/images/46d329f4-c003-41f1-b311-ab0fffc5166e => generated 139 bytes in 6 msecs (HTTP/1.1 404) 4 headers in 164 bytes (1 switches on core 0)
Jun 26 21:45:09.547900 np0000003797 devstack@g-api.service[99490]: DEBUG glance.api.middleware.version_negotiation [None req-0128bc19-a727-4e85-aacc-74c2c47ba61c tempest-ImageDependencyTests-544938506 tempest-ImageDependencyTests-544938506-project-member] Determining version of request: GET /v2/images Accept: application/json {{(pid=99490) process_request /opt/stack/glance/glance/api/middleware/version_negotiation.py:44}}
Jun 26 21:45:09.549739 np0000003797 devstack@g-api.service[99490]: DEBUG glance.api.middleware.version_negotiation [None req-0128bc19-a727-4e85-aacc-74c2c47ba61c tempest-ImageDependencyTests-544938506 tempest-ImageDependencyTests-544938506-project-member] Using url versioning {{(pid=99490) process_request /opt/stack/glance/glance/api/middleware/version_negotiation.py:57}}
Jun 26 21:45:09.549950 np0000003797 devstack@g-api.service[99490]: DEBUG glance.api.middleware.version_negotiation [None req-0128bc19-a727-4e85-aacc-74c2c47ba61c tempest-ImageDependencyTests-544938506 tempest-ImageDependencyTests-544938506-project-member] Matched version: v2 {{(pid=99490) process_request /opt/stack/glance/glance/api/middleware/version_negotiation.py:69}}
Jun 26 21:45:09.550147 np0000003797 devstack@g-api.service[99490]: DEBUG glance.api.middleware.version_negotiation [None req-0128bc19-a727-4e85-aacc-74c2c47ba61c tempest-ImageDependencyTests-544938506 tempest-ImageDependencyTests-544938506-project-member] new path /v2/images {{(pid=99490) process_request /opt/stack/glance/glance/api/middleware/version_negotiation.py:70}}
Jun 26 21:45:09.593186 np0000003797 devstack@g-api.service[99490]: [pid: 99490|app: 0|req: 152/443] 127.0.0.1 () {40 vars in 760 bytes} [Fri Jun 26 21:45:09 2026] GET /v2/images => generated 4968 bytes in 45 msecs (HTTP/1.1 200) 4 headers in 158 bytes (1 switches on core 0)
Jun 26 21:45:10.528032 np0000003797 devstack@g-api.service[99492]: DEBUG glance.api.middleware.version_negotiation [None req-bac94ec3-a662-4d77-9583-f02ea908502d tempest-ImageDependencyTests-544938506 tempest-ImageDependencyTests-544938506-project-member] Determining version of request: GET /v2/images/5839c2b2-1898-4db1-835b-cab1cde556fa Accept: */* {{(pid=99492) process_request /opt/stack/glance/glance/api/middleware/version_negotiation.py:44}}
Jun 26 21:45:10.528488 np0000003797 devstack@g-api.service[99492]: DEBUG glance.api.middleware.version_negotiation [None req-bac94ec3-a662-4d77-9583-f02ea908502d tempest-ImageDependencyTests-544938506 tempest-ImageDependencyTests-544938506-project-member] Using url versioning {{(pid=99492) process_request /opt/stack/glance/glance/api/middleware/version_negotiation.py:57}}
Jun 26 21:45:10.528488 np0000003797 devstack@g-api.service[99492]: DEBUG glance.api.middleware.version_negotiation [None req-bac94ec3-a662-4d77-9583-f02ea908502d tempest-ImageDependencyTests-544938506 tempest-ImageDependencyTests-544938506-project-member] Matched version: v2 {{(pid=99492) process_request /opt/stack/glance/glance/api/middleware/version_negotiation.py:69}}
Jun 26 21:45:10.528488 np0000003797 devstack@g-api.service[99492]: DEBUG glance.api.middleware.version_negotiation [None req-bac94ec3-a662-4d77-9583-f02ea908502d tempest-ImageDependencyTests-544938506 tempest-ImageDependencyTests-544938506-project-member] new path /v2/images/5839c2b2-1898-4db1-835b-cab1cde556fa {{(pid=99492) process_request /opt/stack/glance/glance/api/middleware/version_negotiation.py:70}}
Jun 26 21:45:10.538335 np0000003797 devstack@g-api.service[99492]: [pid: 99492|app: 0|req: 144/444] 127.0.0.1 () {44 vars in 1111 bytes} [Fri Jun 26 21:45:10 2026] GET /v2/images/5839c2b2-1898-4db1-835b-cab1cde556fa => generated 1044 bytes in 10 msecs (HTTP/1.1 200) 4 headers in 158 bytes (1 switches on core 0)
Jun 26 21:45:10.570491 np0000003797 devstack@g-api.service[99491]: DEBUG glance.api.middleware.version_negotiation [None req-1de5f38f-7293-4198-ba53-28ab72fea903 tempest-ImageDependencyTests-544938506 tempest-ImageDependencyTests-544938506-project-member] Determining version of request: GET /v2/schemas/image Accept: */* {{(pid=99491) process_request /opt/stack/glance/glance/api/middleware/version_negotiation.py:44}}
Jun 26 21:45:10.571022 np0000003797 devstack@g-api.service[99491]: DEBUG glance.api.middleware.version_negotiation [None req-1de5f38f-7293-4198-ba53-28ab72fea903 tempest-ImageDependencyTests-544938506 tempest-ImageDependencyTests-544938506-project-member] Using url versioning {{(pid=99491) process_request /opt/stack/glance/glance/api/middleware/version_negotiation.py:57}}
Jun 26 21:45:10.571022 np0000003797 devstack@g-api.service[99491]: DEBUG glance.api.middleware.version_negotiation [None req-1de5f38f-7293-4198-ba53-28ab72fea903 tempest-ImageDependencyTests-544938506 tempest-ImageDependencyTests-544938506-project-member] Matched version: v2 {{(pid=99491) process_request /opt/stack/glance/glance/api/middleware/version_negotiation.py:69}}
Jun 26 21:45:10.571256 np0000003797 devstack@g-api.service[99491]: DEBUG glance.api.middleware.version_negotiation [None req-1de5f38f-7293-4198-ba53-28ab72fea903 tempest-ImageDependencyTests-544938506 tempest-ImageDependencyTests-544938506-project-member] new path /v2/schemas/image {{(pid=99491) process_request /opt/stack/glance/glance/api/middleware/version_negotiation.py:70}}
Jun 26 21:45:10.574235 np0000003797 devstack@g-api.service[99491]: [pid: 99491|app: 0|req: 149/445] 127.0.0.1 () {44 vars in 1051 bytes} [Fri Jun 26 21:45:10 2026] GET /v2/schemas/image => generated 6083 bytes in 4 msecs (HTTP/1.1 200) 4 headers in 158 bytes (1 switches on core 0)
Jun 26 21:45:10.636441 np0000003797 devstack@g-api.service[99490]: DEBUG glance.api.middleware.version_negotiation [None req-729f8f40-06cf-4d83-8c2e-2660b244fa63 tempest-ImageDependencyTests-544938506 tempest-ImageDependencyTests-544938506-project-member] Determining version of request: GET /v2/images/5839c2b2-1898-4db1-835b-cab1cde556fa Accept: */* {{(pid=99490) process_request /opt/stack/glance/glance/api/middleware/version_negotiation.py:44}}
Jun 26 21:45:10.636821 np0000003797 devstack@g-api.service[99490]: DEBUG glance.api.middleware.version_negotiation [None req-729f8f40-06cf-4d83-8c2e-2660b244fa63 tempest-ImageDependencyTests-544938506 tempest-ImageDependencyTests-544938506-project-member] Using url versioning {{(pid=99490) process_request /opt/stack/glance/glance/api/middleware/version_negotiation.py:57}}
Jun 26 21:45:10.636821 np0000003797 devstack@g-api.service[99490]: DEBUG glance.api.middleware.version_negotiation [None req-729f8f40-06cf-4d83-8c2e-2660b244fa63 tempest-ImageDependencyTests-544938506 tempest-ImageDependencyTests-544938506-project-member] Matched version: v2 {{(pid=99490) process_request /opt/stack/glance/glance/api/middleware/version_negotiation.py:69}}
Jun 26 21:45:10.636821 np0000003797 devstack@g-api.service[99490]: DEBUG glance.api.middleware.version_negotiation [None req-729f8f40-06cf-4d83-8c2e-2660b244fa63 tempest-ImageDependencyTests-544938506 tempest-ImageDependencyTests-544938506-project-member] new path /v2/images/5839c2b2-1898-4db1-835b-cab1cde556fa {{(pid=99490) process_request /opt/stack/glance/glance/api/middleware/version_negotiation.py:70}}
Jun 26 21:45:10.647364 np0000003797 devstack@g-api.service[99490]: [pid: 99490|app: 0|req: 153/446] 127.0.0.1 () {44 vars in 1111 bytes} [Fri Jun 26 21:45:10 2026] GET /v2/images/5839c2b2-1898-4db1-835b-cab1cde556fa => generated 1044 bytes in 11 msecs (HTTP/1.1 200) 4 headers in 158 bytes (1 switches on core 0)
Jun 26 21:45:10.655926 np0000003797 devstack@g-api.service[99492]: DEBUG glance.api.middleware.version_negotiation [None req-9b69495b-54f3-4fec-98b2-571fa83fba78 tempest-ServerActionsV293TestJSON-242821449 tempest-ServerActionsV293TestJSON-242821449-project-member] Determining version of request: GET /v2/schemas/image Accept: */* {{(pid=99492) process_request /opt/stack/glance/glance/api/middleware/version_negotiation.py:44}}
Jun 26 21:45:10.656488 np0000003797 devstack@g-api.service[99492]: DEBUG glance.api.middleware.version_negotiation [None req-9b69495b-54f3-4fec-98b2-571fa83fba78 tempest-ServerActionsV293TestJSON-242821449 tempest-ServerActionsV293TestJSON-242821449-project-member] Using url versioning {{(pid=99492) process_request /opt/stack/glance/glance/api/middleware/version_negotiation.py:57}}
Jun 26 21:45:10.656648 np0000003797 devstack@g-api.service[99492]: DEBUG glance.api.middleware.version_negotiation [None req-9b69495b-54f3-4fec-98b2-571fa83fba78 tempest-ServerActionsV293TestJSON-242821449 tempest-ServerActionsV293TestJSON-242821449-project-member] Matched version: v2 {{(pid=99492) process_request /opt/stack/glance/glance/api/middleware/version_negotiation.py:69}}
Jun 26 21:45:10.656715 np0000003797 devstack@g-api.service[99492]: DEBUG glance.api.middleware.version_negotiation [None req-9b69495b-54f3-4fec-98b2-571fa83fba78 tempest-ServerActionsV293TestJSON-242821449 tempest-ServerActionsV293TestJSON-242821449-project-member] new path /v2/schemas/image {{(pid=99492) process_request /opt/stack/glance/glance/api/middleware/version_negotiation.py:70}}
Jun 26 21:45:10.658914 np0000003797 devstack@g-api.service[99492]: [pid: 99492|app: 0|req: 145/447] 127.0.0.1 () {44 vars in 1051 bytes} [Fri Jun 26 21:45:10 2026] GET /v2/schemas/image => generated 6083 bytes in 3 msecs (HTTP/1.1 200) 4 headers in 158 bytes (1 switches on core 0)
Jun 26 21:45:10.667194 np0000003797 devstack@g-api.service[99491]: DEBUG glance.api.middleware.version_negotiation [None req-9b69495b-54f3-4fec-98b2-571fa83fba78 tempest-ServerActionsV293TestJSON-242821449 tempest-ServerActionsV293TestJSON-242821449-project-member] Determining version of request: GET /v2/schemas/image Accept: */* {{(pid=99491) process_request /opt/stack/glance/glance/api/middleware/version_negotiation.py:44}}
Jun 26 21:45:10.667357 np0000003797 devstack@g-api.service[99491]: DEBUG glance.api.middleware.version_negotiation [None req-9b69495b-54f3-4fec-98b2-571fa83fba78 tempest-ServerActionsV293TestJSON-242821449 tempest-ServerActionsV293TestJSON-242821449-project-member] Using url versioning {{(pid=99491) process_request /opt/stack/glance/glance/api/middleware/version_negotiation.py:57}}
Jun 26 21:45:10.667501 np0000003797 devstack@g-api.service[99491]: DEBUG glance.api.middleware.version_negotiation [None req-9b69495b-54f3-4fec-98b2-571fa83fba78 tempest-ServerActionsV293TestJSON-242821449 tempest-ServerActionsV293TestJSON-242821449-project-member] Matched version: v2 {{(pid=99491) process_request /opt/stack/glance/glance/api/middleware/version_negotiation.py:69}}
Jun 26 21:45:10.667560 np0000003797 devstack@g-api.service[99491]: DEBUG glance.api.middleware.version_negotiation [None req-9b69495b-54f3-4fec-98b2-571fa83fba78 tempest-ServerActionsV293TestJSON-242821449 tempest-ServerActionsV293TestJSON-242821449-project-member] new path /v2/schemas/image {{(pid=99491) process_request /opt/stack/glance/glance/api/middleware/version_negotiation.py:70}}
Jun 26 21:45:10.669945 np0000003797 devstack@g-api.service[99491]: [pid: 99491|app: 0|req: 150/448] 127.0.0.1 () {44 vars in 1051 bytes} [Fri Jun 26 21:45:10 2026] GET /v2/schemas/image => generated 6083 bytes in 3 msecs (HTTP/1.1 200) 4 headers in 158 bytes (1 switches on core 0)
Jun 26 21:45:10.698709 np0000003797 devstack@g-api.service[99490]: DEBUG glance.api.middleware.version_negotiation [None req-9b69495b-54f3-4fec-98b2-571fa83fba78 tempest-ServerActionsV293TestJSON-242821449 tempest-ServerActionsV293TestJSON-242821449-project-member] Determining version of request: GET /v2/images/5839c2b2-1898-4db1-835b-cab1cde556fa Accept: */* {{(pid=99490) process_request /opt/stack/glance/glance/api/middleware/version_negotiation.py:44}}
Jun 26 21:45:10.698709 np0000003797 devstack@g-api.service[99490]: DEBUG glance.api.middleware.version_negotiation [None req-9b69495b-54f3-4fec-98b2-571fa83fba78 tempest-ServerActionsV293TestJSON-242821449 tempest-ServerActionsV293TestJSON-242821449-project-member] Using url versioning {{(pid=99490) process_request /opt/stack/glance/glance/api/middleware/version_negotiation.py:57}}
Jun 26 21:45:10.698709 np0000003797 devstack@g-api.service[99490]: DEBUG glance.api.middleware.version_negotiation [None req-9b69495b-54f3-4fec-98b2-571fa83fba78 tempest-ServerActionsV293TestJSON-242821449 tempest-ServerActionsV293TestJSON-242821449-project-member] Matched version: v2 {{(pid=99490) process_request /opt/stack/glance/glance/api/middleware/version_negotiation.py:69}}
Jun 26 21:45:10.698709 np0000003797 devstack@g-api.service[99490]: DEBUG glance.api.middleware.version_negotiation [None req-9b69495b-54f3-4fec-98b2-571fa83fba78 tempest-ServerActionsV293TestJSON-242821449 tempest-ServerActionsV293TestJSON-242821449-project-member] new path /v2/images/5839c2b2-1898-4db1-835b-cab1cde556fa {{(pid=99490) process_request /opt/stack/glance/glance/api/middleware/version_negotiation.py:70}}
Jun 26 21:45:10.712162 np0000003797 devstack@g-api.service[99490]: [pid: 99490|app: 0|req: 154/449] 127.0.0.1 () {44 vars in 1111 bytes} [Fri Jun 26 21:45:10 2026] GET /v2/images/5839c2b2-1898-4db1-835b-cab1cde556fa => generated 1044 bytes in 15 msecs (HTTP/1.1 200) 4 headers in 158 bytes (1 switches on core 0)
Jun 26 21:45:10.724424 np0000003797 devstack@g-api.service[99492]: DEBUG glance.api.middleware.version_negotiation [None req-9b69495b-54f3-4fec-98b2-571fa83fba78 tempest-ServerActionsV293TestJSON-242821449 tempest-ServerActionsV293TestJSON-242821449-project-member] Determining version of request: DELETE /v2/images/c144338b-0efe-450e-b5f2-937db4868b32 Accept: application/json {{(pid=99492) process_request /opt/stack/glance/glance/api/middleware/version_negotiation.py:44}}
Jun 26 21:45:10.724694 np0000003797 devstack@g-api.service[99492]: DEBUG glance.api.middleware.version_negotiation [None req-9b69495b-54f3-4fec-98b2-571fa83fba78 tempest-ServerActionsV293TestJSON-242821449 tempest-ServerActionsV293TestJSON-242821449-project-member] Using url versioning {{(pid=99492) process_request /opt/stack/glance/glance/api/middleware/version_negotiation.py:57}}
Jun 26 21:45:10.724751 np0000003797 devstack@g-api.service[99492]: DEBUG glance.api.middleware.version_negotiation [None req-9b69495b-54f3-4fec-98b2-571fa83fba78 tempest-ServerActionsV293TestJSON-242821449 tempest-ServerActionsV293TestJSON-242821449-project-member] Matched version: v2 {{(pid=99492) process_request /opt/stack/glance/glance/api/middleware/version_negotiation.py:69}}
Jun 26 21:45:10.724841 np0000003797 devstack@g-api.service[99492]: DEBUG glance.api.middleware.version_negotiation [None req-9b69495b-54f3-4fec-98b2-571fa83fba78 tempest-ServerActionsV293TestJSON-242821449 tempest-ServerActionsV293TestJSON-242821449-project-member] new path /v2/images/c144338b-0efe-450e-b5f2-937db4868b32 {{(pid=99492) process_request /opt/stack/glance/glance/api/middleware/version_negotiation.py:70}}
Jun 26 21:45:10.732975 np0000003797 devstack@g-api.service[99491]: DEBUG glance.api.middleware.version_negotiation [None req-9b69495b-54f3-4fec-98b2-571fa83fba78 tempest-ServerActionsV293TestJSON-242821449 tempest-ServerActionsV293TestJSON-242821449-project-member] Determining version of request: GET /v2/schemas/image Accept: */* {{(pid=99491) process_request /opt/stack/glance/glance/api/middleware/version_negotiation.py:44}}
Jun 26 21:45:10.733180 np0000003797 devstack@g-api.service[99491]: DEBUG glance.api.middleware.version_negotiation [None req-9b69495b-54f3-4fec-98b2-571fa83fba78 tempest-ServerActionsV293TestJSON-242821449 tempest-ServerActionsV293TestJSON-242821449-project-member] Using url versioning {{(pid=99491) process_request /opt/stack/glance/glance/api/middleware/version_negotiation.py:57}}
Jun 26 21:45:10.733332 np0000003797 devstack@g-api.service[99491]: DEBUG glance.api.middleware.version_negotiation [None req-9b69495b-54f3-4fec-98b2-571fa83fba78 tempest-ServerActionsV293TestJSON-242821449 tempest-ServerActionsV293TestJSON-242821449-project-member] Matched version: v2 {{(pid=99491) process_request /opt/stack/glance/glance/api/middleware/version_negotiation.py:69}}
Jun 26 21:45:10.733458 np0000003797 devstack@g-api.service[99491]: DEBUG glance.api.middleware.version_negotiation [None req-9b69495b-54f3-4fec-98b2-571fa83fba78 tempest-ServerActionsV293TestJSON-242821449 tempest-ServerActionsV293TestJSON-242821449-project-member] new path /v2/schemas/image {{(pid=99491) process_request /opt/stack/glance/glance/api/middleware/version_negotiation.py:70}}
Jun 26 21:45:10.735473 np0000003797 devstack@g-api.service[99492]: WARNING glance.api.v2.images [None req-199cf2a4-7b09-47a9-ac96-4d6f34513eb8 tempest-ImageDependencyTests-544938506 tempest-ImageDependencyTests-544938506-project-member] After upload to backend, deletion of staged image data has failed because it cannot be found at /tmp/staging//c144338b-0efe-450e-b5f2-937db4868b32
Jun 26 21:45:10.735995 np0000003797 devstack@g-api.service[99492]: DEBUG glance_store.backend [None req-199cf2a4-7b09-47a9-ac96-4d6f34513eb8 tempest-ImageDependencyTests-544938506 tempest-ImageDependencyTests-544938506-project-member] Attempting to import store swift {{(pid=99492) _load_store /opt/stack/data/venv/lib/python3.12/site-packages/glance_store/backend.py:215}}
Jun 26 21:45:10.736359 np0000003797 devstack@g-api.service[99491]: [pid: 99491|app: 0|req: 151/450] 127.0.0.1 () {44 vars in 1051 bytes} [Fri Jun 26 21:45:10 2026] GET /v2/schemas/image => generated 6083 bytes in 3 msecs (HTTP/1.1 200) 4 headers in 158 bytes (1 switches on core 0)
Jun 26 21:45:10.737695 np0000003797 devstack@g-api.service[99492]: DEBUG glance_store.capabilities [None req-199cf2a4-7b09-47a9-ac96-4d6f34513eb8 tempest-ImageDependencyTests-544938506 tempest-ImageDependencyTests-544938506-project-member] Store glance_store._drivers.swift.store.SingleTenantStore doesn't support updating dynamic storage capabilities. Please overwrite 'update_capabilities' method of the store to implement updating logics if needed. {{(pid=99492) update_capabilities /opt/stack/data/venv/lib/python3.12/site-packages/glance_store/capabilities.py:91}}
Jun 26 21:45:10.737837 np0000003797 devstack@g-api.service[99492]: DEBUG glance_store.driver [None req-199cf2a4-7b09-47a9-ac96-4d6f34513eb8 tempest-ImageDependencyTests-544938506 tempest-ImageDependencyTests-544938506-project-member] Late loading location class glance_store._drivers.swift.store.StoreLocation {{(pid=99492) get_store_location_class /opt/stack/data/venv/lib/python3.12/site-packages/glance_store/driver.py:134}}
Jun 26 21:45:10.737976 np0000003797 devstack@g-api.service[99492]: DEBUG glance_store.location [None req-199cf2a4-7b09-47a9-ac96-4d6f34513eb8 tempest-ImageDependencyTests-544938506 tempest-ImageDependencyTests-544938506-project-member] Registering scheme swift+https with {'store': , 'location_class': , 'store_entry': 'swift'} {{(pid=99492) register_scheme_map /opt/stack/data/venv/lib/python3.12/site-packages/glance_store/location.py:146}}
Jun 26 21:45:10.738133 np0000003797 devstack@g-api.service[99492]: DEBUG glance_store.location [None req-199cf2a4-7b09-47a9-ac96-4d6f34513eb8 tempest-ImageDependencyTests-544938506 tempest-ImageDependencyTests-544938506-project-member] Registering scheme swift+https with {'store': , 'location_class': , 'store_entry': 'swift'} {{(pid=99492) register_scheme_map /opt/stack/data/venv/lib/python3.12/site-packages/glance_store/location.py:146}}
Jun 26 21:45:10.738244 np0000003797 devstack@g-api.service[99492]: DEBUG glance_store.location [None req-199cf2a4-7b09-47a9-ac96-4d6f34513eb8 tempest-ImageDependencyTests-544938506 tempest-ImageDependencyTests-544938506-project-member] Registering scheme swift with {'store': , 'location_class': , 'store_entry': 'swift'} {{(pid=99492) register_scheme_map /opt/stack/data/venv/lib/python3.12/site-packages/glance_store/location.py:146}}
Jun 26 21:45:10.738388 np0000003797 devstack@g-api.service[99492]: DEBUG glance_store.location [None req-199cf2a4-7b09-47a9-ac96-4d6f34513eb8 tempest-ImageDependencyTests-544938506 tempest-ImageDependencyTests-544938506-project-member] Registering scheme swift+https with {'store': , 'location_class': , 'store_entry': 'swift'} {{(pid=99492) register_scheme_map /opt/stack/data/venv/lib/python3.12/site-packages/glance_store/location.py:146}}
Jun 26 21:45:10.738564 np0000003797 devstack@g-api.service[99492]: DEBUG glance_store.location [None req-199cf2a4-7b09-47a9-ac96-4d6f34513eb8 tempest-ImageDependencyTests-544938506 tempest-ImageDependencyTests-544938506-project-member] Registering scheme swift with {'store': , 'location_class': , 'store_entry': 'swift'} {{(pid=99492) register_scheme_map /opt/stack/data/venv/lib/python3.12/site-packages/glance_store/location.py:146}}
Jun 26 21:45:10.738684 np0000003797 devstack@g-api.service[99492]: DEBUG glance_store.location [None req-199cf2a4-7b09-47a9-ac96-4d6f34513eb8 tempest-ImageDependencyTests-544938506 tempest-ImageDependencyTests-544938506-project-member] Registering scheme swift+http with {'store': , 'location_class': , 'store_entry': 'swift'} {{(pid=99492) register_scheme_map /opt/stack/data/venv/lib/python3.12/site-packages/glance_store/location.py:146}}
Jun 26 21:45:10.738798 np0000003797 devstack@g-api.service[99492]: DEBUG glance_store.location [None req-199cf2a4-7b09-47a9-ac96-4d6f34513eb8 tempest-ImageDependencyTests-544938506 tempest-ImageDependencyTests-544938506-project-member] Registering scheme swift+https with {'store': , 'location_class': , 'store_entry': 'swift'} {{(pid=99492) register_scheme_map /opt/stack/data/venv/lib/python3.12/site-packages/glance_store/location.py:146}}
Jun 26 21:45:10.738908 np0000003797 devstack@g-api.service[99492]: DEBUG glance_store.location [None req-199cf2a4-7b09-47a9-ac96-4d6f34513eb8 tempest-ImageDependencyTests-544938506 tempest-ImageDependencyTests-544938506-project-member] Registering scheme swift with {'store': , 'location_class': , 'store_entry': 'swift'} {{(pid=99492) register_scheme_map /opt/stack/data/venv/lib/python3.12/site-packages/glance_store/location.py:146}}
Jun 26 21:45:10.739039 np0000003797 devstack@g-api.service[99492]: DEBUG glance_store.location [None req-199cf2a4-7b09-47a9-ac96-4d6f34513eb8 tempest-ImageDependencyTests-544938506 tempest-ImageDependencyTests-544938506-project-member] Registering scheme swift+http with {'store': , 'location_class': , 'store_entry': 'swift'} {{(pid=99492) register_scheme_map /opt/stack/data/venv/lib/python3.12/site-packages/glance_store/location.py:146}}
Jun 26 21:45:10.739187 np0000003797 devstack@g-api.service[99492]: DEBUG glance_store.location [None req-199cf2a4-7b09-47a9-ac96-4d6f34513eb8 tempest-ImageDependencyTests-544938506 tempest-ImageDependencyTests-544938506-project-member] Registering scheme swift+config with {'store': , 'location_class': , 'store_entry': 'swift'} {{(pid=99492) register_scheme_map /opt/stack/data/venv/lib/python3.12/site-packages/glance_store/location.py:146}}
Jun 26 21:45:10.739811 np0000003797 devstack@g-api.service[99492]: DEBUG keystoneclient.auth.identity.v3.base [None req-199cf2a4-7b09-47a9-ac96-4d6f34513eb8 tempest-ImageDependencyTests-544938506 tempest-ImageDependencyTests-544938506-project-member] Making authentication request to https://10.4.3.87/identity/v3/auth/tokens {{(pid=99492) get_auth_ref /opt/stack/data/venv/lib/python3.12/site-packages/keystoneclient/auth/identity/v3/base.py:185}}
Jun 26 21:45:10.747222 np0000003797 devstack@g-api.service[99490]: DEBUG glance.api.middleware.version_negotiation [None req-9b69495b-54f3-4fec-98b2-571fa83fba78 tempest-ServerActionsV293TestJSON-242821449 tempest-ServerActionsV293TestJSON-242821449-project-member] Determining version of request: GET /v2/schemas/image Accept: */* {{(pid=99490) process_request /opt/stack/glance/glance/api/middleware/version_negotiation.py:44}}
Jun 26 21:45:10.747222 np0000003797 devstack@g-api.service[99490]: DEBUG glance.api.middleware.version_negotiation [None req-9b69495b-54f3-4fec-98b2-571fa83fba78 tempest-ServerActionsV293TestJSON-242821449 tempest-ServerActionsV293TestJSON-242821449-project-member] Using url versioning {{(pid=99490) process_request /opt/stack/glance/glance/api/middleware/version_negotiation.py:57}}
Jun 26 21:45:10.747222 np0000003797 devstack@g-api.service[99490]: DEBUG glance.api.middleware.version_negotiation [None req-9b69495b-54f3-4fec-98b2-571fa83fba78 tempest-ServerActionsV293TestJSON-242821449 tempest-ServerActionsV293TestJSON-242821449-project-member] Matched version: v2 {{(pid=99490) process_request /opt/stack/glance/glance/api/middleware/version_negotiation.py:69}}
Jun 26 21:45:10.747222 np0000003797 devstack@g-api.service[99490]: DEBUG glance.api.middleware.version_negotiation [None req-9b69495b-54f3-4fec-98b2-571fa83fba78 tempest-ServerActionsV293TestJSON-242821449 tempest-ServerActionsV293TestJSON-242821449-project-member] new path /v2/schemas/image {{(pid=99490) process_request /opt/stack/glance/glance/api/middleware/version_negotiation.py:70}}
Jun 26 21:45:10.749507 np0000003797 devstack@g-api.service[99490]: [pid: 99490|app: 0|req: 155/451] 127.0.0.1 () {44 vars in 1051 bytes} [Fri Jun 26 21:45:10 2026] GET /v2/schemas/image => generated 6083 bytes in 3 msecs (HTTP/1.1 200) 4 headers in 158 bytes (1 switches on core 0)
Jun 26 21:45:10.807905 np0000003797 devstack@g-api.service[99492]: DEBUG keystoneclient.auth.identity.v3.base [None req-199cf2a4-7b09-47a9-ac96-4d6f34513eb8 tempest-ImageDependencyTests-544938506 tempest-ImageDependencyTests-544938506-project-member] {"token": {"methods": ["password"], "user": {"domain": {"id": "default", "name": "Default"}, "id": "867da5a28319434db76120be9c364b6d", "name": "glance-swift", "password_expires_at": null}, "audit_ids": ["LzVH-tX6S4aHJ_ObAoBPlA"], "expires_at": "2026-06-26T22:45:10.000000Z", "issued_at": "2026-06-26T21:45:10.000000Z", "project": {"domain": {"id": "default", "name": "Default"}, "id": "e8f702d7e84c4a35b3f728fd6d148915", "name": "service"}, "is_domain": false, "roles": [{"id": "8094bf6a465d470d9883e2bdac402cab", "name": "service"}, {"id": "64f314310fb54915b3af05888270c614", "name": "ResellerAdmin"}], "catalog": [{"endpoints": [{"id": "8b9f2efa92c643bb998a50b93c7ebdf7", "interface": "public", "region_id": "RegionOne", "url": "https://10.4.3.87/image", "region": "RegionOne"}], "id": "12cb12937aa542e99fcfbcc25ff9c6e0", "type": "image", "name": "glance"}, {"endpoints": [{"id": "6cb1506e54484b6fb2a8f97d683f3d32", "interface": "public", "region_id": "RegionOne", "url": "https://10.4.3.87/identity", "region": "RegionOne"}], "id": "282cf0b66abb490a90f26fd30bfc83af", "type": "identity", "name": "keystone"}, {"endpoints": [{"id": "7b571876ff5442adaca17c2f1e932f02", "interface": "public", "region_id": "RegionOne", "url": "https://10.4.3.87/volume/v3", "region": "RegionOne"}], "id": "6999c19ca89841cf9b6d0f9962664eb9", "type": "block-storage", "name": "cinder"}, {"endpoints": [{"id": "cc0d19c387a94df4bfc877b39f9b352c", "interface": "public", "region_id": "RegionOne", "url": "https://10.4.3.87/networking", "region": "RegionOne"}], "id": "826eea173db54f4b99298ddf2cee19b4", "type": "network", "name": "neutron"}, {"endpoints": [{"id": "d50317000bc143a6a3c32e41db35c28b", "interface": "admin", "region_id": "RegionOne", "url": "https://10.4.3.87:8080", "region": "RegionOne"}, {"id": "f33d0625b8164038bae47e9c3fd9a13a", "interface": "public", "region_id": "RegionOne", "url": "https://10.4.3.87:8080/v1/AUTH_e8f702d7e84c4a35b3f728fd6d148915", "region": "RegionOne"}], "id": "99bada92f6d54e09b87198b93fb916d4", "type": "object-store", "name": "swift"}, {"endpoints": [{"id": "cddbe3b170404b8d9663b97b2a21c762", "interface": "public", "region_id": "RegionOne", "url": "https://10.4.3.87/compute/v2/e8f702d7e84c4a35b3f728fd6d148915", "region": "RegionOne"}], "id": "b2b3ab8ba32d4454b086a5c2d25dd4a2", "type": "compute_legacy", "name": "nova_legacy"}, {"endpoints": [{"id": "ef79c03f91d841a3b341583cb0ac0978", "interface": "public", "region_id": "RegionOne", "url": "https://10.4.3.87/compute/v2.1", "region": "RegionOne"}], "id": "d66dbedb4c0a4541a5e2f97fd204baac", "type": "compute", "name": "nova"}, {"endpoints": [{"id": "0142ee1a1e0c40cca2d232d8b1d09306", "interface": "public", "region_id": "RegionOne", "url": "https://10.4.3.87/placement", "region": "RegionOne"}], "id": "d6cef0d8a35041be8f544dce5b9f997a", "type": "placement", "name": "placement"}]}} {{(pid=99492) get_auth_ref /opt/stack/data/venv/lib/python3.12/site-packages/keystoneclient/auth/identity/v3/base.py:190}}
Jun 26 21:45:10.808549 np0000003797 devstack@g-api.service[99492]: DEBUG keystoneclient.httpclient [None req-199cf2a4-7b09-47a9-ac96-4d6f34513eb8 tempest-ImageDependencyTests-544938506 tempest-ImageDependencyTests-544938506-project-member] Failed to find endpoint for management url admin endpoint for identity service not found {{(pid=99492) _process_management_url /opt/stack/data/venv/lib/python3.12/site-packages/keystoneclient/httpclient.py:670}}
Jun 26 21:45:10.863279 np0000003797 devstack@g-api.service[99491]: DEBUG glance.api.middleware.version_negotiation [None req-9b69495b-54f3-4fec-98b2-571fa83fba78 tempest-ServerActionsV293TestJSON-242821449 tempest-ServerActionsV293TestJSON-242821449-project-member] Determining version of request: GET /versions Accept: */* {{(pid=99491) process_request /opt/stack/glance/glance/api/middleware/version_negotiation.py:44}}
Jun 26 21:45:10.869889 np0000003797 devstack@g-api.service[99491]: [pid: 99491|app: 0|req: 152/452] 127.0.0.1 () {44 vars in 1035 bytes} [Fri Jun 26 21:45:10 2026] GET /versions => generated 1394 bytes in 7 msecs (HTTP/1.1 200) 3 headers in 92 bytes (1 switches on core 0)
Jun 26 21:45:10.878569 np0000003797 devstack@g-api.service[99490]: DEBUG glance.api.middleware.version_negotiation [None req-9b69495b-54f3-4fec-98b2-571fa83fba78 tempest-ServerActionsV293TestJSON-242821449 tempest-ServerActionsV293TestJSON-242821449-project-member] Determining version of request: GET /v2/images/5839c2b2-1898-4db1-835b-cab1cde556fa/locations Accept: */* {{(pid=99490) process_request /opt/stack/glance/glance/api/middleware/version_negotiation.py:44}}
Jun 26 21:45:10.878893 np0000003797 devstack@g-api.service[99490]: DEBUG glance.api.middleware.version_negotiation [None req-9b69495b-54f3-4fec-98b2-571fa83fba78 tempest-ServerActionsV293TestJSON-242821449 tempest-ServerActionsV293TestJSON-242821449-project-member] Using url versioning {{(pid=99490) process_request /opt/stack/glance/glance/api/middleware/version_negotiation.py:57}}
Jun 26 21:45:10.879285 np0000003797 devstack@g-api.service[99490]: DEBUG glance.api.middleware.version_negotiation [None req-9b69495b-54f3-4fec-98b2-571fa83fba78 tempest-ServerActionsV293TestJSON-242821449 tempest-ServerActionsV293TestJSON-242821449-project-member] Matched version: v2 {{(pid=99490) process_request /opt/stack/glance/glance/api/middleware/version_negotiation.py:69}}
Jun 26 21:45:10.879597 np0000003797 devstack@g-api.service[99490]: DEBUG glance.api.middleware.version_negotiation [None req-9b69495b-54f3-4fec-98b2-571fa83fba78 tempest-ServerActionsV293TestJSON-242821449 tempest-ServerActionsV293TestJSON-242821449-project-member] new path /v2/images/5839c2b2-1898-4db1-835b-cab1cde556fa/locations {{(pid=99490) process_request /opt/stack/glance/glance/api/middleware/version_negotiation.py:70}}
Jun 26 21:45:10.933642 np0000003797 devstack@g-api.service[99490]: [pid: 99490|app: 0|req: 156/453] 127.0.0.1 () {44 vars in 1131 bytes} [Fri Jun 26 21:45:10 2026] GET /v2/images/5839c2b2-1898-4db1-835b-cab1cde556fa/locations => generated 92 bytes in 55 msecs (HTTP/1.1 200) 4 headers in 156 bytes (1 switches on core 0)
Jun 26 21:45:10.937213 np0000003797 devstack@g-api.service[99492]: DEBUG swiftclient [None req-199cf2a4-7b09-47a9-ac96-4d6f34513eb8 tempest-ImageDependencyTests-544938506 tempest-ImageDependencyTests-544938506-project-member] REQ: curl -i https://10.4.3.87:8080/v1/AUTH_e8f702d7e84c4a35b3f728fd6d148915/glance/c144338b-0efe-450e-b5f2-937db4868b32 -I -H "X-Auth-Token: gAAAAABqPvLmf6vA..." {{(pid=99492) http_log /opt/stack/data/venv/lib/python3.12/site-packages/swiftclient/client.py:160}}
Jun 26 21:45:10.937379 np0000003797 devstack@g-api.service[99492]: DEBUG swiftclient [None req-199cf2a4-7b09-47a9-ac96-4d6f34513eb8 tempest-ImageDependencyTests-544938506 tempest-ImageDependencyTests-544938506-project-member] RESP STATUS: 200 OK {{(pid=99492) http_log /opt/stack/data/venv/lib/python3.12/site-packages/swiftclient/client.py:161}}
Jun 26 21:45:10.937598 np0000003797 devstack@g-api.service[99492]: DEBUG swiftclient [None req-199cf2a4-7b09-47a9-ac96-4d6f34513eb8 tempest-ImageDependencyTests-544938506 tempest-ImageDependencyTests-544938506-project-member] RESP HEADERS: {'Date': 'Fri, 26 Jun 2026 21:45:10 GMT', 'Server': 'Apache/2.4.58 (Ubuntu)', 'Content-Type': 'application/octet-stream', 'X-Object-Manifest': 'glance/c144338b-0efe-450e-b5f2-937db4868b32-', 'Last-Modified': 'Fri, 26 Jun 2026 21:45:10 GMT', 'X-Timestamp': '1782510309.07355', 'Accept-Ranges': 'bytes', 'Etag': '"d41d8cd98f00b204e9800998ecf8427e"', 'X-Trans-Id': 'tx1b2e307802d44ac3bc72a-006a3ef2e6', 'X-Openstack-Request-Id': 'tx1b2e307802d44ac3bc72a-006a3ef2e6', 'Connection': 'close'} {{(pid=99492) http_log /opt/stack/data/venv/lib/python3.12/site-packages/swiftclient/client.py:162}}
Jun 26 21:45:10.953023 np0000003797 devstack@g-api.service[99492]: DEBUG swiftclient [None req-199cf2a4-7b09-47a9-ac96-4d6f34513eb8 tempest-ImageDependencyTests-544938506 tempest-ImageDependencyTests-544938506-project-member] REQ: curl -i https://10.4.3.87:8080/v1/AUTH_e8f702d7e84c4a35b3f728fd6d148915/glance?format=json&prefix=c144338b-0efe-450e-b5f2-937db4868b32- -X GET -H "X-Auth-Token: gAAAAABqPvLmf6vA..." -H "Accept-Encoding: gzip" {{(pid=99492) http_log /opt/stack/data/venv/lib/python3.12/site-packages/swiftclient/client.py:160}}
Jun 26 21:45:10.953247 np0000003797 devstack@g-api.service[99492]: DEBUG swiftclient [None req-199cf2a4-7b09-47a9-ac96-4d6f34513eb8 tempest-ImageDependencyTests-544938506 tempest-ImageDependencyTests-544938506-project-member] RESP STATUS: 200 OK {{(pid=99492) http_log /opt/stack/data/venv/lib/python3.12/site-packages/swiftclient/client.py:161}}
Jun 26 21:45:10.953348 np0000003797 devstack@g-api.service[99492]: DEBUG swiftclient [None req-199cf2a4-7b09-47a9-ac96-4d6f34513eb8 tempest-ImageDependencyTests-544938506 tempest-ImageDependencyTests-544938506-project-member] RESP HEADERS: {'Date': 'Fri, 26 Jun 2026 21:45:10 GMT', 'Server': 'Apache/2.4.58 (Ubuntu)', 'Content-Type': 'application/json; charset=utf-8', 'Content-Length': '2', 'X-Container-Object-Count': '4', 'X-Container-Bytes-Used': '64356352', 'X-Timestamp': '1782509818.57138', 'Last-Modified': 'Fri, 26 Jun 2026 21:36:59 GMT', 'Accept-Ranges': 'bytes', 'X-Storage-Policy': 'Policy-0', 'X-Container-Sharding': 'False', 'X-Trans-Id': 'tx79d234b57ebd47bc83fff-006a3ef2e6', 'X-Openstack-Request-Id': 'tx79d234b57ebd47bc83fff-006a3ef2e6', 'Connection': 'close'} {{(pid=99492) http_log /opt/stack/data/venv/lib/python3.12/site-packages/swiftclient/client.py:162}}
Jun 26 21:45:10.953535 np0000003797 devstack@g-api.service[99492]: DEBUG swiftclient [None req-199cf2a4-7b09-47a9-ac96-4d6f34513eb8 tempest-ImageDependencyTests-544938506 tempest-ImageDependencyTests-544938506-project-member] RESP BODY: b'[]' {{(pid=99492) http_log /opt/stack/data/venv/lib/python3.12/site-packages/swiftclient/client.py:166}}
Jun 26 21:45:10.974327 np0000003797 devstack@g-api.service[99492]: DEBUG swiftclient [None req-199cf2a4-7b09-47a9-ac96-4d6f34513eb8 tempest-ImageDependencyTests-544938506 tempest-ImageDependencyTests-544938506-project-member] REQ: curl -i https://10.4.3.87:8080/v1/AUTH_e8f702d7e84c4a35b3f728fd6d148915/glance/c144338b-0efe-450e-b5f2-937db4868b32 DELETE -H "X-Auth-Token: gAAAAABqPvLmf6vA..." {{(pid=99492) http_log /opt/stack/data/venv/lib/python3.12/site-packages/swiftclient/client.py:160}}
Jun 26 21:45:10.974542 np0000003797 devstack@g-api.service[99492]: DEBUG swiftclient [None req-199cf2a4-7b09-47a9-ac96-4d6f34513eb8 tempest-ImageDependencyTests-544938506 tempest-ImageDependencyTests-544938506-project-member] RESP STATUS: 204 No Content {{(pid=99492) http_log /opt/stack/data/venv/lib/python3.12/site-packages/swiftclient/client.py:161}}
Jun 26 21:45:10.974715 np0000003797 devstack@g-api.service[99492]: DEBUG swiftclient [None req-199cf2a4-7b09-47a9-ac96-4d6f34513eb8 tempest-ImageDependencyTests-544938506 tempest-ImageDependencyTests-544938506-project-member] RESP HEADERS: {'Date': 'Fri, 26 Jun 2026 21:45:10 GMT', 'Server': 'Apache/2.4.58 (Ubuntu)', 'Content-Type': 'text/html; charset=UTF-8', 'X-Trans-Id': 'tx55de9275cc5b44b784b94-006a3ef2e6', 'X-Openstack-Request-Id': 'tx55de9275cc5b44b784b94-006a3ef2e6', 'Connection': 'close'} {{(pid=99492) http_log /opt/stack/data/venv/lib/python3.12/site-packages/swiftclient/client.py:162}}
Jun 26 21:45:11.027925 np0000003797 devstack@g-api.service[99491]: DEBUG glance.api.middleware.version_negotiation [None req-9b69495b-54f3-4fec-98b2-571fa83fba78 tempest-ServerActionsV293TestJSON-242821449 tempest-ServerActionsV293TestJSON-242821449-project-member] Determining version of request: GET /v2/images/5839c2b2-1898-4db1-835b-cab1cde556fa Accept: */* {{(pid=99491) process_request /opt/stack/glance/glance/api/middleware/version_negotiation.py:44}}
Jun 26 21:45:11.028380 np0000003797 devstack@g-api.service[99491]: DEBUG glance.api.middleware.version_negotiation [None req-9b69495b-54f3-4fec-98b2-571fa83fba78 tempest-ServerActionsV293TestJSON-242821449 tempest-ServerActionsV293TestJSON-242821449-project-member] Using url versioning {{(pid=99491) process_request /opt/stack/glance/glance/api/middleware/version_negotiation.py:57}}
Jun 26 21:45:11.028380 np0000003797 devstack@g-api.service[99491]: DEBUG glance.api.middleware.version_negotiation [None req-9b69495b-54f3-4fec-98b2-571fa83fba78 tempest-ServerActionsV293TestJSON-242821449 tempest-ServerActionsV293TestJSON-242821449-project-member] Matched version: v2 {{(pid=99491) process_request /opt/stack/glance/glance/api/middleware/version_negotiation.py:69}}
Jun 26 21:45:11.028711 np0000003797 devstack@g-api.service[99491]: DEBUG glance.api.middleware.version_negotiation [None req-9b69495b-54f3-4fec-98b2-571fa83fba78 tempest-ServerActionsV293TestJSON-242821449 tempest-ServerActionsV293TestJSON-242821449-project-member] new path /v2/images/5839c2b2-1898-4db1-835b-cab1cde556fa {{(pid=99491) process_request /opt/stack/glance/glance/api/middleware/version_negotiation.py:70}}
Jun 26 21:45:11.042616 np0000003797 devstack@g-api.service[99491]: [pid: 99491|app: 0|req: 153/454] 127.0.0.1 () {44 vars in 1111 bytes} [Fri Jun 26 21:45:11 2026] GET /v2/images/5839c2b2-1898-4db1-835b-cab1cde556fa => generated 1044 bytes in 15 msecs (HTTP/1.1 200) 4 headers in 158 bytes (1 switches on core 0)
Jun 26 21:45:11.052615 np0000003797 devstack@g-api.service[99490]: DEBUG glance.api.middleware.version_negotiation [None req-9b69495b-54f3-4fec-98b2-571fa83fba78 service glance] Determining version of request: GET /v2/schemas/image Accept: */* {{(pid=99490) process_request /opt/stack/glance/glance/api/middleware/version_negotiation.py:44}}
Jun 26 21:45:11.052615 np0000003797 devstack@g-api.service[99490]: DEBUG glance.api.middleware.version_negotiation [None req-9b69495b-54f3-4fec-98b2-571fa83fba78 service glance] Using url versioning {{(pid=99490) process_request /opt/stack/glance/glance/api/middleware/version_negotiation.py:57}}
Jun 26 21:45:11.052615 np0000003797 devstack@g-api.service[99490]: DEBUG glance.api.middleware.version_negotiation [None req-9b69495b-54f3-4fec-98b2-571fa83fba78 service glance] Matched version: v2 {{(pid=99490) process_request /opt/stack/glance/glance/api/middleware/version_negotiation.py:69}}
