May 22 14:19:43.333253 np0000001277 devstack@c-api.service[96231]: DEBUG cinder.volume.api [None req-e43d0bfa-515e-45ef-9e63-4b2096a9cb9b tempest-VolumesServicesTestJSON-428549544 tempest-VolumesServicesTestJSON-428549544-project-member] Task 'cinder.volume.flows.api.create_volume.VolumeCastTask;volume:create' (3713d9f8-a99b-4b90-9326-028992776215) transitioned into state 'RUNNING' from state 'PENDING' {{(pid=96231) _task_receiver /opt/stack/data/venv/lib/python3.12/site-packages/taskflow/listeners/logging.py:242}}
May 22 14:19:43.349726 np0000001277 devstack@c-api.service[96231]: DEBUG cinder.volume.api [None req-e43d0bfa-515e-45ef-9e63-4b2096a9cb9b tempest-VolumesServicesTestJSON-428549544 tempest-VolumesServicesTestJSON-428549544-project-member] Task 'cinder.volume.flows.api.create_volume.VolumeCastTask;volume:create' (3713d9f8-a99b-4b90-9326-028992776215) transitioned into state 'SUCCESS' from state 'RUNNING' with result 'None' {{(pid=96231) _task_receiver /opt/stack/data/venv/lib/python3.12/site-packages/taskflow/listeners/logging.py:218}}
May 22 14:19:43.350822 np0000001277 devstack@c-api.service[96231]: DEBUG cinder.volume.api [None req-e43d0bfa-515e-45ef-9e63-4b2096a9cb9b tempest-VolumesServicesTestJSON-428549544 tempest-VolumesServicesTestJSON-428549544-project-member] Flow 'volume_create_api' (0fc50962-fe5b-45d3-99ff-cd5627c55549) transitioned into state 'SUCCESS' from state 'RUNNING' {{(pid=96231) _flow_receiver /opt/stack/data/venv/lib/python3.12/site-packages/taskflow/listeners/logging.py:160}}
May 22 14:19:43.351289 np0000001277 devstack@c-api.service[96231]: INFO cinder.volume.api [None req-e43d0bfa-515e-45ef-9e63-4b2096a9cb9b tempest-VolumesServicesTestJSON-428549544 tempest-VolumesServicesTestJSON-428549544-project-member] Create volume request issued successfully.
May 22 14:19:43.351884 np0000001277 devstack@c-api.service[96231]: INFO cinder.api.openstack.wsgi [None req-e43d0bfa-515e-45ef-9e63-4b2096a9cb9b tempest-VolumesServicesTestJSON-428549544 tempest-VolumesServicesTestJSON-428549544-project-member] https://10.4.3.26/volume/v3/volumes returned with HTTP 202
May 22 14:19:43.352255 np0000001277 devstack@c-api.service[96231]: [pid: 96231|app: 0|req: 106/218] 10.4.3.26 () {68 vars in 1251 bytes} [Fri May 22 14:19:42 2026] POST /volume/v3/volumes => generated 752 bytes in 412 msecs (HTTP/1.1 202) 7 headers in 291 bytes (1 switches on core 0)
May 22 14:19:43.353061 np0000001277 devstack@c-api.service[96231]: DEBUG cinder.api.middleware.request_id [None req-e4b3f30e-3cdd-47c9-aeb3-c5b6083178e8 None None] RequestId filter calling following filter/app {{(pid=96231) _context_setter /opt/stack/cinder/cinder/api/middleware/request_id.py:62}}
May 22 14:19:43.355410 np0000001277 devstack@c-api.service[96231]: INFO cinder.api.openstack.wsgi [None req-e4b3f30e-3cdd-47c9-aeb3-c5b6083178e8 tempest-AttachSCSIVolumeTestJSON-759615398 tempest-AttachSCSIVolumeTestJSON-759615398-project-member] GET https://10.4.3.26/volume/v3/volumes/6b1aec59-d83a-42b0-a46b-7bc6a6dd17b4
May 22 14:19:43.356944 np0000001277 devstack@c-api.service[96231]: DEBUG cinder.api.openstack.wsgi [None req-e4b3f30e-3cdd-47c9-aeb3-c5b6083178e8 tempest-AttachSCSIVolumeTestJSON-759615398 tempest-AttachSCSIVolumeTestJSON-759615398-project-member] Empty body provided in request {{(pid=96231) get_body /opt/stack/cinder/cinder/api/openstack/wsgi.py:725}}
May 22 14:19:43.356944 np0000001277 devstack@c-api.service[96231]: DEBUG cinder.api.openstack.wsgi [None req-e4b3f30e-3cdd-47c9-aeb3-c5b6083178e8 tempest-AttachSCSIVolumeTestJSON-759615398 tempest-AttachSCSIVolumeTestJSON-759615398-project-member] Calling method 'show' {{(pid=96231) _process_stack /opt/stack/cinder/cinder/api/openstack/wsgi.py:878}}
May 22 14:19:43.374476 np0000001277 devstack@c-api.service[96231]: /opt/stack/data/venv/lib/python3.12/site-packages/oslo_context/context.py:102: DeprecationWarning: Policy enforcement is depending on the value of is_admin. This key is deprecated. Please update your policy file to use the standard policy values.
May 22 14:19:43.374476 np0000001277 devstack@c-api.service[96231]: warnings.warn(
May 22 14:19:43.378891 np0000001277 devstack@c-api.service[96231]: INFO cinder.volume.api [None req-e4b3f30e-3cdd-47c9-aeb3-c5b6083178e8 tempest-AttachSCSIVolumeTestJSON-759615398 tempest-AttachSCSIVolumeTestJSON-759615398-project-member] Volume info retrieved successfully.
May 22 14:19:43.383358 np0000001277 devstack@c-api.service[96231]: INFO cinder.api.openstack.wsgi [None req-e4b3f30e-3cdd-47c9-aeb3-c5b6083178e8 tempest-AttachSCSIVolumeTestJSON-759615398 tempest-AttachSCSIVolumeTestJSON-759615398-project-member] https://10.4.3.26/volume/v3/volumes/6b1aec59-d83a-42b0-a46b-7bc6a6dd17b4 returned with HTTP 200
May 22 14:19:43.383756 np0000001277 devstack@c-api.service[96231]: [pid: 96231|app: 0|req: 107/219] 10.4.3.26 () {66 vars in 1341 bytes} [Fri May 22 14:19:43 2026] GET /volume/v3/volumes/6b1aec59-d83a-42b0-a46b-7bc6a6dd17b4 => generated 845 bytes in 31 msecs (HTTP/1.1 200) 7 headers in 285 bytes (1 switches on core 0)
May 22 14:19:43.384322 np0000001277 devstack@c-api.service[96231]: DEBUG cinder.api.middleware.request_id [None req-56c5e3f1-1beb-4a02-937c-d7bf1823f070 None None] RequestId filter calling following filter/app {{(pid=96231) _context_setter /opt/stack/cinder/cinder/api/middleware/request_id.py:62}}
May 22 14:19:43.389358 np0000001277 devstack@c-api.service[96231]: INFO cinder.api.openstack.wsgi [None req-56c5e3f1-1beb-4a02-937c-d7bf1823f070 tempest-VolumesServicesTestJSON-428549544 tempest-VolumesServicesTestJSON-428549544-project-member] GET https://10.4.3.26/volume/v3/volumes/26feccdd-c59f-460e-9c7a-c4b390b6e565
May 22 14:19:43.389358 np0000001277 devstack@c-api.service[96231]: DEBUG cinder.api.openstack.wsgi [None req-56c5e3f1-1beb-4a02-937c-d7bf1823f070 tempest-VolumesServicesTestJSON-428549544 tempest-VolumesServicesTestJSON-428549544-project-member] Empty body provided in request {{(pid=96231) get_body /opt/stack/cinder/cinder/api/openstack/wsgi.py:725}}
May 22 14:19:43.389358 np0000001277 devstack@c-api.service[96231]: DEBUG cinder.api.openstack.wsgi [None req-56c5e3f1-1beb-4a02-937c-d7bf1823f070 tempest-VolumesServicesTestJSON-428549544 tempest-VolumesServicesTestJSON-428549544-project-member] Calling method 'show' {{(pid=96231) _process_stack /opt/stack/cinder/cinder/api/openstack/wsgi.py:878}}
May 22 14:19:43.401849 np0000001277 devstack@c-api.service[96231]: /opt/stack/data/venv/lib/python3.12/site-packages/oslo_context/context.py:102: DeprecationWarning: Policy enforcement is depending on the value of is_admin. This key is deprecated. Please update your policy file to use the standard policy values.
May 22 14:19:43.401849 np0000001277 devstack@c-api.service[96231]: warnings.warn(
May 22 14:19:43.407926 np0000001277 devstack@c-api.service[96231]: INFO cinder.volume.api [None req-56c5e3f1-1beb-4a02-937c-d7bf1823f070 tempest-VolumesServicesTestJSON-428549544 tempest-VolumesServicesTestJSON-428549544-project-member] Volume info retrieved successfully.
May 22 14:19:43.414132 np0000001277 devstack@c-api.service[96231]: INFO cinder.api.openstack.wsgi [None req-56c5e3f1-1beb-4a02-937c-d7bf1823f070 tempest-VolumesServicesTestJSON-428549544 tempest-VolumesServicesTestJSON-428549544-project-member] https://10.4.3.26/volume/v3/volumes/26feccdd-c59f-460e-9c7a-c4b390b6e565 returned with HTTP 200
May 22 14:19:43.414721 np0000001277 devstack@c-api.service[96231]: [pid: 96231|app: 0|req: 108/220] 10.4.3.26 () {66 vars in 1341 bytes} [Fri May 22 14:19:43 2026] GET /volume/v3/volumes/26feccdd-c59f-460e-9c7a-c4b390b6e565 => generated 820 bytes in 30 msecs (HTTP/1.1 200) 7 headers in 285 bytes (1 switches on core 0)
May 22 14:19:43.825326 np0000001277 devstack@c-api.service[96230]: DEBUG cinder.coordination [req-ddd4508d-d25b-421c-8770-6af562eaf04e req-9077616a-c685-4fe2-9472-dfdade2ab22c tempest-VolumesAssistedSnapshotsTest-1395768768 tempest-VolumesAssistedSnapshotsTest-1395768768-project-admin] Lock "cinder-attachment_update-6e22f99c-a1c1-4808-aa83-48864cffc436-np0000001277" released by "attachment_update" :: held 0.538s {{(pid=96230) __release /opt/stack/cinder/cinder/coordination.py:152}}
May 22 14:19:43.825930 np0000001277 devstack@c-api.service[96230]: INFO cinder.api.openstack.wsgi [req-ddd4508d-d25b-421c-8770-6af562eaf04e req-9077616a-c685-4fe2-9472-dfdade2ab22c tempest-VolumesAssistedSnapshotsTest-1395768768 tempest-VolumesAssistedSnapshotsTest-1395768768-project-admin] https://10.4.3.26/volume/v3/attachments/7f711f9a-819d-4582-8eb3-60f1af9f4788 returned with HTTP 200
May 22 14:19:43.826657 np0000001277 devstack@c-api.service[96230]: [pid: 96230|app: 0|req: 113/221] 10.4.3.26 () {74 vars in 1698 bytes} [Fri May 22 14:19:43 2026] PUT /volume/v3/attachments/7f711f9a-819d-4582-8eb3-60f1af9f4788 => generated 535 bytes in 556 msecs (HTTP/1.1 200) 7 headers in 286 bytes (2 switches on core 0)
May 22 14:19:44.075280 np0000001277 devstack@c-api.service[96231]: DEBUG cinder.api.middleware.request_id [None req-aac33d02-693b-497a-8194-86d0994171b7 None None] RequestId filter calling following filter/app {{(pid=96231) _context_setter /opt/stack/cinder/cinder/api/middleware/request_id.py:62}}
May 22 14:19:44.076986 np0000001277 devstack@c-api.service[96231]: INFO cinder.api.openstack.wsgi [None req-aac33d02-693b-497a-8194-86d0994171b7 tempest-VolumesAssistedSnapshotsTest-1395768768 tempest-VolumesAssistedSnapshotsTest-1395768768-project-admin] GET https://10.4.3.26/volume/v3/volumes/6e22f99c-a1c1-4808-aa83-48864cffc436
May 22 14:19:44.077164 np0000001277 devstack@c-api.service[96231]: DEBUG cinder.api.openstack.wsgi [None req-aac33d02-693b-497a-8194-86d0994171b7 tempest-VolumesAssistedSnapshotsTest-1395768768 tempest-VolumesAssistedSnapshotsTest-1395768768-project-admin] Empty body provided in request {{(pid=96231) get_body /opt/stack/cinder/cinder/api/openstack/wsgi.py:725}}
May 22 14:19:44.077341 np0000001277 devstack@c-api.service[96231]: DEBUG cinder.api.openstack.wsgi [None req-aac33d02-693b-497a-8194-86d0994171b7 tempest-VolumesAssistedSnapshotsTest-1395768768 tempest-VolumesAssistedSnapshotsTest-1395768768-project-admin] Calling method 'show' {{(pid=96231) _process_stack /opt/stack/cinder/cinder/api/openstack/wsgi.py:878}}
May 22 14:19:44.085535 np0000001277 devstack@c-api.service[96231]: /opt/stack/data/venv/lib/python3.12/site-packages/oslo_context/context.py:102: DeprecationWarning: Policy enforcement is depending on the value of is_admin. This key is deprecated. Please update your policy file to use the standard policy values.
May 22 14:19:44.085535 np0000001277 devstack@c-api.service[96231]: warnings.warn(
May 22 14:19:44.088491 np0000001277 devstack@c-api.service[96231]: INFO cinder.volume.api [None req-aac33d02-693b-497a-8194-86d0994171b7 tempest-VolumesAssistedSnapshotsTest-1395768768 tempest-VolumesAssistedSnapshotsTest-1395768768-project-admin] Volume info retrieved successfully.
May 22 14:19:44.092541 np0000001277 devstack@c-api.service[96231]: INFO cinder.api.openstack.wsgi [None req-aac33d02-693b-497a-8194-86d0994171b7 tempest-VolumesAssistedSnapshotsTest-1395768768 tempest-VolumesAssistedSnapshotsTest-1395768768-project-admin] https://10.4.3.26/volume/v3/volumes/6e22f99c-a1c1-4808-aa83-48864cffc436 returned with HTTP 200
May 22 14:19:44.092933 np0000001277 devstack@c-api.service[96231]: [pid: 96231|app: 0|req: 109/222] 10.4.3.26 () {66 vars in 1341 bytes} [Fri May 22 14:19:44 2026] GET /volume/v3/volumes/6e22f99c-a1c1-4808-aa83-48864cffc436 => generated 1014 bytes in 18 msecs (HTTP/1.1 200) 7 headers in 286 bytes (1 switches on core 0)
May 22 14:19:44.211776 np0000001277 devstack@c-api.service[96230]: DEBUG cinder.api.middleware.request_id [req-e5dd76a3-2d86-43a6-aeb4-989b0988bb9c req-9feebfb3-a036-482f-8389-3b75c8e0f69a None None] RequestId filter calling following filter/app {{(pid=96230) _context_setter /opt/stack/cinder/cinder/api/middleware/request_id.py:62}}
May 22 14:19:44.216215 np0000001277 devstack@c-api.service[96230]: INFO cinder.api.openstack.wsgi [req-e5dd76a3-2d86-43a6-aeb4-989b0988bb9c req-9feebfb3-a036-482f-8389-3b75c8e0f69a tempest-AttachSCSIVolumeTestJSON-759615398 tempest-AttachSCSIVolumeTestJSON-759615398-project-member] POST https://10.4.3.26/volume/v3/attachments/69d5d703-374c-4829-a559-f738f2059f22/action
May 22 14:19:44.218100 np0000001277 devstack@c-api.service[96230]: DEBUG cinder.api.openstack.wsgi [req-e5dd76a3-2d86-43a6-aeb4-989b0988bb9c req-9feebfb3-a036-482f-8389-3b75c8e0f69a tempest-AttachSCSIVolumeTestJSON-759615398 tempest-AttachSCSIVolumeTestJSON-759615398-project-member] Action body: b'{"os-complete": null}' {{(pid=96230) get_method /opt/stack/cinder/cinder/api/openstack/wsgi.py:993}}
May 22 14:19:44.218787 np0000001277 devstack@c-api.service[96230]: DEBUG cinder.api.openstack.wsgi [req-e5dd76a3-2d86-43a6-aeb4-989b0988bb9c req-9feebfb3-a036-482f-8389-3b75c8e0f69a tempest-AttachSCSIVolumeTestJSON-759615398 tempest-AttachSCSIVolumeTestJSON-759615398-project-member] Action: 'action', calling method: complete, body: {"os-complete": null} {{(pid=96230) _process_stack /opt/stack/cinder/cinder/api/openstack/wsgi.py:876}}
May 22 14:19:44.247637 np0000001277 devstack@c-api.service[96230]: /opt/stack/data/venv/lib/python3.12/site-packages/oslo_context/context.py:102: DeprecationWarning: Policy enforcement is depending on the value of is_admin. This key is deprecated. Please update your policy file to use the standard policy values.
May 22 14:19:44.247637 np0000001277 devstack@c-api.service[96230]: warnings.warn(
May 22 14:19:44.260134 np0000001277 devstack@c-api.service[96230]: INFO cinder.api.openstack.wsgi [req-e5dd76a3-2d86-43a6-aeb4-989b0988bb9c req-9feebfb3-a036-482f-8389-3b75c8e0f69a tempest-AttachSCSIVolumeTestJSON-759615398 tempest-AttachSCSIVolumeTestJSON-759615398-project-member] https://10.4.3.26/volume/v3/attachments/69d5d703-374c-4829-a559-f738f2059f22/action returned with HTTP 204
May 22 14:19:44.263396 np0000001277 devstack@c-api.service[96230]: [pid: 96230|app: 0|req: 114/223] 10.4.3.26 () {74 vars in 1718 bytes} [Fri May 22 14:19:44 2026] POST /volume/v3/attachments/69d5d703-374c-4829-a559-f738f2059f22/action => generated 0 bytes in 52 msecs (HTTP/1.1 204) 7 headers in 292 bytes (1 switches on core 0)
May 22 14:19:44.403231 np0000001277 devstack@c-api.service[96231]: DEBUG cinder.api.middleware.request_id [None req-e55e7593-bce7-48a1-b780-86e202770449 None None] RequestId filter calling following filter/app {{(pid=96231) _context_setter /opt/stack/cinder/cinder/api/middleware/request_id.py:62}}
May 22 14:19:44.406666 np0000001277 devstack@c-api.service[96231]: INFO cinder.api.openstack.wsgi [None req-e55e7593-bce7-48a1-b780-86e202770449 tempest-AttachSCSIVolumeTestJSON-759615398 tempest-AttachSCSIVolumeTestJSON-759615398-project-member] GET https://10.4.3.26/volume/v3/volumes/6b1aec59-d83a-42b0-a46b-7bc6a6dd17b4
May 22 14:19:44.410590 np0000001277 devstack@c-api.service[96231]: DEBUG cinder.api.openstack.wsgi [None req-e55e7593-bce7-48a1-b780-86e202770449 tempest-AttachSCSIVolumeTestJSON-759615398 tempest-AttachSCSIVolumeTestJSON-759615398-project-member] Empty body provided in request {{(pid=96231) get_body /opt/stack/cinder/cinder/api/openstack/wsgi.py:725}}
May 22 14:19:44.411011 np0000001277 devstack@c-api.service[96231]: DEBUG cinder.api.openstack.wsgi [None req-e55e7593-bce7-48a1-b780-86e202770449 tempest-AttachSCSIVolumeTestJSON-759615398 tempest-AttachSCSIVolumeTestJSON-759615398-project-member] Calling method 'show' {{(pid=96231) _process_stack /opt/stack/cinder/cinder/api/openstack/wsgi.py:878}}
May 22 14:19:44.423661 np0000001277 devstack@c-api.service[96231]: /opt/stack/data/venv/lib/python3.12/site-packages/oslo_context/context.py:102: DeprecationWarning: Policy enforcement is depending on the value of is_admin. This key is deprecated. Please update your policy file to use the standard policy values.
May 22 14:19:44.423661 np0000001277 devstack@c-api.service[96231]: warnings.warn(
May 22 14:19:44.426998 np0000001277 devstack@c-api.service[96231]: INFO cinder.volume.api [None req-e55e7593-bce7-48a1-b780-86e202770449 tempest-AttachSCSIVolumeTestJSON-759615398 tempest-AttachSCSIVolumeTestJSON-759615398-project-member] Volume info retrieved successfully.
May 22 14:19:44.429715 np0000001277 devstack@c-api.service[96230]: DEBUG cinder.api.middleware.request_id [None req-9077de7b-bf25-4101-9ba5-bc60f85f1764 None None] RequestId filter calling following filter/app {{(pid=96230) _context_setter /opt/stack/cinder/cinder/api/middleware/request_id.py:62}}
May 22 14:19:44.432740 np0000001277 devstack@c-api.service[96231]: INFO cinder.api.openstack.wsgi [None req-e55e7593-bce7-48a1-b780-86e202770449 tempest-AttachSCSIVolumeTestJSON-759615398 tempest-AttachSCSIVolumeTestJSON-759615398-project-member] https://10.4.3.26/volume/v3/volumes/6b1aec59-d83a-42b0-a46b-7bc6a6dd17b4 returned with HTTP 200
May 22 14:19:44.432859 np0000001277 devstack@c-api.service[96230]: INFO cinder.api.openstack.wsgi [None req-9077de7b-bf25-4101-9ba5-bc60f85f1764 tempest-VolumesServicesTestJSON-428549544 tempest-VolumesServicesTestJSON-428549544-project-member] GET https://10.4.3.26/volume/v3/volumes/26feccdd-c59f-460e-9c7a-c4b390b6e565
May 22 14:19:44.432907 np0000001277 devstack@c-api.service[96231]: [pid: 96231|app: 0|req: 110/224] 10.4.3.26 () {66 vars in 1341 bytes} [Fri May 22 14:19:44 2026] GET /volume/v3/volumes/6b1aec59-d83a-42b0-a46b-7bc6a6dd17b4 => generated 1137 bytes in 31 msecs (HTTP/1.1 200) 7 headers in 286 bytes (1 switches on core 0)
May 22 14:19:44.432951 np0000001277 devstack@c-api.service[96230]: DEBUG cinder.api.openstack.wsgi [None req-9077de7b-bf25-4101-9ba5-bc60f85f1764 tempest-VolumesServicesTestJSON-428549544 tempest-VolumesServicesTestJSON-428549544-project-member] Empty body provided in request {{(pid=96230) get_body /opt/stack/cinder/cinder/api/openstack/wsgi.py:725}}
May 22 14:19:44.432951 np0000001277 devstack@c-api.service[96230]: DEBUG cinder.api.openstack.wsgi [None req-9077de7b-bf25-4101-9ba5-bc60f85f1764 tempest-VolumesServicesTestJSON-428549544 tempest-VolumesServicesTestJSON-428549544-project-member] Calling method 'show' {{(pid=96230) _process_stack /opt/stack/cinder/cinder/api/openstack/wsgi.py:878}}
May 22 14:19:44.441738 np0000001277 devstack@c-api.service[96230]: /opt/stack/data/venv/lib/python3.12/site-packages/oslo_context/context.py:102: DeprecationWarning: Policy enforcement is depending on the value of is_admin. This key is deprecated. Please update your policy file to use the standard policy values.
May 22 14:19:44.441738 np0000001277 devstack@c-api.service[96230]: warnings.warn(
May 22 14:19:44.447087 np0000001277 devstack@c-api.service[96231]: DEBUG cinder.api.middleware.request_id [None req-89a6ee0e-4b5b-4195-95bb-3c078a25a75d None None] RequestId filter calling following filter/app {{(pid=96231) _context_setter /opt/stack/cinder/cinder/api/middleware/request_id.py:62}}
May 22 14:19:44.449533 np0000001277 devstack@c-api.service[96231]: INFO cinder.api.openstack.wsgi [None req-89a6ee0e-4b5b-4195-95bb-3c078a25a75d tempest-AttachSCSIVolumeTestJSON-759615398 tempest-AttachSCSIVolumeTestJSON-759615398-project-member] GET https://10.4.3.26/volume/v3/volumes/6b1aec59-d83a-42b0-a46b-7bc6a6dd17b4
May 22 14:19:44.449757 np0000001277 devstack@c-api.service[96230]: INFO cinder.volume.api [None req-9077de7b-bf25-4101-9ba5-bc60f85f1764 tempest-VolumesServicesTestJSON-428549544 tempest-VolumesServicesTestJSON-428549544-project-member] Volume info retrieved successfully.
May 22 14:19:44.450071 np0000001277 devstack@c-api.service[96231]: DEBUG cinder.api.openstack.wsgi [None req-89a6ee0e-4b5b-4195-95bb-3c078a25a75d tempest-AttachSCSIVolumeTestJSON-759615398 tempest-AttachSCSIVolumeTestJSON-759615398-project-member] Empty body provided in request {{(pid=96231) get_body /opt/stack/cinder/cinder/api/openstack/wsgi.py:725}}
May 22 14:19:44.450434 np0000001277 devstack@c-api.service[96231]: DEBUG cinder.api.openstack.wsgi [None req-89a6ee0e-4b5b-4195-95bb-3c078a25a75d tempest-AttachSCSIVolumeTestJSON-759615398 tempest-AttachSCSIVolumeTestJSON-759615398-project-member] Calling method 'show' {{(pid=96231) _process_stack /opt/stack/cinder/cinder/api/openstack/wsgi.py:878}}
May 22 14:19:44.457681 np0000001277 devstack@c-api.service[96230]: INFO cinder.api.openstack.wsgi [None req-9077de7b-bf25-4101-9ba5-bc60f85f1764 tempest-VolumesServicesTestJSON-428549544 tempest-VolumesServicesTestJSON-428549544-project-member] https://10.4.3.26/volume/v3/volumes/26feccdd-c59f-460e-9c7a-c4b390b6e565 returned with HTTP 200
May 22 14:19:44.458675 np0000001277 devstack@c-api.service[96230]: [pid: 96230|app: 0|req: 115/225] 10.4.3.26 () {66 vars in 1341 bytes} [Fri May 22 14:19:44 2026] GET /volume/v3/volumes/26feccdd-c59f-460e-9c7a-c4b390b6e565 => generated 845 bytes in 29 msecs (HTTP/1.1 200) 7 headers in 285 bytes (1 switches on core 0)
May 22 14:19:44.466722 np0000001277 devstack@c-api.service[96231]: /opt/stack/data/venv/lib/python3.12/site-packages/oslo_context/context.py:102: DeprecationWarning: Policy enforcement is depending on the value of is_admin. This key is deprecated. Please update your policy file to use the standard policy values.
May 22 14:19:44.466722 np0000001277 devstack@c-api.service[96231]: warnings.warn(
May 22 14:19:44.475811 np0000001277 devstack@c-api.service[96230]: DEBUG cinder.api.middleware.request_id [None req-33dcbc8a-fcc1-4a3d-802e-3e5ed260925b None None] RequestId filter calling following filter/app {{(pid=96230) _context_setter /opt/stack/cinder/cinder/api/middleware/request_id.py:62}}
May 22 14:19:44.477014 np0000001277 devstack@c-api.service[96231]: INFO cinder.volume.api [None req-89a6ee0e-4b5b-4195-95bb-3c078a25a75d tempest-AttachSCSIVolumeTestJSON-759615398 tempest-AttachSCSIVolumeTestJSON-759615398-project-member] Volume info retrieved successfully.
May 22 14:19:44.477793 np0000001277 devstack@c-api.service[96230]: INFO cinder.api.openstack.wsgi [None req-33dcbc8a-fcc1-4a3d-802e-3e5ed260925b tempest-VolumesServicesTestJSON-798114578 tempest-VolumesServicesTestJSON-798114578-project-admin] GET https://10.4.3.26/volume/v3/volumes/26feccdd-c59f-460e-9c7a-c4b390b6e565
May 22 14:19:44.478252 np0000001277 devstack@c-api.service[96230]: DEBUG cinder.api.openstack.wsgi [None req-33dcbc8a-fcc1-4a3d-802e-3e5ed260925b tempest-VolumesServicesTestJSON-798114578 tempest-VolumesServicesTestJSON-798114578-project-admin] Empty body provided in request {{(pid=96230) get_body /opt/stack/cinder/cinder/api/openstack/wsgi.py:725}}
May 22 14:19:44.478520 np0000001277 devstack@c-api.service[96230]: DEBUG cinder.api.openstack.wsgi [None req-33dcbc8a-fcc1-4a3d-802e-3e5ed260925b tempest-VolumesServicesTestJSON-798114578 tempest-VolumesServicesTestJSON-798114578-project-admin] Calling method 'show' {{(pid=96230) _process_stack /opt/stack/cinder/cinder/api/openstack/wsgi.py:878}}
May 22 14:19:44.486543 np0000001277 devstack@c-api.service[96231]: INFO cinder.api.openstack.wsgi [None req-89a6ee0e-4b5b-4195-95bb-3c078a25a75d tempest-AttachSCSIVolumeTestJSON-759615398 tempest-AttachSCSIVolumeTestJSON-759615398-project-member] https://10.4.3.26/volume/v3/volumes/6b1aec59-d83a-42b0-a46b-7bc6a6dd17b4 returned with HTTP 200
May 22 14:19:44.487073 np0000001277 devstack@c-api.service[96231]: [pid: 96231|app: 0|req: 111/226] 10.4.3.26 () {66 vars in 1341 bytes} [Fri May 22 14:19:44 2026] GET /volume/v3/volumes/6b1aec59-d83a-42b0-a46b-7bc6a6dd17b4 => generated 1137 bytes in 41 msecs (HTTP/1.1 200) 7 headers in 286 bytes (1 switches on core 0)
May 22 14:19:44.489529 np0000001277 devstack@c-api.service[96230]: /opt/stack/data/venv/lib/python3.12/site-packages/oslo_context/context.py:102: DeprecationWarning: Policy enforcement is depending on the value of is_admin. This key is deprecated. Please update your policy file to use the standard policy values.
May 22 14:19:44.489529 np0000001277 devstack@c-api.service[96230]: warnings.warn(
May 22 14:19:44.494168 np0000001277 devstack@c-api.service[96230]: INFO cinder.volume.api [None req-33dcbc8a-fcc1-4a3d-802e-3e5ed260925b tempest-VolumesServicesTestJSON-798114578 tempest-VolumesServicesTestJSON-798114578-project-admin] Volume info retrieved successfully.
May 22 14:19:44.498525 np0000001277 devstack@c-api.service[96230]: INFO cinder.api.openstack.wsgi [None req-33dcbc8a-fcc1-4a3d-802e-3e5ed260925b tempest-VolumesServicesTestJSON-798114578 tempest-VolumesServicesTestJSON-798114578-project-admin] https://10.4.3.26/volume/v3/volumes/26feccdd-c59f-460e-9c7a-c4b390b6e565 returned with HTTP 200
May 22 14:19:44.498997 np0000001277 devstack@c-api.service[96230]: [pid: 96230|app: 0|req: 116/227] 10.4.3.26 () {66 vars in 1341 bytes} [Fri May 22 14:19:44 2026] GET /volume/v3/volumes/26feccdd-c59f-460e-9c7a-c4b390b6e565 => generated 1018 bytes in 23 msecs (HTTP/1.1 200) 7 headers in 286 bytes (1 switches on core 0)
May 22 14:19:44.509797 np0000001277 devstack@c-api.service[96231]: DEBUG cinder.api.middleware.request_id [None req-8513dfa0-d66b-43b6-a7c1-99390aa92df8 None None] RequestId filter calling following filter/app {{(pid=96231) _context_setter /opt/stack/cinder/cinder/api/middleware/request_id.py:62}}
May 22 14:19:44.511836 np0000001277 devstack@c-api.service[96231]: INFO cinder.api.openstack.wsgi [None req-8513dfa0-d66b-43b6-a7c1-99390aa92df8 tempest-AttachSCSIVolumeTestJSON-759615398 tempest-AttachSCSIVolumeTestJSON-759615398-project-reader] GET https://10.4.3.26/volume/v3/volumes/6b1aec59-d83a-42b0-a46b-7bc6a6dd17b4
May 22 14:19:44.512320 np0000001277 devstack@c-api.service[96231]: DEBUG cinder.api.openstack.wsgi [None req-8513dfa0-d66b-43b6-a7c1-99390aa92df8 tempest-AttachSCSIVolumeTestJSON-759615398 tempest-AttachSCSIVolumeTestJSON-759615398-project-reader] Empty body provided in request {{(pid=96231) get_body /opt/stack/cinder/cinder/api/openstack/wsgi.py:725}}
May 22 14:19:44.512716 np0000001277 devstack@c-api.service[96231]: DEBUG cinder.api.openstack.wsgi [None req-8513dfa0-d66b-43b6-a7c1-99390aa92df8 tempest-AttachSCSIVolumeTestJSON-759615398 tempest-AttachSCSIVolumeTestJSON-759615398-project-reader] Calling method 'show' {{(pid=96231) _process_stack /opt/stack/cinder/cinder/api/openstack/wsgi.py:878}}
May 22 14:19:44.515193 np0000001277 devstack@c-api.service[96230]: DEBUG cinder.api.middleware.request_id [None req-2a3b1873-6e0c-46d1-a2f5-c40e71cf6217 None None] RequestId filter calling following filter/app {{(pid=96230) _context_setter /opt/stack/cinder/cinder/api/middleware/request_id.py:62}}
May 22 14:19:44.518750 np0000001277 devstack@c-api.service[96230]: INFO cinder.api.openstack.wsgi [None req-2a3b1873-6e0c-46d1-a2f5-c40e71cf6217 tempest-VolumesServicesTestJSON-798114578 tempest-VolumesServicesTestJSON-798114578-project-admin] GET https://10.4.3.26/volume/v3/os-services?host=np0000001277&binary=cinder-volume
May 22 14:19:44.519137 np0000001277 devstack@c-api.service[96230]: DEBUG cinder.api.openstack.wsgi [None req-2a3b1873-6e0c-46d1-a2f5-c40e71cf6217 tempest-VolumesServicesTestJSON-798114578 tempest-VolumesServicesTestJSON-798114578-project-admin] Empty body provided in request {{(pid=96230) get_body /opt/stack/cinder/cinder/api/openstack/wsgi.py:725}}
May 22 14:19:44.521596 np0000001277 devstack@c-api.service[96230]: DEBUG cinder.api.openstack.wsgi [None req-2a3b1873-6e0c-46d1-a2f5-c40e71cf6217 tempest-VolumesServicesTestJSON-798114578 tempest-VolumesServicesTestJSON-798114578-project-admin] Calling method 'index' {{(pid=96230) _process_stack /opt/stack/cinder/cinder/api/openstack/wsgi.py:878}}
May 22 14:19:44.527038 np0000001277 devstack@c-api.service[96230]: INFO cinder.api.openstack.wsgi [None req-2a3b1873-6e0c-46d1-a2f5-c40e71cf6217 tempest-VolumesServicesTestJSON-798114578 tempest-VolumesServicesTestJSON-798114578-project-admin] https://10.4.3.26/volume/v3/os-services?host=np0000001277&binary=cinder-volume returned with HTTP 200
May 22 14:19:44.527906 np0000001277 devstack@c-api.service[96230]: [pid: 96230|app: 0|req: 117/228] 10.4.3.26 () {66 vars in 1319 bytes} [Fri May 22 14:19:44 2026] GET /volume/v3/os-services?host=np0000001277&binary=cinder-volume => generated 275 bytes in 13 msecs (HTTP/1.1 200) 7 headers in 285 bytes (1 switches on core 0)
May 22 14:19:44.528829 np0000001277 devstack@c-api.service[96231]: /opt/stack/data/venv/lib/python3.12/site-packages/oslo_context/context.py:102: DeprecationWarning: Policy enforcement is depending on the value of is_admin. This key is deprecated. Please update your policy file to use the standard policy values.
May 22 14:19:44.528829 np0000001277 devstack@c-api.service[96231]: warnings.warn(
May 22 14:19:44.533060 np0000001277 devstack@c-api.service[96231]: INFO cinder.volume.api [None req-8513dfa0-d66b-43b6-a7c1-99390aa92df8 tempest-AttachSCSIVolumeTestJSON-759615398 tempest-AttachSCSIVolumeTestJSON-759615398-project-reader] Volume info retrieved successfully.
May 22 14:19:44.536156 np0000001277 devstack@c-api.service[96230]: DEBUG cinder.api.middleware.request_id [None req-463118e3-0225-4c92-89e0-9ea511b8fc22 None None] RequestId filter calling following filter/app {{(pid=96230) _context_setter /opt/stack/cinder/cinder/api/middleware/request_id.py:62}}
May 22 14:19:44.537976 np0000001277 devstack@c-api.service[96231]: INFO cinder.api.openstack.wsgi [None req-8513dfa0-d66b-43b6-a7c1-99390aa92df8 tempest-AttachSCSIVolumeTestJSON-759615398 tempest-AttachSCSIVolumeTestJSON-759615398-project-reader] https://10.4.3.26/volume/v3/volumes/6b1aec59-d83a-42b0-a46b-7bc6a6dd17b4 returned with HTTP 200
May 22 14:19:44.538063 np0000001277 devstack@c-api.service[96230]: INFO cinder.api.openstack.wsgi [None req-463118e3-0225-4c92-89e0-9ea511b8fc22 tempest-VolumesServicesTestJSON-428549544 tempest-VolumesServicesTestJSON-428549544-project-member] GET https://10.4.3.26/volume/v3/volumes/26feccdd-c59f-460e-9c7a-c4b390b6e565
May 22 14:19:44.538164 np0000001277 devstack@c-api.service[96230]: DEBUG cinder.api.openstack.wsgi [None req-463118e3-0225-4c92-89e0-9ea511b8fc22 tempest-VolumesServicesTestJSON-428549544 tempest-VolumesServicesTestJSON-428549544-project-member] Empty body provided in request {{(pid=96230) get_body /opt/stack/cinder/cinder/api/openstack/wsgi.py:725}}
May 22 14:19:44.538335 np0000001277 devstack@c-api.service[96230]: DEBUG cinder.api.openstack.wsgi [None req-463118e3-0225-4c92-89e0-9ea511b8fc22 tempest-VolumesServicesTestJSON-428549544 tempest-VolumesServicesTestJSON-428549544-project-member] Calling method 'show' {{(pid=96230) _process_stack /opt/stack/cinder/cinder/api/openstack/wsgi.py:878}}
May 22 14:19:44.538671 np0000001277 devstack@c-api.service[96231]: [pid: 96231|app: 0|req: 112/229] 10.4.3.26 () {66 vars in 1341 bytes} [Fri May 22 14:19:44 2026] GET /volume/v3/volumes/6b1aec59-d83a-42b0-a46b-7bc6a6dd17b4 => generated 1137 bytes in 31 msecs (HTTP/1.1 200) 7 headers in 286 bytes (1 switches on core 0)
May 22 14:19:44.545109 np0000001277 devstack@c-api.service[96230]: /opt/stack/data/venv/lib/python3.12/site-packages/oslo_context/context.py:102: DeprecationWarning: Policy enforcement is depending on the value of is_admin. This key is deprecated. Please update your policy file to use the standard policy values.
May 22 14:19:44.545109 np0000001277 devstack@c-api.service[96230]: warnings.warn(
May 22 14:19:44.548659 np0000001277 devstack@c-api.service[96230]: INFO cinder.volume.api [None req-463118e3-0225-4c92-89e0-9ea511b8fc22 tempest-VolumesServicesTestJSON-428549544 tempest-VolumesServicesTestJSON-428549544-project-member] Volume info retrieved successfully.
May 22 14:19:44.553883 np0000001277 devstack@c-api.service[96230]: INFO cinder.api.openstack.wsgi [None req-463118e3-0225-4c92-89e0-9ea511b8fc22 tempest-VolumesServicesTestJSON-428549544 tempest-VolumesServicesTestJSON-428549544-project-member] https://10.4.3.26/volume/v3/volumes/26feccdd-c59f-460e-9c7a-c4b390b6e565 returned with HTTP 200
May 22 14:19:44.554421 np0000001277 devstack@c-api.service[96230]: [pid: 96230|app: 0|req: 118/230] 10.4.3.26 () {66 vars in 1341 bytes} [Fri May 22 14:19:44 2026] GET /volume/v3/volumes/26feccdd-c59f-460e-9c7a-c4b390b6e565 => generated 845 bytes in 18 msecs (HTTP/1.1 200) 7 headers in 285 bytes (1 switches on core 0)
May 22 14:19:44.573588 np0000001277 devstack@c-api.service[96231]: DEBUG cinder.api.middleware.request_id [None req-11420111-b331-45b6-96db-796bf5a5edeb None None] RequestId filter calling following filter/app {{(pid=96231) _context_setter /opt/stack/cinder/cinder/api/middleware/request_id.py:62}}
May 22 14:19:44.575661 np0000001277 devstack@c-api.service[96231]: INFO cinder.api.openstack.wsgi [None req-11420111-b331-45b6-96db-796bf5a5edeb tempest-VolumesServicesTestJSON-428549544 tempest-VolumesServicesTestJSON-428549544-project-member] DELETE https://10.4.3.26/volume/v3/volumes/26feccdd-c59f-460e-9c7a-c4b390b6e565
May 22 14:19:44.576077 np0000001277 devstack@c-api.service[96231]: DEBUG cinder.api.openstack.wsgi [None req-11420111-b331-45b6-96db-796bf5a5edeb tempest-VolumesServicesTestJSON-428549544 tempest-VolumesServicesTestJSON-428549544-project-member] Empty body provided in request {{(pid=96231) get_body /opt/stack/cinder/cinder/api/openstack/wsgi.py:725}}
May 22 14:19:44.576356 np0000001277 devstack@c-api.service[96231]: DEBUG cinder.api.openstack.wsgi [None req-11420111-b331-45b6-96db-796bf5a5edeb tempest-VolumesServicesTestJSON-428549544 tempest-VolumesServicesTestJSON-428549544-project-member] Calling method 'delete' {{(pid=96231) _process_stack /opt/stack/cinder/cinder/api/openstack/wsgi.py:878}}
May 22 14:19:44.576580 np0000001277 devstack@c-api.service[96231]: INFO cinder.api.v3.volumes [None req-11420111-b331-45b6-96db-796bf5a5edeb tempest-VolumesServicesTestJSON-428549544 tempest-VolumesServicesTestJSON-428549544-project-member] Delete volume with id: 26feccdd-c59f-460e-9c7a-c4b390b6e565
May 22 14:19:44.590972 np0000001277 devstack@c-api.service[96231]: /opt/stack/data/venv/lib/python3.12/site-packages/oslo_context/context.py:102: DeprecationWarning: Policy enforcement is depending on the value of is_admin. This key is deprecated. Please update your policy file to use the standard policy values.
May 22 14:19:44.590972 np0000001277 devstack@c-api.service[96231]: warnings.warn(
May 22 14:19:44.591807 np0000001277 devstack@c-api.service[96231]: INFO cinder.volume.api [None req-11420111-b331-45b6-96db-796bf5a5edeb tempest-VolumesServicesTestJSON-428549544 tempest-VolumesServicesTestJSON-428549544-project-member] Volume info retrieved successfully.
May 22 14:19:44.622773 np0000001277 devstack@c-api.service[96231]: INFO cinder.volume.api [None req-11420111-b331-45b6-96db-796bf5a5edeb tempest-VolumesServicesTestJSON-428549544 tempest-VolumesServicesTestJSON-428549544-project-member] Delete volume request issued successfully.
May 22 14:19:44.623036 np0000001277 devstack@c-api.service[96231]: INFO cinder.api.openstack.wsgi [None req-11420111-b331-45b6-96db-796bf5a5edeb tempest-VolumesServicesTestJSON-428549544 tempest-VolumesServicesTestJSON-428549544-project-member] https://10.4.3.26/volume/v3/volumes/26feccdd-c59f-460e-9c7a-c4b390b6e565 returned with HTTP 202
May 22 14:19:44.623773 np0000001277 devstack@c-api.service[96231]: [pid: 96231|app: 0|req: 113/231] 10.4.3.26 () {66 vars in 1344 bytes} [Fri May 22 14:19:44 2026] DELETE /volume/v3/volumes/26feccdd-c59f-460e-9c7a-c4b390b6e565 => generated 0 bytes in 51 msecs (HTTP/1.1 202) 6 headers in 233 bytes (1 switches on core 0)
May 22 14:19:44.633709 np0000001277 devstack@c-api.service[96230]: DEBUG cinder.api.middleware.request_id [None req-0cd55447-584e-4181-88f6-78e33557cf99 None None] RequestId filter calling following filter/app {{(pid=96230) _context_setter /opt/stack/cinder/cinder/api/middleware/request_id.py:62}}
May 22 14:19:44.634629 np0000001277 devstack@c-api.service[96230]: INFO cinder.api.openstack.wsgi [None req-0cd55447-584e-4181-88f6-78e33557cf99 tempest-VolumesServicesTestJSON-428549544 tempest-VolumesServicesTestJSON-428549544-project-member] GET https://10.4.3.26/volume/v3/volumes/26feccdd-c59f-460e-9c7a-c4b390b6e565
May 22 14:19:44.634921 np0000001277 devstack@c-api.service[96230]: DEBUG cinder.api.openstack.wsgi [None req-0cd55447-584e-4181-88f6-78e33557cf99 tempest-VolumesServicesTestJSON-428549544 tempest-VolumesServicesTestJSON-428549544-project-member] Empty body provided in request {{(pid=96230) get_body /opt/stack/cinder/cinder/api/openstack/wsgi.py:725}}
May 22 14:19:44.635180 np0000001277 devstack@c-api.service[96230]: DEBUG cinder.api.openstack.wsgi [None req-0cd55447-584e-4181-88f6-78e33557cf99 tempest-VolumesServicesTestJSON-428549544 tempest-VolumesServicesTestJSON-428549544-project-member] Calling method 'show' {{(pid=96230) _process_stack /opt/stack/cinder/cinder/api/openstack/wsgi.py:878}}
May 22 14:19:44.645385 np0000001277 devstack@c-api.service[96230]: /opt/stack/data/venv/lib/python3.12/site-packages/oslo_context/context.py:102: DeprecationWarning: Policy enforcement is depending on the value of is_admin. This key is deprecated. Please update your policy file to use the standard policy values.
May 22 14:19:44.645385 np0000001277 devstack@c-api.service[96230]: warnings.warn(
May 22 14:19:44.651817 np0000001277 devstack@c-api.service[96230]: INFO cinder.volume.api [None req-0cd55447-584e-4181-88f6-78e33557cf99 tempest-VolumesServicesTestJSON-428549544 tempest-VolumesServicesTestJSON-428549544-project-member] Volume info retrieved successfully.
May 22 14:19:44.658211 np0000001277 devstack@c-api.service[96230]: INFO cinder.api.openstack.wsgi [None req-0cd55447-584e-4181-88f6-78e33557cf99 tempest-VolumesServicesTestJSON-428549544 tempest-VolumesServicesTestJSON-428549544-project-member] https://10.4.3.26/volume/v3/volumes/26feccdd-c59f-460e-9c7a-c4b390b6e565 returned with HTTP 200
May 22 14:19:44.658948 np0000001277 devstack@c-api.service[96230]: [pid: 96230|app: 0|req: 119/232] 10.4.3.26 () {66 vars in 1341 bytes} [Fri May 22 14:19:44 2026] GET /volume/v3/volumes/26feccdd-c59f-460e-9c7a-c4b390b6e565 => generated 844 bytes in 27 msecs (HTTP/1.1 200) 7 headers in 285 bytes (1 switches on core 0)
May 22 14:19:44.850336 np0000001277 devstack@c-api.service[96231]: DEBUG cinder.api.middleware.request_id [req-7182285a-0ad8-407a-945f-8fedf5309752 req-14bf80d7-9e58-409a-9ac2-ef2c14b95ce3 None None] RequestId filter calling following filter/app {{(pid=96231) _context_setter /opt/stack/cinder/cinder/api/middleware/request_id.py:62}}
May 22 14:19:44.852809 np0000001277 devstack@c-api.service[96231]: INFO cinder.api.openstack.wsgi [req-7182285a-0ad8-407a-945f-8fedf5309752 req-14bf80d7-9e58-409a-9ac2-ef2c14b95ce3 tempest-AttachSCSIVolumeTestJSON-759615398 tempest-AttachSCSIVolumeTestJSON-759615398-project-member] GET https://10.4.3.26/volume/v3/volumes/6b1aec59-d83a-42b0-a46b-7bc6a6dd17b4
May 22 14:19:44.853491 np0000001277 devstack@c-api.service[96231]: DEBUG cinder.api.openstack.wsgi [req-7182285a-0ad8-407a-945f-8fedf5309752 req-14bf80d7-9e58-409a-9ac2-ef2c14b95ce3 tempest-AttachSCSIVolumeTestJSON-759615398 tempest-AttachSCSIVolumeTestJSON-759615398-project-member] Empty body provided in request {{(pid=96231) get_body /opt/stack/cinder/cinder/api/openstack/wsgi.py:725}}
May 22 14:19:44.853863 np0000001277 devstack@c-api.service[96231]: DEBUG cinder.api.openstack.wsgi [req-7182285a-0ad8-407a-945f-8fedf5309752 req-14bf80d7-9e58-409a-9ac2-ef2c14b95ce3 tempest-AttachSCSIVolumeTestJSON-759615398 tempest-AttachSCSIVolumeTestJSON-759615398-project-member] Calling method 'show' {{(pid=96231) _process_stack /opt/stack/cinder/cinder/api/openstack/wsgi.py:878}}
May 22 14:19:44.868635 np0000001277 devstack@c-api.service[96231]: /opt/stack/data/venv/lib/python3.12/site-packages/oslo_context/context.py:102: DeprecationWarning: Policy enforcement is depending on the value of is_admin. This key is deprecated. Please update your policy file to use the standard policy values.
May 22 14:19:44.868635 np0000001277 devstack@c-api.service[96231]: warnings.warn(
May 22 14:19:44.874443 np0000001277 devstack@c-api.service[96231]: INFO cinder.volume.api [req-7182285a-0ad8-407a-945f-8fedf5309752 req-14bf80d7-9e58-409a-9ac2-ef2c14b95ce3 tempest-AttachSCSIVolumeTestJSON-759615398 tempest-AttachSCSIVolumeTestJSON-759615398-project-member] Volume info retrieved successfully.
May 22 14:19:44.881974 np0000001277 devstack@c-api.service[96231]: INFO cinder.api.openstack.wsgi [req-7182285a-0ad8-407a-945f-8fedf5309752 req-14bf80d7-9e58-409a-9ac2-ef2c14b95ce3 tempest-AttachSCSIVolumeTestJSON-759615398 tempest-AttachSCSIVolumeTestJSON-759615398-project-member] https://10.4.3.26/volume/v3/volumes/6b1aec59-d83a-42b0-a46b-7bc6a6dd17b4 returned with HTTP 200
May 22 14:19:44.882521 np0000001277 devstack@c-api.service[96231]: [pid: 96231|app: 0|req: 114/233] 10.4.3.26 () {68 vars in 1591 bytes} [Fri May 22 14:19:44 2026] GET /volume/v3/volumes/6b1aec59-d83a-42b0-a46b-7bc6a6dd17b4 => generated 1137 bytes in 33 msecs (HTTP/1.1 200) 7 headers in 286 bytes (1 switches on core 0)
May 22 14:19:44.925904 np0000001277 devstack@c-api.service[96230]: DEBUG cinder.api.middleware.request_id [req-7182285a-0ad8-407a-945f-8fedf5309752 req-973c2e5f-4246-451d-9179-dcd8b63c47b5 None None] RequestId filter calling following filter/app {{(pid=96230) _context_setter /opt/stack/cinder/cinder/api/middleware/request_id.py:62}}
May 22 14:19:44.928315 np0000001277 devstack@c-api.service[96230]: INFO cinder.api.openstack.wsgi [req-7182285a-0ad8-407a-945f-8fedf5309752 req-973c2e5f-4246-451d-9179-dcd8b63c47b5 tempest-AttachSCSIVolumeTestJSON-759615398 tempest-AttachSCSIVolumeTestJSON-759615398-project-member] POST https://10.4.3.26/volume/v3/volumes/6b1aec59-d83a-42b0-a46b-7bc6a6dd17b4/action
May 22 14:19:44.928762 np0000001277 devstack@c-api.service[96230]: DEBUG cinder.api.openstack.wsgi [req-7182285a-0ad8-407a-945f-8fedf5309752 req-973c2e5f-4246-451d-9179-dcd8b63c47b5 tempest-AttachSCSIVolumeTestJSON-759615398 tempest-AttachSCSIVolumeTestJSON-759615398-project-member] Action body: b'{"os-begin_detaching": null}' {{(pid=96230) get_method /opt/stack/cinder/cinder/api/openstack/wsgi.py:993}}
May 22 14:19:44.928930 np0000001277 devstack@c-api.service[96230]: DEBUG cinder.api.openstack.wsgi [req-7182285a-0ad8-407a-945f-8fedf5309752 req-973c2e5f-4246-451d-9179-dcd8b63c47b5 tempest-AttachSCSIVolumeTestJSON-759615398 tempest-AttachSCSIVolumeTestJSON-759615398-project-member] Action: 'action', calling method: _begin_detaching, body: {"os-begin_detaching": null} {{(pid=96230) _process_stack /opt/stack/cinder/cinder/api/openstack/wsgi.py:876}}
May 22 14:19:44.940033 np0000001277 devstack@c-api.service[96230]: /opt/stack/data/venv/lib/python3.12/site-packages/oslo_context/context.py:102: DeprecationWarning: Policy enforcement is depending on the value of is_admin. This key is deprecated. Please update your policy file to use the standard policy values.
May 22 14:19:44.940033 np0000001277 devstack@c-api.service[96230]: warnings.warn(
May 22 14:19:44.940964 np0000001277 devstack@c-api.service[96230]: INFO cinder.volume.api [req-7182285a-0ad8-407a-945f-8fedf5309752 req-973c2e5f-4246-451d-9179-dcd8b63c47b5 tempest-AttachSCSIVolumeTestJSON-759615398 tempest-AttachSCSIVolumeTestJSON-759615398-project-member] Volume info retrieved successfully.
May 22 14:19:44.948727 np0000001277 devstack@c-api.service[96230]: INFO cinder.volume.api [req-7182285a-0ad8-407a-945f-8fedf5309752 req-973c2e5f-4246-451d-9179-dcd8b63c47b5 tempest-AttachSCSIVolumeTestJSON-759615398 tempest-AttachSCSIVolumeTestJSON-759615398-project-member] Begin detaching volume completed successfully.
May 22 14:19:44.948982 np0000001277 devstack@c-api.service[96230]: INFO cinder.api.openstack.wsgi [req-7182285a-0ad8-407a-945f-8fedf5309752 req-973c2e5f-4246-451d-9179-dcd8b63c47b5 tempest-AttachSCSIVolumeTestJSON-759615398 tempest-AttachSCSIVolumeTestJSON-759615398-project-member] https://10.4.3.26/volume/v3/volumes/6b1aec59-d83a-42b0-a46b-7bc6a6dd17b4/action returned with HTTP 202
May 22 14:19:44.949407 np0000001277 devstack@c-api.service[96230]: [pid: 96230|app: 0|req: 120/234] 10.4.3.26 () {72 vars in 1665 bytes} [Fri May 22 14:19:44 2026] POST /volume/v3/volumes/6b1aec59-d83a-42b0-a46b-7bc6a6dd17b4/action => generated 0 bytes in 24 msecs (HTTP/1.1 202) 7 headers in 289 bytes (1 switches on core 0)
May 22 14:19:44.972163 np0000001277 devstack@c-api.service[96231]: DEBUG cinder.api.middleware.request_id [None req-ac17a15c-8c59-4deb-9564-1295f1ee28a5 None None] RequestId filter calling following filter/app {{(pid=96231) _context_setter /opt/stack/cinder/cinder/api/middleware/request_id.py:62}}
May 22 14:19:44.976837 np0000001277 devstack@c-api.service[96231]: INFO cinder.api.openstack.wsgi [None req-ac17a15c-8c59-4deb-9564-1295f1ee28a5 tempest-AttachSCSIVolumeTestJSON-759615398 tempest-AttachSCSIVolumeTestJSON-759615398-project-reader] GET https://10.4.3.26/volume/v3/volumes/6b1aec59-d83a-42b0-a46b-7bc6a6dd17b4
May 22 14:19:44.977287 np0000001277 devstack@c-api.service[96231]: DEBUG cinder.api.openstack.wsgi [None req-ac17a15c-8c59-4deb-9564-1295f1ee28a5 tempest-AttachSCSIVolumeTestJSON-759615398 tempest-AttachSCSIVolumeTestJSON-759615398-project-reader] Empty body provided in request {{(pid=96231) get_body /opt/stack/cinder/cinder/api/openstack/wsgi.py:725}}
May 22 14:19:44.977628 np0000001277 devstack@c-api.service[96231]: DEBUG cinder.api.openstack.wsgi [None req-ac17a15c-8c59-4deb-9564-1295f1ee28a5 tempest-AttachSCSIVolumeTestJSON-759615398 tempest-AttachSCSIVolumeTestJSON-759615398-project-reader] Calling method 'show' {{(pid=96231) _process_stack /opt/stack/cinder/cinder/api/openstack/wsgi.py:878}}
May 22 14:19:44.995501 np0000001277 devstack@c-api.service[96231]: /opt/stack/data/venv/lib/python3.12/site-packages/oslo_context/context.py:102: DeprecationWarning: Policy enforcement is depending on the value of is_admin. This key is deprecated. Please update your policy file to use the standard policy values.
May 22 14:19:44.995501 np0000001277 devstack@c-api.service[96231]: warnings.warn(
May 22 14:19:45.000824 np0000001277 devstack@c-api.service[96231]: INFO cinder.volume.api [None req-ac17a15c-8c59-4deb-9564-1295f1ee28a5 tempest-AttachSCSIVolumeTestJSON-759615398 tempest-AttachSCSIVolumeTestJSON-759615398-project-reader] Volume info retrieved successfully.
May 22 14:19:45.006978 np0000001277 devstack@c-api.service[96231]: INFO cinder.api.openstack.wsgi [None req-ac17a15c-8c59-4deb-9564-1295f1ee28a5 tempest-AttachSCSIVolumeTestJSON-759615398 tempest-AttachSCSIVolumeTestJSON-759615398-project-reader] https://10.4.3.26/volume/v3/volumes/6b1aec59-d83a-42b0-a46b-7bc6a6dd17b4 returned with HTTP 200
May 22 14:19:45.007727 np0000001277 devstack@c-api.service[96231]: [pid: 96231|app: 0|req: 115/235] 10.4.3.26 () {66 vars in 1341 bytes} [Fri May 22 14:19:44 2026] GET /volume/v3/volumes/6b1aec59-d83a-42b0-a46b-7bc6a6dd17b4 => generated 1140 bytes in 36 msecs (HTTP/1.1 200) 7 headers in 286 bytes (1 switches on core 0)
May 22 14:19:45.107729 np0000001277 devstack@c-api.service[96230]: DEBUG cinder.api.middleware.request_id [None req-7bba929b-a88c-4f2a-af07-3a57838a94b5 None None] RequestId filter calling following filter/app {{(pid=96230) _context_setter /opt/stack/cinder/cinder/api/middleware/request_id.py:62}}
May 22 14:19:45.109470 np0000001277 devstack@c-api.service[96230]: INFO cinder.api.openstack.wsgi [None req-7bba929b-a88c-4f2a-af07-3a57838a94b5 tempest-VolumesAssistedSnapshotsTest-1395768768 tempest-VolumesAssistedSnapshotsTest-1395768768-project-admin] GET https://10.4.3.26/volume/v3/volumes/6e22f99c-a1c1-4808-aa83-48864cffc436
May 22 14:19:45.109759 np0000001277 devstack@c-api.service[96230]: DEBUG cinder.api.openstack.wsgi [None req-7bba929b-a88c-4f2a-af07-3a57838a94b5 tempest-VolumesAssistedSnapshotsTest-1395768768 tempest-VolumesAssistedSnapshotsTest-1395768768-project-admin] Empty body provided in request {{(pid=96230) get_body /opt/stack/cinder/cinder/api/openstack/wsgi.py:725}}
May 22 14:19:45.109884 np0000001277 devstack@c-api.service[96230]: DEBUG cinder.api.openstack.wsgi [None req-7bba929b-a88c-4f2a-af07-3a57838a94b5 tempest-VolumesAssistedSnapshotsTest-1395768768 tempest-VolumesAssistedSnapshotsTest-1395768768-project-admin] Calling method 'show' {{(pid=96230) _process_stack /opt/stack/cinder/cinder/api/openstack/wsgi.py:878}}
May 22 14:19:45.121111 np0000001277 devstack@c-api.service[96230]: /opt/stack/data/venv/lib/python3.12/site-packages/oslo_context/context.py:102: DeprecationWarning: Policy enforcement is depending on the value of is_admin. This key is deprecated. Please update your policy file to use the standard policy values.
May 22 14:19:45.121111 np0000001277 devstack@c-api.service[96230]: warnings.warn(
May 22 14:19:45.125098 np0000001277 devstack@c-api.service[96230]: INFO cinder.volume.api [None req-7bba929b-a88c-4f2a-af07-3a57838a94b5 tempest-VolumesAssistedSnapshotsTest-1395768768 tempest-VolumesAssistedSnapshotsTest-1395768768-project-admin] Volume info retrieved successfully.
May 22 14:19:45.127895 np0000001277 devstack@c-api.service[96230]: INFO cinder.api.openstack.wsgi [None req-7bba929b-a88c-4f2a-af07-3a57838a94b5 tempest-VolumesAssistedSnapshotsTest-1395768768 tempest-VolumesAssistedSnapshotsTest-1395768768-project-admin] https://10.4.3.26/volume/v3/volumes/6e22f99c-a1c1-4808-aa83-48864cffc436 returned with HTTP 200
May 22 14:19:45.128264 np0000001277 devstack@c-api.service[96230]: [pid: 96230|app: 0|req: 121/236] 10.4.3.26 () {66 vars in 1341 bytes} [Fri May 22 14:19:45 2026] GET /volume/v3/volumes/6e22f99c-a1c1-4808-aa83-48864cffc436 => generated 1014 bytes in 21 msecs (HTTP/1.1 200) 7 headers in 286 bytes (1 switches on core 0)
