Aug 26 15:47:57.478796 np0000008168 devstack@g-api.service[99739]: DEBUG glance_store._drivers.swift.store [None req-9f708c2b-cdd1-48ab-831a-705a87b83d87 tempest-ServerBootFromVolumeStableRescueTest-1157650321 tempest-ServerBootFromVolumeStableRescueTest-1157650321-project-member] Cannot determine image size because it is either not provided in the request or chunked-transfer encoding is used. Adding image as a segmented object to Swift. {{(pid=99739) add /opt/stack/data/venv/lib/python3.12/site-packages/glance_store/_drivers/swift/store.py:994}}
Aug 26 15:47:57.486775 np0000008168 devstack@g-api.service[99739]: DEBUG oslo_utils.imageutils.format_inspector [None req-9f708c2b-cdd1-48ab-831a-705a87b83d87 tempest-ServerBootFromVolumeStableRescueTest-1157650321 tempest-ServerBootFromVolumeStableRescueTest-1157650321-project-member] Format inspector for vmdk does not match, excluding from consideration (Signature KDMV not found: b'QFI\xfb') {{(pid=99739) _process_chunk /opt/stack/data/venv/lib/python3.12/site-packages/oslo_utils/imageutils/format_inspector.py:1758}}
Aug 26 15:47:57.489310 np0000008168 devstack@g-api.service[99739]: DEBUG oslo_utils.imageutils.format_inspector [None req-9f708c2b-cdd1-48ab-831a-705a87b83d87 tempest-ServerBootFromVolumeStableRescueTest-1157650321 tempest-ServerBootFromVolumeStableRescueTest-1157650321-project-member] Format inspector for vhdx does not match, excluding from consideration (Region signature not found at 30000) {{(pid=99739) _process_chunk /opt/stack/data/venv/lib/python3.12/site-packages/oslo_utils/imageutils/format_inspector.py:1758}}
Aug 26 15:47:57.502341 np0000008168 devstack@g-api.service[99740]: DEBUG glance.api.middleware.version_negotiation [None req-9f708c2b-cdd1-48ab-831a-705a87b83d87 tempest-ServerBootFromVolumeStableRescueTest-1157650321 tempest-ServerBootFromVolumeStableRescueTest-1157650321-project-member] Determining version of request: GET /v2/images/740ebb6a-c19f-43f6-97f5-f1608c3124fb Accept: application/json {{(pid=99740) process_request /opt/stack/glance/glance/api/middleware/version_negotiation.py:44}}
Aug 26 15:47:57.502800 np0000008168 devstack@g-api.service[99740]: DEBUG glance.api.middleware.version_negotiation [None req-9f708c2b-cdd1-48ab-831a-705a87b83d87 tempest-ServerBootFromVolumeStableRescueTest-1157650321 tempest-ServerBootFromVolumeStableRescueTest-1157650321-project-member] Using url versioning {{(pid=99740) process_request /opt/stack/glance/glance/api/middleware/version_negotiation.py:57}}
Aug 26 15:47:57.502800 np0000008168 devstack@g-api.service[99740]: DEBUG glance.api.middleware.version_negotiation [None req-9f708c2b-cdd1-48ab-831a-705a87b83d87 tempest-ServerBootFromVolumeStableRescueTest-1157650321 tempest-ServerBootFromVolumeStableRescueTest-1157650321-project-member] Matched version: v2 {{(pid=99740) process_request /opt/stack/glance/glance/api/middleware/version_negotiation.py:69}}
Aug 26 15:47:57.502800 np0000008168 devstack@g-api.service[99740]: DEBUG glance.api.middleware.version_negotiation [None req-9f708c2b-cdd1-48ab-831a-705a87b83d87 tempest-ServerBootFromVolumeStableRescueTest-1157650321 tempest-ServerBootFromVolumeStableRescueTest-1157650321-project-member] new path /v2/images/740ebb6a-c19f-43f6-97f5-f1608c3124fb {{(pid=99740) process_request /opt/stack/glance/glance/api/middleware/version_negotiation.py:70}}
Aug 26 15:47:57.525541 np0000008168 devstack@g-api.service[99740]: [pid: 99740|app: 0|req: 48/133] 127.0.0.1 () {40 vars in 838 bytes} [Wed Aug 26 15:47:57 2026] GET /v2/images/740ebb6a-c19f-43f6-97f5-f1608c3124fb => generated 1470 bytes in 23 msecs (HTTP/1.1 200) 4 headers in 158 bytes (1 switches on core 0)
Aug 26 15:47:57.735970 np0000008168 devstack@g-api.service[99739]: DEBUG swiftclient [None req-9f708c2b-cdd1-48ab-831a-705a87b83d87 tempest-ServerBootFromVolumeStableRescueTest-1157650321 tempest-ServerBootFromVolumeStableRescueTest-1157650321-project-member] REQ: curl -i https://10.4.3.183:8080/v1/AUTH_db7d35404c8a421d8f4d8a51b5d53a6d/glance/740ebb6a-c19f-43f6-97f5-f1608c3124fb-00001 -X PUT -H "X-Auth-Token: gAAAAABqjwqt-yVI..." {{(pid=99739) http_log /opt/stack/data/venv/lib/python3.12/site-packages/swiftclient/client.py:160}}
Aug 26 15:47:57.736933 np0000008168 devstack@g-api.service[99739]: DEBUG swiftclient [None req-9f708c2b-cdd1-48ab-831a-705a87b83d87 tempest-ServerBootFromVolumeStableRescueTest-1157650321 tempest-ServerBootFromVolumeStableRescueTest-1157650321-project-member] RESP STATUS: 201 Created {{(pid=99739) http_log /opt/stack/data/venv/lib/python3.12/site-packages/swiftclient/client.py:161}}
Aug 26 15:47:57.736933 np0000008168 devstack@g-api.service[99739]: DEBUG swiftclient [None req-9f708c2b-cdd1-48ab-831a-705a87b83d87 tempest-ServerBootFromVolumeStableRescueTest-1157650321 tempest-ServerBootFromVolumeStableRescueTest-1157650321-project-member] RESP HEADERS: {'Date': 'Wed, 26 Aug 2026 15:47:57 GMT', 'Server': 'Apache/2.4.58 (Ubuntu)', 'Content-Type': 'text/html; charset=UTF-8', 'Content-Length': '0', 'Etag': '4fa343ee581d8d2e78533191fd1ac3e1', 'Last-Modified': 'Wed, 26 Aug 2026 15:47:58 GMT', 'X-Trans-Id': 'tx227bd85f6c7b4eeb9f8c4-006a8f0aad', 'X-Openstack-Request-Id': 'tx227bd85f6c7b4eeb9f8c4-006a8f0aad', 'Connection': 'close'} {{(pid=99739) http_log /opt/stack/data/venv/lib/python3.12/site-packages/swiftclient/client.py:162}}
Aug 26 15:47:57.736933 np0000008168 devstack@g-api.service[99739]: DEBUG glance_store._drivers.swift.store [None req-9f708c2b-cdd1-48ab-831a-705a87b83d87 tempest-ServerBootFromVolumeStableRescueTest-1157650321 tempest-ServerBootFromVolumeStableRescueTest-1157650321-project-member] Wrote chunk 740ebb6a-c19f-43f6-97f5-f1608c3124fb-00001 (1/?) of length 23527424 to Swift returning MD5 of content: 4fa343ee581d8d2e78533191fd1ac3e1 {{(pid=99739) add /opt/stack/data/venv/lib/python3.12/site-packages/glance_store/_drivers/swift/store.py:1059}}
Aug 26 15:47:57.736933 np0000008168 devstack@g-api.service[99739]: DEBUG glance_store._drivers.swift.store [None req-9f708c2b-cdd1-48ab-831a-705a87b83d87 tempest-ServerBootFromVolumeStableRescueTest-1157650321 tempest-ServerBootFromVolumeStableRescueTest-1157650321-project-member] Not writing zero-length chunk. {{(pid=99739) add /opt/stack/data/venv/lib/python3.12/site-packages/glance_store/_drivers/swift/store.py:1028}}
Aug 26 15:47:57.766535 np0000008168 devstack@g-api.service[99739]: DEBUG swiftclient [None req-9f708c2b-cdd1-48ab-831a-705a87b83d87 tempest-ServerBootFromVolumeStableRescueTest-1157650321 tempest-ServerBootFromVolumeStableRescueTest-1157650321-project-member] REQ: curl -i https://10.4.3.183:8080/v1/AUTH_db7d35404c8a421d8f4d8a51b5d53a6d/glance/740ebb6a-c19f-43f6-97f5-f1608c3124fb -X PUT -H "X-Object-Manifest: glance/740ebb6a-c19f-43f6-97f5-f1608c3124fb-" -H "X-Auth-Token: gAAAAABqjwqt-yVI..." -H "Content-Length: 0" {{(pid=99739) http_log /opt/stack/data/venv/lib/python3.12/site-packages/swiftclient/client.py:160}}
Aug 26 15:47:57.766707 np0000008168 devstack@g-api.service[99739]: DEBUG swiftclient [None req-9f708c2b-cdd1-48ab-831a-705a87b83d87 tempest-ServerBootFromVolumeStableRescueTest-1157650321 tempest-ServerBootFromVolumeStableRescueTest-1157650321-project-member] RESP STATUS: 201 Created {{(pid=99739) http_log /opt/stack/data/venv/lib/python3.12/site-packages/swiftclient/client.py:161}}
Aug 26 15:47:57.766824 np0000008168 devstack@g-api.service[99739]: DEBUG swiftclient [None req-9f708c2b-cdd1-48ab-831a-705a87b83d87 tempest-ServerBootFromVolumeStableRescueTest-1157650321 tempest-ServerBootFromVolumeStableRescueTest-1157650321-project-member] RESP HEADERS: {'Date': 'Wed, 26 Aug 2026 15:47:57 GMT', 'Server': 'Apache/2.4.58 (Ubuntu)', 'Content-Type': 'text/html; charset=UTF-8', 'Content-Length': '0', 'Etag': 'd41d8cd98f00b204e9800998ecf8427e', 'Last-Modified': 'Wed, 26 Aug 2026 15:47:58 GMT', 'X-Trans-Id': 'txc2a1c177bd9742b9a4e81-006a8f0aad', 'X-Openstack-Request-Id': 'txc2a1c177bd9742b9a4e81-006a8f0aad', 'Connection': 'close'} {{(pid=99739) http_log /opt/stack/data/venv/lib/python3.12/site-packages/swiftclient/client.py:162}}
Aug 26 15:47:57.767272 np0000008168 devstack@g-api.service[99739]: INFO glance.location [None req-9f708c2b-cdd1-48ab-831a-705a87b83d87 tempest-ServerBootFromVolumeStableRescueTest-1157650321 tempest-ServerBootFromVolumeStableRescueTest-1157650321-project-member] Image format matched and virtual size computed: 1073741824
Aug 26 15:47:57.803941 np0000008168 devstack@g-api.service[99739]: DEBUG glance_store.backend [None req-9f708c2b-cdd1-48ab-831a-705a87b83d87 tempest-ServerBootFromVolumeStableRescueTest-1157650321 tempest-ServerBootFromVolumeStableRescueTest-1157650321-project-member] Attempting to import store swift {{(pid=99739) _load_store /opt/stack/data/venv/lib/python3.12/site-packages/glance_store/backend.py:215}}
Aug 26 15:47:57.805711 np0000008168 devstack@g-api.service[99739]: DEBUG glance_store.capabilities [None req-9f708c2b-cdd1-48ab-831a-705a87b83d87 tempest-ServerBootFromVolumeStableRescueTest-1157650321 tempest-ServerBootFromVolumeStableRescueTest-1157650321-project-member] Store glance_store._drivers.swift.store.SingleTenantStore doesn't support updating dynamic storage capabilities. Please overwrite 'update_capabilities' method of the store to implement updating logics if needed. {{(pid=99739) update_capabilities /opt/stack/data/venv/lib/python3.12/site-packages/glance_store/capabilities.py:91}}
Aug 26 15:47:57.805853 np0000008168 devstack@g-api.service[99739]: DEBUG glance_store.driver [None req-9f708c2b-cdd1-48ab-831a-705a87b83d87 tempest-ServerBootFromVolumeStableRescueTest-1157650321 tempest-ServerBootFromVolumeStableRescueTest-1157650321-project-member] Late loading location class glance_store._drivers.swift.store.StoreLocation {{(pid=99739) get_store_location_class /opt/stack/data/venv/lib/python3.12/site-packages/glance_store/driver.py:134}}
Aug 26 15:47:57.806014 np0000008168 devstack@g-api.service[99739]: DEBUG glance_store.location [None req-9f708c2b-cdd1-48ab-831a-705a87b83d87 tempest-ServerBootFromVolumeStableRescueTest-1157650321 tempest-ServerBootFromVolumeStableRescueTest-1157650321-project-member] Registering scheme swift+https with {'store': , 'location_class': , 'store_entry': 'swift'} {{(pid=99739) register_scheme_map /opt/stack/data/venv/lib/python3.12/site-packages/glance_store/location.py:146}}
Aug 26 15:47:57.806699 np0000008168 devstack@g-api.service[99739]: DEBUG glance_store.location [None req-9f708c2b-cdd1-48ab-831a-705a87b83d87 tempest-ServerBootFromVolumeStableRescueTest-1157650321 tempest-ServerBootFromVolumeStableRescueTest-1157650321-project-member] Registering scheme swift+https with {'store': , 'location_class': , 'store_entry': 'swift'} {{(pid=99739) register_scheme_map /opt/stack/data/venv/lib/python3.12/site-packages/glance_store/location.py:146}}
Aug 26 15:47:57.806813 np0000008168 devstack@g-api.service[99739]: DEBUG glance_store.location [None req-9f708c2b-cdd1-48ab-831a-705a87b83d87 tempest-ServerBootFromVolumeStableRescueTest-1157650321 tempest-ServerBootFromVolumeStableRescueTest-1157650321-project-member] Registering scheme swift with {'store': , 'location_class': , 'store_entry': 'swift'} {{(pid=99739) register_scheme_map /opt/stack/data/venv/lib/python3.12/site-packages/glance_store/location.py:146}}
Aug 26 15:47:57.806911 np0000008168 devstack@g-api.service[99739]: DEBUG glance_store.location [None req-9f708c2b-cdd1-48ab-831a-705a87b83d87 tempest-ServerBootFromVolumeStableRescueTest-1157650321 tempest-ServerBootFromVolumeStableRescueTest-1157650321-project-member] Registering scheme swift+https with {'store': , 'location_class': , 'store_entry': 'swift'} {{(pid=99739) register_scheme_map /opt/stack/data/venv/lib/python3.12/site-packages/glance_store/location.py:146}}
Aug 26 15:47:57.807029 np0000008168 devstack@g-api.service[99739]: DEBUG glance_store.location [None req-9f708c2b-cdd1-48ab-831a-705a87b83d87 tempest-ServerBootFromVolumeStableRescueTest-1157650321 tempest-ServerBootFromVolumeStableRescueTest-1157650321-project-member] Registering scheme swift with {'store': , 'location_class': , 'store_entry': 'swift'} {{(pid=99739) register_scheme_map /opt/stack/data/venv/lib/python3.12/site-packages/glance_store/location.py:146}}
Aug 26 15:47:57.807142 np0000008168 devstack@g-api.service[99739]: DEBUG glance_store.location [None req-9f708c2b-cdd1-48ab-831a-705a87b83d87 tempest-ServerBootFromVolumeStableRescueTest-1157650321 tempest-ServerBootFromVolumeStableRescueTest-1157650321-project-member] Registering scheme swift+http with {'store': , 'location_class': , 'store_entry': 'swift'} {{(pid=99739) register_scheme_map /opt/stack/data/venv/lib/python3.12/site-packages/glance_store/location.py:146}}
Aug 26 15:47:57.807290 np0000008168 devstack@g-api.service[99739]: DEBUG glance_store.location [None req-9f708c2b-cdd1-48ab-831a-705a87b83d87 tempest-ServerBootFromVolumeStableRescueTest-1157650321 tempest-ServerBootFromVolumeStableRescueTest-1157650321-project-member] Registering scheme swift+https with {'store': , 'location_class': , 'store_entry': 'swift'} {{(pid=99739) register_scheme_map /opt/stack/data/venv/lib/python3.12/site-packages/glance_store/location.py:146}}
Aug 26 15:47:57.807666 np0000008168 devstack@g-api.service[99739]: DEBUG glance_store.location [None req-9f708c2b-cdd1-48ab-831a-705a87b83d87 tempest-ServerBootFromVolumeStableRescueTest-1157650321 tempest-ServerBootFromVolumeStableRescueTest-1157650321-project-member] Registering scheme swift with {'store': , 'location_class': , 'store_entry': 'swift'} {{(pid=99739) register_scheme_map /opt/stack/data/venv/lib/python3.12/site-packages/glance_store/location.py:146}}
Aug 26 15:47:57.807666 np0000008168 devstack@g-api.service[99739]: DEBUG glance_store.location [None req-9f708c2b-cdd1-48ab-831a-705a87b83d87 tempest-ServerBootFromVolumeStableRescueTest-1157650321 tempest-ServerBootFromVolumeStableRescueTest-1157650321-project-member] Registering scheme swift+http with {'store': , 'location_class': , 'store_entry': 'swift'} {{(pid=99739) register_scheme_map /opt/stack/data/venv/lib/python3.12/site-packages/glance_store/location.py:146}}
Aug 26 15:47:57.807753 np0000008168 devstack@g-api.service[99739]: DEBUG glance_store.location [None req-9f708c2b-cdd1-48ab-831a-705a87b83d87 tempest-ServerBootFromVolumeStableRescueTest-1157650321 tempest-ServerBootFromVolumeStableRescueTest-1157650321-project-member] Registering scheme swift+config with {'store': , 'location_class': , 'store_entry': 'swift'} {{(pid=99739) register_scheme_map /opt/stack/data/venv/lib/python3.12/site-packages/glance_store/location.py:146}}
Aug 26 15:47:57.807833 np0000008168 devstack@g-api.service[99739]: DEBUG glance_store.backend [None req-9f708c2b-cdd1-48ab-831a-705a87b83d87 tempest-ServerBootFromVolumeStableRescueTest-1157650321 tempest-ServerBootFromVolumeStableRescueTest-1157650321-project-member] Skipping store.set_acls... not implemented. {{(pid=99739) set_acls /opt/stack/data/venv/lib/python3.12/site-packages/glance_store/backend.py:507}}
Aug 26 15:47:57.810486 np0000008168 devstack@g-api.service[99739]: [pid: 99739|app: 0|req: 43/134] 127.0.0.1 () {46 vars in 1158 bytes} [Wed Aug 26 15:47:55 2026] PUT /v2/images/740ebb6a-c19f-43f6-97f5-f1608c3124fb/file => generated 0 bytes in 1912 msecs (HTTP/1.1 204) 4 headers in 171 bytes (1 switches on core 0)
Aug 26 15:47:57.850434 np0000008168 devstack@g-api.service[99738]: DEBUG glance.api.middleware.version_negotiation [None req-406ba79c-cb1e-4ce7-9c61-01e41fdc9c95 tempest-ServerBootFromVolumeStableRescueTest-1157650321 tempest-ServerBootFromVolumeStableRescueTest-1157650321-project-member] Determining version of request: GET /v2/images/740ebb6a-c19f-43f6-97f5-f1608c3124fb Accept: */* {{(pid=99738) process_request /opt/stack/glance/glance/api/middleware/version_negotiation.py:44}}
Aug 26 15:47:57.850434 np0000008168 devstack@g-api.service[99738]: DEBUG glance.api.middleware.version_negotiation [None req-406ba79c-cb1e-4ce7-9c61-01e41fdc9c95 tempest-ServerBootFromVolumeStableRescueTest-1157650321 tempest-ServerBootFromVolumeStableRescueTest-1157650321-project-member] Using url versioning {{(pid=99738) process_request /opt/stack/glance/glance/api/middleware/version_negotiation.py:57}}
Aug 26 15:47:57.850434 np0000008168 devstack@g-api.service[99738]: DEBUG glance.api.middleware.version_negotiation [None req-406ba79c-cb1e-4ce7-9c61-01e41fdc9c95 tempest-ServerBootFromVolumeStableRescueTest-1157650321 tempest-ServerBootFromVolumeStableRescueTest-1157650321-project-member] Matched version: v2 {{(pid=99738) process_request /opt/stack/glance/glance/api/middleware/version_negotiation.py:69}}
Aug 26 15:47:57.850434 np0000008168 devstack@g-api.service[99738]: DEBUG glance.api.middleware.version_negotiation [None req-406ba79c-cb1e-4ce7-9c61-01e41fdc9c95 tempest-ServerBootFromVolumeStableRescueTest-1157650321 tempest-ServerBootFromVolumeStableRescueTest-1157650321-project-member] new path /v2/images/740ebb6a-c19f-43f6-97f5-f1608c3124fb {{(pid=99738) process_request /opt/stack/glance/glance/api/middleware/version_negotiation.py:70}}
Aug 26 15:47:57.865382 np0000008168 devstack@g-api.service[99738]: [pid: 99738|app: 0|req: 44/135] 127.0.0.1 () {44 vars in 1115 bytes} [Wed Aug 26 15:47:57 2026] GET /v2/images/740ebb6a-c19f-43f6-97f5-f1608c3124fb => generated 1640 bytes in 16 msecs (HTTP/1.1 200) 4 headers in 158 bytes (1 switches on core 0)
Aug 26 15:47:57.906640 np0000008168 devstack@g-api.service[99740]: DEBUG glance.api.middleware.version_negotiation [None req-3dd04d48-d996-42eb-b6ad-638125d34db2 tempest-ServerBootFromVolumeStableRescueTest-1157650321 tempest-ServerBootFromVolumeStableRescueTest-1157650321-project-member] Determining version of request: GET /v2/schemas/image Accept: */* {{(pid=99740) process_request /opt/stack/glance/glance/api/middleware/version_negotiation.py:44}}
Aug 26 15:47:57.906822 np0000008168 devstack@g-api.service[99740]: DEBUG glance.api.middleware.version_negotiation [None req-3dd04d48-d996-42eb-b6ad-638125d34db2 tempest-ServerBootFromVolumeStableRescueTest-1157650321 tempest-ServerBootFromVolumeStableRescueTest-1157650321-project-member] Using url versioning {{(pid=99740) process_request /opt/stack/glance/glance/api/middleware/version_negotiation.py:57}}
Aug 26 15:47:57.906893 np0000008168 devstack@g-api.service[99740]: DEBUG glance.api.middleware.version_negotiation [None req-3dd04d48-d996-42eb-b6ad-638125d34db2 tempest-ServerBootFromVolumeStableRescueTest-1157650321 tempest-ServerBootFromVolumeStableRescueTest-1157650321-project-member] Matched version: v2 {{(pid=99740) process_request /opt/stack/glance/glance/api/middleware/version_negotiation.py:69}}
Aug 26 15:47:57.906951 np0000008168 devstack@g-api.service[99740]: DEBUG glance.api.middleware.version_negotiation [None req-3dd04d48-d996-42eb-b6ad-638125d34db2 tempest-ServerBootFromVolumeStableRescueTest-1157650321 tempest-ServerBootFromVolumeStableRescueTest-1157650321-project-member] new path /v2/schemas/image {{(pid=99740) process_request /opt/stack/glance/glance/api/middleware/version_negotiation.py:70}}
Aug 26 15:47:57.910974 np0000008168 devstack@g-api.service[99740]: [pid: 99740|app: 0|req: 49/136] 127.0.0.1 () {44 vars in 1055 bytes} [Wed Aug 26 15:47:57 2026] GET /v2/schemas/image => generated 6083 bytes in 4 msecs (HTTP/1.1 200) 4 headers in 158 bytes (1 switches on core 0)
Aug 26 15:47:58.535617 np0000008168 devstack@g-api.service[99739]: DEBUG glance.api.middleware.version_negotiation [None req-9f708c2b-cdd1-48ab-831a-705a87b83d87 tempest-ServerBootFromVolumeStableRescueTest-1157650321 tempest-ServerBootFromVolumeStableRescueTest-1157650321-project-member] Determining version of request: GET /v2/images/740ebb6a-c19f-43f6-97f5-f1608c3124fb Accept: application/json {{(pid=99739) process_request /opt/stack/glance/glance/api/middleware/version_negotiation.py:44}}
Aug 26 15:47:58.535774 np0000008168 devstack@g-api.service[99739]: DEBUG glance.api.middleware.version_negotiation [None req-9f708c2b-cdd1-48ab-831a-705a87b83d87 tempest-ServerBootFromVolumeStableRescueTest-1157650321 tempest-ServerBootFromVolumeStableRescueTest-1157650321-project-member] Using url versioning {{(pid=99739) process_request /opt/stack/glance/glance/api/middleware/version_negotiation.py:57}}
Aug 26 15:47:58.535910 np0000008168 devstack@g-api.service[99739]: DEBUG glance.api.middleware.version_negotiation [None req-9f708c2b-cdd1-48ab-831a-705a87b83d87 tempest-ServerBootFromVolumeStableRescueTest-1157650321 tempest-ServerBootFromVolumeStableRescueTest-1157650321-project-member] Matched version: v2 {{(pid=99739) process_request /opt/stack/glance/glance/api/middleware/version_negotiation.py:69}}
Aug 26 15:47:58.536006 np0000008168 devstack@g-api.service[99739]: DEBUG glance.api.middleware.version_negotiation [None req-9f708c2b-cdd1-48ab-831a-705a87b83d87 tempest-ServerBootFromVolumeStableRescueTest-1157650321 tempest-ServerBootFromVolumeStableRescueTest-1157650321-project-member] new path /v2/images/740ebb6a-c19f-43f6-97f5-f1608c3124fb {{(pid=99739) process_request /opt/stack/glance/glance/api/middleware/version_negotiation.py:70}}
Aug 26 15:47:58.546361 np0000008168 devstack@g-api.service[99739]: [pid: 99739|app: 0|req: 44/137] 127.0.0.1 () {40 vars in 838 bytes} [Wed Aug 26 15:47:58 2026] GET /v2/images/740ebb6a-c19f-43f6-97f5-f1608c3124fb => generated 1640 bytes in 11 msecs (HTTP/1.1 200) 4 headers in 158 bytes (1 switches on core 0)
Aug 26 15:47:58.553984 np0000008168 devstack@g-api.service[99738]: DEBUG glance.api.middleware.version_negotiation [None req-9f708c2b-cdd1-48ab-831a-705a87b83d87 tempest-ServerBootFromVolumeStableRescueTest-1157650321 tempest-ServerBootFromVolumeStableRescueTest-1157650321-project-member] Determining version of request: GET /v2/images/740ebb6a-c19f-43f6-97f5-f1608c3124fb Accept: application/json {{(pid=99738) process_request /opt/stack/glance/glance/api/middleware/version_negotiation.py:44}}
Aug 26 15:47:58.554105 np0000008168 devstack@g-api.service[99738]: DEBUG glance.api.middleware.version_negotiation [None req-9f708c2b-cdd1-48ab-831a-705a87b83d87 tempest-ServerBootFromVolumeStableRescueTest-1157650321 tempest-ServerBootFromVolumeStableRescueTest-1157650321-project-member] Using url versioning {{(pid=99738) process_request /opt/stack/glance/glance/api/middleware/version_negotiation.py:57}}
Aug 26 15:47:58.554211 np0000008168 devstack@g-api.service[99738]: DEBUG glance.api.middleware.version_negotiation [None req-9f708c2b-cdd1-48ab-831a-705a87b83d87 tempest-ServerBootFromVolumeStableRescueTest-1157650321 tempest-ServerBootFromVolumeStableRescueTest-1157650321-project-member] Matched version: v2 {{(pid=99738) process_request /opt/stack/glance/glance/api/middleware/version_negotiation.py:69}}
Aug 26 15:47:58.554308 np0000008168 devstack@g-api.service[99738]: DEBUG glance.api.middleware.version_negotiation [None req-9f708c2b-cdd1-48ab-831a-705a87b83d87 tempest-ServerBootFromVolumeStableRescueTest-1157650321 tempest-ServerBootFromVolumeStableRescueTest-1157650321-project-member] new path /v2/images/740ebb6a-c19f-43f6-97f5-f1608c3124fb {{(pid=99738) process_request /opt/stack/glance/glance/api/middleware/version_negotiation.py:70}}
Aug 26 15:47:58.564664 np0000008168 devstack@g-api.service[99738]: [pid: 99738|app: 0|req: 45/138] 127.0.0.1 () {40 vars in 838 bytes} [Wed Aug 26 15:47:58 2026] GET /v2/images/740ebb6a-c19f-43f6-97f5-f1608c3124fb => generated 1640 bytes in 11 msecs (HTTP/1.1 200) 4 headers in 158 bytes (1 switches on core 0)
Aug 26 15:47:59.008354 np0000008168 devstack@g-api.service[99740]: DEBUG glance.api.middleware.version_negotiation [None req-9f708c2b-cdd1-48ab-831a-705a87b83d87 tempest-ServerBootFromVolumeStableRescueTest-1157650321 tempest-ServerBootFromVolumeStableRescueTest-1157650321-project-member] Determining version of request: GET /v2/images/979d947b-388f-40b8-a135-bb8d08eca5d8 Accept: */* {{(pid=99740) process_request /opt/stack/glance/glance/api/middleware/version_negotiation.py:44}}
Aug 26 15:47:59.008354 np0000008168 devstack@g-api.service[99740]: DEBUG glance.api.middleware.version_negotiation [None req-9f708c2b-cdd1-48ab-831a-705a87b83d87 tempest-ServerBootFromVolumeStableRescueTest-1157650321 tempest-ServerBootFromVolumeStableRescueTest-1157650321-project-member] Using url versioning {{(pid=99740) process_request /opt/stack/glance/glance/api/middleware/version_negotiation.py:57}}
Aug 26 15:47:59.008354 np0000008168 devstack@g-api.service[99740]: DEBUG glance.api.middleware.version_negotiation [None req-9f708c2b-cdd1-48ab-831a-705a87b83d87 tempest-ServerBootFromVolumeStableRescueTest-1157650321 tempest-ServerBootFromVolumeStableRescueTest-1157650321-project-member] Matched version: v2 {{(pid=99740) process_request /opt/stack/glance/glance/api/middleware/version_negotiation.py:69}}
Aug 26 15:47:59.008354 np0000008168 devstack@g-api.service[99740]: DEBUG glance.api.middleware.version_negotiation [None req-9f708c2b-cdd1-48ab-831a-705a87b83d87 tempest-ServerBootFromVolumeStableRescueTest-1157650321 tempest-ServerBootFromVolumeStableRescueTest-1157650321-project-member] new path /v2/images/979d947b-388f-40b8-a135-bb8d08eca5d8 {{(pid=99740) process_request /opt/stack/glance/glance/api/middleware/version_negotiation.py:70}}
Aug 26 15:47:59.018629 np0000008168 devstack@g-api.service[99740]: [pid: 99740|app: 0|req: 50/139] 127.0.0.1 () {44 vars in 1115 bytes} [Wed Aug 26 15:47:59 2026] GET /v2/images/979d947b-388f-40b8-a135-bb8d08eca5d8 => generated 1044 bytes in 11 msecs (HTTP/1.1 200) 4 headers in 158 bytes (1 switches on core 0)
Aug 26 15:47:59.049772 np0000008168 devstack@g-api.service[99739]: DEBUG glance.api.middleware.version_negotiation [None req-ca52dd55-aaea-4b47-94f0-dbf1010cc167 tempest-ServerBootFromVolumeStableRescueTest-1157650321 tempest-ServerBootFromVolumeStableRescueTest-1157650321-project-member] Determining version of request: GET /v2/schemas/image Accept: */* {{(pid=99739) process_request /opt/stack/glance/glance/api/middleware/version_negotiation.py:44}}
Aug 26 15:47:59.050201 np0000008168 devstack@g-api.service[99739]: DEBUG glance.api.middleware.version_negotiation [None req-ca52dd55-aaea-4b47-94f0-dbf1010cc167 tempest-ServerBootFromVolumeStableRescueTest-1157650321 tempest-ServerBootFromVolumeStableRescueTest-1157650321-project-member] Using url versioning {{(pid=99739) process_request /opt/stack/glance/glance/api/middleware/version_negotiation.py:57}}
Aug 26 15:47:59.050201 np0000008168 devstack@g-api.service[99739]: DEBUG glance.api.middleware.version_negotiation [None req-ca52dd55-aaea-4b47-94f0-dbf1010cc167 tempest-ServerBootFromVolumeStableRescueTest-1157650321 tempest-ServerBootFromVolumeStableRescueTest-1157650321-project-member] Matched version: v2 {{(pid=99739) process_request /opt/stack/glance/glance/api/middleware/version_negotiation.py:69}}
Aug 26 15:47:59.050201 np0000008168 devstack@g-api.service[99739]: DEBUG glance.api.middleware.version_negotiation [None req-ca52dd55-aaea-4b47-94f0-dbf1010cc167 tempest-ServerBootFromVolumeStableRescueTest-1157650321 tempest-ServerBootFromVolumeStableRescueTest-1157650321-project-member] new path /v2/schemas/image {{(pid=99739) process_request /opt/stack/glance/glance/api/middleware/version_negotiation.py:70}}
Aug 26 15:47:59.052542 np0000008168 devstack@g-api.service[99739]: [pid: 99739|app: 0|req: 45/140] 127.0.0.1 () {44 vars in 1055 bytes} [Wed Aug 26 15:47:59 2026] GET /v2/schemas/image => generated 6083 bytes in 3 msecs (HTTP/1.1 200) 4 headers in 158 bytes (1 switches on core 0)
Aug 26 15:48:00.824687 np0000008168 devstack@g-api.service[99738]: DEBUG glance.api.middleware.version_negotiation [None req-121c78ed-5afc-49e3-9987-3409402fa6f4 tempest-ServerBootFromVolumeStableRescueTest-1157650321 tempest-ServerBootFromVolumeStableRescueTest-1157650321-project-member] Determining version of request: GET /v2/images/979d947b-388f-40b8-a135-bb8d08eca5d8 Accept: */* {{(pid=99738) process_request /opt/stack/glance/glance/api/middleware/version_negotiation.py:44}}
Aug 26 15:48:00.825020 np0000008168 devstack@g-api.service[99738]: DEBUG glance.api.middleware.version_negotiation [None req-121c78ed-5afc-49e3-9987-3409402fa6f4 tempest-ServerBootFromVolumeStableRescueTest-1157650321 tempest-ServerBootFromVolumeStableRescueTest-1157650321-project-member] Using url versioning {{(pid=99738) process_request /opt/stack/glance/glance/api/middleware/version_negotiation.py:57}}
Aug 26 15:48:00.825020 np0000008168 devstack@g-api.service[99738]: DEBUG glance.api.middleware.version_negotiation [None req-121c78ed-5afc-49e3-9987-3409402fa6f4 tempest-ServerBootFromVolumeStableRescueTest-1157650321 tempest-ServerBootFromVolumeStableRescueTest-1157650321-project-member] Matched version: v2 {{(pid=99738) process_request /opt/stack/glance/glance/api/middleware/version_negotiation.py:69}}
Aug 26 15:48:00.825020 np0000008168 devstack@g-api.service[99738]: DEBUG glance.api.middleware.version_negotiation [None req-121c78ed-5afc-49e3-9987-3409402fa6f4 tempest-ServerBootFromVolumeStableRescueTest-1157650321 tempest-ServerBootFromVolumeStableRescueTest-1157650321-project-member] new path /v2/images/979d947b-388f-40b8-a135-bb8d08eca5d8 {{(pid=99738) process_request /opt/stack/glance/glance/api/middleware/version_negotiation.py:70}}
Aug 26 15:48:00.838209 np0000008168 devstack@g-api.service[99738]: [pid: 99738|app: 0|req: 46/141] 127.0.0.1 () {44 vars in 1115 bytes} [Wed Aug 26 15:48:00 2026] GET /v2/images/979d947b-388f-40b8-a135-bb8d08eca5d8 => generated 1044 bytes in 14 msecs (HTTP/1.1 200) 4 headers in 158 bytes (1 switches on core 0)
Aug 26 15:48:00.845156 np0000008168 devstack@g-api.service[99740]: DEBUG glance.api.middleware.version_negotiation [None req-3ffe0870-05b9-4846-8af8-e802a8405f88 tempest-ServerBootFromVolumeStableRescueTest-1157650321 tempest-ServerBootFromVolumeStableRescueTest-1157650321-project-member] Determining version of request: GET /v2/schemas/image Accept: */* {{(pid=99740) process_request /opt/stack/glance/glance/api/middleware/version_negotiation.py:44}}
Aug 26 15:48:00.845590 np0000008168 devstack@g-api.service[99740]: DEBUG glance.api.middleware.version_negotiation [None req-3ffe0870-05b9-4846-8af8-e802a8405f88 tempest-ServerBootFromVolumeStableRescueTest-1157650321 tempest-ServerBootFromVolumeStableRescueTest-1157650321-project-member] Using url versioning {{(pid=99740) process_request /opt/stack/glance/glance/api/middleware/version_negotiation.py:57}}
Aug 26 15:48:00.845590 np0000008168 devstack@g-api.service[99740]: DEBUG glance.api.middleware.version_negotiation [None req-3ffe0870-05b9-4846-8af8-e802a8405f88 tempest-ServerBootFromVolumeStableRescueTest-1157650321 tempest-ServerBootFromVolumeStableRescueTest-1157650321-project-member] Matched version: v2 {{(pid=99740) process_request /opt/stack/glance/glance/api/middleware/version_negotiation.py:69}}
Aug 26 15:48:00.845590 np0000008168 devstack@g-api.service[99740]: DEBUG glance.api.middleware.version_negotiation [None req-3ffe0870-05b9-4846-8af8-e802a8405f88 tempest-ServerBootFromVolumeStableRescueTest-1157650321 tempest-ServerBootFromVolumeStableRescueTest-1157650321-project-member] new path /v2/schemas/image {{(pid=99740) process_request /opt/stack/glance/glance/api/middleware/version_negotiation.py:70}}
Aug 26 15:48:00.852777 np0000008168 devstack@g-api.service[99740]: [pid: 99740|app: 0|req: 51/142] 127.0.0.1 () {44 vars in 1055 bytes} [Wed Aug 26 15:48:00 2026] GET /v2/schemas/image => generated 6083 bytes in 8 msecs (HTTP/1.1 200) 4 headers in 158 bytes (1 switches on core 0)
Aug 26 15:48:00.862831 np0000008168 devstack@g-api.service[99739]: DEBUG glance.api.middleware.version_negotiation [None req-3ffe0870-05b9-4846-8af8-e802a8405f88 tempest-ServerBootFromVolumeStableRescueTest-1157650321 tempest-ServerBootFromVolumeStableRescueTest-1157650321-project-member] Determining version of request: GET /v2/schemas/image Accept: */* {{(pid=99739) process_request /opt/stack/glance/glance/api/middleware/version_negotiation.py:44}}
Aug 26 15:48:00.863159 np0000008168 devstack@g-api.service[99739]: DEBUG glance.api.middleware.version_negotiation [None req-3ffe0870-05b9-4846-8af8-e802a8405f88 tempest-ServerBootFromVolumeStableRescueTest-1157650321 tempest-ServerBootFromVolumeStableRescueTest-1157650321-project-member] Using url versioning {{(pid=99739) process_request /opt/stack/glance/glance/api/middleware/version_negotiation.py:57}}
Aug 26 15:48:00.863159 np0000008168 devstack@g-api.service[99739]: DEBUG glance.api.middleware.version_negotiation [None req-3ffe0870-05b9-4846-8af8-e802a8405f88 tempest-ServerBootFromVolumeStableRescueTest-1157650321 tempest-ServerBootFromVolumeStableRescueTest-1157650321-project-member] Matched version: v2 {{(pid=99739) process_request /opt/stack/glance/glance/api/middleware/version_negotiation.py:69}}
Aug 26 15:48:00.863264 np0000008168 devstack@g-api.service[99739]: DEBUG glance.api.middleware.version_negotiation [None req-3ffe0870-05b9-4846-8af8-e802a8405f88 tempest-ServerBootFromVolumeStableRescueTest-1157650321 tempest-ServerBootFromVolumeStableRescueTest-1157650321-project-member] new path /v2/schemas/image {{(pid=99739) process_request /opt/stack/glance/glance/api/middleware/version_negotiation.py:70}}
Aug 26 15:48:00.869967 np0000008168 devstack@g-api.service[99739]: [pid: 99739|app: 0|req: 46/143] 127.0.0.1 () {44 vars in 1055 bytes} [Wed Aug 26 15:48:00 2026] GET /v2/schemas/image => generated 6083 bytes in 7 msecs (HTTP/1.1 200) 4 headers in 158 bytes (1 switches on core 0)
Aug 26 15:48:00.882204 np0000008168 devstack@g-api.service[99738]: DEBUG glance.api.middleware.version_negotiation [None req-3ffe0870-05b9-4846-8af8-e802a8405f88 tempest-ServerBootFromVolumeStableRescueTest-1157650321 tempest-ServerBootFromVolumeStableRescueTest-1157650321-project-member] Determining version of request: GET /v2/images/979d947b-388f-40b8-a135-bb8d08eca5d8 Accept: */* {{(pid=99738) process_request /opt/stack/glance/glance/api/middleware/version_negotiation.py:44}}
Aug 26 15:48:00.882204 np0000008168 devstack@g-api.service[99738]: DEBUG glance.api.middleware.version_negotiation [None req-3ffe0870-05b9-4846-8af8-e802a8405f88 tempest-ServerBootFromVolumeStableRescueTest-1157650321 tempest-ServerBootFromVolumeStableRescueTest-1157650321-project-member] Using url versioning {{(pid=99738) process_request /opt/stack/glance/glance/api/middleware/version_negotiation.py:57}}
Aug 26 15:48:00.882204 np0000008168 devstack@g-api.service[99738]: DEBUG glance.api.middleware.version_negotiation [None req-3ffe0870-05b9-4846-8af8-e802a8405f88 tempest-ServerBootFromVolumeStableRescueTest-1157650321 tempest-ServerBootFromVolumeStableRescueTest-1157650321-project-member] Matched version: v2 {{(pid=99738) process_request /opt/stack/glance/glance/api/middleware/version_negotiation.py:69}}
Aug 26 15:48:00.882204 np0000008168 devstack@g-api.service[99738]: DEBUG glance.api.middleware.version_negotiation [None req-3ffe0870-05b9-4846-8af8-e802a8405f88 tempest-ServerBootFromVolumeStableRescueTest-1157650321 tempest-ServerBootFromVolumeStableRescueTest-1157650321-project-member] new path /v2/images/979d947b-388f-40b8-a135-bb8d08eca5d8 {{(pid=99738) process_request /opt/stack/glance/glance/api/middleware/version_negotiation.py:70}}
Aug 26 15:48:00.891879 np0000008168 devstack@g-api.service[99738]: [pid: 99738|app: 0|req: 47/144] 127.0.0.1 () {44 vars in 1115 bytes} [Wed Aug 26 15:48:00 2026] GET /v2/images/979d947b-388f-40b8-a135-bb8d08eca5d8 => generated 1044 bytes in 10 msecs (HTTP/1.1 200) 4 headers in 158 bytes (1 switches on core 0)
Aug 26 15:48:00.901672 np0000008168 devstack@g-api.service[99740]: DEBUG glance.api.middleware.version_negotiation [None req-3ffe0870-05b9-4846-8af8-e802a8405f88 tempest-ServerBootFromVolumeStableRescueTest-1157650321 tempest-ServerBootFromVolumeStableRescueTest-1157650321-project-member] Determining version of request: GET /v2/schemas/image Accept: */* {{(pid=99740) process_request /opt/stack/glance/glance/api/middleware/version_negotiation.py:44}}
Aug 26 15:48:00.901861 np0000008168 devstack@g-api.service[99740]: DEBUG glance.api.middleware.version_negotiation [None req-3ffe0870-05b9-4846-8af8-e802a8405f88 tempest-ServerBootFromVolumeStableRescueTest-1157650321 tempest-ServerBootFromVolumeStableRescueTest-1157650321-project-member] Using url versioning {{(pid=99740) process_request /opt/stack/glance/glance/api/middleware/version_negotiation.py:57}}
Aug 26 15:48:00.902019 np0000008168 devstack@g-api.service[99740]: DEBUG glance.api.middleware.version_negotiation [None req-3ffe0870-05b9-4846-8af8-e802a8405f88 tempest-ServerBootFromVolumeStableRescueTest-1157650321 tempest-ServerBootFromVolumeStableRescueTest-1157650321-project-member] Matched version: v2 {{(pid=99740) process_request /opt/stack/glance/glance/api/middleware/version_negotiation.py:69}}
Aug 26 15:48:00.902144 np0000008168 devstack@g-api.service[99740]: DEBUG glance.api.middleware.version_negotiation [None req-3ffe0870-05b9-4846-8af8-e802a8405f88 tempest-ServerBootFromVolumeStableRescueTest-1157650321 tempest-ServerBootFromVolumeStableRescueTest-1157650321-project-member] new path /v2/schemas/image {{(pid=99740) process_request /opt/stack/glance/glance/api/middleware/version_negotiation.py:70}}
Aug 26 15:48:00.909147 np0000008168 devstack@g-api.service[99740]: [pid: 99740|app: 0|req: 52/145] 127.0.0.1 () {44 vars in 1055 bytes} [Wed Aug 26 15:48:00 2026] GET /v2/schemas/image => generated 6083 bytes in 6 msecs (HTTP/1.1 200) 4 headers in 158 bytes (1 switches on core 0)
Aug 26 15:48:00.919698 np0000008168 devstack@g-api.service[99739]: DEBUG glance.api.middleware.version_negotiation [None req-3ffe0870-05b9-4846-8af8-e802a8405f88 tempest-ServerBootFromVolumeStableRescueTest-1157650321 tempest-ServerBootFromVolumeStableRescueTest-1157650321-project-member] Determining version of request: GET /v2/schemas/image Accept: */* {{(pid=99739) process_request /opt/stack/glance/glance/api/middleware/version_negotiation.py:44}}
Aug 26 15:48:00.919847 np0000008168 devstack@g-api.service[99739]: DEBUG glance.api.middleware.version_negotiation [None req-3ffe0870-05b9-4846-8af8-e802a8405f88 tempest-ServerBootFromVolumeStableRescueTest-1157650321 tempest-ServerBootFromVolumeStableRescueTest-1157650321-project-member] Using url versioning {{(pid=99739) process_request /opt/stack/glance/glance/api/middleware/version_negotiation.py:57}}
Aug 26 15:48:00.919970 np0000008168 devstack@g-api.service[99739]: DEBUG glance.api.middleware.version_negotiation [None req-3ffe0870-05b9-4846-8af8-e802a8405f88 tempest-ServerBootFromVolumeStableRescueTest-1157650321 tempest-ServerBootFromVolumeStableRescueTest-1157650321-project-member] Matched version: v2 {{(pid=99739) process_request /opt/stack/glance/glance/api/middleware/version_negotiation.py:69}}
Aug 26 15:48:00.920056 np0000008168 devstack@g-api.service[99739]: DEBUG glance.api.middleware.version_negotiation [None req-3ffe0870-05b9-4846-8af8-e802a8405f88 tempest-ServerBootFromVolumeStableRescueTest-1157650321 tempest-ServerBootFromVolumeStableRescueTest-1157650321-project-member] new path /v2/schemas/image {{(pid=99739) process_request /opt/stack/glance/glance/api/middleware/version_negotiation.py:70}}
Aug 26 15:48:00.924080 np0000008168 devstack@g-api.service[99739]: [pid: 99739|app: 0|req: 47/146] 127.0.0.1 () {44 vars in 1055 bytes} [Wed Aug 26 15:48:00 2026] GET /v2/schemas/image => generated 6083 bytes in 4 msecs (HTTP/1.1 200) 4 headers in 158 bytes (1 switches on core 0)
Aug 26 15:48:00.946564 np0000008168 devstack@g-api.service[99738]: DEBUG glance.api.middleware.version_negotiation [None req-3ffe0870-05b9-4846-8af8-e802a8405f88 tempest-ServerBootFromVolumeStableRescueTest-1157650321 tempest-ServerBootFromVolumeStableRescueTest-1157650321-project-member] Determining version of request: GET /v2/images/979d947b-388f-40b8-a135-bb8d08eca5d8 Accept: */* {{(pid=99738) process_request /opt/stack/glance/glance/api/middleware/version_negotiation.py:44}}
Aug 26 15:48:00.947297 np0000008168 devstack@g-api.service[99738]: DEBUG glance.api.middleware.version_negotiation [None req-3ffe0870-05b9-4846-8af8-e802a8405f88 tempest-ServerBootFromVolumeStableRescueTest-1157650321 tempest-ServerBootFromVolumeStableRescueTest-1157650321-project-member] Using url versioning {{(pid=99738) process_request /opt/stack/glance/glance/api/middleware/version_negotiation.py:57}}
Aug 26 15:48:00.947297 np0000008168 devstack@g-api.service[99738]: DEBUG glance.api.middleware.version_negotiation [None req-3ffe0870-05b9-4846-8af8-e802a8405f88 tempest-ServerBootFromVolumeStableRescueTest-1157650321 tempest-ServerBootFromVolumeStableRescueTest-1157650321-project-member] Matched version: v2 {{(pid=99738) process_request /opt/stack/glance/glance/api/middleware/version_negotiation.py:69}}
Aug 26 15:48:00.947297 np0000008168 devstack@g-api.service[99738]: DEBUG glance.api.middleware.version_negotiation [None req-3ffe0870-05b9-4846-8af8-e802a8405f88 tempest-ServerBootFromVolumeStableRescueTest-1157650321 tempest-ServerBootFromVolumeStableRescueTest-1157650321-project-member] new path /v2/images/979d947b-388f-40b8-a135-bb8d08eca5d8 {{(pid=99738) process_request /opt/stack/glance/glance/api/middleware/version_negotiation.py:70}}
Aug 26 15:48:00.957197 np0000008168 devstack@g-api.service[99738]: [pid: 99738|app: 0|req: 48/147] 127.0.0.1 () {44 vars in 1115 bytes} [Wed Aug 26 15:48:00 2026] GET /v2/images/979d947b-388f-40b8-a135-bb8d08eca5d8 => generated 1044 bytes in 10 msecs (HTTP/1.1 200) 4 headers in 158 bytes (1 switches on core 0)
Aug 26 15:48:00.966483 np0000008168 devstack@g-api.service[99740]: DEBUG glance.api.middleware.version_negotiation [None req-3ffe0870-05b9-4846-8af8-e802a8405f88 tempest-ServerBootFromVolumeStableRescueTest-1157650321 tempest-ServerBootFromVolumeStableRescueTest-1157650321-project-member] Determining version of request: GET /v2/schemas/image Accept: */* {{(pid=99740) process_request /opt/stack/glance/glance/api/middleware/version_negotiation.py:44}}
Aug 26 15:48:00.966691 np0000008168 devstack@g-api.service[99740]: DEBUG glance.api.middleware.version_negotiation [None req-3ffe0870-05b9-4846-8af8-e802a8405f88 tempest-ServerBootFromVolumeStableRescueTest-1157650321 tempest-ServerBootFromVolumeStableRescueTest-1157650321-project-member] Using url versioning {{(pid=99740) process_request /opt/stack/glance/glance/api/middleware/version_negotiation.py:57}}
Aug 26 15:48:00.966826 np0000008168 devstack@g-api.service[99740]: DEBUG glance.api.middleware.version_negotiation [None req-3ffe0870-05b9-4846-8af8-e802a8405f88 tempest-ServerBootFromVolumeStableRescueTest-1157650321 tempest-ServerBootFromVolumeStableRescueTest-1157650321-project-member] Matched version: v2 {{(pid=99740) process_request /opt/stack/glance/glance/api/middleware/version_negotiation.py:69}}
Aug 26 15:48:00.966918 np0000008168 devstack@g-api.service[99740]: DEBUG glance.api.middleware.version_negotiation [None req-3ffe0870-05b9-4846-8af8-e802a8405f88 tempest-ServerBootFromVolumeStableRescueTest-1157650321 tempest-ServerBootFromVolumeStableRescueTest-1157650321-project-member] new path /v2/schemas/image {{(pid=99740) process_request /opt/stack/glance/glance/api/middleware/version_negotiation.py:70}}
Aug 26 15:48:00.968928 np0000008168 devstack@g-api.service[99740]: [pid: 99740|app: 0|req: 53/148] 127.0.0.1 () {44 vars in 1055 bytes} [Wed Aug 26 15:48:00 2026] GET /v2/schemas/image => generated 6083 bytes in 2 msecs (HTTP/1.1 200) 4 headers in 158 bytes (1 switches on core 0)
Aug 26 15:48:01.450106 np0000008168 devstack@g-api.service[99739]: DEBUG glance.api.middleware.version_negotiation [None req-3ffe0870-05b9-4846-8af8-e802a8405f88 tempest-ServerBootFromVolumeStableRescueTest-1157650321 tempest-ServerBootFromVolumeStableRescueTest-1157650321-project-member] Determining version of request: GET /versions Accept: */* {{(pid=99739) process_request /opt/stack/glance/glance/api/middleware/version_negotiation.py:44}}
Aug 26 15:48:01.450983 np0000008168 devstack@g-api.service[99739]: [pid: 99739|app: 0|req: 48/149] 127.0.0.1 () {44 vars in 1039 bytes} [Wed Aug 26 15:48:01 2026] GET /versions => generated 1515 bytes in 1 msecs (HTTP/1.1 200) 3 headers in 92 bytes (1 switches on core 0)
Aug 26 15:48:01.465458 np0000008168 devstack@g-api.service[99738]: DEBUG glance.api.middleware.version_negotiation [None req-3ffe0870-05b9-4846-8af8-e802a8405f88 tempest-ServerBootFromVolumeStableRescueTest-1157650321 tempest-ServerBootFromVolumeStableRescueTest-1157650321-project-member] Determining version of request: GET /v2/images/979d947b-388f-40b8-a135-bb8d08eca5d8/locations Accept: */* {{(pid=99738) process_request /opt/stack/glance/glance/api/middleware/version_negotiation.py:44}}
Aug 26 15:48:01.465879 np0000008168 devstack@g-api.service[99738]: DEBUG glance.api.middleware.version_negotiation [None req-3ffe0870-05b9-4846-8af8-e802a8405f88 tempest-ServerBootFromVolumeStableRescueTest-1157650321 tempest-ServerBootFromVolumeStableRescueTest-1157650321-project-member] Using url versioning {{(pid=99738) process_request /opt/stack/glance/glance/api/middleware/version_negotiation.py:57}}
Aug 26 15:48:01.466149 np0000008168 devstack@g-api.service[99738]: DEBUG glance.api.middleware.version_negotiation [None req-3ffe0870-05b9-4846-8af8-e802a8405f88 tempest-ServerBootFromVolumeStableRescueTest-1157650321 tempest-ServerBootFromVolumeStableRescueTest-1157650321-project-member] Matched version: v2 {{(pid=99738) process_request /opt/stack/glance/glance/api/middleware/version_negotiation.py:69}}
Aug 26 15:48:01.466329 np0000008168 devstack@g-api.service[99738]: DEBUG glance.api.middleware.version_negotiation [None req-3ffe0870-05b9-4846-8af8-e802a8405f88 tempest-ServerBootFromVolumeStableRescueTest-1157650321 tempest-ServerBootFromVolumeStableRescueTest-1157650321-project-member] new path /v2/images/979d947b-388f-40b8-a135-bb8d08eca5d8/locations {{(pid=99738) process_request /opt/stack/glance/glance/api/middleware/version_negotiation.py:70}}
Aug 26 15:48:01.686491 np0000008168 devstack@g-api.service[99738]: [pid: 99738|app: 0|req: 49/150] 127.0.0.1 () {44 vars in 1135 bytes} [Wed Aug 26 15:48:01 2026] GET /v2/images/979d947b-388f-40b8-a135-bb8d08eca5d8/locations => generated 92 bytes in 222 msecs (HTTP/1.1 200) 4 headers in 156 bytes (1 switches on core 0)
Aug 26 15:48:01.698917 np0000008168 devstack@g-api.service[99740]: DEBUG glance.api.middleware.version_negotiation [None req-3ffe0870-05b9-4846-8af8-e802a8405f88 tempest-ServerBootFromVolumeStableRescueTest-1157650321 tempest-ServerBootFromVolumeStableRescueTest-1157650321-project-member] Determining version of request: GET /v2/images/979d947b-388f-40b8-a135-bb8d08eca5d8 Accept: */* {{(pid=99740) process_request /opt/stack/glance/glance/api/middleware/version_negotiation.py:44}}
Aug 26 15:48:01.700116 np0000008168 devstack@g-api.service[99740]: DEBUG glance.api.middleware.version_negotiation [None req-3ffe0870-05b9-4846-8af8-e802a8405f88 tempest-ServerBootFromVolumeStableRescueTest-1157650321 tempest-ServerBootFromVolumeStableRescueTest-1157650321-project-member] Using url versioning {{(pid=99740) process_request /opt/stack/glance/glance/api/middleware/version_negotiation.py:57}}
Aug 26 15:48:01.700328 np0000008168 devstack@g-api.service[99740]: DEBUG glance.api.middleware.version_negotiation [None req-3ffe0870-05b9-4846-8af8-e802a8405f88 tempest-ServerBootFromVolumeStableRescueTest-1157650321 tempest-ServerBootFromVolumeStableRescueTest-1157650321-project-member] Matched version: v2 {{(pid=99740) process_request /opt/stack/glance/glance/api/middleware/version_negotiation.py:69}}
Aug 26 15:48:01.700457 np0000008168 devstack@g-api.service[99740]: DEBUG glance.api.middleware.version_negotiation [None req-3ffe0870-05b9-4846-8af8-e802a8405f88 tempest-ServerBootFromVolumeStableRescueTest-1157650321 tempest-ServerBootFromVolumeStableRescueTest-1157650321-project-member] new path /v2/images/979d947b-388f-40b8-a135-bb8d08eca5d8 {{(pid=99740) process_request /opt/stack/glance/glance/api/middleware/version_negotiation.py:70}}
Aug 26 15:48:01.717077 np0000008168 devstack@g-api.service[99740]: [pid: 99740|app: 0|req: 54/151] 127.0.0.1 () {44 vars in 1115 bytes} [Wed Aug 26 15:48:01 2026] GET /v2/images/979d947b-388f-40b8-a135-bb8d08eca5d8 => generated 1044 bytes in 18 msecs (HTTP/1.1 200) 4 headers in 158 bytes (1 switches on core 0)
Aug 26 15:48:01.725478 np0000008168 devstack@g-api.service[99739]: DEBUG glance.api.middleware.version_negotiation [None req-3ffe0870-05b9-4846-8af8-e802a8405f88 tempest-ServerBootFromVolumeStableRescueTest-1157650321 tempest-ServerBootFromVolumeStableRescueTest-1157650321-project-member] Determining version of request: GET /v2/schemas/image Accept: */* {{(pid=99739) process_request /opt/stack/glance/glance/api/middleware/version_negotiation.py:44}}
Aug 26 15:48:01.725675 np0000008168 devstack@g-api.service[99739]: DEBUG glance.api.middleware.version_negotiation [None req-3ffe0870-05b9-4846-8af8-e802a8405f88 tempest-ServerBootFromVolumeStableRescueTest-1157650321 tempest-ServerBootFromVolumeStableRescueTest-1157650321-project-member] Using url versioning {{(pid=99739) process_request /opt/stack/glance/glance/api/middleware/version_negotiation.py:57}}
Aug 26 15:48:01.725830 np0000008168 devstack@g-api.service[99739]: DEBUG glance.api.middleware.version_negotiation [None req-3ffe0870-05b9-4846-8af8-e802a8405f88 tempest-ServerBootFromVolumeStableRescueTest-1157650321 tempest-ServerBootFromVolumeStableRescueTest-1157650321-project-member] Matched version: v2 {{(pid=99739) process_request /opt/stack/glance/glance/api/middleware/version_negotiation.py:69}}
