Aug 26 15:50:10.008740 np0000008168 devstack@g-api.service[99740]: DEBUG glance.api.middleware.version_negotiation [None req-e2aa2e54-62bc-4b6a-9a78-2d04f70af933 tempest-ServerStableDeviceRescueTest-1324990247 tempest-ServerStableDeviceRescueTest-1324990247-project-member] Determining version of request: GET /v2/schemas/image Accept: */* {{(pid=99740) process_request /opt/stack/glance/glance/api/middleware/version_negotiation.py:44}}
Aug 26 15:50:10.009031 np0000008168 devstack@g-api.service[99740]: DEBUG glance.api.middleware.version_negotiation [None req-e2aa2e54-62bc-4b6a-9a78-2d04f70af933 tempest-ServerStableDeviceRescueTest-1324990247 tempest-ServerStableDeviceRescueTest-1324990247-project-member] Using url versioning {{(pid=99740) process_request /opt/stack/glance/glance/api/middleware/version_negotiation.py:57}}
Aug 26 15:50:10.009103 np0000008168 devstack@g-api.service[99740]: DEBUG glance.api.middleware.version_negotiation [None req-e2aa2e54-62bc-4b6a-9a78-2d04f70af933 tempest-ServerStableDeviceRescueTest-1324990247 tempest-ServerStableDeviceRescueTest-1324990247-project-member] Matched version: v2 {{(pid=99740) process_request /opt/stack/glance/glance/api/middleware/version_negotiation.py:69}}
Aug 26 15:50:10.009221 np0000008168 devstack@g-api.service[99740]: DEBUG glance.api.middleware.version_negotiation [None req-e2aa2e54-62bc-4b6a-9a78-2d04f70af933 tempest-ServerStableDeviceRescueTest-1324990247 tempest-ServerStableDeviceRescueTest-1324990247-project-member] new path /v2/schemas/image {{(pid=99740) process_request /opt/stack/glance/glance/api/middleware/version_negotiation.py:70}}
Aug 26 15:50:10.016582 np0000008168 devstack@g-api.service[99740]: [pid: 99740|app: 0|req: 91/300] 127.0.0.1 () {44 vars in 1055 bytes} [Wed Aug 26 15:50:10 2026] GET /v2/schemas/image => generated 6083 bytes in 9 msecs (HTTP/1.1 200) 4 headers in 158 bytes (1 switches on core 0)
Aug 26 15:50:10.977968 np0000008168 devstack@g-api.service[99739]: DEBUG glance.api.middleware.version_negotiation [None req-e2aa2e54-62bc-4b6a-9a78-2d04f70af933 tempest-ServerStableDeviceRescueTest-1324990247 tempest-ServerStableDeviceRescueTest-1324990247-project-member] Determining version of request: GET /v2/images/c4e1c23e-43e4-4f34-b2ca-e9a4f881f8f6 Accept: */* {{(pid=99739) process_request /opt/stack/glance/glance/api/middleware/version_negotiation.py:44}}
Aug 26 15:50:10.978372 np0000008168 devstack@g-api.service[99739]: DEBUG glance.api.middleware.version_negotiation [None req-e2aa2e54-62bc-4b6a-9a78-2d04f70af933 tempest-ServerStableDeviceRescueTest-1324990247 tempest-ServerStableDeviceRescueTest-1324990247-project-member] Using url versioning {{(pid=99739) process_request /opt/stack/glance/glance/api/middleware/version_negotiation.py:57}}
Aug 26 15:50:10.978543 np0000008168 devstack@g-api.service[99739]: DEBUG glance.api.middleware.version_negotiation [None req-e2aa2e54-62bc-4b6a-9a78-2d04f70af933 tempest-ServerStableDeviceRescueTest-1324990247 tempest-ServerStableDeviceRescueTest-1324990247-project-member] Matched version: v2 {{(pid=99739) process_request /opt/stack/glance/glance/api/middleware/version_negotiation.py:69}}
Aug 26 15:50:10.978611 np0000008168 devstack@g-api.service[99739]: DEBUG glance.api.middleware.version_negotiation [None req-e2aa2e54-62bc-4b6a-9a78-2d04f70af933 tempest-ServerStableDeviceRescueTest-1324990247 tempest-ServerStableDeviceRescueTest-1324990247-project-member] new path /v2/images/c4e1c23e-43e4-4f34-b2ca-e9a4f881f8f6 {{(pid=99739) process_request /opt/stack/glance/glance/api/middleware/version_negotiation.py:70}}
Aug 26 15:50:11.014105 np0000008168 devstack@g-api.service[99739]: [pid: 99739|app: 0|req: 105/301] 127.0.0.1 () {44 vars in 1115 bytes} [Wed Aug 26 15:50:10 2026] GET /v2/images/c4e1c23e-43e4-4f34-b2ca-e9a4f881f8f6 => generated 1335 bytes in 36 msecs (HTTP/1.1 200) 4 headers in 158 bytes (1 switches on core 0)
Aug 26 15:50:11.080575 np0000008168 devstack@g-api.service[99738]: DEBUG glance.api.middleware.version_negotiation [None req-f2407977-26ba-4ca7-847b-5896f640fe63 tempest-ServerStableDeviceRescueTest-1324990247 tempest-ServerStableDeviceRescueTest-1324990247-project-member] Determining version of request: GET /v2/schemas/image Accept: */* {{(pid=99738) process_request /opt/stack/glance/glance/api/middleware/version_negotiation.py:44}}
Aug 26 15:50:11.081018 np0000008168 devstack@g-api.service[99738]: DEBUG glance.api.middleware.version_negotiation [None req-f2407977-26ba-4ca7-847b-5896f640fe63 tempest-ServerStableDeviceRescueTest-1324990247 tempest-ServerStableDeviceRescueTest-1324990247-project-member] Using url versioning {{(pid=99738) process_request /opt/stack/glance/glance/api/middleware/version_negotiation.py:57}}
Aug 26 15:50:11.081018 np0000008168 devstack@g-api.service[99738]: DEBUG glance.api.middleware.version_negotiation [None req-f2407977-26ba-4ca7-847b-5896f640fe63 tempest-ServerStableDeviceRescueTest-1324990247 tempest-ServerStableDeviceRescueTest-1324990247-project-member] Matched version: v2 {{(pid=99738) process_request /opt/stack/glance/glance/api/middleware/version_negotiation.py:69}}
Aug 26 15:50:11.081018 np0000008168 devstack@g-api.service[99738]: DEBUG glance.api.middleware.version_negotiation [None req-f2407977-26ba-4ca7-847b-5896f640fe63 tempest-ServerStableDeviceRescueTest-1324990247 tempest-ServerStableDeviceRescueTest-1324990247-project-member] new path /v2/schemas/image {{(pid=99738) process_request /opt/stack/glance/glance/api/middleware/version_negotiation.py:70}}
Aug 26 15:50:11.083336 np0000008168 devstack@g-api.service[99738]: [pid: 99738|app: 0|req: 106/302] 127.0.0.1 () {44 vars in 1055 bytes} [Wed Aug 26 15:50:11 2026] GET /v2/schemas/image => generated 6083 bytes in 3 msecs (HTTP/1.1 200) 4 headers in 158 bytes (1 switches on core 0)
Aug 26 15:50:11.999767 np0000008168 devstack@g-api.service[99740]: DEBUG glance.api.middleware.version_negotiation [None req-f2407977-26ba-4ca7-847b-5896f640fe63 tempest-ServerStableDeviceRescueTest-1324990247 tempest-ServerStableDeviceRescueTest-1324990247-project-member] Determining version of request: GET /v2/images/c4e1c23e-43e4-4f34-b2ca-e9a4f881f8f6 Accept: */* {{(pid=99740) process_request /opt/stack/glance/glance/api/middleware/version_negotiation.py:44}}
Aug 26 15:50:12.000292 np0000008168 devstack@g-api.service[99740]: DEBUG glance.api.middleware.version_negotiation [None req-f2407977-26ba-4ca7-847b-5896f640fe63 tempest-ServerStableDeviceRescueTest-1324990247 tempest-ServerStableDeviceRescueTest-1324990247-project-member] Using url versioning {{(pid=99740) process_request /opt/stack/glance/glance/api/middleware/version_negotiation.py:57}}
Aug 26 15:50:12.000292 np0000008168 devstack@g-api.service[99740]: DEBUG glance.api.middleware.version_negotiation [None req-f2407977-26ba-4ca7-847b-5896f640fe63 tempest-ServerStableDeviceRescueTest-1324990247 tempest-ServerStableDeviceRescueTest-1324990247-project-member] Matched version: v2 {{(pid=99740) process_request /opt/stack/glance/glance/api/middleware/version_negotiation.py:69}}
Aug 26 15:50:12.000292 np0000008168 devstack@g-api.service[99740]: DEBUG glance.api.middleware.version_negotiation [None req-f2407977-26ba-4ca7-847b-5896f640fe63 tempest-ServerStableDeviceRescueTest-1324990247 tempest-ServerStableDeviceRescueTest-1324990247-project-member] new path /v2/images/c4e1c23e-43e4-4f34-b2ca-e9a4f881f8f6 {{(pid=99740) process_request /opt/stack/glance/glance/api/middleware/version_negotiation.py:70}}
Aug 26 15:50:12.020098 np0000008168 devstack@g-api.service[99740]: [pid: 99740|app: 0|req: 92/303] 127.0.0.1 () {44 vars in 1115 bytes} [Wed Aug 26 15:50:11 2026] GET /v2/images/c4e1c23e-43e4-4f34-b2ca-e9a4f881f8f6 => generated 1335 bytes in 20 msecs (HTTP/1.1 200) 4 headers in 158 bytes (1 switches on core 0)
Aug 26 15:50:12.057925 np0000008168 devstack@g-api.service[99739]: DEBUG glance.api.middleware.version_negotiation [None req-bbcf6b0a-7cfe-488b-8a26-98d8b279895b tempest-ServerStableDeviceRescueTest-1324990247 tempest-ServerStableDeviceRescueTest-1324990247-project-member] Determining version of request: GET /v2/schemas/image Accept: */* {{(pid=99739) process_request /opt/stack/glance/glance/api/middleware/version_negotiation.py:44}}
Aug 26 15:50:12.057925 np0000008168 devstack@g-api.service[99739]: DEBUG glance.api.middleware.version_negotiation [None req-bbcf6b0a-7cfe-488b-8a26-98d8b279895b tempest-ServerStableDeviceRescueTest-1324990247 tempest-ServerStableDeviceRescueTest-1324990247-project-member] Using url versioning {{(pid=99739) process_request /opt/stack/glance/glance/api/middleware/version_negotiation.py:57}}
Aug 26 15:50:12.058372 np0000008168 devstack@g-api.service[99739]: DEBUG glance.api.middleware.version_negotiation [None req-bbcf6b0a-7cfe-488b-8a26-98d8b279895b tempest-ServerStableDeviceRescueTest-1324990247 tempest-ServerStableDeviceRescueTest-1324990247-project-member] Matched version: v2 {{(pid=99739) process_request /opt/stack/glance/glance/api/middleware/version_negotiation.py:69}}
Aug 26 15:50:12.058372 np0000008168 devstack@g-api.service[99739]: DEBUG glance.api.middleware.version_negotiation [None req-bbcf6b0a-7cfe-488b-8a26-98d8b279895b tempest-ServerStableDeviceRescueTest-1324990247 tempest-ServerStableDeviceRescueTest-1324990247-project-member] new path /v2/schemas/image {{(pid=99739) process_request /opt/stack/glance/glance/api/middleware/version_negotiation.py:70}}
Aug 26 15:50:12.061321 np0000008168 devstack@g-api.service[99739]: [pid: 99739|app: 0|req: 106/304] 127.0.0.1 () {44 vars in 1055 bytes} [Wed Aug 26 15:50:12 2026] GET /v2/schemas/image => generated 6083 bytes in 3 msecs (HTTP/1.1 200) 4 headers in 158 bytes (1 switches on core 0)
Aug 26 15:50:12.094588 np0000008168 devstack@g-api.service[99738]: DEBUG glance.api.middleware.version_negotiation [None req-bbcf6b0a-7cfe-488b-8a26-98d8b279895b tempest-ServerStableDeviceRescueTest-1324990247 tempest-ServerStableDeviceRescueTest-1324990247-project-member] Determining version of request: GET /v2/schemas/image Accept: */* {{(pid=99738) process_request /opt/stack/glance/glance/api/middleware/version_negotiation.py:44}}
Aug 26 15:50:12.095794 np0000008168 devstack@g-api.service[99738]: DEBUG glance.api.middleware.version_negotiation [None req-bbcf6b0a-7cfe-488b-8a26-98d8b279895b tempest-ServerStableDeviceRescueTest-1324990247 tempest-ServerStableDeviceRescueTest-1324990247-project-member] Using url versioning {{(pid=99738) process_request /opt/stack/glance/glance/api/middleware/version_negotiation.py:57}}
Aug 26 15:50:12.095794 np0000008168 devstack@g-api.service[99738]: DEBUG glance.api.middleware.version_negotiation [None req-bbcf6b0a-7cfe-488b-8a26-98d8b279895b tempest-ServerStableDeviceRescueTest-1324990247 tempest-ServerStableDeviceRescueTest-1324990247-project-member] Matched version: v2 {{(pid=99738) process_request /opt/stack/glance/glance/api/middleware/version_negotiation.py:69}}
Aug 26 15:50:12.095794 np0000008168 devstack@g-api.service[99738]: DEBUG glance.api.middleware.version_negotiation [None req-bbcf6b0a-7cfe-488b-8a26-98d8b279895b tempest-ServerStableDeviceRescueTest-1324990247 tempest-ServerStableDeviceRescueTest-1324990247-project-member] new path /v2/schemas/image {{(pid=99738) process_request /opt/stack/glance/glance/api/middleware/version_negotiation.py:70}}
Aug 26 15:50:12.100547 np0000008168 devstack@g-api.service[99738]: [pid: 99738|app: 0|req: 107/305] 127.0.0.1 () {44 vars in 1055 bytes} [Wed Aug 26 15:50:12 2026] GET /v2/schemas/image => generated 6083 bytes in 6 msecs (HTTP/1.1 200) 4 headers in 158 bytes (1 switches on core 0)
Aug 26 15:50:12.154870 np0000008168 devstack@g-api.service[99740]: DEBUG glance.api.middleware.version_negotiation [None req-f2407977-26ba-4ca7-847b-5896f640fe63 tempest-ServerStableDeviceRescueTest-1324990247 tempest-ServerStableDeviceRescueTest-1324990247-project-member] Determining version of request: PATCH /v2/images/c4e1c23e-43e4-4f34-b2ca-e9a4f881f8f6 Accept: */* {{(pid=99740) process_request /opt/stack/glance/glance/api/middleware/version_negotiation.py:44}}
Aug 26 15:50:12.155001 np0000008168 devstack@g-api.service[99740]: DEBUG glance.api.middleware.version_negotiation [None req-f2407977-26ba-4ca7-847b-5896f640fe63 tempest-ServerStableDeviceRescueTest-1324990247 tempest-ServerStableDeviceRescueTest-1324990247-project-member] Using url versioning {{(pid=99740) process_request /opt/stack/glance/glance/api/middleware/version_negotiation.py:57}}
Aug 26 15:50:12.155144 np0000008168 devstack@g-api.service[99740]: DEBUG glance.api.middleware.version_negotiation [None req-f2407977-26ba-4ca7-847b-5896f640fe63 tempest-ServerStableDeviceRescueTest-1324990247 tempest-ServerStableDeviceRescueTest-1324990247-project-member] Matched version: v2 {{(pid=99740) process_request /opt/stack/glance/glance/api/middleware/version_negotiation.py:69}}
Aug 26 15:50:12.155308 np0000008168 devstack@g-api.service[99740]: DEBUG glance.api.middleware.version_negotiation [None req-f2407977-26ba-4ca7-847b-5896f640fe63 tempest-ServerStableDeviceRescueTest-1324990247 tempest-ServerStableDeviceRescueTest-1324990247-project-member] new path /v2/images/c4e1c23e-43e4-4f34-b2ca-e9a4f881f8f6 {{(pid=99740) process_request /opt/stack/glance/glance/api/middleware/version_negotiation.py:70}}
Aug 26 15:50:12.162708 np0000008168 devstack@g-api.service[99739]: DEBUG glance.api.middleware.version_negotiation [None req-f2407977-26ba-4ca7-847b-5896f640fe63 tempest-ServerStableDeviceRescueTest-1324990247 tempest-ServerStableDeviceRescueTest-1324990247-project-member] Determining version of request: GET /v2/images/c4e1c23e-43e4-4f34-b2ca-e9a4f881f8f6 Accept: */* {{(pid=99739) process_request /opt/stack/glance/glance/api/middleware/version_negotiation.py:44}}
Aug 26 15:50:12.162852 np0000008168 devstack@g-api.service[99739]: DEBUG glance.api.middleware.version_negotiation [None req-f2407977-26ba-4ca7-847b-5896f640fe63 tempest-ServerStableDeviceRescueTest-1324990247 tempest-ServerStableDeviceRescueTest-1324990247-project-member] Using url versioning {{(pid=99739) process_request /opt/stack/glance/glance/api/middleware/version_negotiation.py:57}}
Aug 26 15:50:12.162966 np0000008168 devstack@g-api.service[99739]: DEBUG glance.api.middleware.version_negotiation [None req-f2407977-26ba-4ca7-847b-5896f640fe63 tempest-ServerStableDeviceRescueTest-1324990247 tempest-ServerStableDeviceRescueTest-1324990247-project-member] Matched version: v2 {{(pid=99739) process_request /opt/stack/glance/glance/api/middleware/version_negotiation.py:69}}
Aug 26 15:50:12.163054 np0000008168 devstack@g-api.service[99739]: DEBUG glance.api.middleware.version_negotiation [None req-f2407977-26ba-4ca7-847b-5896f640fe63 tempest-ServerStableDeviceRescueTest-1324990247 tempest-ServerStableDeviceRescueTest-1324990247-project-member] new path /v2/images/c4e1c23e-43e4-4f34-b2ca-e9a4f881f8f6 {{(pid=99739) process_request /opt/stack/glance/glance/api/middleware/version_negotiation.py:70}}
Aug 26 15:50:12.180233 np0000008168 devstack@g-api.service[99739]: [pid: 99739|app: 0|req: 107/306] 127.0.0.1 () {44 vars in 1115 bytes} [Wed Aug 26 15:50:12 2026] GET /v2/images/c4e1c23e-43e4-4f34-b2ca-e9a4f881f8f6 => generated 1335 bytes in 17 msecs (HTTP/1.1 200) 4 headers in 158 bytes (1 switches on core 0)
Aug 26 15:50:12.215661 np0000008168 devstack@g-api.service[99738]: DEBUG glance.api.middleware.version_negotiation [None req-f2407977-26ba-4ca7-847b-5896f640fe63 tempest-ServerStableDeviceRescueTest-1324990247 tempest-ServerStableDeviceRescueTest-1324990247-project-member] Determining version of request: GET /v2/schemas/image Accept: */* {{(pid=99738) process_request /opt/stack/glance/glance/api/middleware/version_negotiation.py:44}}
Aug 26 15:50:12.215830 np0000008168 devstack@g-api.service[99738]: DEBUG glance.api.middleware.version_negotiation [None req-f2407977-26ba-4ca7-847b-5896f640fe63 tempest-ServerStableDeviceRescueTest-1324990247 tempest-ServerStableDeviceRescueTest-1324990247-project-member] Using url versioning {{(pid=99738) process_request /opt/stack/glance/glance/api/middleware/version_negotiation.py:57}}
Aug 26 15:50:12.215922 np0000008168 devstack@g-api.service[99738]: DEBUG glance.api.middleware.version_negotiation [None req-f2407977-26ba-4ca7-847b-5896f640fe63 tempest-ServerStableDeviceRescueTest-1324990247 tempest-ServerStableDeviceRescueTest-1324990247-project-member] Matched version: v2 {{(pid=99738) process_request /opt/stack/glance/glance/api/middleware/version_negotiation.py:69}}
Aug 26 15:50:12.216005 np0000008168 devstack@g-api.service[99738]: DEBUG glance.api.middleware.version_negotiation [None req-f2407977-26ba-4ca7-847b-5896f640fe63 tempest-ServerStableDeviceRescueTest-1324990247 tempest-ServerStableDeviceRescueTest-1324990247-project-member] new path /v2/schemas/image {{(pid=99738) process_request /opt/stack/glance/glance/api/middleware/version_negotiation.py:70}}
Aug 26 15:50:12.221561 np0000008168 devstack@g-api.service[99738]: [pid: 99738|app: 0|req: 108/307] 127.0.0.1 () {44 vars in 1055 bytes} [Wed Aug 26 15:50:12 2026] GET /v2/schemas/image => generated 6083 bytes in 6 msecs (HTTP/1.1 200) 4 headers in 158 bytes (1 switches on core 0)
Aug 26 15:50:12.349407 np0000008168 devstack@g-api.service[99740]: [pid: 99740|app: 0|req: 93/308] 127.0.0.1 () {46 vars in 1158 bytes} [Wed Aug 26 15:50:12 2026] PATCH /v2/images/c4e1c23e-43e4-4f34-b2ca-e9a4f881f8f6 => generated 1446 bytes in 195 msecs (HTTP/1.1 200) 4 headers in 158 bytes (1 switches on core 0)
Aug 26 15:50:12.350831 np0000008168 devstack@g-api.service[99739]: DEBUG glance.api.middleware.version_negotiation [None req-98e678a4-675e-44a1-bd28-ae0419bda50b tempest-ServerStableDeviceRescueTest-1324990247 tempest-ServerStableDeviceRescueTest-1324990247-project-member] Determining version of request: GET /v2/images/e4aa4380-ce34-41a1-bb67-e7bf203bc6d7 Accept: */* {{(pid=99739) process_request /opt/stack/glance/glance/api/middleware/version_negotiation.py:44}}
Aug 26 15:50:12.350831 np0000008168 devstack@g-api.service[99739]: DEBUG glance.api.middleware.version_negotiation [None req-98e678a4-675e-44a1-bd28-ae0419bda50b tempest-ServerStableDeviceRescueTest-1324990247 tempest-ServerStableDeviceRescueTest-1324990247-project-member] Using url versioning {{(pid=99739) process_request /opt/stack/glance/glance/api/middleware/version_negotiation.py:57}}
Aug 26 15:50:12.350831 np0000008168 devstack@g-api.service[99739]: DEBUG glance.api.middleware.version_negotiation [None req-98e678a4-675e-44a1-bd28-ae0419bda50b tempest-ServerStableDeviceRescueTest-1324990247 tempest-ServerStableDeviceRescueTest-1324990247-project-member] Matched version: v2 {{(pid=99739) process_request /opt/stack/glance/glance/api/middleware/version_negotiation.py:69}}
Aug 26 15:50:12.350831 np0000008168 devstack@g-api.service[99739]: DEBUG glance.api.middleware.version_negotiation [None req-98e678a4-675e-44a1-bd28-ae0419bda50b tempest-ServerStableDeviceRescueTest-1324990247 tempest-ServerStableDeviceRescueTest-1324990247-project-member] new path /v2/images/e4aa4380-ce34-41a1-bb67-e7bf203bc6d7 {{(pid=99739) process_request /opt/stack/glance/glance/api/middleware/version_negotiation.py:70}}
Aug 26 15:50:12.363371 np0000008168 devstack@g-api.service[99739]: [pid: 99739|app: 0|req: 108/309] 127.0.0.1 () {44 vars in 1115 bytes} [Wed Aug 26 15:50:12 2026] GET /v2/images/e4aa4380-ce34-41a1-bb67-e7bf203bc6d7 => generated 1618 bytes in 13 msecs (HTTP/1.1 200) 4 headers in 158 bytes (1 switches on core 0)
Aug 26 15:50:12.394714 np0000008168 devstack@g-api.service[99738]: DEBUG glance.api.middleware.version_negotiation [None req-98e678a4-675e-44a1-bd28-ae0419bda50b tempest-ServerStableDeviceRescueTest-1324990247 tempest-ServerStableDeviceRescueTest-1324990247-project-member] Determining version of request: GET /v2/images/c4e1c23e-43e4-4f34-b2ca-e9a4f881f8f6 Accept: */* {{(pid=99738) process_request /opt/stack/glance/glance/api/middleware/version_negotiation.py:44}}
Aug 26 15:50:12.394869 np0000008168 devstack@g-api.service[99738]: DEBUG glance.api.middleware.version_negotiation [None req-98e678a4-675e-44a1-bd28-ae0419bda50b tempest-ServerStableDeviceRescueTest-1324990247 tempest-ServerStableDeviceRescueTest-1324990247-project-member] Using url versioning {{(pid=99738) process_request /opt/stack/glance/glance/api/middleware/version_negotiation.py:57}}
Aug 26 15:50:12.395024 np0000008168 devstack@g-api.service[99738]: DEBUG glance.api.middleware.version_negotiation [None req-98e678a4-675e-44a1-bd28-ae0419bda50b tempest-ServerStableDeviceRescueTest-1324990247 tempest-ServerStableDeviceRescueTest-1324990247-project-member] Matched version: v2 {{(pid=99738) process_request /opt/stack/glance/glance/api/middleware/version_negotiation.py:69}}
Aug 26 15:50:12.395136 np0000008168 devstack@g-api.service[99738]: DEBUG glance.api.middleware.version_negotiation [None req-98e678a4-675e-44a1-bd28-ae0419bda50b tempest-ServerStableDeviceRescueTest-1324990247 tempest-ServerStableDeviceRescueTest-1324990247-project-member] new path /v2/images/c4e1c23e-43e4-4f34-b2ca-e9a4f881f8f6 {{(pid=99738) process_request /opt/stack/glance/glance/api/middleware/version_negotiation.py:70}}
Aug 26 15:50:12.404300 np0000008168 devstack@g-api.service[99740]: DEBUG glance.api.middleware.version_negotiation [None req-f2407977-26ba-4ca7-847b-5896f640fe63 tempest-ServerStableDeviceRescueTest-1324990247 tempest-ServerStableDeviceRescueTest-1324990247-project-member] Determining version of request: GET /v2/schemas/image Accept: */* {{(pid=99740) process_request /opt/stack/glance/glance/api/middleware/version_negotiation.py:44}}
Aug 26 15:50:12.404513 np0000008168 devstack@g-api.service[99740]: DEBUG glance.api.middleware.version_negotiation [None req-f2407977-26ba-4ca7-847b-5896f640fe63 tempest-ServerStableDeviceRescueTest-1324990247 tempest-ServerStableDeviceRescueTest-1324990247-project-member] Using url versioning {{(pid=99740) process_request /opt/stack/glance/glance/api/middleware/version_negotiation.py:57}}
Aug 26 15:50:12.404707 np0000008168 devstack@g-api.service[99740]: DEBUG glance.api.middleware.version_negotiation [None req-f2407977-26ba-4ca7-847b-5896f640fe63 tempest-ServerStableDeviceRescueTest-1324990247 tempest-ServerStableDeviceRescueTest-1324990247-project-member] Matched version: v2 {{(pid=99740) process_request /opt/stack/glance/glance/api/middleware/version_negotiation.py:69}}
Aug 26 15:50:12.404794 np0000008168 devstack@g-api.service[99740]: DEBUG glance.api.middleware.version_negotiation [None req-f2407977-26ba-4ca7-847b-5896f640fe63 tempest-ServerStableDeviceRescueTest-1324990247 tempest-ServerStableDeviceRescueTest-1324990247-project-member] new path /v2/schemas/image {{(pid=99740) process_request /opt/stack/glance/glance/api/middleware/version_negotiation.py:70}}
Aug 26 15:50:12.405617 np0000008168 devstack@g-api.service[99738]: [pid: 99738|app: 0|req: 109/310] 127.0.0.1 () {44 vars in 1115 bytes} [Wed Aug 26 15:50:12 2026] GET /v2/images/c4e1c23e-43e4-4f34-b2ca-e9a4f881f8f6 => generated 1446 bytes in 11 msecs (HTTP/1.1 200) 4 headers in 158 bytes (1 switches on core 0)
Aug 26 15:50:12.407809 np0000008168 devstack@g-api.service[99740]: [pid: 99740|app: 0|req: 94/311] 127.0.0.1 () {44 vars in 1055 bytes} [Wed Aug 26 15:50:12 2026] GET /v2/schemas/image => generated 6083 bytes in 3 msecs (HTTP/1.1 200) 4 headers in 158 bytes (1 switches on core 0)
Aug 26 15:50:12.450547 np0000008168 devstack@g-api.service[99739]: DEBUG glance.api.middleware.version_negotiation [None req-2f03705c-bf4e-412e-a39f-991fd18d09b2 tempest-AttachVolumeShelveTestJSON-931257642 tempest-AttachVolumeShelveTestJSON-931257642-project-member] Determining version of request: PUT /v2/images/c4e1c23e-43e4-4f34-b2ca-e9a4f881f8f6/file Accept: */* {{(pid=99739) process_request /opt/stack/glance/glance/api/middleware/version_negotiation.py:44}}
Aug 26 15:50:12.450754 np0000008168 devstack@g-api.service[99739]: DEBUG glance.api.middleware.version_negotiation [None req-2f03705c-bf4e-412e-a39f-991fd18d09b2 tempest-AttachVolumeShelveTestJSON-931257642 tempest-AttachVolumeShelveTestJSON-931257642-project-member] Using url versioning {{(pid=99739) process_request /opt/stack/glance/glance/api/middleware/version_negotiation.py:57}}
Aug 26 15:50:12.450902 np0000008168 devstack@g-api.service[99739]: DEBUG glance.api.middleware.version_negotiation [None req-2f03705c-bf4e-412e-a39f-991fd18d09b2 tempest-AttachVolumeShelveTestJSON-931257642 tempest-AttachVolumeShelveTestJSON-931257642-project-member] Matched version: v2 {{(pid=99739) process_request /opt/stack/glance/glance/api/middleware/version_negotiation.py:69}}
Aug 26 15:50:12.451007 np0000008168 devstack@g-api.service[99739]: DEBUG glance.api.middleware.version_negotiation [None req-2f03705c-bf4e-412e-a39f-991fd18d09b2 tempest-AttachVolumeShelveTestJSON-931257642 tempest-AttachVolumeShelveTestJSON-931257642-project-member] new path /v2/images/c4e1c23e-43e4-4f34-b2ca-e9a4f881f8f6/file {{(pid=99739) process_request /opt/stack/glance/glance/api/middleware/version_negotiation.py:70}}
Aug 26 15:50:13.014264 np0000008168 devstack@g-api.service[99739]: INFO glance.api.v2.image_data [None req-f2407977-26ba-4ca7-847b-5896f640fe63 tempest-ServerStableDeviceRescueTest-1324990247 tempest-ServerStableDeviceRescueTest-1324990247-project-member] Unable to create trust: no such option collect_timing in group [keystone_authtoken] Use the existing user token.
Aug 26 15:50:13.289761 np0000008168 devstack@g-api.service[99738]: DEBUG glance.api.middleware.version_negotiation [None req-f2407977-26ba-4ca7-847b-5896f640fe63 tempest-ServerStableDeviceRescueTest-1324990247 tempest-ServerStableDeviceRescueTest-1324990247-project-member] Determining version of request: GET /v2/images/c4e1c23e-43e4-4f34-b2ca-e9a4f881f8f6 Accept: */* {{(pid=99738) process_request /opt/stack/glance/glance/api/middleware/version_negotiation.py:44}}
Aug 26 15:50:13.290062 np0000008168 devstack@g-api.service[99738]: DEBUG glance.api.middleware.version_negotiation [None req-f2407977-26ba-4ca7-847b-5896f640fe63 tempest-ServerStableDeviceRescueTest-1324990247 tempest-ServerStableDeviceRescueTest-1324990247-project-member] Using url versioning {{(pid=99738) process_request /opt/stack/glance/glance/api/middleware/version_negotiation.py:57}}
Aug 26 15:50:13.290319 np0000008168 devstack@g-api.service[99738]: DEBUG glance.api.middleware.version_negotiation [None req-f2407977-26ba-4ca7-847b-5896f640fe63 tempest-ServerStableDeviceRescueTest-1324990247 tempest-ServerStableDeviceRescueTest-1324990247-project-member] Matched version: v2 {{(pid=99738) process_request /opt/stack/glance/glance/api/middleware/version_negotiation.py:69}}
Aug 26 15:50:13.290319 np0000008168 devstack@g-api.service[99738]: DEBUG glance.api.middleware.version_negotiation [None req-f2407977-26ba-4ca7-847b-5896f640fe63 tempest-ServerStableDeviceRescueTest-1324990247 tempest-ServerStableDeviceRescueTest-1324990247-project-member] new path /v2/images/c4e1c23e-43e4-4f34-b2ca-e9a4f881f8f6 {{(pid=99738) process_request /opt/stack/glance/glance/api/middleware/version_negotiation.py:70}}
Aug 26 15:50:13.300002 np0000008168 devstack@g-api.service[99738]: [pid: 99738|app: 0|req: 110/312] 127.0.0.1 () {44 vars in 1115 bytes} [Wed Aug 26 15:50:13 2026] GET /v2/images/c4e1c23e-43e4-4f34-b2ca-e9a4f881f8f6 => generated 1446 bytes in 10 msecs (HTTP/1.1 200) 4 headers in 158 bytes (1 switches on core 0)
Aug 26 15:50:13.343409 np0000008168 devstack@g-api.service[99740]: DEBUG glance.api.middleware.version_negotiation [None req-2f03705c-bf4e-412e-a39f-991fd18d09b2 tempest-AttachVolumeShelveTestJSON-931257642 tempest-AttachVolumeShelveTestJSON-931257642-project-member] Determining version of request: GET /v2/schemas/image Accept: */* {{(pid=99740) process_request /opt/stack/glance/glance/api/middleware/version_negotiation.py:44}}
Aug 26 15:50:13.343879 np0000008168 devstack@g-api.service[99740]: DEBUG glance.api.middleware.version_negotiation [None req-2f03705c-bf4e-412e-a39f-991fd18d09b2 tempest-AttachVolumeShelveTestJSON-931257642 tempest-AttachVolumeShelveTestJSON-931257642-project-member] Using url versioning {{(pid=99740) process_request /opt/stack/glance/glance/api/middleware/version_negotiation.py:57}}
Aug 26 15:50:13.343879 np0000008168 devstack@g-api.service[99740]: DEBUG glance.api.middleware.version_negotiation [None req-2f03705c-bf4e-412e-a39f-991fd18d09b2 tempest-AttachVolumeShelveTestJSON-931257642 tempest-AttachVolumeShelveTestJSON-931257642-project-member] Matched version: v2 {{(pid=99740) process_request /opt/stack/glance/glance/api/middleware/version_negotiation.py:69}}
Aug 26 15:50:13.344007 np0000008168 devstack@g-api.service[99740]: DEBUG glance.api.middleware.version_negotiation [None req-2f03705c-bf4e-412e-a39f-991fd18d09b2 tempest-AttachVolumeShelveTestJSON-931257642 tempest-AttachVolumeShelveTestJSON-931257642-project-member] new path /v2/schemas/image {{(pid=99740) process_request /opt/stack/glance/glance/api/middleware/version_negotiation.py:70}}
Aug 26 15:50:13.351502 np0000008168 devstack@g-api.service[99740]: [pid: 99740|app: 0|req: 95/313] 127.0.0.1 () {44 vars in 1055 bytes} [Wed Aug 26 15:50:13 2026] GET /v2/schemas/image => generated 6083 bytes in 8 msecs (HTTP/1.1 200) 4 headers in 158 bytes (1 switches on core 0)
Aug 26 15:50:13.594283 np0000008168 devstack@g-api.service[99739]: DEBUG glance.location [None req-f2407977-26ba-4ca7-847b-5896f640fe63 tempest-ServerStableDeviceRescueTest-1324990247 tempest-ServerStableDeviceRescueTest-1324990247-project-member] Enabling in-flight format inspection for qcow2 {{(pid=99739) set_data /opt/stack/glance/glance/location.py:596}}
Aug 26 15:50:13.594760 np0000008168 devstack@g-api.service[99739]: DEBUG glance_store.backend [None req-f2407977-26ba-4ca7-847b-5896f640fe63 tempest-ServerStableDeviceRescueTest-1324990247 tempest-ServerStableDeviceRescueTest-1324990247-project-member] Attempting to import store swift {{(pid=99739) _load_store /opt/stack/data/venv/lib/python3.12/site-packages/glance_store/backend.py:215}}
Aug 26 15:50:13.596118 np0000008168 devstack@g-api.service[99739]: DEBUG glance_store.capabilities [None req-f2407977-26ba-4ca7-847b-5896f640fe63 tempest-ServerStableDeviceRescueTest-1324990247 tempest-ServerStableDeviceRescueTest-1324990247-project-member] Store glance_store._drivers.swift.store.SingleTenantStore doesn't support updating dynamic storage capabilities. Please overwrite 'update_capabilities' method of the store to implement updating logics if needed. {{(pid=99739) update_capabilities /opt/stack/data/venv/lib/python3.12/site-packages/glance_store/capabilities.py:91}}
Aug 26 15:50:13.596278 np0000008168 devstack@g-api.service[99739]: DEBUG glance_store.driver [None req-f2407977-26ba-4ca7-847b-5896f640fe63 tempest-ServerStableDeviceRescueTest-1324990247 tempest-ServerStableDeviceRescueTest-1324990247-project-member] Late loading location class glance_store._drivers.swift.store.StoreLocation {{(pid=99739) get_store_location_class /opt/stack/data/venv/lib/python3.12/site-packages/glance_store/driver.py:134}}
Aug 26 15:50:13.596323 np0000008168 devstack@g-api.service[99739]: DEBUG glance_store.location [None req-f2407977-26ba-4ca7-847b-5896f640fe63 tempest-ServerStableDeviceRescueTest-1324990247 tempest-ServerStableDeviceRescueTest-1324990247-project-member] Registering scheme swift+https with {'store': , 'location_class': , 'store_entry': 'swift'} {{(pid=99739) register_scheme_map /opt/stack/data/venv/lib/python3.12/site-packages/glance_store/location.py:146}}
Aug 26 15:50:13.596426 np0000008168 devstack@g-api.service[99739]: DEBUG glance_store.location [None req-f2407977-26ba-4ca7-847b-5896f640fe63 tempest-ServerStableDeviceRescueTest-1324990247 tempest-ServerStableDeviceRescueTest-1324990247-project-member] Registering scheme swift+https with {'store': , 'location_class': , 'store_entry': 'swift'} {{(pid=99739) register_scheme_map /opt/stack/data/venv/lib/python3.12/site-packages/glance_store/location.py:146}}
Aug 26 15:50:13.596496 np0000008168 devstack@g-api.service[99739]: DEBUG glance_store.location [None req-f2407977-26ba-4ca7-847b-5896f640fe63 tempest-ServerStableDeviceRescueTest-1324990247 tempest-ServerStableDeviceRescueTest-1324990247-project-member] Registering scheme swift with {'store': , 'location_class': , 'store_entry': 'swift'} {{(pid=99739) register_scheme_map /opt/stack/data/venv/lib/python3.12/site-packages/glance_store/location.py:146}}
Aug 26 15:50:13.596582 np0000008168 devstack@g-api.service[99739]: DEBUG glance_store.location [None req-f2407977-26ba-4ca7-847b-5896f640fe63 tempest-ServerStableDeviceRescueTest-1324990247 tempest-ServerStableDeviceRescueTest-1324990247-project-member] Registering scheme swift+https with {'store': , 'location_class': , 'store_entry': 'swift'} {{(pid=99739) register_scheme_map /opt/stack/data/venv/lib/python3.12/site-packages/glance_store/location.py:146}}
Aug 26 15:50:13.596723 np0000008168 devstack@g-api.service[99739]: DEBUG glance_store.location [None req-f2407977-26ba-4ca7-847b-5896f640fe63 tempest-ServerStableDeviceRescueTest-1324990247 tempest-ServerStableDeviceRescueTest-1324990247-project-member] Registering scheme swift with {'store': , 'location_class': , 'store_entry': 'swift'} {{(pid=99739) register_scheme_map /opt/stack/data/venv/lib/python3.12/site-packages/glance_store/location.py:146}}
Aug 26 15:50:13.596773 np0000008168 devstack@g-api.service[99739]: DEBUG glance_store.location [None req-f2407977-26ba-4ca7-847b-5896f640fe63 tempest-ServerStableDeviceRescueTest-1324990247 tempest-ServerStableDeviceRescueTest-1324990247-project-member] Registering scheme swift+http with {'store': , 'location_class': , 'store_entry': 'swift'} {{(pid=99739) register_scheme_map /opt/stack/data/venv/lib/python3.12/site-packages/glance_store/location.py:146}}
Aug 26 15:50:13.596838 np0000008168 devstack@g-api.service[99739]: DEBUG glance_store.location [None req-f2407977-26ba-4ca7-847b-5896f640fe63 tempest-ServerStableDeviceRescueTest-1324990247 tempest-ServerStableDeviceRescueTest-1324990247-project-member] Registering scheme swift+https with {'store': , 'location_class': , 'store_entry': 'swift'} {{(pid=99739) register_scheme_map /opt/stack/data/venv/lib/python3.12/site-packages/glance_store/location.py:146}}
Aug 26 15:50:13.596915 np0000008168 devstack@g-api.service[99739]: DEBUG glance_store.location [None req-f2407977-26ba-4ca7-847b-5896f640fe63 tempest-ServerStableDeviceRescueTest-1324990247 tempest-ServerStableDeviceRescueTest-1324990247-project-member] Registering scheme swift with {'store': , 'location_class': , 'store_entry': 'swift'} {{(pid=99739) register_scheme_map /opt/stack/data/venv/lib/python3.12/site-packages/glance_store/location.py:146}}
Aug 26 15:50:13.596995 np0000008168 devstack@g-api.service[99739]: DEBUG glance_store.location [None req-f2407977-26ba-4ca7-847b-5896f640fe63 tempest-ServerStableDeviceRescueTest-1324990247 tempest-ServerStableDeviceRescueTest-1324990247-project-member] Registering scheme swift+http with {'store': , 'location_class': , 'store_entry': 'swift'} {{(pid=99739) register_scheme_map /opt/stack/data/venv/lib/python3.12/site-packages/glance_store/location.py:146}}
Aug 26 15:50:13.597076 np0000008168 devstack@g-api.service[99739]: DEBUG glance_store.location [None req-f2407977-26ba-4ca7-847b-5896f640fe63 tempest-ServerStableDeviceRescueTest-1324990247 tempest-ServerStableDeviceRescueTest-1324990247-project-member] Registering scheme swift+config with {'store': , 'location_class': , 'store_entry': 'swift'} {{(pid=99739) register_scheme_map /opt/stack/data/venv/lib/python3.12/site-packages/glance_store/location.py:146}}
Aug 26 15:50:13.857446 np0000008168 devstack@g-api.service[99739]: DEBUG swiftclient [None req-f2407977-26ba-4ca7-847b-5896f640fe63 tempest-ServerStableDeviceRescueTest-1324990247 tempest-ServerStableDeviceRescueTest-1324990247-project-member] REQ: curl -i https://10.4.3.183:8080/v1/AUTH_db7d35404c8a421d8f4d8a51b5d53a6d/glance -I -H "X-Auth-Token: gAAAAABqjws1q0x2..." {{(pid=99739) http_log /opt/stack/data/venv/lib/python3.12/site-packages/swiftclient/client.py:160}}
Aug 26 15:50:13.857559 np0000008168 devstack@g-api.service[99739]: DEBUG swiftclient [None req-f2407977-26ba-4ca7-847b-5896f640fe63 tempest-ServerStableDeviceRescueTest-1324990247 tempest-ServerStableDeviceRescueTest-1324990247-project-member] RESP STATUS: 204 No Content {{(pid=99739) http_log /opt/stack/data/venv/lib/python3.12/site-packages/swiftclient/client.py:161}}
Aug 26 15:50:13.857752 np0000008168 devstack@g-api.service[99739]: DEBUG swiftclient [None req-f2407977-26ba-4ca7-847b-5896f640fe63 tempest-ServerStableDeviceRescueTest-1324990247 tempest-ServerStableDeviceRescueTest-1324990247-project-member] RESP HEADERS: {'Date': 'Wed, 26 Aug 2026 15:50:13 GMT', 'Server': 'Apache/2.4.58 (Ubuntu)', 'Content-Type': 'text/plain; charset=utf-8', 'X-Container-Object-Count': '5', 'X-Container-Bytes-Used': '117964800', 'X-Timestamp': '1787759114.34405', 'Last-Modified': 'Wed, 26 Aug 2026 15:45:15 GMT', 'Accept-Ranges': 'bytes', 'X-Storage-Policy': 'Policy-0', 'X-Container-Sharding': 'False', 'Vary': 'Accept', 'X-Trans-Id': 'tx97ad7c12e974439e8a49b-006a8f0b35', 'X-Openstack-Request-Id': 'tx97ad7c12e974439e8a49b-006a8f0b35', 'Connection': 'close'} {{(pid=99739) http_log /opt/stack/data/venv/lib/python3.12/site-packages/swiftclient/client.py:162}}
Aug 26 15:50:13.857919 np0000008168 devstack@g-api.service[99739]: DEBUG glance_store._drivers.swift.store [None req-f2407977-26ba-4ca7-847b-5896f640fe63 tempest-ServerStableDeviceRescueTest-1324990247 tempest-ServerStableDeviceRescueTest-1324990247-project-member] Adding image object 'c4e1c23e-43e4-4f34-b2ca-e9a4f881f8f6' to Swift {{(pid=99739) add /opt/stack/data/venv/lib/python3.12/site-packages/glance_store/_drivers/swift/store.py:970}}
Aug 26 15:50:13.857992 np0000008168 devstack@g-api.service[99739]: DEBUG glance_store._drivers.swift.store [None req-f2407977-26ba-4ca7-847b-5896f640fe63 tempest-ServerStableDeviceRescueTest-1324990247 tempest-ServerStableDeviceRescueTest-1324990247-project-member] Cannot determine image size because it is either not provided in the request or chunked-transfer encoding is used. Adding image as a segmented object to Swift. {{(pid=99739) add /opt/stack/data/venv/lib/python3.12/site-packages/glance_store/_drivers/swift/store.py:994}}
Aug 26 15:50:13.869679 np0000008168 devstack@g-api.service[99739]: DEBUG oslo_utils.imageutils.format_inspector [None req-f2407977-26ba-4ca7-847b-5896f640fe63 tempest-ServerStableDeviceRescueTest-1324990247 tempest-ServerStableDeviceRescueTest-1324990247-project-member] Format inspector for vmdk does not match, excluding from consideration (Signature KDMV not found: b'QFI\xfb') {{(pid=99739) _process_chunk /opt/stack/data/venv/lib/python3.12/site-packages/oslo_utils/imageutils/format_inspector.py:1758}}
Aug 26 15:50:13.871600 np0000008168 devstack@g-api.service[99739]: DEBUG oslo_utils.imageutils.format_inspector [None req-f2407977-26ba-4ca7-847b-5896f640fe63 tempest-ServerStableDeviceRescueTest-1324990247 tempest-ServerStableDeviceRescueTest-1324990247-project-member] Format inspector for vhdx does not match, excluding from consideration (Region signature not found at 30000) {{(pid=99739) _process_chunk /opt/stack/data/venv/lib/python3.12/site-packages/oslo_utils/imageutils/format_inspector.py:1758}}
Aug 26 15:50:14.435308 np0000008168 devstack@g-api.service[99738]: DEBUG glance.api.middleware.version_negotiation [None req-7b2f89a8-a90d-46fb-a129-640c46ae5b68 tempest-ServerStableDeviceRescueTest-1324990247 tempest-ServerStableDeviceRescueTest-1324990247-project-member] Determining version of request: GET /v2/images/c4e1c23e-43e4-4f34-b2ca-e9a4f881f8f6 Accept: */* {{(pid=99738) process_request /opt/stack/glance/glance/api/middleware/version_negotiation.py:44}}
Aug 26 15:50:14.435833 np0000008168 devstack@g-api.service[99738]: DEBUG glance.api.middleware.version_negotiation [None req-7b2f89a8-a90d-46fb-a129-640c46ae5b68 tempest-ServerStableDeviceRescueTest-1324990247 tempest-ServerStableDeviceRescueTest-1324990247-project-member] Using url versioning {{(pid=99738) process_request /opt/stack/glance/glance/api/middleware/version_negotiation.py:57}}
Aug 26 15:50:14.436899 np0000008168 devstack@g-api.service[99738]: DEBUG glance.api.middleware.version_negotiation [None req-7b2f89a8-a90d-46fb-a129-640c46ae5b68 tempest-ServerStableDeviceRescueTest-1324990247 tempest-ServerStableDeviceRescueTest-1324990247-project-member] Matched version: v2 {{(pid=99738) process_request /opt/stack/glance/glance/api/middleware/version_negotiation.py:69}}
Aug 26 15:50:14.437066 np0000008168 devstack@g-api.service[99738]: DEBUG glance.api.middleware.version_negotiation [None req-7b2f89a8-a90d-46fb-a129-640c46ae5b68 tempest-ServerStableDeviceRescueTest-1324990247 tempest-ServerStableDeviceRescueTest-1324990247-project-member] new path /v2/images/c4e1c23e-43e4-4f34-b2ca-e9a4f881f8f6 {{(pid=99738) process_request /opt/stack/glance/glance/api/middleware/version_negotiation.py:70}}
Aug 26 15:50:14.456186 np0000008168 devstack@g-api.service[99738]: [pid: 99738|app: 0|req: 111/314] 127.0.0.1 () {44 vars in 1115 bytes} [Wed Aug 26 15:50:14 2026] GET /v2/images/c4e1c23e-43e4-4f34-b2ca-e9a4f881f8f6 => generated 1446 bytes in 21 msecs (HTTP/1.1 200) 4 headers in 158 bytes (1 switches on core 0)
Aug 26 15:50:14.464131 np0000008168 devstack@g-api.service[99739]: DEBUG swiftclient [None req-f2407977-26ba-4ca7-847b-5896f640fe63 tempest-ServerStableDeviceRescueTest-1324990247 tempest-ServerStableDeviceRescueTest-1324990247-project-member] REQ: curl -i https://10.4.3.183:8080/v1/AUTH_db7d35404c8a421d8f4d8a51b5d53a6d/glance/c4e1c23e-43e4-4f34-b2ca-e9a4f881f8f6-00001 -X PUT -H "X-Auth-Token: gAAAAABqjws1q0x2..." {{(pid=99739) http_log /opt/stack/data/venv/lib/python3.12/site-packages/swiftclient/client.py:160}}
Aug 26 15:50:14.464272 np0000008168 devstack@g-api.service[99739]: DEBUG swiftclient [None req-f2407977-26ba-4ca7-847b-5896f640fe63 tempest-ServerStableDeviceRescueTest-1324990247 tempest-ServerStableDeviceRescueTest-1324990247-project-member] RESP STATUS: 201 Created {{(pid=99739) http_log /opt/stack/data/venv/lib/python3.12/site-packages/swiftclient/client.py:161}}
Aug 26 15:50:14.464436 np0000008168 devstack@g-api.service[99739]: DEBUG swiftclient [None req-f2407977-26ba-4ca7-847b-5896f640fe63 tempest-ServerStableDeviceRescueTest-1324990247 tempest-ServerStableDeviceRescueTest-1324990247-project-member] RESP HEADERS: {'Date': 'Wed, 26 Aug 2026 15:50:14 GMT', 'Server': 'Apache/2.4.58 (Ubuntu)', 'Content-Type': 'text/html; charset=UTF-8', 'Content-Length': '0', 'Etag': 'dcc3ae67d0b5369d2eb42dfbfcf78d01', 'Last-Modified': 'Wed, 26 Aug 2026 15:50:14 GMT', 'X-Trans-Id': 'tx01e7bf7279864e389ded9-006a8f0b35', 'X-Openstack-Request-Id': 'tx01e7bf7279864e389ded9-006a8f0b35', 'Connection': 'close'} {{(pid=99739) http_log /opt/stack/data/venv/lib/python3.12/site-packages/swiftclient/client.py:162}}
Aug 26 15:50:14.464593 np0000008168 devstack@g-api.service[99739]: DEBUG glance_store._drivers.swift.store [None req-f2407977-26ba-4ca7-847b-5896f640fe63 tempest-ServerStableDeviceRescueTest-1324990247 tempest-ServerStableDeviceRescueTest-1324990247-project-member] Wrote chunk c4e1c23e-43e4-4f34-b2ca-e9a4f881f8f6-00001 (1/?) of length 53542912 to Swift returning MD5 of content: dcc3ae67d0b5369d2eb42dfbfcf78d01 {{(pid=99739) add /opt/stack/data/venv/lib/python3.12/site-packages/glance_store/_drivers/swift/store.py:1059}}
Aug 26 15:50:14.464977 np0000008168 devstack@g-api.service[99739]: DEBUG glance_store._drivers.swift.store [None req-f2407977-26ba-4ca7-847b-5896f640fe63 tempest-ServerStableDeviceRescueTest-1324990247 tempest-ServerStableDeviceRescueTest-1324990247-project-member] Not writing zero-length chunk. {{(pid=99739) add /opt/stack/data/venv/lib/python3.12/site-packages/glance_store/_drivers/swift/store.py:1028}}
Aug 26 15:50:14.487557 np0000008168 devstack@g-api.service[99740]: DEBUG glance.api.middleware.version_negotiation [None req-7b2f89a8-a90d-46fb-a129-640c46ae5b68 tempest-ServerStableDeviceRescueTest-1324990247 tempest-ServerStableDeviceRescueTest-1324990247-project-member] Determining version of request: GET /v2/schemas/image Accept: */* {{(pid=99740) process_request /opt/stack/glance/glance/api/middleware/version_negotiation.py:44}}
Aug 26 15:50:14.487912 np0000008168 devstack@g-api.service[99740]: DEBUG glance.api.middleware.version_negotiation [None req-7b2f89a8-a90d-46fb-a129-640c46ae5b68 tempest-ServerStableDeviceRescueTest-1324990247 tempest-ServerStableDeviceRescueTest-1324990247-project-member] Using url versioning {{(pid=99740) process_request /opt/stack/glance/glance/api/middleware/version_negotiation.py:57}}
Aug 26 15:50:14.487912 np0000008168 devstack@g-api.service[99740]: DEBUG glance.api.middleware.version_negotiation [None req-7b2f89a8-a90d-46fb-a129-640c46ae5b68 tempest-ServerStableDeviceRescueTest-1324990247 tempest-ServerStableDeviceRescueTest-1324990247-project-member] Matched version: v2 {{(pid=99740) process_request /opt/stack/glance/glance/api/middleware/version_negotiation.py:69}}
Aug 26 15:50:14.488285 np0000008168 devstack@g-api.service[99740]: DEBUG glance.api.middleware.version_negotiation [None req-7b2f89a8-a90d-46fb-a129-640c46ae5b68 tempest-ServerStableDeviceRescueTest-1324990247 tempest-ServerStableDeviceRescueTest-1324990247-project-member] new path /v2/schemas/image {{(pid=99740) process_request /opt/stack/glance/glance/api/middleware/version_negotiation.py:70}}
Aug 26 15:50:14.490436 np0000008168 devstack@g-api.service[99740]: [pid: 99740|app: 0|req: 96/315] 127.0.0.1 () {44 vars in 1055 bytes} [Wed Aug 26 15:50:14 2026] GET /v2/schemas/image => generated 6083 bytes in 3 msecs (HTTP/1.1 200) 4 headers in 158 bytes (1 switches on core 0)
Aug 26 15:50:14.493526 np0000008168 devstack@g-api.service[99739]: DEBUG swiftclient [None req-f2407977-26ba-4ca7-847b-5896f640fe63 tempest-ServerStableDeviceRescueTest-1324990247 tempest-ServerStableDeviceRescueTest-1324990247-project-member] REQ: curl -i https://10.4.3.183:8080/v1/AUTH_db7d35404c8a421d8f4d8a51b5d53a6d/glance/c4e1c23e-43e4-4f34-b2ca-e9a4f881f8f6 -X PUT -H "X-Object-Manifest: glance/c4e1c23e-43e4-4f34-b2ca-e9a4f881f8f6-" -H "X-Auth-Token: gAAAAABqjws1q0x2..." -H "Content-Length: 0" {{(pid=99739) http_log /opt/stack/data/venv/lib/python3.12/site-packages/swiftclient/client.py:160}}
Aug 26 15:50:14.497633 np0000008168 devstack@g-api.service[99739]: DEBUG swiftclient [None req-f2407977-26ba-4ca7-847b-5896f640fe63 tempest-ServerStableDeviceRescueTest-1324990247 tempest-ServerStableDeviceRescueTest-1324990247-project-member] RESP STATUS: 201 Created {{(pid=99739) http_log /opt/stack/data/venv/lib/python3.12/site-packages/swiftclient/client.py:161}}
Aug 26 15:50:14.497633 np0000008168 devstack@g-api.service[99739]: DEBUG swiftclient [None req-f2407977-26ba-4ca7-847b-5896f640fe63 tempest-ServerStableDeviceRescueTest-1324990247 tempest-ServerStableDeviceRescueTest-1324990247-project-member] RESP HEADERS: {'Date': 'Wed, 26 Aug 2026 15:50:14 GMT', 'Server': 'Apache/2.4.58 (Ubuntu)', 'Content-Type': 'text/html; charset=UTF-8', 'Content-Length': '0', 'Etag': 'd41d8cd98f00b204e9800998ecf8427e', 'Last-Modified': 'Wed, 26 Aug 2026 15:50:15 GMT', 'X-Trans-Id': 'tx724a6de1498d439da8d73-006a8f0b36', 'X-Openstack-Request-Id': 'tx724a6de1498d439da8d73-006a8f0b36', 'Connection': 'close'} {{(pid=99739) http_log /opt/stack/data/venv/lib/python3.12/site-packages/swiftclient/client.py:162}}
Aug 26 15:50:14.497633 np0000008168 devstack@g-api.service[99739]: INFO glance.location [None req-f2407977-26ba-4ca7-847b-5896f640fe63 tempest-ServerStableDeviceRescueTest-1324990247 tempest-ServerStableDeviceRescueTest-1324990247-project-member] Image format matched and virtual size computed: 1073741824
Aug 26 15:50:14.563196 np0000008168 devstack@g-api.service[99739]: DEBUG glance_store.backend [None req-f2407977-26ba-4ca7-847b-5896f640fe63 tempest-ServerStableDeviceRescueTest-1324990247 tempest-ServerStableDeviceRescueTest-1324990247-project-member] Attempting to import store swift {{(pid=99739) _load_store /opt/stack/data/venv/lib/python3.12/site-packages/glance_store/backend.py:215}}
Aug 26 15:50:14.564610 np0000008168 devstack@g-api.service[99739]: DEBUG glance_store.capabilities [None req-f2407977-26ba-4ca7-847b-5896f640fe63 tempest-ServerStableDeviceRescueTest-1324990247 tempest-ServerStableDeviceRescueTest-1324990247-project-member] Store glance_store._drivers.swift.store.SingleTenantStore doesn't support updating dynamic storage capabilities. Please overwrite 'update_capabilities' method of the store to implement updating logics if needed. {{(pid=99739) update_capabilities /opt/stack/data/venv/lib/python3.12/site-packages/glance_store/capabilities.py:91}}
Aug 26 15:50:14.564726 np0000008168 devstack@g-api.service[99739]: DEBUG glance_store.driver [None req-f2407977-26ba-4ca7-847b-5896f640fe63 tempest-ServerStableDeviceRescueTest-1324990247 tempest-ServerStableDeviceRescueTest-1324990247-project-member] Late loading location class glance_store._drivers.swift.store.StoreLocation {{(pid=99739) get_store_location_class /opt/stack/data/venv/lib/python3.12/site-packages/glance_store/driver.py:134}}
Aug 26 15:50:14.564825 np0000008168 devstack@g-api.service[99739]: DEBUG glance_store.location [None req-f2407977-26ba-4ca7-847b-5896f640fe63 tempest-ServerStableDeviceRescueTest-1324990247 tempest-ServerStableDeviceRescueTest-1324990247-project-member] Registering scheme swift+https with {'store': , 'location_class': , 'store_entry': 'swift'} {{(pid=99739) register_scheme_map /opt/stack/data/venv/lib/python3.12/site-packages/glance_store/location.py:146}}
