Aug 26 15:47:05.528790 np0000008168 devstack@g-api.service[99738]: DEBUG swiftclient [None req-0fffd5f9-3b49-4232-bf6e-443065067af1 tempest-AttachSCSIVolumeTestJSON-833791666 tempest-AttachSCSIVolumeTestJSON-833791666-project-admin] REQ: curl -i https://10.4.3.183:8080/v1/AUTH_db7d35404c8a421d8f4d8a51b5d53a6d/glance -I -H "X-Auth-Token: gAAAAABqjwp5LPhU..." {{(pid=99738) http_log /opt/stack/data/venv/lib/python3.12/site-packages/swiftclient/client.py:160}}
Aug 26 15:47:05.529190 np0000008168 devstack@g-api.service[99738]: DEBUG swiftclient [None req-0fffd5f9-3b49-4232-bf6e-443065067af1 tempest-AttachSCSIVolumeTestJSON-833791666 tempest-AttachSCSIVolumeTestJSON-833791666-project-admin] RESP STATUS: 204 No Content {{(pid=99738) http_log /opt/stack/data/venv/lib/python3.12/site-packages/swiftclient/client.py:161}}
Aug 26 15:47:05.529190 np0000008168 devstack@g-api.service[99738]: DEBUG swiftclient [None req-0fffd5f9-3b49-4232-bf6e-443065067af1 tempest-AttachSCSIVolumeTestJSON-833791666 tempest-AttachSCSIVolumeTestJSON-833791666-project-admin] RESP HEADERS: {'Date': 'Wed, 26 Aug 2026 15:47:05 GMT', 'Server': 'Apache/2.4.58 (Ubuntu)', 'Content-Type': 'text/plain; charset=utf-8', 'X-Container-Object-Count': '3', 'X-Container-Bytes-Used': '64356352', 'X-Timestamp': '1787759114.34405', 'Last-Modified': 'Wed, 26 Aug 2026 15:45:15 GMT', 'Accept-Ranges': 'bytes', 'X-Storage-Policy': 'Policy-0', 'X-Container-Sharding': 'False', 'Vary': 'Accept', 'X-Trans-Id': 'txee876845728040e19b766-006a8f0a79', 'X-Openstack-Request-Id': 'txee876845728040e19b766-006a8f0a79', 'Connection': 'close'} {{(pid=99738) http_log /opt/stack/data/venv/lib/python3.12/site-packages/swiftclient/client.py:162}}
Aug 26 15:47:05.529599 np0000008168 devstack@g-api.service[99738]: DEBUG glance_store._drivers.swift.store [None req-0fffd5f9-3b49-4232-bf6e-443065067af1 tempest-AttachSCSIVolumeTestJSON-833791666 tempest-AttachSCSIVolumeTestJSON-833791666-project-admin] Adding image object '276f950a-ea7d-4dd5-8f55-24f8d108e0fe' to Swift {{(pid=99738) add /opt/stack/data/venv/lib/python3.12/site-packages/glance_store/_drivers/swift/store.py:970}}
Aug 26 15:47:05.529694 np0000008168 devstack@g-api.service[99738]: DEBUG glance_store._drivers.swift.store [None req-0fffd5f9-3b49-4232-bf6e-443065067af1 tempest-AttachSCSIVolumeTestJSON-833791666 tempest-AttachSCSIVolumeTestJSON-833791666-project-admin] Cannot determine image size because it is either not provided in the request or chunked-transfer encoding is used. Adding image as a segmented object to Swift. {{(pid=99738) add /opt/stack/data/venv/lib/python3.12/site-packages/glance_store/_drivers/swift/store.py:994}}
Aug 26 15:47:05.542142 np0000008168 devstack@g-api.service[99738]: DEBUG oslo_utils.imageutils.format_inspector [None req-0fffd5f9-3b49-4232-bf6e-443065067af1 tempest-AttachSCSIVolumeTestJSON-833791666 tempest-AttachSCSIVolumeTestJSON-833791666-project-admin] Format inspector for vmdk does not match, excluding from consideration (Signature KDMV not found: b'QFI\xfb') {{(pid=99738) _process_chunk /opt/stack/data/venv/lib/python3.12/site-packages/oslo_utils/imageutils/format_inspector.py:1758}}
Aug 26 15:47:05.547769 np0000008168 devstack@g-api.service[99738]: DEBUG oslo_utils.imageutils.format_inspector [None req-0fffd5f9-3b49-4232-bf6e-443065067af1 tempest-AttachSCSIVolumeTestJSON-833791666 tempest-AttachSCSIVolumeTestJSON-833791666-project-admin] Format inspector for vhdx does not match, excluding from consideration (Region signature not found at 30000) {{(pid=99738) _process_chunk /opt/stack/data/venv/lib/python3.12/site-packages/oslo_utils/imageutils/format_inspector.py:1758}}
Aug 26 15:47:05.781746 np0000008168 devstack@g-api.service[99739]: DEBUG glance.api.middleware.version_negotiation [None req-b8578c81-fdab-4093-bb4f-1b3d5ea49171 tempest-TaggedBootDevicesTest-2103345236 tempest-TaggedBootDevicesTest-2103345236-project-member] Determining version of request: GET /v2/images/979d947b-388f-40b8-a135-bb8d08eca5d8 Accept: */* {{(pid=99739) process_request /opt/stack/glance/glance/api/middleware/version_negotiation.py:44}}
Aug 26 15:47:05.781746 np0000008168 devstack@g-api.service[99739]: DEBUG glance.api.middleware.version_negotiation [None req-b8578c81-fdab-4093-bb4f-1b3d5ea49171 tempest-TaggedBootDevicesTest-2103345236 tempest-TaggedBootDevicesTest-2103345236-project-member] Using url versioning {{(pid=99739) process_request /opt/stack/glance/glance/api/middleware/version_negotiation.py:57}}
Aug 26 15:47:05.781746 np0000008168 devstack@g-api.service[99739]: DEBUG glance.api.middleware.version_negotiation [None req-b8578c81-fdab-4093-bb4f-1b3d5ea49171 tempest-TaggedBootDevicesTest-2103345236 tempest-TaggedBootDevicesTest-2103345236-project-member] Matched version: v2 {{(pid=99739) process_request /opt/stack/glance/glance/api/middleware/version_negotiation.py:69}}
Aug 26 15:47:05.781831 np0000008168 devstack@g-api.service[99739]: DEBUG glance.api.middleware.version_negotiation [None req-b8578c81-fdab-4093-bb4f-1b3d5ea49171 tempest-TaggedBootDevicesTest-2103345236 tempest-TaggedBootDevicesTest-2103345236-project-member] new path /v2/images/979d947b-388f-40b8-a135-bb8d08eca5d8 {{(pid=99739) process_request /opt/stack/glance/glance/api/middleware/version_negotiation.py:70}}
Aug 26 15:47:05.783808 np0000008168 devstack@g-api.service[99738]: DEBUG swiftclient [None req-0fffd5f9-3b49-4232-bf6e-443065067af1 tempest-AttachSCSIVolumeTestJSON-833791666 tempest-AttachSCSIVolumeTestJSON-833791666-project-admin] REQ: curl -i https://10.4.3.183:8080/v1/AUTH_db7d35404c8a421d8f4d8a51b5d53a6d/glance/276f950a-ea7d-4dd5-8f55-24f8d108e0fe-00001 -X PUT -H "X-Auth-Token: gAAAAABqjwp5LPhU..." {{(pid=99738) http_log /opt/stack/data/venv/lib/python3.12/site-packages/swiftclient/client.py:160}}
Aug 26 15:47:05.784236 np0000008168 devstack@g-api.service[99738]: DEBUG swiftclient [None req-0fffd5f9-3b49-4232-bf6e-443065067af1 tempest-AttachSCSIVolumeTestJSON-833791666 tempest-AttachSCSIVolumeTestJSON-833791666-project-admin] RESP STATUS: 201 Created {{(pid=99738) http_log /opt/stack/data/venv/lib/python3.12/site-packages/swiftclient/client.py:161}}
Aug 26 15:47:05.784236 np0000008168 devstack@g-api.service[99738]: DEBUG swiftclient [None req-0fffd5f9-3b49-4232-bf6e-443065067af1 tempest-AttachSCSIVolumeTestJSON-833791666 tempest-AttachSCSIVolumeTestJSON-833791666-project-admin] RESP HEADERS: {'Date': 'Wed, 26 Aug 2026 15:47:05 GMT', 'Server': 'Apache/2.4.58 (Ubuntu)', 'Content-Type': 'text/html; charset=UTF-8', 'Content-Length': '0', 'Etag': '87617e24a5e30cb3b87fda8c0764838f', 'Last-Modified': 'Wed, 26 Aug 2026 15:47:06 GMT', 'X-Trans-Id': 'txee6ba9c619d94e16b4097-006a8f0a79', 'X-Openstack-Request-Id': 'txee6ba9c619d94e16b4097-006a8f0a79', 'Connection': 'close'} {{(pid=99738) http_log /opt/stack/data/venv/lib/python3.12/site-packages/swiftclient/client.py:162}}
Aug 26 15:47:05.784459 np0000008168 devstack@g-api.service[99738]: DEBUG glance_store._drivers.swift.store [None req-0fffd5f9-3b49-4232-bf6e-443065067af1 tempest-AttachSCSIVolumeTestJSON-833791666 tempest-AttachSCSIVolumeTestJSON-833791666-project-admin] Wrote chunk 276f950a-ea7d-4dd5-8f55-24f8d108e0fe-00001 (1/?) of length 21692416 to Swift returning MD5 of content: 87617e24a5e30cb3b87fda8c0764838f {{(pid=99738) add /opt/stack/data/venv/lib/python3.12/site-packages/glance_store/_drivers/swift/store.py:1059}}
Aug 26 15:47:05.784524 np0000008168 devstack@g-api.service[99738]: DEBUG glance_store._drivers.swift.store [None req-0fffd5f9-3b49-4232-bf6e-443065067af1 tempest-AttachSCSIVolumeTestJSON-833791666 tempest-AttachSCSIVolumeTestJSON-833791666-project-admin] Not writing zero-length chunk. {{(pid=99738) add /opt/stack/data/venv/lib/python3.12/site-packages/glance_store/_drivers/swift/store.py:1028}}
Aug 26 15:47:05.810818 np0000008168 devstack@g-api.service[99738]: DEBUG swiftclient [None req-0fffd5f9-3b49-4232-bf6e-443065067af1 tempest-AttachSCSIVolumeTestJSON-833791666 tempest-AttachSCSIVolumeTestJSON-833791666-project-admin] REQ: curl -i https://10.4.3.183:8080/v1/AUTH_db7d35404c8a421d8f4d8a51b5d53a6d/glance/276f950a-ea7d-4dd5-8f55-24f8d108e0fe -X PUT -H "X-Object-Manifest: glance/276f950a-ea7d-4dd5-8f55-24f8d108e0fe-" -H "X-Auth-Token: gAAAAABqjwp5LPhU..." -H "Content-Length: 0" {{(pid=99738) http_log /opt/stack/data/venv/lib/python3.12/site-packages/swiftclient/client.py:160}}
Aug 26 15:47:05.810818 np0000008168 devstack@g-api.service[99738]: DEBUG swiftclient [None req-0fffd5f9-3b49-4232-bf6e-443065067af1 tempest-AttachSCSIVolumeTestJSON-833791666 tempest-AttachSCSIVolumeTestJSON-833791666-project-admin] RESP STATUS: 201 Created {{(pid=99738) http_log /opt/stack/data/venv/lib/python3.12/site-packages/swiftclient/client.py:161}}
Aug 26 15:47:05.810949 np0000008168 devstack@g-api.service[99738]: DEBUG swiftclient [None req-0fffd5f9-3b49-4232-bf6e-443065067af1 tempest-AttachSCSIVolumeTestJSON-833791666 tempest-AttachSCSIVolumeTestJSON-833791666-project-admin] RESP HEADERS: {'Date': 'Wed, 26 Aug 2026 15:47:05 GMT', 'Server': 'Apache/2.4.58 (Ubuntu)', 'Content-Type': 'text/html; charset=UTF-8', 'Content-Length': '0', 'Etag': 'd41d8cd98f00b204e9800998ecf8427e', 'Last-Modified': 'Wed, 26 Aug 2026 15:47:06 GMT', 'X-Trans-Id': 'tx74f8010c6f364e3ebff1f-006a8f0a79', 'X-Openstack-Request-Id': 'tx74f8010c6f364e3ebff1f-006a8f0a79', 'Connection': 'close'} {{(pid=99738) http_log /opt/stack/data/venv/lib/python3.12/site-packages/swiftclient/client.py:162}}
Aug 26 15:47:05.811370 np0000008168 devstack@g-api.service[99738]: INFO glance.location [None req-0fffd5f9-3b49-4232-bf6e-443065067af1 tempest-AttachSCSIVolumeTestJSON-833791666 tempest-AttachSCSIVolumeTestJSON-833791666-project-admin] Image format matched and virtual size computed: 117440512
Aug 26 15:47:05.835601 np0000008168 devstack@g-api.service[99738]: DEBUG glance_store.backend [None req-0fffd5f9-3b49-4232-bf6e-443065067af1 tempest-AttachSCSIVolumeTestJSON-833791666 tempest-AttachSCSIVolumeTestJSON-833791666-project-admin] Attempting to import store swift {{(pid=99738) _load_store /opt/stack/data/venv/lib/python3.12/site-packages/glance_store/backend.py:215}}
Aug 26 15:47:05.837767 np0000008168 devstack@g-api.service[99738]: DEBUG glance_store.capabilities [None req-0fffd5f9-3b49-4232-bf6e-443065067af1 tempest-AttachSCSIVolumeTestJSON-833791666 tempest-AttachSCSIVolumeTestJSON-833791666-project-admin] Store glance_store._drivers.swift.store.SingleTenantStore doesn't support updating dynamic storage capabilities. Please overwrite 'update_capabilities' method of the store to implement updating logics if needed. {{(pid=99738) update_capabilities /opt/stack/data/venv/lib/python3.12/site-packages/glance_store/capabilities.py:91}}
Aug 26 15:47:05.837902 np0000008168 devstack@g-api.service[99738]: DEBUG glance_store.driver [None req-0fffd5f9-3b49-4232-bf6e-443065067af1 tempest-AttachSCSIVolumeTestJSON-833791666 tempest-AttachSCSIVolumeTestJSON-833791666-project-admin] Late loading location class glance_store._drivers.swift.store.StoreLocation {{(pid=99738) get_store_location_class /opt/stack/data/venv/lib/python3.12/site-packages/glance_store/driver.py:134}}
Aug 26 15:47:05.838112 np0000008168 devstack@g-api.service[99738]: DEBUG glance_store.location [None req-0fffd5f9-3b49-4232-bf6e-443065067af1 tempest-AttachSCSIVolumeTestJSON-833791666 tempest-AttachSCSIVolumeTestJSON-833791666-project-admin] Registering scheme swift+https with {'store': , 'location_class': , 'store_entry': 'swift'} {{(pid=99738) register_scheme_map /opt/stack/data/venv/lib/python3.12/site-packages/glance_store/location.py:146}}
Aug 26 15:47:05.838345 np0000008168 devstack@g-api.service[99738]: DEBUG glance_store.location [None req-0fffd5f9-3b49-4232-bf6e-443065067af1 tempest-AttachSCSIVolumeTestJSON-833791666 tempest-AttachSCSIVolumeTestJSON-833791666-project-admin] Registering scheme swift+https with {'store': , 'location_class': , 'store_entry': 'swift'} {{(pid=99738) register_scheme_map /opt/stack/data/venv/lib/python3.12/site-packages/glance_store/location.py:146}}
Aug 26 15:47:05.838449 np0000008168 devstack@g-api.service[99738]: DEBUG glance_store.location [None req-0fffd5f9-3b49-4232-bf6e-443065067af1 tempest-AttachSCSIVolumeTestJSON-833791666 tempest-AttachSCSIVolumeTestJSON-833791666-project-admin] Registering scheme swift with {'store': , 'location_class': , 'store_entry': 'swift'} {{(pid=99738) register_scheme_map /opt/stack/data/venv/lib/python3.12/site-packages/glance_store/location.py:146}}
Aug 26 15:47:05.838539 np0000008168 devstack@g-api.service[99738]: DEBUG glance_store.location [None req-0fffd5f9-3b49-4232-bf6e-443065067af1 tempest-AttachSCSIVolumeTestJSON-833791666 tempest-AttachSCSIVolumeTestJSON-833791666-project-admin] Registering scheme swift+https with {'store': , 'location_class': , 'store_entry': 'swift'} {{(pid=99738) register_scheme_map /opt/stack/data/venv/lib/python3.12/site-packages/glance_store/location.py:146}}
Aug 26 15:47:05.838625 np0000008168 devstack@g-api.service[99738]: DEBUG glance_store.location [None req-0fffd5f9-3b49-4232-bf6e-443065067af1 tempest-AttachSCSIVolumeTestJSON-833791666 tempest-AttachSCSIVolumeTestJSON-833791666-project-admin] Registering scheme swift with {'store': , 'location_class': , 'store_entry': 'swift'} {{(pid=99738) register_scheme_map /opt/stack/data/venv/lib/python3.12/site-packages/glance_store/location.py:146}}
Aug 26 15:47:05.838793 np0000008168 devstack@g-api.service[99738]: DEBUG glance_store.location [None req-0fffd5f9-3b49-4232-bf6e-443065067af1 tempest-AttachSCSIVolumeTestJSON-833791666 tempest-AttachSCSIVolumeTestJSON-833791666-project-admin] Registering scheme swift+http with {'store': , 'location_class': , 'store_entry': 'swift'} {{(pid=99738) register_scheme_map /opt/stack/data/venv/lib/python3.12/site-packages/glance_store/location.py:146}}
Aug 26 15:47:05.838887 np0000008168 devstack@g-api.service[99738]: DEBUG glance_store.location [None req-0fffd5f9-3b49-4232-bf6e-443065067af1 tempest-AttachSCSIVolumeTestJSON-833791666 tempest-AttachSCSIVolumeTestJSON-833791666-project-admin] Registering scheme swift+https with {'store': , 'location_class': , 'store_entry': 'swift'} {{(pid=99738) register_scheme_map /opt/stack/data/venv/lib/python3.12/site-packages/glance_store/location.py:146}}
Aug 26 15:47:05.838971 np0000008168 devstack@g-api.service[99738]: DEBUG glance_store.location [None req-0fffd5f9-3b49-4232-bf6e-443065067af1 tempest-AttachSCSIVolumeTestJSON-833791666 tempest-AttachSCSIVolumeTestJSON-833791666-project-admin] Registering scheme swift with {'store': , 'location_class': , 'store_entry': 'swift'} {{(pid=99738) register_scheme_map /opt/stack/data/venv/lib/python3.12/site-packages/glance_store/location.py:146}}
Aug 26 15:47:05.839315 np0000008168 devstack@g-api.service[99738]: DEBUG glance_store.location [None req-0fffd5f9-3b49-4232-bf6e-443065067af1 tempest-AttachSCSIVolumeTestJSON-833791666 tempest-AttachSCSIVolumeTestJSON-833791666-project-admin] Registering scheme swift+http with {'store': , 'location_class': , 'store_entry': 'swift'} {{(pid=99738) register_scheme_map /opt/stack/data/venv/lib/python3.12/site-packages/glance_store/location.py:146}}
Aug 26 15:47:05.839394 np0000008168 devstack@g-api.service[99738]: DEBUG glance_store.location [None req-0fffd5f9-3b49-4232-bf6e-443065067af1 tempest-AttachSCSIVolumeTestJSON-833791666 tempest-AttachSCSIVolumeTestJSON-833791666-project-admin] Registering scheme swift+config with {'store': , 'location_class': , 'store_entry': 'swift'} {{(pid=99738) register_scheme_map /opt/stack/data/venv/lib/python3.12/site-packages/glance_store/location.py:146}}
Aug 26 15:47:05.839508 np0000008168 devstack@g-api.service[99738]: DEBUG glance_store.backend [None req-0fffd5f9-3b49-4232-bf6e-443065067af1 tempest-AttachSCSIVolumeTestJSON-833791666 tempest-AttachSCSIVolumeTestJSON-833791666-project-admin] Skipping store.set_acls... not implemented. {{(pid=99738) set_acls /opt/stack/data/venv/lib/python3.12/site-packages/glance_store/backend.py:507}}
Aug 26 15:47:05.844569 np0000008168 devstack@g-api.service[99738]: [pid: 99738|app: 0|req: 14/46] 127.0.0.1 () {40 vars in 858 bytes} [Wed Aug 26 15:47:03 2026] PUT /v2/images/276f950a-ea7d-4dd5-8f55-24f8d108e0fe/file => generated 0 bytes in 2154 msecs (HTTP/1.1 204) 4 headers in 171 bytes (1 switches on core 0)
Aug 26 15:47:05.959740 np0000008168 devstack@g-api.service[99740]: DEBUG glance.api.middleware.version_negotiation [None req-b8578c81-fdab-4093-bb4f-1b3d5ea49171 tempest-TaggedBootDevicesTest-2103345236 tempest-TaggedBootDevicesTest-2103345236-project-member] Determining version of request: GET /v2/images/979d947b-388f-40b8-a135-bb8d08eca5d8 Accept: */* {{(pid=99740) process_request /opt/stack/glance/glance/api/middleware/version_negotiation.py:44}}
Aug 26 15:47:05.959905 np0000008168 devstack@g-api.service[99740]: DEBUG glance.api.middleware.version_negotiation [None req-b8578c81-fdab-4093-bb4f-1b3d5ea49171 tempest-TaggedBootDevicesTest-2103345236 tempest-TaggedBootDevicesTest-2103345236-project-member] Using url versioning {{(pid=99740) process_request /opt/stack/glance/glance/api/middleware/version_negotiation.py:57}}
Aug 26 15:47:05.960020 np0000008168 devstack@g-api.service[99740]: DEBUG glance.api.middleware.version_negotiation [None req-b8578c81-fdab-4093-bb4f-1b3d5ea49171 tempest-TaggedBootDevicesTest-2103345236 tempest-TaggedBootDevicesTest-2103345236-project-member] Matched version: v2 {{(pid=99740) process_request /opt/stack/glance/glance/api/middleware/version_negotiation.py:69}}
Aug 26 15:47:05.960107 np0000008168 devstack@g-api.service[99740]: DEBUG glance.api.middleware.version_negotiation [None req-b8578c81-fdab-4093-bb4f-1b3d5ea49171 tempest-TaggedBootDevicesTest-2103345236 tempest-TaggedBootDevicesTest-2103345236-project-member] new path /v2/images/979d947b-388f-40b8-a135-bb8d08eca5d8 {{(pid=99740) process_request /opt/stack/glance/glance/api/middleware/version_negotiation.py:70}}
Aug 26 15:47:05.968701 np0000008168 devstack@g-api.service[99740]: [pid: 99740|app: 0|req: 19/47] 127.0.0.1 () {44 vars in 1115 bytes} [Wed Aug 26 15:47:05 2026] GET /v2/images/979d947b-388f-40b8-a135-bb8d08eca5d8 => generated 1044 bytes in 9 msecs (HTTP/1.1 200) 4 headers in 158 bytes (1 switches on core 0)
Aug 26 15:47:05.980283 np0000008168 devstack@g-api.service[99738]: DEBUG glance.api.middleware.version_negotiation [None req-0fffd5f9-3b49-4232-bf6e-443065067af1 tempest-AttachSCSIVolumeTestJSON-833791666 tempest-AttachSCSIVolumeTestJSON-833791666-project-admin] Determining version of request: GET /v2/schemas/image Accept: */* {{(pid=99738) process_request /opt/stack/glance/glance/api/middleware/version_negotiation.py:44}}
Aug 26 15:47:05.980283 np0000008168 devstack@g-api.service[99738]: DEBUG glance.api.middleware.version_negotiation [None req-0fffd5f9-3b49-4232-bf6e-443065067af1 tempest-AttachSCSIVolumeTestJSON-833791666 tempest-AttachSCSIVolumeTestJSON-833791666-project-admin] Using url versioning {{(pid=99738) process_request /opt/stack/glance/glance/api/middleware/version_negotiation.py:57}}
Aug 26 15:47:05.980283 np0000008168 devstack@g-api.service[99738]: DEBUG glance.api.middleware.version_negotiation [None req-0fffd5f9-3b49-4232-bf6e-443065067af1 tempest-AttachSCSIVolumeTestJSON-833791666 tempest-AttachSCSIVolumeTestJSON-833791666-project-admin] Matched version: v2 {{(pid=99738) process_request /opt/stack/glance/glance/api/middleware/version_negotiation.py:69}}
Aug 26 15:47:05.980283 np0000008168 devstack@g-api.service[99738]: DEBUG glance.api.middleware.version_negotiation [None req-0fffd5f9-3b49-4232-bf6e-443065067af1 tempest-AttachSCSIVolumeTestJSON-833791666 tempest-AttachSCSIVolumeTestJSON-833791666-project-admin] new path /v2/schemas/image {{(pid=99738) process_request /opt/stack/glance/glance/api/middleware/version_negotiation.py:70}}
Aug 26 15:47:05.980283 np0000008168 devstack@g-api.service[99738]: [pid: 99738|app: 0|req: 15/48] 127.0.0.1 () {44 vars in 1055 bytes} [Wed Aug 26 15:47:05 2026] GET /v2/schemas/image => generated 6083 bytes in 3 msecs (HTTP/1.1 200) 4 headers in 158 bytes (1 switches on core 0)
Aug 26 15:47:05.996243 np0000008168 devstack@g-api.service[99739]: [pid: 99739|app: 0|req: 15/49] 127.0.0.1 () {44 vars in 1115 bytes} [Wed Aug 26 15:47:05 2026] GET /v2/images/979d947b-388f-40b8-a135-bb8d08eca5d8 => generated 1044 bytes in 214 msecs (HTTP/1.1 200) 4 headers in 158 bytes (1 switches on core 0)
Aug 26 15:47:06.008803 np0000008168 devstack@g-api.service[99740]: DEBUG glance.api.middleware.version_negotiation [None req-b8578c81-fdab-4093-bb4f-1b3d5ea49171 tempest-TaggedBootDevicesTest-2103345236 tempest-TaggedBootDevicesTest-2103345236-project-member] Determining version of request: GET /v2/schemas/image Accept: */* {{(pid=99740) process_request /opt/stack/glance/glance/api/middleware/version_negotiation.py:44}}
Aug 26 15:47:06.008803 np0000008168 devstack@g-api.service[99740]: DEBUG glance.api.middleware.version_negotiation [None req-b8578c81-fdab-4093-bb4f-1b3d5ea49171 tempest-TaggedBootDevicesTest-2103345236 tempest-TaggedBootDevicesTest-2103345236-project-member] Using url versioning {{(pid=99740) process_request /opt/stack/glance/glance/api/middleware/version_negotiation.py:57}}
Aug 26 15:47:06.008803 np0000008168 devstack@g-api.service[99740]: DEBUG glance.api.middleware.version_negotiation [None req-b8578c81-fdab-4093-bb4f-1b3d5ea49171 tempest-TaggedBootDevicesTest-2103345236 tempest-TaggedBootDevicesTest-2103345236-project-member] Matched version: v2 {{(pid=99740) process_request /opt/stack/glance/glance/api/middleware/version_negotiation.py:69}}
Aug 26 15:47:06.008803 np0000008168 devstack@g-api.service[99740]: DEBUG glance.api.middleware.version_negotiation [None req-b8578c81-fdab-4093-bb4f-1b3d5ea49171 tempest-TaggedBootDevicesTest-2103345236 tempest-TaggedBootDevicesTest-2103345236-project-member] new path /v2/schemas/image {{(pid=99740) process_request /opt/stack/glance/glance/api/middleware/version_negotiation.py:70}}
Aug 26 15:47:06.008803 np0000008168 devstack@g-api.service[99740]: [pid: 99740|app: 0|req: 20/50] 127.0.0.1 () {44 vars in 1055 bytes} [Wed Aug 26 15:47:06 2026] GET /v2/schemas/image => generated 6083 bytes in 3 msecs (HTTP/1.1 200) 4 headers in 158 bytes (1 switches on core 0)
Aug 26 15:47:06.017750 np0000008168 devstack@g-api.service[99738]: DEBUG glance.api.middleware.version_negotiation [None req-b8578c81-fdab-4093-bb4f-1b3d5ea49171 tempest-TaggedBootDevicesTest-2103345236 tempest-TaggedBootDevicesTest-2103345236-project-member] Determining version of request: GET /v2/schemas/image Accept: */* {{(pid=99738) process_request /opt/stack/glance/glance/api/middleware/version_negotiation.py:44}}
Aug 26 15:47:06.018824 np0000008168 devstack@g-api.service[99738]: DEBUG glance.api.middleware.version_negotiation [None req-b8578c81-fdab-4093-bb4f-1b3d5ea49171 tempest-TaggedBootDevicesTest-2103345236 tempest-TaggedBootDevicesTest-2103345236-project-member] Using url versioning {{(pid=99738) process_request /opt/stack/glance/glance/api/middleware/version_negotiation.py:57}}
Aug 26 15:47:06.018824 np0000008168 devstack@g-api.service[99738]: DEBUG glance.api.middleware.version_negotiation [None req-b8578c81-fdab-4093-bb4f-1b3d5ea49171 tempest-TaggedBootDevicesTest-2103345236 tempest-TaggedBootDevicesTest-2103345236-project-member] Matched version: v2 {{(pid=99738) process_request /opt/stack/glance/glance/api/middleware/version_negotiation.py:69}}
Aug 26 15:47:06.018824 np0000008168 devstack@g-api.service[99738]: DEBUG glance.api.middleware.version_negotiation [None req-b8578c81-fdab-4093-bb4f-1b3d5ea49171 tempest-TaggedBootDevicesTest-2103345236 tempest-TaggedBootDevicesTest-2103345236-project-member] new path /v2/schemas/image {{(pid=99738) process_request /opt/stack/glance/glance/api/middleware/version_negotiation.py:70}}
Aug 26 15:47:06.020845 np0000008168 devstack@g-api.service[99738]: [pid: 99738|app: 0|req: 16/51] 127.0.0.1 () {44 vars in 1055 bytes} [Wed Aug 26 15:47:06 2026] GET /v2/schemas/image => generated 6083 bytes in 3 msecs (HTTP/1.1 200) 4 headers in 158 bytes (1 switches on core 0)
Aug 26 15:47:06.028346 np0000008168 devstack@g-api.service[99739]: DEBUG glance.api.middleware.version_negotiation [None req-d2024f56-8a56-4fdf-ba3e-bd15ee4b5118 tempest-TaggedBootDevicesTest_v242-2064820826 tempest-TaggedBootDevicesTest_v242-2064820826-project-member] Determining version of request: GET /v2/images/979d947b-388f-40b8-a135-bb8d08eca5d8 Accept: */* {{(pid=99739) process_request /opt/stack/glance/glance/api/middleware/version_negotiation.py:44}}
Aug 26 15:47:06.028578 np0000008168 devstack@g-api.service[99739]: DEBUG glance.api.middleware.version_negotiation [None req-d2024f56-8a56-4fdf-ba3e-bd15ee4b5118 tempest-TaggedBootDevicesTest_v242-2064820826 tempest-TaggedBootDevicesTest_v242-2064820826-project-member] Using url versioning {{(pid=99739) process_request /opt/stack/glance/glance/api/middleware/version_negotiation.py:57}}
Aug 26 15:47:06.028752 np0000008168 devstack@g-api.service[99739]: DEBUG glance.api.middleware.version_negotiation [None req-d2024f56-8a56-4fdf-ba3e-bd15ee4b5118 tempest-TaggedBootDevicesTest_v242-2064820826 tempest-TaggedBootDevicesTest_v242-2064820826-project-member] Matched version: v2 {{(pid=99739) process_request /opt/stack/glance/glance/api/middleware/version_negotiation.py:69}}
Aug 26 15:47:06.028898 np0000008168 devstack@g-api.service[99739]: DEBUG glance.api.middleware.version_negotiation [None req-d2024f56-8a56-4fdf-ba3e-bd15ee4b5118 tempest-TaggedBootDevicesTest_v242-2064820826 tempest-TaggedBootDevicesTest_v242-2064820826-project-member] new path /v2/images/979d947b-388f-40b8-a135-bb8d08eca5d8 {{(pid=99739) process_request /opt/stack/glance/glance/api/middleware/version_negotiation.py:70}}
Aug 26 15:47:06.039471 np0000008168 devstack@g-api.service[99739]: [pid: 99739|app: 0|req: 16/52] 127.0.0.1 () {44 vars in 1115 bytes} [Wed Aug 26 15:47:06 2026] GET /v2/images/979d947b-388f-40b8-a135-bb8d08eca5d8 => generated 1044 bytes in 11 msecs (HTTP/1.1 200) 4 headers in 158 bytes (1 switches on core 0)
Aug 26 15:47:06.046806 np0000008168 devstack@g-api.service[99740]: DEBUG glance.api.middleware.version_negotiation [None req-d2024f56-8a56-4fdf-ba3e-bd15ee4b5118 tempest-TaggedBootDevicesTest_v242-2064820826 tempest-TaggedBootDevicesTest_v242-2064820826-project-member] Determining version of request: GET /v2/schemas/image Accept: */* {{(pid=99740) process_request /opt/stack/glance/glance/api/middleware/version_negotiation.py:44}}
Aug 26 15:47:06.047279 np0000008168 devstack@g-api.service[99740]: DEBUG glance.api.middleware.version_negotiation [None req-d2024f56-8a56-4fdf-ba3e-bd15ee4b5118 tempest-TaggedBootDevicesTest_v242-2064820826 tempest-TaggedBootDevicesTest_v242-2064820826-project-member] Using url versioning {{(pid=99740) process_request /opt/stack/glance/glance/api/middleware/version_negotiation.py:57}}
Aug 26 15:47:06.047525 np0000008168 devstack@g-api.service[99740]: DEBUG glance.api.middleware.version_negotiation [None req-d2024f56-8a56-4fdf-ba3e-bd15ee4b5118 tempest-TaggedBootDevicesTest_v242-2064820826 tempest-TaggedBootDevicesTest_v242-2064820826-project-member] Matched version: v2 {{(pid=99740) process_request /opt/stack/glance/glance/api/middleware/version_negotiation.py:69}}
Aug 26 15:47:06.047640 np0000008168 devstack@g-api.service[99740]: DEBUG glance.api.middleware.version_negotiation [None req-d2024f56-8a56-4fdf-ba3e-bd15ee4b5118 tempest-TaggedBootDevicesTest_v242-2064820826 tempest-TaggedBootDevicesTest_v242-2064820826-project-member] new path /v2/schemas/image {{(pid=99740) process_request /opt/stack/glance/glance/api/middleware/version_negotiation.py:70}}
Aug 26 15:47:06.049768 np0000008168 devstack@g-api.service[99740]: [pid: 99740|app: 0|req: 21/53] 127.0.0.1 () {44 vars in 1055 bytes} [Wed Aug 26 15:47:06 2026] GET /v2/schemas/image => generated 6083 bytes in 4 msecs (HTTP/1.1 200) 4 headers in 158 bytes (1 switches on core 0)
Aug 26 15:47:06.056609 np0000008168 devstack@g-api.service[99738]: DEBUG glance.api.middleware.version_negotiation [None req-d2024f56-8a56-4fdf-ba3e-bd15ee4b5118 tempest-TaggedBootDevicesTest_v242-2064820826 tempest-TaggedBootDevicesTest_v242-2064820826-project-member] Determining version of request: GET /v2/schemas/image Accept: */* {{(pid=99738) process_request /opt/stack/glance/glance/api/middleware/version_negotiation.py:44}}
Aug 26 15:47:06.056810 np0000008168 devstack@g-api.service[99738]: DEBUG glance.api.middleware.version_negotiation [None req-d2024f56-8a56-4fdf-ba3e-bd15ee4b5118 tempest-TaggedBootDevicesTest_v242-2064820826 tempest-TaggedBootDevicesTest_v242-2064820826-project-member] Using url versioning {{(pid=99738) process_request /opt/stack/glance/glance/api/middleware/version_negotiation.py:57}}
Aug 26 15:47:06.056956 np0000008168 devstack@g-api.service[99738]: DEBUG glance.api.middleware.version_negotiation [None req-d2024f56-8a56-4fdf-ba3e-bd15ee4b5118 tempest-TaggedBootDevicesTest_v242-2064820826 tempest-TaggedBootDevicesTest_v242-2064820826-project-member] Matched version: v2 {{(pid=99738) process_request /opt/stack/glance/glance/api/middleware/version_negotiation.py:69}}
Aug 26 15:47:06.057068 np0000008168 devstack@g-api.service[99738]: DEBUG glance.api.middleware.version_negotiation [None req-d2024f56-8a56-4fdf-ba3e-bd15ee4b5118 tempest-TaggedBootDevicesTest_v242-2064820826 tempest-TaggedBootDevicesTest_v242-2064820826-project-member] new path /v2/schemas/image {{(pid=99738) process_request /opt/stack/glance/glance/api/middleware/version_negotiation.py:70}}
Aug 26 15:47:06.063485 np0000008168 devstack@g-api.service[99738]: [pid: 99738|app: 0|req: 17/54] 127.0.0.1 () {44 vars in 1055 bytes} [Wed Aug 26 15:47:06 2026] GET /v2/schemas/image => generated 6083 bytes in 7 msecs (HTTP/1.1 200) 4 headers in 158 bytes (1 switches on core 0)
Aug 26 15:47:06.113022 np0000008168 devstack@g-api.service[99739]: DEBUG glance.api.middleware.version_negotiation [None req-d2024f56-8a56-4fdf-ba3e-bd15ee4b5118 tempest-TaggedBootDevicesTest_v242-2064820826 tempest-TaggedBootDevicesTest_v242-2064820826-project-member] Determining version of request: GET /v2/images/979d947b-388f-40b8-a135-bb8d08eca5d8 Accept: */* {{(pid=99739) process_request /opt/stack/glance/glance/api/middleware/version_negotiation.py:44}}
Aug 26 15:47:06.113165 np0000008168 devstack@g-api.service[99739]: DEBUG glance.api.middleware.version_negotiation [None req-d2024f56-8a56-4fdf-ba3e-bd15ee4b5118 tempest-TaggedBootDevicesTest_v242-2064820826 tempest-TaggedBootDevicesTest_v242-2064820826-project-member] Using url versioning {{(pid=99739) process_request /opt/stack/glance/glance/api/middleware/version_negotiation.py:57}}
Aug 26 15:47:06.113606 np0000008168 devstack@g-api.service[99739]: DEBUG glance.api.middleware.version_negotiation [None req-d2024f56-8a56-4fdf-ba3e-bd15ee4b5118 tempest-TaggedBootDevicesTest_v242-2064820826 tempest-TaggedBootDevicesTest_v242-2064820826-project-member] Matched version: v2 {{(pid=99739) process_request /opt/stack/glance/glance/api/middleware/version_negotiation.py:69}}
Aug 26 15:47:06.114014 np0000008168 devstack@g-api.service[99739]: DEBUG glance.api.middleware.version_negotiation [None req-d2024f56-8a56-4fdf-ba3e-bd15ee4b5118 tempest-TaggedBootDevicesTest_v242-2064820826 tempest-TaggedBootDevicesTest_v242-2064820826-project-member] new path /v2/images/979d947b-388f-40b8-a135-bb8d08eca5d8 {{(pid=99739) process_request /opt/stack/glance/glance/api/middleware/version_negotiation.py:70}}
Aug 26 15:47:06.123781 np0000008168 devstack@g-api.service[99739]: [pid: 99739|app: 0|req: 17/55] 127.0.0.1 () {44 vars in 1115 bytes} [Wed Aug 26 15:47:06 2026] GET /v2/images/979d947b-388f-40b8-a135-bb8d08eca5d8 => generated 1044 bytes in 11 msecs (HTTP/1.1 200) 4 headers in 158 bytes (1 switches on core 0)
Aug 26 15:47:06.132132 np0000008168 devstack@g-api.service[99740]: DEBUG glance.api.middleware.version_negotiation [None req-d2024f56-8a56-4fdf-ba3e-bd15ee4b5118 tempest-TaggedBootDevicesTest_v242-2064820826 tempest-TaggedBootDevicesTest_v242-2064820826-project-member] Determining version of request: GET /v2/schemas/image Accept: */* {{(pid=99740) process_request /opt/stack/glance/glance/api/middleware/version_negotiation.py:44}}
Aug 26 15:47:06.132529 np0000008168 devstack@g-api.service[99740]: DEBUG glance.api.middleware.version_negotiation [None req-d2024f56-8a56-4fdf-ba3e-bd15ee4b5118 tempest-TaggedBootDevicesTest_v242-2064820826 tempest-TaggedBootDevicesTest_v242-2064820826-project-member] Using url versioning {{(pid=99740) process_request /opt/stack/glance/glance/api/middleware/version_negotiation.py:57}}
Aug 26 15:47:06.132529 np0000008168 devstack@g-api.service[99740]: DEBUG glance.api.middleware.version_negotiation [None req-d2024f56-8a56-4fdf-ba3e-bd15ee4b5118 tempest-TaggedBootDevicesTest_v242-2064820826 tempest-TaggedBootDevicesTest_v242-2064820826-project-member] Matched version: v2 {{(pid=99740) process_request /opt/stack/glance/glance/api/middleware/version_negotiation.py:69}}
Aug 26 15:47:06.132529 np0000008168 devstack@g-api.service[99740]: DEBUG glance.api.middleware.version_negotiation [None req-d2024f56-8a56-4fdf-ba3e-bd15ee4b5118 tempest-TaggedBootDevicesTest_v242-2064820826 tempest-TaggedBootDevicesTest_v242-2064820826-project-member] new path /v2/schemas/image {{(pid=99740) process_request /opt/stack/glance/glance/api/middleware/version_negotiation.py:70}}
Aug 26 15:47:06.136900 np0000008168 devstack@g-api.service[99740]: [pid: 99740|app: 0|req: 22/56] 127.0.0.1 () {44 vars in 1055 bytes} [Wed Aug 26 15:47:06 2026] GET /v2/schemas/image => generated 6083 bytes in 5 msecs (HTTP/1.1 200) 4 headers in 158 bytes (1 switches on core 0)
Aug 26 15:47:06.144992 np0000008168 devstack@g-api.service[99738]: DEBUG glance.api.middleware.version_negotiation [None req-d2024f56-8a56-4fdf-ba3e-bd15ee4b5118 tempest-TaggedBootDevicesTest_v242-2064820826 tempest-TaggedBootDevicesTest_v242-2064820826-project-member] Determining version of request: GET /v2/schemas/image Accept: */* {{(pid=99738) process_request /opt/stack/glance/glance/api/middleware/version_negotiation.py:44}}
Aug 26 15:47:06.145104 np0000008168 devstack@g-api.service[99738]: DEBUG glance.api.middleware.version_negotiation [None req-d2024f56-8a56-4fdf-ba3e-bd15ee4b5118 tempest-TaggedBootDevicesTest_v242-2064820826 tempest-TaggedBootDevicesTest_v242-2064820826-project-member] Using url versioning {{(pid=99738) process_request /opt/stack/glance/glance/api/middleware/version_negotiation.py:57}}
Aug 26 15:47:06.145272 np0000008168 devstack@g-api.service[99738]: DEBUG glance.api.middleware.version_negotiation [None req-d2024f56-8a56-4fdf-ba3e-bd15ee4b5118 tempest-TaggedBootDevicesTest_v242-2064820826 tempest-TaggedBootDevicesTest_v242-2064820826-project-member] Matched version: v2 {{(pid=99738) process_request /opt/stack/glance/glance/api/middleware/version_negotiation.py:69}}
Aug 26 15:47:06.145347 np0000008168 devstack@g-api.service[99738]: DEBUG glance.api.middleware.version_negotiation [None req-d2024f56-8a56-4fdf-ba3e-bd15ee4b5118 tempest-TaggedBootDevicesTest_v242-2064820826 tempest-TaggedBootDevicesTest_v242-2064820826-project-member] new path /v2/schemas/image {{(pid=99738) process_request /opt/stack/glance/glance/api/middleware/version_negotiation.py:70}}
Aug 26 15:47:06.147690 np0000008168 devstack@g-api.service[99738]: [pid: 99738|app: 0|req: 18/57] 127.0.0.1 () {44 vars in 1055 bytes} [Wed Aug 26 15:47:06 2026] GET /v2/schemas/image => generated 6083 bytes in 2 msecs (HTTP/1.1 200) 4 headers in 158 bytes (1 switches on core 0)
Aug 26 15:47:06.714150 np0000008168 devstack@g-api.service[99739]: DEBUG glance.api.middleware.version_negotiation [None req-d2024f56-8a56-4fdf-ba3e-bd15ee4b5118 tempest-TaggedBootDevicesTest_v242-2064820826 tempest-TaggedBootDevicesTest_v242-2064820826-project-member] Determining version of request: GET /versions Accept: */* {{(pid=99739) process_request /opt/stack/glance/glance/api/middleware/version_negotiation.py:44}}
Aug 26 15:47:06.714842 np0000008168 devstack@g-api.service[99739]: [pid: 99739|app: 0|req: 18/58] 127.0.0.1 () {44 vars in 1039 bytes} [Wed Aug 26 15:47:06 2026] GET /versions => generated 1515 bytes in 1 msecs (HTTP/1.1 200) 3 headers in 92 bytes (1 switches on core 0)
Aug 26 15:47:06.726833 np0000008168 devstack@g-api.service[99740]: DEBUG glance.api.middleware.version_negotiation [None req-d2024f56-8a56-4fdf-ba3e-bd15ee4b5118 tempest-TaggedBootDevicesTest_v242-2064820826 tempest-TaggedBootDevicesTest_v242-2064820826-project-member] Determining version of request: GET /v2/images/979d947b-388f-40b8-a135-bb8d08eca5d8/locations Accept: */* {{(pid=99740) process_request /opt/stack/glance/glance/api/middleware/version_negotiation.py:44}}
Aug 26 15:47:06.726986 np0000008168 devstack@g-api.service[99740]: DEBUG glance.api.middleware.version_negotiation [None req-d2024f56-8a56-4fdf-ba3e-bd15ee4b5118 tempest-TaggedBootDevicesTest_v242-2064820826 tempest-TaggedBootDevicesTest_v242-2064820826-project-member] Using url versioning {{(pid=99740) process_request /opt/stack/glance/glance/api/middleware/version_negotiation.py:57}}
Aug 26 15:47:06.727101 np0000008168 devstack@g-api.service[99740]: DEBUG glance.api.middleware.version_negotiation [None req-d2024f56-8a56-4fdf-ba3e-bd15ee4b5118 tempest-TaggedBootDevicesTest_v242-2064820826 tempest-TaggedBootDevicesTest_v242-2064820826-project-member] Matched version: v2 {{(pid=99740) process_request /opt/stack/glance/glance/api/middleware/version_negotiation.py:69}}
Aug 26 15:47:06.727228 np0000008168 devstack@g-api.service[99740]: DEBUG glance.api.middleware.version_negotiation [None req-d2024f56-8a56-4fdf-ba3e-bd15ee4b5118 tempest-TaggedBootDevicesTest_v242-2064820826 tempest-TaggedBootDevicesTest_v242-2064820826-project-member] new path /v2/images/979d947b-388f-40b8-a135-bb8d08eca5d8/locations {{(pid=99740) process_request /opt/stack/glance/glance/api/middleware/version_negotiation.py:70}}
Aug 26 15:47:06.968776 np0000008168 devstack@g-api.service[99740]: [pid: 99740|app: 0|req: 23/59] 127.0.0.1 () {44 vars in 1135 bytes} [Wed Aug 26 15:47:06 2026] GET /v2/images/979d947b-388f-40b8-a135-bb8d08eca5d8/locations => generated 92 bytes in 242 msecs (HTTP/1.1 200) 4 headers in 156 bytes (1 switches on core 0)
Aug 26 15:47:06.980965 np0000008168 devstack@g-api.service[99738]: DEBUG glance.api.middleware.version_negotiation [None req-d2024f56-8a56-4fdf-ba3e-bd15ee4b5118 tempest-TaggedBootDevicesTest_v242-2064820826 tempest-TaggedBootDevicesTest_v242-2064820826-project-member] Determining version of request: GET /v2/images/979d947b-388f-40b8-a135-bb8d08eca5d8 Accept: */* {{(pid=99738) process_request /opt/stack/glance/glance/api/middleware/version_negotiation.py:44}}
Aug 26 15:47:06.981320 np0000008168 devstack@g-api.service[99738]: DEBUG glance.api.middleware.version_negotiation [None req-d2024f56-8a56-4fdf-ba3e-bd15ee4b5118 tempest-TaggedBootDevicesTest_v242-2064820826 tempest-TaggedBootDevicesTest_v242-2064820826-project-member] Using url versioning {{(pid=99738) process_request /opt/stack/glance/glance/api/middleware/version_negotiation.py:57}}
Aug 26 15:47:06.981361 np0000008168 devstack@g-api.service[99738]: DEBUG glance.api.middleware.version_negotiation [None req-d2024f56-8a56-4fdf-ba3e-bd15ee4b5118 tempest-TaggedBootDevicesTest_v242-2064820826 tempest-TaggedBootDevicesTest_v242-2064820826-project-member] Matched version: v2 {{(pid=99738) process_request /opt/stack/glance/glance/api/middleware/version_negotiation.py:69}}
Aug 26 15:47:06.981501 np0000008168 devstack@g-api.service[99738]: DEBUG glance.api.middleware.version_negotiation [None req-d2024f56-8a56-4fdf-ba3e-bd15ee4b5118 tempest-TaggedBootDevicesTest_v242-2064820826 tempest-TaggedBootDevicesTest_v242-2064820826-project-member] new path /v2/images/979d947b-388f-40b8-a135-bb8d08eca5d8 {{(pid=99738) process_request /opt/stack/glance/glance/api/middleware/version_negotiation.py:70}}
Aug 26 15:47:07.011232 np0000008168 devstack@g-api.service[99738]: [pid: 99738|app: 0|req: 19/60] 127.0.0.1 () {44 vars in 1115 bytes} [Wed Aug 26 15:47:06 2026] GET /v2/images/979d947b-388f-40b8-a135-bb8d08eca5d8 => generated 1044 bytes in 27 msecs (HTTP/1.1 200) 4 headers in 158 bytes (1 switches on core 0)
Aug 26 15:47:07.015749 np0000008168 devstack@g-api.service[99739]: DEBUG glance.api.middleware.version_negotiation [None req-d2024f56-8a56-4fdf-ba3e-bd15ee4b5118 tempest-TaggedBootDevicesTest_v242-2064820826 tempest-TaggedBootDevicesTest_v242-2064820826-project-member] Determining version of request: GET /v2/schemas/image Accept: */* {{(pid=99739) process_request /opt/stack/glance/glance/api/middleware/version_negotiation.py:44}}
Aug 26 15:47:07.016071 np0000008168 devstack@g-api.service[99739]: DEBUG glance.api.middleware.version_negotiation [None req-d2024f56-8a56-4fdf-ba3e-bd15ee4b5118 tempest-TaggedBootDevicesTest_v242-2064820826 tempest-TaggedBootDevicesTest_v242-2064820826-project-member] Using url versioning {{(pid=99739) process_request /opt/stack/glance/glance/api/middleware/version_negotiation.py:57}}
Aug 26 15:47:07.016071 np0000008168 devstack@g-api.service[99739]: DEBUG glance.api.middleware.version_negotiation [None req-d2024f56-8a56-4fdf-ba3e-bd15ee4b5118 tempest-TaggedBootDevicesTest_v242-2064820826 tempest-TaggedBootDevicesTest_v242-2064820826-project-member] Matched version: v2 {{(pid=99739) process_request /opt/stack/glance/glance/api/middleware/version_negotiation.py:69}}
Aug 26 15:47:07.016182 np0000008168 devstack@g-api.service[99739]: DEBUG glance.api.middleware.version_negotiation [None req-d2024f56-8a56-4fdf-ba3e-bd15ee4b5118 tempest-TaggedBootDevicesTest_v242-2064820826 tempest-TaggedBootDevicesTest_v242-2064820826-project-member] new path /v2/schemas/image {{(pid=99739) process_request /opt/stack/glance/glance/api/middleware/version_negotiation.py:70}}
Aug 26 15:47:07.019733 np0000008168 devstack@g-api.service[99739]: [pid: 99739|app: 0|req: 19/61] 127.0.0.1 () {44 vars in 1055 bytes} [Wed Aug 26 15:47:07 2026] GET /v2/schemas/image => generated 6083 bytes in 3 msecs (HTTP/1.1 200) 4 headers in 158 bytes (1 switches on core 0)
Aug 26 15:47:07.026384 np0000008168 devstack@g-api.service[99740]: DEBUG glance.api.middleware.version_negotiation [None req-d2024f56-8a56-4fdf-ba3e-bd15ee4b5118 service glance] Determining version of request: GET /v2/schemas/image Accept: */* {{(pid=99740) process_request /opt/stack/glance/glance/api/middleware/version_negotiation.py:44}}
Aug 26 15:47:07.026712 np0000008168 devstack@g-api.service[99740]: DEBUG glance.api.middleware.version_negotiation [None req-d2024f56-8a56-4fdf-ba3e-bd15ee4b5118 service glance] Using url versioning {{(pid=99740) process_request /opt/stack/glance/glance/api/middleware/version_negotiation.py:57}}
Aug 26 15:47:07.026743 np0000008168 devstack@g-api.service[99740]: DEBUG glance.api.middleware.version_negotiation [None req-d2024f56-8a56-4fdf-ba3e-bd15ee4b5118 service glance] Matched version: v2 {{(pid=99740) process_request /opt/stack/glance/glance/api/middleware/version_negotiation.py:69}}
Aug 26 15:47:07.026875 np0000008168 devstack@g-api.service[99740]: DEBUG glance.api.middleware.version_negotiation [None req-d2024f56-8a56-4fdf-ba3e-bd15ee4b5118 service glance] new path /v2/schemas/image {{(pid=99740) process_request /opt/stack/glance/glance/api/middleware/version_negotiation.py:70}}
Aug 26 15:47:07.029330 np0000008168 devstack@g-api.service[99740]: [pid: 99740|app: 0|req: 24/62] 127.0.0.1 () {44 vars in 1055 bytes} [Wed Aug 26 15:47:07 2026] GET /v2/schemas/image => generated 6083 bytes in 3 msecs (HTTP/1.1 200) 4 headers in 158 bytes (1 switches on core 0)
Aug 26 15:47:07.107253 np0000008168 devstack@g-api.service[99738]: DEBUG glance.api.middleware.version_negotiation [None req-d2024f56-8a56-4fdf-ba3e-bd15ee4b5118 tempest-TaggedBootDevicesTest_v242-2064820826 tempest-TaggedBootDevicesTest_v242-2064820826-project-member] Determining version of request: GET /v2/images/979d947b-388f-40b8-a135-bb8d08eca5d8 Accept: */* {{(pid=99738) process_request /opt/stack/glance/glance/api/middleware/version_negotiation.py:44}}
Aug 26 15:47:07.107532 np0000008168 devstack@g-api.service[99738]: DEBUG glance.api.middleware.version_negotiation [None req-d2024f56-8a56-4fdf-ba3e-bd15ee4b5118 tempest-TaggedBootDevicesTest_v242-2064820826 tempest-TaggedBootDevicesTest_v242-2064820826-project-member] Using url versioning {{(pid=99738) process_request /opt/stack/glance/glance/api/middleware/version_negotiation.py:57}}
Aug 26 15:47:07.107729 np0000008168 devstack@g-api.service[99738]: DEBUG glance.api.middleware.version_negotiation [None req-d2024f56-8a56-4fdf-ba3e-bd15ee4b5118 tempest-TaggedBootDevicesTest_v242-2064820826 tempest-TaggedBootDevicesTest_v242-2064820826-project-member] Matched version: v2 {{(pid=99738) process_request /opt/stack/glance/glance/api/middleware/version_negotiation.py:69}}
Aug 26 15:47:07.107965 np0000008168 devstack@g-api.service[99738]: DEBUG glance.api.middleware.version_negotiation [None req-d2024f56-8a56-4fdf-ba3e-bd15ee4b5118 tempest-TaggedBootDevicesTest_v242-2064820826 tempest-TaggedBootDevicesTest_v242-2064820826-project-member] new path /v2/images/979d947b-388f-40b8-a135-bb8d08eca5d8 {{(pid=99738) process_request /opt/stack/glance/glance/api/middleware/version_negotiation.py:70}}
Aug 26 15:47:07.121726 np0000008168 devstack@g-api.service[99739]: DEBUG glance.api.middleware.version_negotiation [None req-d2024f56-8a56-4fdf-ba3e-bd15ee4b5118 tempest-TaggedBootDevicesTest_v242-2064820826 tempest-TaggedBootDevicesTest_v242-2064820826-project-member] Determining version of request: GET /v2/images/979d947b-388f-40b8-a135-bb8d08eca5d8 Accept: */* {{(pid=99739) process_request /opt/stack/glance/glance/api/middleware/version_negotiation.py:44}}
Aug 26 15:47:07.121983 np0000008168 devstack@g-api.service[99739]: DEBUG glance.api.middleware.version_negotiation [None req-d2024f56-8a56-4fdf-ba3e-bd15ee4b5118 tempest-TaggedBootDevicesTest_v242-2064820826 tempest-TaggedBootDevicesTest_v242-2064820826-project-member] Using url versioning {{(pid=99739) process_request /opt/stack/glance/glance/api/middleware/version_negotiation.py:57}}
Aug 26 15:47:07.122183 np0000008168 devstack@g-api.service[99739]: DEBUG glance.api.middleware.version_negotiation [None req-d2024f56-8a56-4fdf-ba3e-bd15ee4b5118 tempest-TaggedBootDevicesTest_v242-2064820826 tempest-TaggedBootDevicesTest_v242-2064820826-project-member] Matched version: v2 {{(pid=99739) process_request /opt/stack/glance/glance/api/middleware/version_negotiation.py:69}}
Aug 26 15:47:07.122451 np0000008168 devstack@g-api.service[99739]: DEBUG glance.api.middleware.version_negotiation [None req-d2024f56-8a56-4fdf-ba3e-bd15ee4b5118 tempest-TaggedBootDevicesTest_v242-2064820826 tempest-TaggedBootDevicesTest_v242-2064820826-project-member] new path /v2/images/979d947b-388f-40b8-a135-bb8d08eca5d8 {{(pid=99739) process_request /opt/stack/glance/glance/api/middleware/version_negotiation.py:70}}
Aug 26 15:47:07.137128 np0000008168 devstack@g-api.service[99739]: [pid: 99739|app: 0|req: 20/63] 127.0.0.1 () {44 vars in 1115 bytes} [Wed Aug 26 15:47:07 2026] GET /v2/images/979d947b-388f-40b8-a135-bb8d08eca5d8 => generated 1044 bytes in 15 msecs (HTTP/1.1 200) 4 headers in 158 bytes (1 switches on core 0)
Aug 26 15:47:07.146076 np0000008168 devstack@g-api.service[99740]: DEBUG glance.api.middleware.version_negotiation [None req-d2024f56-8a56-4fdf-ba3e-bd15ee4b5118 tempest-TaggedBootDevicesTest_v242-2064820826 tempest-TaggedBootDevicesTest_v242-2064820826-project-member] Determining version of request: GET /v2/schemas/image Accept: */* {{(pid=99740) process_request /opt/stack/glance/glance/api/middleware/version_negotiation.py:44}}
Aug 26 15:47:07.147292 np0000008168 devstack@g-api.service[99740]: DEBUG glance.api.middleware.version_negotiation [None req-d2024f56-8a56-4fdf-ba3e-bd15ee4b5118 tempest-TaggedBootDevicesTest_v242-2064820826 tempest-TaggedBootDevicesTest_v242-2064820826-project-member] Using url versioning {{(pid=99740) process_request /opt/stack/glance/glance/api/middleware/version_negotiation.py:57}}
Aug 26 15:47:07.147542 np0000008168 devstack@g-api.service[99740]: DEBUG glance.api.middleware.version_negotiation [None req-d2024f56-8a56-4fdf-ba3e-bd15ee4b5118 tempest-TaggedBootDevicesTest_v242-2064820826 tempest-TaggedBootDevicesTest_v242-2064820826-project-member] Matched version: v2 {{(pid=99740) process_request /opt/stack/glance/glance/api/middleware/version_negotiation.py:69}}
Aug 26 15:47:07.148247 np0000008168 devstack@g-api.service[99740]: DEBUG glance.api.middleware.version_negotiation [None req-d2024f56-8a56-4fdf-ba3e-bd15ee4b5118 tempest-TaggedBootDevicesTest_v242-2064820826 tempest-TaggedBootDevicesTest_v242-2064820826-project-member] new path /v2/schemas/image {{(pid=99740) process_request /opt/stack/glance/glance/api/middleware/version_negotiation.py:70}}
Aug 26 15:47:07.151559 np0000008168 devstack@g-api.service[99740]: [pid: 99740|app: 0|req: 25/64] 127.0.0.1 () {44 vars in 1055 bytes} [Wed Aug 26 15:47:07 2026] GET /v2/schemas/image => generated 6083 bytes in 6 msecs (HTTP/1.1 200) 4 headers in 158 bytes (1 switches on core 0)
Aug 26 15:47:07.455954 np0000008168 devstack@g-api.service[99738]: [pid: 99738|app: 0|req: 20/65] 127.0.0.1 () {44 vars in 1115 bytes} [Wed Aug 26 15:47:07 2026] GET /v2/images/979d947b-388f-40b8-a135-bb8d08eca5d8 => generated 1044 bytes in 349 msecs (HTTP/1.1 200) 4 headers in 158 bytes (1 switches on core 0)
