Aug 26 15:44:51.429318 np0000008168 nova-conductor[95840]: DEBUG cotyledon.oslo_config_glue [-] oslo_messaging_rabbit.processname = nova-conductor {{(pid=95840) log_opt_values /opt/stack/data/venv/lib/python3.12/site-packages/oslo_config/cfg.py:3560}}
Aug 26 15:44:51.429318 np0000008168 nova-conductor[95840]: DEBUG cotyledon.oslo_config_glue [-] oslo_messaging_rabbit.rabbit_ha_queues = False {{(pid=95840) log_opt_values /opt/stack/data/venv/lib/python3.12/site-packages/oslo_config/cfg.py:3560}}
Aug 26 15:44:51.429318 np0000008168 nova-conductor[95840]: DEBUG cotyledon.oslo_config_glue [-] oslo_messaging_rabbit.rabbit_interval_max = 30 {{(pid=95840) log_opt_values /opt/stack/data/venv/lib/python3.12/site-packages/oslo_config/cfg.py:3560}}
Aug 26 15:44:51.429318 np0000008168 nova-conductor[95840]: DEBUG cotyledon.oslo_config_glue [-] oslo_messaging_rabbit.rabbit_login_method = AMQPLAIN {{(pid=95840) log_opt_values /opt/stack/data/venv/lib/python3.12/site-packages/oslo_config/cfg.py:3560}}
Aug 26 15:44:51.429318 np0000008168 nova-conductor[95840]: DEBUG cotyledon.oslo_config_glue [-] oslo_messaging_rabbit.rabbit_qos_prefetch_count = 0 {{(pid=95840) log_opt_values /opt/stack/data/venv/lib/python3.12/site-packages/oslo_config/cfg.py:3560}}
Aug 26 15:44:51.429318 np0000008168 nova-conductor[95840]: DEBUG cotyledon.oslo_config_glue [-] oslo_messaging_rabbit.rabbit_quorum_delivery_limit = 0 {{(pid=95840) log_opt_values /opt/stack/data/venv/lib/python3.12/site-packages/oslo_config/cfg.py:3560}}
Aug 26 15:44:51.429318 np0000008168 nova-conductor[95840]: DEBUG cotyledon.oslo_config_glue [-] oslo_messaging_rabbit.rabbit_quorum_max_memory_bytes = 0 {{(pid=95840) log_opt_values /opt/stack/data/venv/lib/python3.12/site-packages/oslo_config/cfg.py:3560}}
Aug 26 15:44:51.429318 np0000008168 nova-conductor[95840]: DEBUG cotyledon.oslo_config_glue [-] oslo_messaging_rabbit.rabbit_quorum_max_memory_length = 0 {{(pid=95840) log_opt_values /opt/stack/data/venv/lib/python3.12/site-packages/oslo_config/cfg.py:3560}}
Aug 26 15:44:51.429318 np0000008168 nova-conductor[95840]: DEBUG cotyledon.oslo_config_glue [-] oslo_messaging_rabbit.rabbit_quorum_queue = False {{(pid=95840) log_opt_values /opt/stack/data/venv/lib/python3.12/site-packages/oslo_config/cfg.py:3560}}
Aug 26 15:44:51.429486 np0000008168 nova-conductor[95840]: DEBUG cotyledon.oslo_config_glue [-] oslo_messaging_rabbit.rabbit_retry_backoff = 2 {{(pid=95840) log_opt_values /opt/stack/data/venv/lib/python3.12/site-packages/oslo_config/cfg.py:3560}}
Aug 26 15:44:51.429486 np0000008168 nova-conductor[95840]: DEBUG cotyledon.oslo_config_glue [-] oslo_messaging_rabbit.rabbit_retry_interval = 1 {{(pid=95840) log_opt_values /opt/stack/data/venv/lib/python3.12/site-packages/oslo_config/cfg.py:3560}}
Aug 26 15:44:51.429486 np0000008168 nova-conductor[95840]: DEBUG cotyledon.oslo_config_glue [-] oslo_messaging_rabbit.rabbit_stream_fanout = False {{(pid=95840) log_opt_values /opt/stack/data/venv/lib/python3.12/site-packages/oslo_config/cfg.py:3560}}
Aug 26 15:44:51.429486 np0000008168 nova-conductor[95840]: DEBUG cotyledon.oslo_config_glue [-] oslo_messaging_rabbit.rabbit_transient_queues_ttl = 1800 {{(pid=95840) log_opt_values /opt/stack/data/venv/lib/python3.12/site-packages/oslo_config/cfg.py:3560}}
Aug 26 15:44:51.429486 np0000008168 nova-conductor[95840]: DEBUG cotyledon.oslo_config_glue [-] oslo_messaging_rabbit.rabbit_transient_quorum_queue = False {{(pid=95840) log_opt_values /opt/stack/data/venv/lib/python3.12/site-packages/oslo_config/cfg.py:3560}}
Aug 26 15:44:51.429486 np0000008168 nova-conductor[95840]: DEBUG cotyledon.oslo_config_glue [-] oslo_messaging_rabbit.rpc_conn_pool_size = 30 {{(pid=95840) log_opt_values /opt/stack/data/venv/lib/python3.12/site-packages/oslo_config/cfg.py:3560}}
Aug 26 15:44:51.429486 np0000008168 nova-conductor[95840]: DEBUG cotyledon.oslo_config_glue [-] oslo_messaging_rabbit.ssl = False {{(pid=95840) log_opt_values /opt/stack/data/venv/lib/python3.12/site-packages/oslo_config/cfg.py:3560}}
Aug 26 15:44:51.429486 np0000008168 nova-conductor[95840]: DEBUG cotyledon.oslo_config_glue [-] oslo_messaging_rabbit.ssl_ca_file = {{(pid=95840) log_opt_values /opt/stack/data/venv/lib/python3.12/site-packages/oslo_config/cfg.py:3560}}
Aug 26 15:44:51.429486 np0000008168 nova-conductor[95840]: DEBUG cotyledon.oslo_config_glue [-] oslo_messaging_rabbit.ssl_cert_file = {{(pid=95840) log_opt_values /opt/stack/data/venv/lib/python3.12/site-packages/oslo_config/cfg.py:3560}}
Aug 26 15:44:51.429648 np0000008168 nova-conductor[95840]: DEBUG cotyledon.oslo_config_glue [-] oslo_messaging_rabbit.ssl_enforce_fips_mode = False {{(pid=95840) log_opt_values /opt/stack/data/venv/lib/python3.12/site-packages/oslo_config/cfg.py:3560}}
Aug 26 15:44:51.429648 np0000008168 nova-conductor[95840]: DEBUG cotyledon.oslo_config_glue [-] oslo_messaging_rabbit.ssl_enforce_hostname_verification = True {{(pid=95840) log_opt_values /opt/stack/data/venv/lib/python3.12/site-packages/oslo_config/cfg.py:3560}}
Aug 26 15:44:51.429648 np0000008168 nova-conductor[95840]: DEBUG cotyledon.oslo_config_glue [-] oslo_messaging_rabbit.ssl_key_file = {{(pid=95840) log_opt_values /opt/stack/data/venv/lib/python3.12/site-packages/oslo_config/cfg.py:3560}}
Aug 26 15:44:51.429648 np0000008168 nova-conductor[95840]: DEBUG cotyledon.oslo_config_glue [-] oslo_messaging_rabbit.ssl_version = {{(pid=95840) log_opt_values /opt/stack/data/venv/lib/python3.12/site-packages/oslo_config/cfg.py:3560}}
Aug 26 15:44:51.429648 np0000008168 nova-conductor[95840]: DEBUG cotyledon.oslo_config_glue [-] oslo_messaging_rabbit.use_queue_manager = False {{(pid=95840) log_opt_values /opt/stack/data/venv/lib/python3.12/site-packages/oslo_config/cfg.py:3560}}
Aug 26 15:44:51.429648 np0000008168 nova-conductor[95840]: DEBUG cotyledon.oslo_config_glue [-] oslo_messaging_notifications.driver = ['messagingv2'] {{(pid=95840) log_opt_values /opt/stack/data/venv/lib/python3.12/site-packages/oslo_config/cfg.py:3560}}
Aug 26 15:44:51.429648 np0000008168 nova-conductor[95840]: DEBUG cotyledon.oslo_config_glue [-] oslo_messaging_notifications.retry = -1 {{(pid=95840) log_opt_values /opt/stack/data/venv/lib/python3.12/site-packages/oslo_config/cfg.py:3560}}
Aug 26 15:44:51.429648 np0000008168 nova-conductor[95840]: DEBUG cotyledon.oslo_config_glue [-] oslo_messaging_notifications.topics = ['notifications'] {{(pid=95840) log_opt_values /opt/stack/data/venv/lib/python3.12/site-packages/oslo_config/cfg.py:3560}}
Aug 26 15:44:51.429648 np0000008168 nova-conductor[95840]: DEBUG cotyledon.oslo_config_glue [-] oslo_messaging_notifications.transport_url = **** {{(pid=95840) log_opt_values /opt/stack/data/venv/lib/python3.12/site-packages/oslo_config/cfg.py:3560}}
Aug 26 15:44:51.429836 np0000008168 nova-conductor[95840]: DEBUG cotyledon.oslo_config_glue [-] oslo_limit.auth_section = None {{(pid=95840) log_opt_values /opt/stack/data/venv/lib/python3.12/site-packages/oslo_config/cfg.py:3560}}
Aug 26 15:44:51.429836 np0000008168 nova-conductor[95840]: DEBUG cotyledon.oslo_config_glue [-] oslo_limit.auth_type = None {{(pid=95840) log_opt_values /opt/stack/data/venv/lib/python3.12/site-packages/oslo_config/cfg.py:3560}}
Aug 26 15:44:51.429836 np0000008168 nova-conductor[95840]: DEBUG cotyledon.oslo_config_glue [-] oslo_limit.cafile = None {{(pid=95840) log_opt_values /opt/stack/data/venv/lib/python3.12/site-packages/oslo_config/cfg.py:3560}}
Aug 26 15:44:51.429836 np0000008168 nova-conductor[95840]: DEBUG cotyledon.oslo_config_glue [-] oslo_limit.certfile = None {{(pid=95840) log_opt_values /opt/stack/data/venv/lib/python3.12/site-packages/oslo_config/cfg.py:3560}}
Aug 26 15:44:51.429836 np0000008168 nova-conductor[95840]: DEBUG cotyledon.oslo_config_glue [-] oslo_limit.collect_timing = False {{(pid=95840) log_opt_values /opt/stack/data/venv/lib/python3.12/site-packages/oslo_config/cfg.py:3560}}
Aug 26 15:44:51.429836 np0000008168 nova-conductor[95840]: DEBUG cotyledon.oslo_config_glue [-] oslo_limit.connect_retries = None {{(pid=95840) log_opt_values /opt/stack/data/venv/lib/python3.12/site-packages/oslo_config/cfg.py:3560}}
Aug 26 15:44:51.429836 np0000008168 nova-conductor[95840]: DEBUG cotyledon.oslo_config_glue [-] oslo_limit.connect_retry_delay = None {{(pid=95840) log_opt_values /opt/stack/data/venv/lib/python3.12/site-packages/oslo_config/cfg.py:3560}}
Aug 26 15:44:51.429836 np0000008168 nova-conductor[95840]: DEBUG cotyledon.oslo_config_glue [-] oslo_limit.endpoint_id = None {{(pid=95840) log_opt_values /opt/stack/data/venv/lib/python3.12/site-packages/oslo_config/cfg.py:3560}}
Aug 26 15:44:51.429836 np0000008168 nova-conductor[95840]: DEBUG cotyledon.oslo_config_glue [-] oslo_limit.endpoint_interface = public {{(pid=95840) log_opt_values /opt/stack/data/venv/lib/python3.12/site-packages/oslo_config/cfg.py:3560}}
Aug 26 15:44:51.430003 np0000008168 nova-conductor[95840]: DEBUG cotyledon.oslo_config_glue [-] oslo_limit.endpoint_override = None {{(pid=95840) log_opt_values /opt/stack/data/venv/lib/python3.12/site-packages/oslo_config/cfg.py:3560}}
Aug 26 15:44:51.430003 np0000008168 nova-conductor[95840]: DEBUG cotyledon.oslo_config_glue [-] oslo_limit.endpoint_region_name = None {{(pid=95840) log_opt_values /opt/stack/data/venv/lib/python3.12/site-packages/oslo_config/cfg.py:3560}}
Aug 26 15:44:51.430003 np0000008168 nova-conductor[95840]: DEBUG cotyledon.oslo_config_glue [-] oslo_limit.endpoint_service_name = None {{(pid=95840) log_opt_values /opt/stack/data/venv/lib/python3.12/site-packages/oslo_config/cfg.py:3560}}
Aug 26 15:44:51.430003 np0000008168 nova-conductor[95840]: DEBUG cotyledon.oslo_config_glue [-] oslo_limit.endpoint_service_type = None {{(pid=95840) log_opt_values /opt/stack/data/venv/lib/python3.12/site-packages/oslo_config/cfg.py:3560}}
Aug 26 15:44:51.430003 np0000008168 nova-conductor[95840]: DEBUG cotyledon.oslo_config_glue [-] oslo_limit.insecure = False {{(pid=95840) log_opt_values /opt/stack/data/venv/lib/python3.12/site-packages/oslo_config/cfg.py:3560}}
Aug 26 15:44:51.430003 np0000008168 nova-conductor[95840]: DEBUG cotyledon.oslo_config_glue [-] oslo_limit.keyfile = None {{(pid=95840) log_opt_values /opt/stack/data/venv/lib/python3.12/site-packages/oslo_config/cfg.py:3560}}
Aug 26 15:44:51.430003 np0000008168 nova-conductor[95840]: DEBUG cotyledon.oslo_config_glue [-] oslo_limit.max_version = None {{(pid=95840) log_opt_values /opt/stack/data/venv/lib/python3.12/site-packages/oslo_config/cfg.py:3560}}
Aug 26 15:44:51.430003 np0000008168 nova-conductor[95840]: DEBUG cotyledon.oslo_config_glue [-] oslo_limit.min_version = None {{(pid=95840) log_opt_values /opt/stack/data/venv/lib/python3.12/site-packages/oslo_config/cfg.py:3560}}
Aug 26 15:44:51.430003 np0000008168 nova-conductor[95840]: DEBUG cotyledon.oslo_config_glue [-] oslo_limit.region_name = None {{(pid=95840) log_opt_values /opt/stack/data/venv/lib/python3.12/site-packages/oslo_config/cfg.py:3560}}
Aug 26 15:44:51.430206 np0000008168 nova-conductor[95840]: DEBUG cotyledon.oslo_config_glue [-] oslo_limit.retriable_status_codes = None {{(pid=95840) log_opt_values /opt/stack/data/venv/lib/python3.12/site-packages/oslo_config/cfg.py:3560}}
Aug 26 15:44:51.430206 np0000008168 nova-conductor[95840]: DEBUG cotyledon.oslo_config_glue [-] oslo_limit.service_name = None {{(pid=95840) log_opt_values /opt/stack/data/venv/lib/python3.12/site-packages/oslo_config/cfg.py:3560}}
Aug 26 15:44:51.430206 np0000008168 nova-conductor[95840]: DEBUG cotyledon.oslo_config_glue [-] oslo_limit.service_type = None {{(pid=95840) log_opt_values /opt/stack/data/venv/lib/python3.12/site-packages/oslo_config/cfg.py:3560}}
Aug 26 15:44:51.430206 np0000008168 nova-conductor[95840]: DEBUG cotyledon.oslo_config_glue [-] oslo_limit.split_loggers = False {{(pid=95840) log_opt_values /opt/stack/data/venv/lib/python3.12/site-packages/oslo_config/cfg.py:3560}}
Aug 26 15:44:51.430206 np0000008168 nova-conductor[95840]: DEBUG cotyledon.oslo_config_glue [-] oslo_limit.status_code_retries = None {{(pid=95840) log_opt_values /opt/stack/data/venv/lib/python3.12/site-packages/oslo_config/cfg.py:3560}}
Aug 26 15:44:51.430206 np0000008168 nova-conductor[95840]: DEBUG cotyledon.oslo_config_glue [-] oslo_limit.status_code_retry_delay = None {{(pid=95840) log_opt_values /opt/stack/data/venv/lib/python3.12/site-packages/oslo_config/cfg.py:3560}}
Aug 26 15:44:51.430206 np0000008168 nova-conductor[95840]: DEBUG cotyledon.oslo_config_glue [-] oslo_limit.timeout = None {{(pid=95840) log_opt_values /opt/stack/data/venv/lib/python3.12/site-packages/oslo_config/cfg.py:3560}}
Aug 26 15:44:51.430206 np0000008168 nova-conductor[95840]: DEBUG cotyledon.oslo_config_glue [-] oslo_limit.valid_interfaces = None {{(pid=95840) log_opt_values /opt/stack/data/venv/lib/python3.12/site-packages/oslo_config/cfg.py:3560}}
Aug 26 15:44:51.430206 np0000008168 nova-conductor[95840]: DEBUG cotyledon.oslo_config_glue [-] oslo_limit.version = None {{(pid=95840) log_opt_values /opt/stack/data/venv/lib/python3.12/site-packages/oslo_config/cfg.py:3560}}
Aug 26 15:44:51.430379 np0000008168 nova-conductor[95840]: DEBUG cotyledon.oslo_config_glue [-] oslo_reports.file_event_handler = None {{(pid=95840) log_opt_values /opt/stack/data/venv/lib/python3.12/site-packages/oslo_config/cfg.py:3560}}
Aug 26 15:44:51.430379 np0000008168 nova-conductor[95840]: DEBUG cotyledon.oslo_config_glue [-] oslo_reports.file_event_handler_interval = 1 {{(pid=95840) log_opt_values /opt/stack/data/venv/lib/python3.12/site-packages/oslo_config/cfg.py:3560}}
Aug 26 15:44:51.430379 np0000008168 nova-conductor[95840]: DEBUG cotyledon.oslo_config_glue [-] oslo_reports.log_dir = None {{(pid=95840) log_opt_values /opt/stack/data/venv/lib/python3.12/site-packages/oslo_config/cfg.py:3560}}
Aug 26 15:44:51.430379 np0000008168 nova-conductor[95840]: DEBUG cotyledon.oslo_config_glue [-] ******************************************************************************** {{(pid=95840) log_opt_values /opt/stack/data/venv/lib/python3.12/site-packages/oslo_config/cfg.py:3567}}
Aug 26 15:44:51.430379 np0000008168 nova-conductor[95840]: DEBUG cotyledon._service_worker [-] Run service ServiceWrapper(2) [95840] {{(pid=95840) wait_forever /opt/stack/data/venv/lib/python3.12/site-packages/cotyledon/_service_worker.py:218}}
Aug 26 15:44:51.430379 np0000008168 nova-conductor[95840]: INFO nova.service [-] Starting conductor node (version 33.1.0)
Aug 26 15:44:51.430379 np0000008168 nova-conductor[95840]: INFO dbcounter [None req-29ae4806-b22a-497f-8f40-a966f3fe1f0d None None] Registered counter for database nova_cell0
Aug 26 15:44:51.430536 np0000008168 nova-conductor[95834]: DEBUG oslo_db.sqlalchemy.engines [None req-9b24cc9c-cb57-4293-acf1-b20543cc9c2b None None] MySQL server mode set to STRICT_TRANS_TABLES,STRICT_ALL_TABLES,NO_ZERO_IN_DATE,NO_ZERO_DATE,ERROR_FOR_DIVISION_BY_ZERO,TRADITIONAL,NO_ENGINE_SUBSTITUTION {{(pid=95834) _check_effective_sql_mode /opt/stack/data/venv/lib/python3.12/site-packages/oslo_db/sqlalchemy/engines.py:325}}
Aug 26 15:44:51.434078 np0000008168 nova-conductor[95827]: DEBUG oslo_db.sqlalchemy.engines [None req-3a467668-231b-4299-aacd-5612995bc57a None None] MySQL server mode set to STRICT_TRANS_TABLES,STRICT_ALL_TABLES,NO_ZERO_IN_DATE,NO_ZERO_DATE,ERROR_FOR_DIVISION_BY_ZERO,TRADITIONAL,NO_ENGINE_SUBSTITUTION {{(pid=95827) _check_effective_sql_mode /opt/stack/data/venv/lib/python3.12/site-packages/oslo_db/sqlalchemy/engines.py:325}}
Aug 26 15:44:51.438961 np0000008168 nova-conductor[95834]: DEBUG dbcounter [-] [95834] Writer thread running {{(pid=95834) stat_writer /opt/stack/data/venv/lib/python3.12/site-packages/dbcounter.py:102}}
Aug 26 15:44:51.445832 np0000008168 nova-conductor[95827]: DEBUG dbcounter [-] [95827] Writer thread running {{(pid=95827) stat_writer /opt/stack/data/venv/lib/python3.12/site-packages/dbcounter.py:102}}
Aug 26 15:44:51.455121 np0000008168 nova-conductor[95840]: DEBUG oslo_db.sqlalchemy.engines [None req-29ae4806-b22a-497f-8f40-a966f3fe1f0d None None] MySQL server mode set to STRICT_TRANS_TABLES,STRICT_ALL_TABLES,NO_ZERO_IN_DATE,NO_ZERO_DATE,ERROR_FOR_DIVISION_BY_ZERO,TRADITIONAL,NO_ENGINE_SUBSTITUTION {{(pid=95840) _check_effective_sql_mode /opt/stack/data/venv/lib/python3.12/site-packages/oslo_db/sqlalchemy/engines.py:325}}
Aug 26 15:44:51.457461 np0000008168 nova-conductor[95834]: DEBUG nova.service [None req-9b24cc9c-cb57-4293-acf1-b20543cc9c2b None None] Creating RPC server for service: nova-conductor on topic: conductor {{(pid=95834) start /opt/stack/nova/nova/service.py:262}}
Aug 26 15:44:51.464787 np0000008168 nova-conductor[95840]: DEBUG dbcounter [-] [95840] Writer thread running {{(pid=95840) stat_writer /opt/stack/data/venv/lib/python3.12/site-packages/dbcounter.py:102}}
Aug 26 15:44:51.466070 np0000008168 nova-conductor[95827]: DEBUG nova.service [None req-3a467668-231b-4299-aacd-5612995bc57a None None] Creating RPC server for service: nova-conductor on topic: conductor {{(pid=95827) start /opt/stack/nova/nova/service.py:262}}
Aug 26 15:44:51.470092 np0000008168 nova-conductor[95840]: DEBUG nova.service [None req-29ae4806-b22a-497f-8f40-a966f3fe1f0d None None] Creating RPC server for service: nova-conductor on topic: conductor {{(pid=95840) start /opt/stack/nova/nova/service.py:262}}
Aug 26 15:44:51.487049 np0000008168 nova-conductor[95834]: DEBUG nova.service [None req-9b24cc9c-cb57-4293-acf1-b20543cc9c2b None None] Join ServiceGroup membership for this service conductor {{(pid=95834) start /opt/stack/nova/nova/service.py:288}}
Aug 26 15:44:51.487281 np0000008168 nova-conductor[95834]: DEBUG nova.servicegroup.drivers.db [None req-9b24cc9c-cb57-4293-acf1-b20543cc9c2b None None] DB_Driver: join new ServiceGroup member np0000008168 to the conductor group, service = {{(pid=95834) join /opt/stack/nova/nova/servicegroup/drivers/db.py:44}}
Aug 26 15:44:51.496124 np0000008168 nova-conductor[95840]: DEBUG nova.service [None req-29ae4806-b22a-497f-8f40-a966f3fe1f0d None None] Join ServiceGroup membership for this service conductor {{(pid=95840) start /opt/stack/nova/nova/service.py:288}}
Aug 26 15:44:51.496402 np0000008168 nova-conductor[95840]: DEBUG nova.servicegroup.drivers.db [None req-29ae4806-b22a-497f-8f40-a966f3fe1f0d None None] DB_Driver: join new ServiceGroup member np0000008168 to the conductor group, service = {{(pid=95840) join /opt/stack/nova/nova/servicegroup/drivers/db.py:44}}
Aug 26 15:44:51.497332 np0000008168 nova-conductor[95827]: DEBUG nova.service [None req-3a467668-231b-4299-aacd-5612995bc57a None None] Join ServiceGroup membership for this service conductor {{(pid=95827) start /opt/stack/nova/nova/service.py:288}}
Aug 26 15:44:51.498561 np0000008168 nova-conductor[95827]: DEBUG nova.servicegroup.drivers.db [None req-3a467668-231b-4299-aacd-5612995bc57a None None] DB_Driver: join new ServiceGroup member np0000008168 to the conductor group, service = {{(pid=95827) join /opt/stack/nova/nova/servicegroup/drivers/db.py:44}}
Aug 26 15:44:56.500725 np0000008168 nova-conductor[95834]: DEBUG oslo.service.backend._threading.loopingcall [-] Fixed interval looping call 'nova.servicegroup.drivers.db.DbDriver._report_state' sleeping for 119.99 seconds {{(pid=95834) _run_loop /opt/stack/data/venv/lib/python3.12/site-packages/oslo_service/backend/_threading/loopingcall.py:125}}
Aug 26 15:44:56.505937 np0000008168 nova-conductor[95827]: DEBUG oslo.service.backend._threading.loopingcall [-] Fixed interval looping call 'nova.servicegroup.drivers.db.DbDriver._report_state' sleeping for 119.99 seconds {{(pid=95827) _run_loop /opt/stack/data/venv/lib/python3.12/site-packages/oslo_service/backend/_threading/loopingcall.py:125}}
Aug 26 15:44:56.507342 np0000008168 nova-conductor[95840]: DEBUG oslo.service.backend._threading.loopingcall [-] Fixed interval looping call 'nova.servicegroup.drivers.db.DbDriver._report_state' sleeping for 119.99 seconds {{(pid=95840) _run_loop /opt/stack/data/venv/lib/python3.12/site-packages/oslo_service/backend/_threading/loopingcall.py:125}}
Aug 26 15:45:00.072373 np0000008168 nova-conductor[94357]: DEBUG dbcounter [-] [94357] Writing DB stats nova_api:SELECT=1 {{(pid=94357) stat_writer /opt/stack/data/venv/lib/python3.12/site-packages/dbcounter.py:115}}
Aug 26 15:45:00.188490 np0000008168 nova-conductor[94357]: DEBUG dbcounter [-] [94357] Writing DB stats nova_cell0:SELECT=1 {{(pid=94357) stat_writer /opt/stack/data/venv/lib/python3.12/site-packages/dbcounter.py:115}}
Aug 26 15:45:00.191873 np0000008168 nova-conductor[94357]: DEBUG dbcounter [-] [94357] Writing DB stats nova_cell1:SELECT=1 {{(pid=94357) stat_writer /opt/stack/data/venv/lib/python3.12/site-packages/dbcounter.py:115}}
Aug 26 15:45:01.489211 np0000008168 nova-conductor[95834]: DEBUG oslo.service.backend._threading.loopingcall [None req-e83937a5-8530-42f3-b941-5d8db97ddf06 None None] Dynamic interval looping call 'nova.service.Service.periodic_tasks' sleeping for 60.00 seconds {{(pid=95834) _run_loop /opt/stack/data/venv/lib/python3.12/site-packages/oslo_service/backend/_threading/loopingcall.py:125}}
Aug 26 15:45:06.496369 np0000008168 nova-conductor[95834]: DEBUG dbcounter [-] [95834] Writing DB stats nova_cell0:SELECT=4,nova_cell0:INSERT=1,nova_cell0:UPDATE=1 {{(pid=95834) stat_writer /opt/stack/data/venv/lib/python3.12/site-packages/dbcounter.py:115}}
Aug 26 15:45:06.504128 np0000008168 nova-conductor[95827]: DEBUG dbcounter [-] [95827] Writing DB stats nova_cell0:SELECT=5,nova_cell0:INSERT=1 {{(pid=95827) stat_writer /opt/stack/data/venv/lib/python3.12/site-packages/dbcounter.py:115}}
Aug 26 15:45:06.504542 np0000008168 nova-conductor[95840]: DEBUG dbcounter [-] [95840] Writing DB stats nova_cell0:SELECT=3 {{(pid=95840) stat_writer /opt/stack/data/venv/lib/python3.12/site-packages/dbcounter.py:115}}
Aug 26 15:45:11.498597 np0000008168 nova-conductor[95840]: DEBUG oslo.service.backend._threading.loopingcall [None req-90b5c78a-336c-4dd0-959c-503f87c526db None None] Dynamic interval looping call 'nova.service.Service.periodic_tasks' sleeping for 60.00 seconds {{(pid=95840) _run_loop /opt/stack/data/venv/lib/python3.12/site-packages/oslo_service/backend/_threading/loopingcall.py:125}}
Aug 26 15:45:48.500432 np0000008168 nova-conductor[95827]: DEBUG oslo.service.backend._threading.loopingcall [None req-9c5b8179-5ed0-44be-8e2b-a0bea48039ce None None] Dynamic interval looping call 'nova.service.Service.periodic_tasks' sleeping for 60.00 seconds {{(pid=95827) _run_loop /opt/stack/data/venv/lib/python3.12/site-packages/oslo_service/backend/_threading/loopingcall.py:125}}
Aug 26 15:46:01.489895 np0000008168 nova-conductor[95834]: DEBUG oslo.service.backend._threading.loopingcall [None req-e83937a5-8530-42f3-b941-5d8db97ddf06 None None] Dynamic interval looping call 'nova.service.Service.periodic_tasks' sleeping for 60.00 seconds {{(pid=95834) _run_loop /opt/stack/data/venv/lib/python3.12/site-packages/oslo_service/backend/_threading/loopingcall.py:125}}
Aug 26 15:46:11.499196 np0000008168 nova-conductor[95840]: DEBUG oslo.service.backend._threading.loopingcall [None req-90b5c78a-336c-4dd0-959c-503f87c526db None None] Dynamic interval looping call 'nova.service.Service.periodic_tasks' sleeping for 60.00 seconds {{(pid=95840) _run_loop /opt/stack/data/venv/lib/python3.12/site-packages/oslo_service/backend/_threading/loopingcall.py:125}}
Aug 26 15:46:48.500976 np0000008168 nova-conductor[95827]: DEBUG oslo.service.backend._threading.loopingcall [None req-9c5b8179-5ed0-44be-8e2b-a0bea48039ce None None] Dynamic interval looping call 'nova.service.Service.periodic_tasks' sleeping for 60.00 seconds {{(pid=95827) _run_loop /opt/stack/data/venv/lib/python3.12/site-packages/oslo_service/backend/_threading/loopingcall.py:125}}
Aug 26 15:46:56.507878 np0000008168 nova-conductor[95834]: DEBUG oslo.service.backend._threading.loopingcall [-] Fixed interval looping call 'nova.servicegroup.drivers.db.DbDriver._report_state' sleeping for 119.98 seconds {{(pid=95834) _run_loop /opt/stack/data/venv/lib/python3.12/site-packages/oslo_service/backend/_threading/loopingcall.py:125}}
Aug 26 15:46:56.511298 np0000008168 nova-conductor[95827]: DEBUG oslo.service.backend._threading.loopingcall [-] Fixed interval looping call 'nova.servicegroup.drivers.db.DbDriver._report_state' sleeping for 119.98 seconds {{(pid=95827) _run_loop /opt/stack/data/venv/lib/python3.12/site-packages/oslo_service/backend/_threading/loopingcall.py:125}}
Aug 26 15:46:56.512024 np0000008168 nova-conductor[95840]: DEBUG oslo.service.backend._threading.loopingcall [-] Fixed interval looping call 'nova.servicegroup.drivers.db.DbDriver._report_state' sleeping for 119.99 seconds {{(pid=95840) _run_loop /opt/stack/data/venv/lib/python3.12/site-packages/oslo_service/backend/_threading/loopingcall.py:125}}
Aug 26 15:47:01.490378 np0000008168 nova-conductor[95834]: DEBUG oslo.service.backend._threading.loopingcall [None req-e83937a5-8530-42f3-b941-5d8db97ddf06 None None] Dynamic interval looping call 'nova.service.Service.periodic_tasks' sleeping for 60.00 seconds {{(pid=95834) _run_loop /opt/stack/data/venv/lib/python3.12/site-packages/oslo_service/backend/_threading/loopingcall.py:125}}
Aug 26 15:47:04.615700 np0000008168 nova-conductor[95834]: DEBUG oslo_db.sqlalchemy.engines [None req-c3f99008-62eb-4f2b-a82d-8bd577c9f4a6 tempest-DeleteServersTestJSON-1731550014 tempest-DeleteServersTestJSON-1731550014-project-member] Parent process 94357 forked (95834) with an open database connection, which is being discarded and recreated. {{(pid=95834) checkout /opt/stack/data/venv/lib/python3.12/site-packages/oslo_db/sqlalchemy/engines.py:402}}
Aug 26 15:47:04.651791 np0000008168 nova-conductor[95834]: DEBUG dbcounter [-] [95834] Writer thread running {{(pid=95834) stat_writer /opt/stack/data/venv/lib/python3.12/site-packages/dbcounter.py:102}}
Aug 26 15:47:05.661968 np0000008168 nova-conductor[95840]: DEBUG dbcounter [-] [95840] Writer thread running {{(pid=95840) stat_writer /opt/stack/data/venv/lib/python3.12/site-packages/dbcounter.py:102}}
Aug 26 15:47:05.911030 np0000008168 nova-conductor[95834]: DEBUG nova.conductor.manager [None req-c3f99008-62eb-4f2b-a82d-8bd577c9f4a6 tempest-DeleteServersTestJSON-1731550014 tempest-DeleteServersTestJSON-1731550014-project-member] Took 1.26 seconds to select destinations for 1 instance(s). {{(pid=95834) _schedule_instances /opt/stack/nova/nova/conductor/manager.py:957}}
Aug 26 15:47:05.942989 np0000008168 nova-conductor[95834]: DEBUG oslo_concurrency.lockutils [None req-c3f99008-62eb-4f2b-a82d-8bd577c9f4a6 tempest-DeleteServersTestJSON-1731550014 tempest-DeleteServersTestJSON-1731550014-project-member] Acquiring lock "a9561b8a-eb3f-4cf4-a81f-8ccd7bf8f4f3" by "nova.context.set_target_cell..get_or_set_cached_cell_and_set_connections" {{(pid=95834) inner /opt/stack/data/venv/lib/python3.12/site-packages/oslo_concurrency/lockutils.py:512}}
Aug 26 15:47:05.943224 np0000008168 nova-conductor[95834]: DEBUG oslo_concurrency.lockutils [None req-c3f99008-62eb-4f2b-a82d-8bd577c9f4a6 tempest-DeleteServersTestJSON-1731550014 tempest-DeleteServersTestJSON-1731550014-project-member] Lock "a9561b8a-eb3f-4cf4-a81f-8ccd7bf8f4f3" acquired by "nova.context.set_target_cell..get_or_set_cached_cell_and_set_connections" :: waited 0.000s {{(pid=95834) inner /opt/stack/data/venv/lib/python3.12/site-packages/oslo_concurrency/lockutils.py:525}}
Aug 26 15:47:05.944519 np0000008168 nova-conductor[95834]: DEBUG oslo_concurrency.lockutils [None req-c3f99008-62eb-4f2b-a82d-8bd577c9f4a6 tempest-DeleteServersTestJSON-1731550014 tempest-DeleteServersTestJSON-1731550014-project-member] Lock "a9561b8a-eb3f-4cf4-a81f-8ccd7bf8f4f3" "released" by "nova.context.set_target_cell..get_or_set_cached_cell_and_set_connections" :: held 0.001s {{(pid=95834) inner /opt/stack/data/venv/lib/python3.12/site-packages/oslo_concurrency/lockutils.py:544}}
Aug 26 15:47:05.947314 np0000008168 nova-conductor[95834]: INFO dbcounter [None req-c3f99008-62eb-4f2b-a82d-8bd577c9f4a6 tempest-DeleteServersTestJSON-1731550014 tempest-DeleteServersTestJSON-1731550014-project-member] Registered counter for database nova_cell1
Aug 26 15:47:05.977438 np0000008168 nova-conductor[95834]: DEBUG oslo_db.sqlalchemy.engines [None req-c3f99008-62eb-4f2b-a82d-8bd577c9f4a6 tempest-DeleteServersTestJSON-1731550014 tempest-DeleteServersTestJSON-1731550014-project-member] MySQL server mode set to STRICT_TRANS_TABLES,STRICT_ALL_TABLES,NO_ZERO_IN_DATE,NO_ZERO_DATE,ERROR_FOR_DIVISION_BY_ZERO,TRADITIONAL,NO_ENGINE_SUBSTITUTION {{(pid=95834) _check_effective_sql_mode /opt/stack/data/venv/lib/python3.12/site-packages/oslo_db/sqlalchemy/engines.py:325}}
Aug 26 15:47:05.982505 np0000008168 nova-conductor[95834]: DEBUG dbcounter [-] [95834] Writer thread running {{(pid=95834) stat_writer /opt/stack/data/venv/lib/python3.12/site-packages/dbcounter.py:102}}
Aug 26 15:47:06.041406 np0000008168 nova-conductor[95834]: DEBUG oslo_concurrency.lockutils [None req-c3f99008-62eb-4f2b-a82d-8bd577c9f4a6 tempest-DeleteServersTestJSON-1731550014 tempest-DeleteServersTestJSON-1731550014-project-member] Acquiring lock "00000000-0000-0000-0000-000000000000" by "nova.context.set_target_cell..get_or_set_cached_cell_and_set_connections" {{(pid=95834) inner /opt/stack/data/venv/lib/python3.12/site-packages/oslo_concurrency/lockutils.py:512}}
Aug 26 15:47:06.041567 np0000008168 nova-conductor[95834]: DEBUG oslo_concurrency.lockutils [None req-c3f99008-62eb-4f2b-a82d-8bd577c9f4a6 tempest-DeleteServersTestJSON-1731550014 tempest-DeleteServersTestJSON-1731550014-project-member] Lock "00000000-0000-0000-0000-000000000000" acquired by "nova.context.set_target_cell..get_or_set_cached_cell_and_set_connections" :: waited 0.000s {{(pid=95834) inner /opt/stack/data/venv/lib/python3.12/site-packages/oslo_concurrency/lockutils.py:525}}
Aug 26 15:47:06.041861 np0000008168 nova-conductor[95834]: DEBUG oslo_concurrency.lockutils [None req-c3f99008-62eb-4f2b-a82d-8bd577c9f4a6 tempest-DeleteServersTestJSON-1731550014 tempest-DeleteServersTestJSON-1731550014-project-member] Lock "00000000-0000-0000-0000-000000000000" "released" by "nova.context.set_target_cell..get_or_set_cached_cell_and_set_connections" :: held 0.000s {{(pid=95834) inner /opt/stack/data/venv/lib/python3.12/site-packages/oslo_concurrency/lockutils.py:544}}
Aug 26 15:47:06.042242 np0000008168 nova-conductor[95834]: INFO nova.thread_pool_factory [None req-c3f99008-62eb-4f2b-a82d-8bd577c9f4a6 tempest-DeleteServersTestJSON-1731550014 tempest-DeleteServersTestJSON-1731550014-project-member] The cell_worker thread pool ForkProcess-2.cell_worker is initialized
Aug 26 15:47:06.042830 np0000008168 nova-conductor[95834]: DEBUG oslo_concurrency.lockutils [None req-c3f99008-62eb-4f2b-a82d-8bd577c9f4a6 tempest-DeleteServersTestJSON-1731550014 tempest-DeleteServersTestJSON-1731550014-project-member] Acquiring lock "a9561b8a-eb3f-4cf4-a81f-8ccd7bf8f4f3" by "nova.context.set_target_cell..get_or_set_cached_cell_and_set_connections" {{(pid=95834) inner /opt/stack/data/venv/lib/python3.12/site-packages/oslo_concurrency/lockutils.py:512}}
Aug 26 15:47:06.042965 np0000008168 nova-conductor[95834]: DEBUG oslo_concurrency.lockutils [None req-c3f99008-62eb-4f2b-a82d-8bd577c9f4a6 tempest-DeleteServersTestJSON-1731550014 tempest-DeleteServersTestJSON-1731550014-project-member] Lock "a9561b8a-eb3f-4cf4-a81f-8ccd7bf8f4f3" acquired by "nova.context.set_target_cell..get_or_set_cached_cell_and_set_connections" :: waited 0.000s {{(pid=95834) inner /opt/stack/data/venv/lib/python3.12/site-packages/oslo_concurrency/lockutils.py:525}}
Aug 26 15:47:06.043061 np0000008168 nova-conductor[95834]: DEBUG oslo_concurrency.lockutils [None req-c3f99008-62eb-4f2b-a82d-8bd577c9f4a6 tempest-DeleteServersTestJSON-1731550014 tempest-DeleteServersTestJSON-1731550014-project-member] Lock "a9561b8a-eb3f-4cf4-a81f-8ccd7bf8f4f3" "released" by "nova.context.set_target_cell..get_or_set_cached_cell_and_set_connections" :: held 0.000s {{(pid=95834) inner /opt/stack/data/venv/lib/python3.12/site-packages/oslo_concurrency/lockutils.py:544}}
Aug 26 15:47:06.044780 np0000008168 nova-conductor[95834]: INFO dbcounter [None req-c3f99008-62eb-4f2b-a82d-8bd577c9f4a6 tempest-DeleteServersTestJSON-1731550014 tempest-DeleteServersTestJSON-1731550014-project-member] Registered counter for database nova_cell0
Aug 26 15:47:06.090584 np0000008168 nova-conductor[95834]: DEBUG oslo_db.sqlalchemy.engines [None req-c3f99008-62eb-4f2b-a82d-8bd577c9f4a6 tempest-DeleteServersTestJSON-1731550014 tempest-DeleteServersTestJSON-1731550014-project-member] MySQL server mode set to STRICT_TRANS_TABLES,STRICT_ALL_TABLES,NO_ZERO_IN_DATE,NO_ZERO_DATE,ERROR_FOR_DIVISION_BY_ZERO,TRADITIONAL,NO_ENGINE_SUBSTITUTION {{(pid=95834) _check_effective_sql_mode /opt/stack/data/venv/lib/python3.12/site-packages/oslo_db/sqlalchemy/engines.py:325}}
Aug 26 15:47:06.099562 np0000008168 nova-conductor[95834]: DEBUG dbcounter [-] [95834] Writer thread running {{(pid=95834) stat_writer /opt/stack/data/venv/lib/python3.12/site-packages/dbcounter.py:102}}
Aug 26 15:47:06.108868 np0000008168 nova-conductor[95834]: DEBUG nova.quota [None req-c3f99008-62eb-4f2b-a82d-8bd577c9f4a6 tempest-DeleteServersTestJSON-1731550014 tempest-DeleteServersTestJSON-1731550014-project-member] Getting quotas for project 1cefbee9b5c74b6c8a4fb881b69bf618. Resources: {'instances', 'cores', 'ram'} {{(pid=95834) _get_quotas /opt/stack/nova/nova/quota.py:389}}
Aug 26 15:47:06.111629 np0000008168 nova-conductor[95834]: DEBUG nova.quota [None req-c3f99008-62eb-4f2b-a82d-8bd577c9f4a6 tempest-DeleteServersTestJSON-1731550014 tempest-DeleteServersTestJSON-1731550014-project-member] Getting quotas for user 690d2f56e64a4d03b2c7834e9c48d157 and project 1cefbee9b5c74b6c8a4fb881b69bf618. Resources: {'instances', 'cores', 'ram'} {{(pid=95834) _get_quotas /opt/stack/nova/nova/quota.py:379}}
Aug 26 15:47:06.120093 np0000008168 nova-conductor[95834]: DEBUG nova.conductor.manager [None req-c3f99008-62eb-4f2b-a82d-8bd577c9f4a6 tempest-DeleteServersTestJSON-1731550014 tempest-DeleteServersTestJSON-1731550014-project-member] [instance: f7d5bbfe-6081-4751-a5a1-b0d3216081e8] Selected host: np0000008168; Selected node: np0000008168; Alternates: [] {{(pid=95834) schedule_and_build_instances /opt/stack/nova/nova/conductor/manager.py:1773}}
Aug 26 15:47:06.120619 np0000008168 nova-conductor[95834]: DEBUG oslo_concurrency.lockutils [None req-c3f99008-62eb-4f2b-a82d-8bd577c9f4a6 tempest-DeleteServersTestJSON-1731550014 tempest-DeleteServersTestJSON-1731550014-project-member] Acquiring lock "a9561b8a-eb3f-4cf4-a81f-8ccd7bf8f4f3" by "nova.context.set_target_cell..get_or_set_cached_cell_and_set_connections" {{(pid=95834) inner /opt/stack/data/venv/lib/python3.12/site-packages/oslo_concurrency/lockutils.py:512}}
Aug 26 15:47:06.120738 np0000008168 nova-conductor[95834]: DEBUG oslo_concurrency.lockutils [None req-c3f99008-62eb-4f2b-a82d-8bd577c9f4a6 tempest-DeleteServersTestJSON-1731550014 tempest-DeleteServersTestJSON-1731550014-project-member] Lock "a9561b8a-eb3f-4cf4-a81f-8ccd7bf8f4f3" acquired by "nova.context.set_target_cell..get_or_set_cached_cell_and_set_connections" :: waited 0.000s {{(pid=95834) inner /opt/stack/data/venv/lib/python3.12/site-packages/oslo_concurrency/lockutils.py:525}}
Aug 26 15:47:06.120865 np0000008168 nova-conductor[95834]: DEBUG oslo_concurrency.lockutils [None req-c3f99008-62eb-4f2b-a82d-8bd577c9f4a6 tempest-DeleteServersTestJSON-1731550014 tempest-DeleteServersTestJSON-1731550014-project-member] Lock "a9561b8a-eb3f-4cf4-a81f-8ccd7bf8f4f3" "released" by "nova.context.set_target_cell..get_or_set_cached_cell_and_set_connections" :: held 0.000s {{(pid=95834) inner /opt/stack/data/venv/lib/python3.12/site-packages/oslo_concurrency/lockutils.py:544}}
Aug 26 15:47:06.133661 np0000008168 nova-conductor[95834]: DEBUG nova.conductor.manager [None req-c3f99008-62eb-4f2b-a82d-8bd577c9f4a6 tempest-DeleteServersTestJSON-1731550014 tempest-DeleteServersTestJSON-1731550014-project-member] [instance: f7d5bbfe-6081-4751-a5a1-b0d3216081e8] block_device_mapping [BlockDeviceMapping(attachment_id=,boot_index=0,connection_info=None,created_at=,delete_on_termination=True,deleted=,deleted_at=,destination_type='local',device_name=None,device_type='disk',disk_bus=None,encrypted=False,encryption_format=None,encryption_options=None,encryption_secret_uuid=None,guest_format=None,id=,image_id='979d947b-388f-40b8-a135-bb8d08eca5d8',instance=,instance_uuid=,no_device=False,snapshot_id=None,source_type='image',tag=None,updated_at=,uuid=,volume_id=None,volume_size=None,volume_type=None)] {{(pid=95834) _create_block_device_mapping /opt/stack/nova/nova/conductor/manager.py:1518}}
Aug 26 15:47:06.134974 np0000008168 nova-conductor[95834]: DEBUG oslo_concurrency.lockutils [None req-c3f99008-62eb-4f2b-a82d-8bd577c9f4a6 tempest-DeleteServersTestJSON-1731550014 tempest-DeleteServersTestJSON-1731550014-project-member] Acquiring lock "a9561b8a-eb3f-4cf4-a81f-8ccd7bf8f4f3" by "nova.context.set_target_cell..get_or_set_cached_cell_and_set_connections" {{(pid=95834) inner /opt/stack/data/venv/lib/python3.12/site-packages/oslo_concurrency/lockutils.py:512}}
Aug 26 15:47:06.134974 np0000008168 nova-conductor[95834]: DEBUG oslo_concurrency.lockutils [None req-c3f99008-62eb-4f2b-a82d-8bd577c9f4a6 tempest-DeleteServersTestJSON-1731550014 tempest-DeleteServersTestJSON-1731550014-project-member] Lock "a9561b8a-eb3f-4cf4-a81f-8ccd7bf8f4f3" acquired by "nova.context.set_target_cell..get_or_set_cached_cell_and_set_connections" :: waited 0.000s {{(pid=95834) inner /opt/stack/data/venv/lib/python3.12/site-packages/oslo_concurrency/lockutils.py:525}}
Aug 26 15:47:06.135262 np0000008168 nova-conductor[95834]: DEBUG oslo_concurrency.lockutils [None req-c3f99008-62eb-4f2b-a82d-8bd577c9f4a6 tempest-DeleteServersTestJSON-1731550014 tempest-DeleteServersTestJSON-1731550014-project-member] Lock "a9561b8a-eb3f-4cf4-a81f-8ccd7bf8f4f3" "released" by "nova.context.set_target_cell..get_or_set_cached_cell_and_set_connections" :: held 0.000s {{(pid=95834) inner /opt/stack/data/venv/lib/python3.12/site-packages/oslo_concurrency/lockutils.py:544}}
Aug 26 15:47:06.170194 np0000008168 nova-conductor[95834]: DEBUG oslo_concurrency.lockutils [None req-c3f99008-62eb-4f2b-a82d-8bd577c9f4a6 tempest-DeleteServersTestJSON-1731550014 tempest-DeleteServersTestJSON-1731550014-project-member] Acquiring lock "a9561b8a-eb3f-4cf4-a81f-8ccd7bf8f4f3" by "nova.context.set_target_cell..get_or_set_cached_cell_and_set_connections" {{(pid=95834) inner /opt/stack/data/venv/lib/python3.12/site-packages/oslo_concurrency/lockutils.py:512}}
Aug 26 15:47:06.170367 np0000008168 nova-conductor[95834]: DEBUG oslo_concurrency.lockutils [None req-c3f99008-62eb-4f2b-a82d-8bd577c9f4a6 tempest-DeleteServersTestJSON-1731550014 tempest-DeleteServersTestJSON-1731550014-project-member] Lock "a9561b8a-eb3f-4cf4-a81f-8ccd7bf8f4f3" acquired by "nova.context.set_target_cell..get_or_set_cached_cell_and_set_connections" :: waited 0.000s {{(pid=95834) inner /opt/stack/data/venv/lib/python3.12/site-packages/oslo_concurrency/lockutils.py:525}}
Aug 26 15:47:06.170488 np0000008168 nova-conductor[95834]: DEBUG oslo_concurrency.lockutils [None req-c3f99008-62eb-4f2b-a82d-8bd577c9f4a6 tempest-DeleteServersTestJSON-1731550014 tempest-DeleteServersTestJSON-1731550014-project-member] Lock "a9561b8a-eb3f-4cf4-a81f-8ccd7bf8f4f3" "released" by "nova.context.set_target_cell..get_or_set_cached_cell_and_set_connections" :: held 0.000s {{(pid=95834) inner /opt/stack/data/venv/lib/python3.12/site-packages/oslo_concurrency/lockutils.py:544}}
Aug 26 15:47:06.170681 np0000008168 nova-conductor[95834]: DEBUG oslo_concurrency.lockutils [None req-c3f99008-62eb-4f2b-a82d-8bd577c9f4a6 tempest-DeleteServersTestJSON-1731550014 tempest-DeleteServersTestJSON-1731550014-project-member] Acquiring lock "compute-rpcapi-router" {{(pid=95834) lock /opt/stack/data/venv/lib/python3.12/site-packages/oslo_concurrency/lockutils.py:396}}
Aug 26 15:47:06.170763 np0000008168 nova-conductor[95834]: DEBUG oslo_concurrency.lockutils [None req-c3f99008-62eb-4f2b-a82d-8bd577c9f4a6 tempest-DeleteServersTestJSON-1731550014 tempest-DeleteServersTestJSON-1731550014-project-member] Acquired lock "compute-rpcapi-router" {{(pid=95834) lock /opt/stack/data/venv/lib/python3.12/site-packages/oslo_concurrency/lockutils.py:399}}
Aug 26 15:47:06.171077 np0000008168 nova-conductor[95834]: DEBUG oslo_concurrency.lockutils [None req-49563a48-a68a-42c6-9e7c-fbb1820348f0 None None] Acquiring lock "00000000-0000-0000-0000-000000000000" by "nova.context.set_target_cell..get_or_set_cached_cell_and_set_connections" {{(pid=95834) inner /opt/stack/data/venv/lib/python3.12/site-packages/oslo_concurrency/lockutils.py:512}}
Aug 26 15:47:06.171195 np0000008168 nova-conductor[95834]: DEBUG oslo_concurrency.lockutils [None req-49563a48-a68a-42c6-9e7c-fbb1820348f0 None None] Lock "00000000-0000-0000-0000-000000000000" acquired by "nova.context.set_target_cell..get_or_set_cached_cell_and_set_connections" :: waited 0.000s {{(pid=95834) inner /opt/stack/data/venv/lib/python3.12/site-packages/oslo_concurrency/lockutils.py:525}}
Aug 26 15:47:06.171296 np0000008168 nova-conductor[95834]: DEBUG oslo_concurrency.lockutils [None req-49563a48-a68a-42c6-9e7c-fbb1820348f0 None None] Lock "00000000-0000-0000-0000-000000000000" "released" by "nova.context.set_target_cell..get_or_set_cached_cell_and_set_connections" :: held 0.000s {{(pid=95834) inner /opt/stack/data/venv/lib/python3.12/site-packages/oslo_concurrency/lockutils.py:544}}
Aug 26 15:47:06.171889 np0000008168 nova-conductor[95834]: DEBUG oslo_concurrency.lockutils [None req-49563a48-a68a-42c6-9e7c-fbb1820348f0 None None] Acquiring lock "a9561b8a-eb3f-4cf4-a81f-8ccd7bf8f4f3" by "nova.context.set_target_cell..get_or_set_cached_cell_and_set_connections" {{(pid=95834) inner /opt/stack/data/venv/lib/python3.12/site-packages/oslo_concurrency/lockutils.py:512}}
Aug 26 15:47:06.172003 np0000008168 nova-conductor[95834]: DEBUG oslo_concurrency.lockutils [None req-49563a48-a68a-42c6-9e7c-fbb1820348f0 None None] Lock "a9561b8a-eb3f-4cf4-a81f-8ccd7bf8f4f3" acquired by "nova.context.set_target_cell..get_or_set_cached_cell_and_set_connections" :: waited 0.000s {{(pid=95834) inner /opt/stack/data/venv/lib/python3.12/site-packages/oslo_concurrency/lockutils.py:525}}
Aug 26 15:47:06.172101 np0000008168 nova-conductor[95834]: DEBUG oslo_concurrency.lockutils [None req-49563a48-a68a-42c6-9e7c-fbb1820348f0 None None] Lock "a9561b8a-eb3f-4cf4-a81f-8ccd7bf8f4f3" "released" by "nova.context.set_target_cell..get_or_set_cached_cell_and_set_connections" :: held 0.000s {{(pid=95834) inner /opt/stack/data/venv/lib/python3.12/site-packages/oslo_concurrency/lockutils.py:544}}
Aug 26 15:47:06.184722 np0000008168 nova-conductor[95834]: INFO nova.compute.rpcapi [None req-49563a48-a68a-42c6-9e7c-fbb1820348f0 None None] Automatically selected compute RPC version 6.5 from minimum service version 73
Aug 26 15:47:06.185145 np0000008168 nova-conductor[95834]: DEBUG oslo_concurrency.lockutils [None req-49563a48-a68a-42c6-9e7c-fbb1820348f0 None None] Releasing lock "compute-rpcapi-router" {{(pid=95834) lock /opt/stack/data/venv/lib/python3.12/site-packages/oslo_concurrency/lockutils.py:419}}
Aug 26 15:47:06.203393 np0000008168 nova-conductor[95840]: DEBUG nova.conductor.manager [None req-12383508-8f81-478a-b17d-79473cfcb870 tempest-ServerBootFromVolumeStableRescueTest-1157650321 tempest-ServerBootFromVolumeStableRescueTest-1157650321-project-member] Took 0.53 seconds to select destinations for 1 instance(s). {{(pid=95840) _schedule_instances /opt/stack/nova/nova/conductor/manager.py:957}}
Aug 26 15:47:06.228848 np0000008168 nova-conductor[95840]: DEBUG oslo_concurrency.lockutils [None req-12383508-8f81-478a-b17d-79473cfcb870 tempest-ServerBootFromVolumeStableRescueTest-1157650321 tempest-ServerBootFromVolumeStableRescueTest-1157650321-project-member] Acquiring lock "a9561b8a-eb3f-4cf4-a81f-8ccd7bf8f4f3" by "nova.context.set_target_cell..get_or_set_cached_cell_and_set_connections" {{(pid=95840) inner /opt/stack/data/venv/lib/python3.12/site-packages/oslo_concurrency/lockutils.py:512}}
Aug 26 15:47:06.228979 np0000008168 nova-conductor[95840]: DEBUG oslo_concurrency.lockutils [None req-12383508-8f81-478a-b17d-79473cfcb870 tempest-ServerBootFromVolumeStableRescueTest-1157650321 tempest-ServerBootFromVolumeStableRescueTest-1157650321-project-member] Lock "a9561b8a-eb3f-4cf4-a81f-8ccd7bf8f4f3" acquired by "nova.context.set_target_cell..get_or_set_cached_cell_and_set_connections" :: waited 0.001s {{(pid=95840) inner /opt/stack/data/venv/lib/python3.12/site-packages/oslo_concurrency/lockutils.py:525}}
Aug 26 15:47:06.230845 np0000008168 nova-conductor[95840]: DEBUG oslo_concurrency.lockutils [None req-12383508-8f81-478a-b17d-79473cfcb870 tempest-ServerBootFromVolumeStableRescueTest-1157650321 tempest-ServerBootFromVolumeStableRescueTest-1157650321-project-member] Lock "a9561b8a-eb3f-4cf4-a81f-8ccd7bf8f4f3" "released" by "nova.context.set_target_cell..get_or_set_cached_cell_and_set_connections" :: held 0.002s {{(pid=95840) inner /opt/stack/data/venv/lib/python3.12/site-packages/oslo_concurrency/lockutils.py:544}}
Aug 26 15:47:06.233035 np0000008168 nova-conductor[95840]: INFO dbcounter [None req-12383508-8f81-478a-b17d-79473cfcb870 tempest-ServerBootFromVolumeStableRescueTest-1157650321 tempest-ServerBootFromVolumeStableRescueTest-1157650321-project-member] Registered counter for database nova_cell1
Aug 26 15:47:06.271589 np0000008168 nova-conductor[95840]: DEBUG oslo_db.sqlalchemy.engines [None req-12383508-8f81-478a-b17d-79473cfcb870 tempest-ServerBootFromVolumeStableRescueTest-1157650321 tempest-ServerBootFromVolumeStableRescueTest-1157650321-project-member] MySQL server mode set to STRICT_TRANS_TABLES,STRICT_ALL_TABLES,NO_ZERO_IN_DATE,NO_ZERO_DATE,ERROR_FOR_DIVISION_BY_ZERO,TRADITIONAL,NO_ENGINE_SUBSTITUTION {{(pid=95840) _check_effective_sql_mode /opt/stack/data/venv/lib/python3.12/site-packages/oslo_db/sqlalchemy/engines.py:325}}
Aug 26 15:47:06.283602 np0000008168 nova-conductor[95840]: DEBUG dbcounter [-] [95840] Writer thread running {{(pid=95840) stat_writer /opt/stack/data/venv/lib/python3.12/site-packages/dbcounter.py:102}}
Aug 26 15:47:06.336333 np0000008168 nova-conductor[95840]: DEBUG oslo_concurrency.lockutils [None req-12383508-8f81-478a-b17d-79473cfcb870 tempest-ServerBootFromVolumeStableRescueTest-1157650321 tempest-ServerBootFromVolumeStableRescueTest-1157650321-project-member] Acquiring lock "00000000-0000-0000-0000-000000000000" by "nova.context.set_target_cell..get_or_set_cached_cell_and_set_connections" {{(pid=95840) inner /opt/stack/data/venv/lib/python3.12/site-packages/oslo_concurrency/lockutils.py:512}}
Aug 26 15:47:06.336530 np0000008168 nova-conductor[95840]: DEBUG oslo_concurrency.lockutils [None req-12383508-8f81-478a-b17d-79473cfcb870 tempest-ServerBootFromVolumeStableRescueTest-1157650321 tempest-ServerBootFromVolumeStableRescueTest-1157650321-project-member] Lock "00000000-0000-0000-0000-000000000000" acquired by "nova.context.set_target_cell..get_or_set_cached_cell_and_set_connections" :: waited 0.000s {{(pid=95840) inner /opt/stack/data/venv/lib/python3.12/site-packages/oslo_concurrency/lockutils.py:525}}
Aug 26 15:47:06.336904 np0000008168 nova-conductor[95840]: DEBUG oslo_concurrency.lockutils [None req-12383508-8f81-478a-b17d-79473cfcb870 tempest-ServerBootFromVolumeStableRescueTest-1157650321 tempest-ServerBootFromVolumeStableRescueTest-1157650321-project-member] Lock "00000000-0000-0000-0000-000000000000" "released" by "nova.context.set_target_cell..get_or_set_cached_cell_and_set_connections" :: held 0.000s {{(pid=95840) inner /opt/stack/data/venv/lib/python3.12/site-packages/oslo_concurrency/lockutils.py:544}}
Aug 26 15:47:06.337196 np0000008168 nova-conductor[95840]: INFO nova.thread_pool_factory [None req-12383508-8f81-478a-b17d-79473cfcb870 tempest-ServerBootFromVolumeStableRescueTest-1157650321 tempest-ServerBootFromVolumeStableRescueTest-1157650321-project-member] The cell_worker thread pool ForkProcess-3.cell_worker is initialized
Aug 26 15:47:06.338102 np0000008168 nova-conductor[95840]: DEBUG oslo_concurrency.lockutils [None req-12383508-8f81-478a-b17d-79473cfcb870 tempest-ServerBootFromVolumeStableRescueTest-1157650321 tempest-ServerBootFromVolumeStableRescueTest-1157650321-project-member] Acquiring lock "a9561b8a-eb3f-4cf4-a81f-8ccd7bf8f4f3" by "nova.context.set_target_cell..get_or_set_cached_cell_and_set_connections" {{(pid=95840) inner /opt/stack/data/venv/lib/python3.12/site-packages/oslo_concurrency/lockutils.py:512}}
Aug 26 15:47:06.339926 np0000008168 nova-conductor[95840]: INFO dbcounter [None req-12383508-8f81-478a-b17d-79473cfcb870 tempest-ServerBootFromVolumeStableRescueTest-1157650321 tempest-ServerBootFromVolumeStableRescueTest-1157650321-project-member] Registered counter for database nova_cell0
Aug 26 15:47:06.341818 np0000008168 nova-conductor[95840]: DEBUG oslo_concurrency.lockutils [None req-12383508-8f81-478a-b17d-79473cfcb870 tempest-ServerBootFromVolumeStableRescueTest-1157650321 tempest-ServerBootFromVolumeStableRescueTest-1157650321-project-member] Lock "a9561b8a-eb3f-4cf4-a81f-8ccd7bf8f4f3" acquired by "nova.context.set_target_cell..get_or_set_cached_cell_and_set_connections" :: waited 0.001s {{(pid=95840) inner /opt/stack/data/venv/lib/python3.12/site-packages/oslo_concurrency/lockutils.py:525}}
Aug 26 15:47:06.341998 np0000008168 nova-conductor[95840]: DEBUG oslo_concurrency.lockutils [None req-12383508-8f81-478a-b17d-79473cfcb870 tempest-ServerBootFromVolumeStableRescueTest-1157650321 tempest-ServerBootFromVolumeStableRescueTest-1157650321-project-member] Lock "a9561b8a-eb3f-4cf4-a81f-8ccd7bf8f4f3" "released" by "nova.context.set_target_cell..get_or_set_cached_cell_and_set_connections" :: held 0.002s {{(pid=95840) inner /opt/stack/data/venv/lib/python3.12/site-packages/oslo_concurrency/lockutils.py:544}}
