Aug 02 18:52:27.096320 np0000006314 nova-scheduler[96611]: DEBUG cotyledon.oslo_config_glue [-] workarounds.disable_rootwrap = False {{(pid=96611) log_opt_values /opt/stack/data/venv/lib/python3.12/site-packages/oslo_config/cfg.py:3253}}
Aug 02 18:52:27.096498 np0000006314 nova-scheduler[96611]: DEBUG cotyledon.oslo_config_glue [-] workarounds.enable_numa_live_migration = False {{(pid=96611) log_opt_values /opt/stack/data/venv/lib/python3.12/site-packages/oslo_config/cfg.py:3253}}
Aug 02 18:52:27.096498 np0000006314 nova-scheduler[96611]: DEBUG cotyledon.oslo_config_glue [-] workarounds.enable_qemu_monitor_announce_self = False {{(pid=96611) log_opt_values /opt/stack/data/venv/lib/python3.12/site-packages/oslo_config/cfg.py:3253}}
Aug 02 18:52:27.096498 np0000006314 nova-scheduler[96611]: DEBUG cotyledon.oslo_config_glue [-] workarounds.ensure_libvirt_rbd_instance_dir_cleanup = False {{(pid=96611) log_opt_values /opt/stack/data/venv/lib/python3.12/site-packages/oslo_config/cfg.py:3253}}
Aug 02 18:52:27.096498 np0000006314 nova-scheduler[96611]: DEBUG cotyledon.oslo_config_glue [-] workarounds.handle_virt_lifecycle_events = True {{(pid=96611) log_opt_values /opt/stack/data/venv/lib/python3.12/site-packages/oslo_config/cfg.py:3253}}
Aug 02 18:52:27.096498 np0000006314 nova-scheduler[96611]: DEBUG cotyledon.oslo_config_glue [-] workarounds.libvirt_disable_apic = False {{(pid=96611) log_opt_values /opt/stack/data/venv/lib/python3.12/site-packages/oslo_config/cfg.py:3253}}
Aug 02 18:52:27.096498 np0000006314 nova-scheduler[96611]: DEBUG cotyledon.oslo_config_glue [-] workarounds.never_download_image_if_on_rbd = False {{(pid=96611) log_opt_values /opt/stack/data/venv/lib/python3.12/site-packages/oslo_config/cfg.py:3253}}
Aug 02 18:52:27.096498 np0000006314 nova-scheduler[96611]: DEBUG cotyledon.oslo_config_glue [-] workarounds.qemu_monitor_announce_self_count = 3 {{(pid=96611) log_opt_values /opt/stack/data/venv/lib/python3.12/site-packages/oslo_config/cfg.py:3253}}
Aug 02 18:52:27.096498 np0000006314 nova-scheduler[96611]: DEBUG cotyledon.oslo_config_glue [-] workarounds.qemu_monitor_announce_self_interval = 1 {{(pid=96611) log_opt_values /opt/stack/data/venv/lib/python3.12/site-packages/oslo_config/cfg.py:3253}}
Aug 02 18:52:27.096498 np0000006314 nova-scheduler[96611]: DEBUG cotyledon.oslo_config_glue [-] workarounds.reserve_disk_resource_for_image_cache = False {{(pid=96611) log_opt_values /opt/stack/data/venv/lib/python3.12/site-packages/oslo_config/cfg.py:3253}}
Aug 02 18:52:27.096701 np0000006314 nova-scheduler[96611]: DEBUG cotyledon.oslo_config_glue [-] workarounds.skip_cpu_compare_at_startup = False {{(pid=96611) log_opt_values /opt/stack/data/venv/lib/python3.12/site-packages/oslo_config/cfg.py:3253}}
Aug 02 18:52:27.096701 np0000006314 nova-scheduler[96611]: DEBUG cotyledon.oslo_config_glue [-] workarounds.skip_cpu_compare_on_dest = False {{(pid=96611) log_opt_values /opt/stack/data/venv/lib/python3.12/site-packages/oslo_config/cfg.py:3253}}
Aug 02 18:52:27.096701 np0000006314 nova-scheduler[96611]: DEBUG cotyledon.oslo_config_glue [-] workarounds.skip_hypervisor_version_check_on_lm = False {{(pid=96611) log_opt_values /opt/stack/data/venv/lib/python3.12/site-packages/oslo_config/cfg.py:3253}}
Aug 02 18:52:27.096701 np0000006314 nova-scheduler[96611]: DEBUG cotyledon.oslo_config_glue [-] workarounds.skip_reserve_in_use_ironic_nodes = False {{(pid=96611) log_opt_values /opt/stack/data/venv/lib/python3.12/site-packages/oslo_config/cfg.py:3253}}
Aug 02 18:52:27.096701 np0000006314 nova-scheduler[96611]: DEBUG cotyledon.oslo_config_glue [-] workarounds.unified_limits_count_pcpu_as_vcpu = False {{(pid=96611) log_opt_values /opt/stack/data/venv/lib/python3.12/site-packages/oslo_config/cfg.py:3253}}
Aug 02 18:52:27.096862 np0000006314 nova-scheduler[96608]: DEBUG oslo_db.sqlalchemy.engines [None req-d61b85ce-e2b8-4328-87c7-569628ab2cac None None] MySQL server mode set to STRICT_TRANS_TABLES,STRICT_ALL_TABLES,NO_ZERO_IN_DATE,NO_ZERO_DATE,ERROR_FOR_DIVISION_BY_ZERO,TRADITIONAL,NO_ENGINE_SUBSTITUTION {{(pid=96608) _check_effective_sql_mode /opt/stack/data/venv/lib/python3.12/site-packages/oslo_db/sqlalchemy/engines.py:325}}
Aug 02 18:52:27.096890 np0000006314 nova-scheduler[96611]: DEBUG cotyledon.oslo_config_glue [-] workarounds.wait_for_vif_plugged_event_during_hard_reboot = [] {{(pid=96611) log_opt_values /opt/stack/data/venv/lib/python3.12/site-packages/oslo_config/cfg.py:3253}}
Aug 02 18:52:27.096890 np0000006314 nova-scheduler[96611]: DEBUG cotyledon.oslo_config_glue [-] wsgi.api_paste_config = /etc/nova/api-paste.ini {{(pid=96611) log_opt_values /opt/stack/data/venv/lib/python3.12/site-packages/oslo_config/cfg.py:3253}}
Aug 02 18:52:27.096890 np0000006314 nova-scheduler[96611]: DEBUG cotyledon.oslo_config_glue [-] wsgi.secure_proxy_ssl_header = None {{(pid=96611) log_opt_values /opt/stack/data/venv/lib/python3.12/site-packages/oslo_config/cfg.py:3253}}
Aug 02 18:52:27.096890 np0000006314 nova-scheduler[96611]: DEBUG cotyledon.oslo_config_glue [-] zvm.ca_file = None {{(pid=96611) log_opt_values /opt/stack/data/venv/lib/python3.12/site-packages/oslo_config/cfg.py:3253}}
Aug 02 18:52:27.096890 np0000006314 nova-scheduler[96611]: DEBUG cotyledon.oslo_config_glue [-] zvm.cloud_connector_url = None {{(pid=96611) log_opt_values /opt/stack/data/venv/lib/python3.12/site-packages/oslo_config/cfg.py:3253}}
Aug 02 18:52:27.096890 np0000006314 nova-scheduler[96611]: DEBUG cotyledon.oslo_config_glue [-] zvm.image_tmp_path = /opt/stack/data/nova/images {{(pid=96611) log_opt_values /opt/stack/data/venv/lib/python3.12/site-packages/oslo_config/cfg.py:3253}}
Aug 02 18:52:27.096890 np0000006314 nova-scheduler[96611]: DEBUG cotyledon.oslo_config_glue [-] zvm.reachable_timeout = 300 {{(pid=96611) log_opt_values /opt/stack/data/venv/lib/python3.12/site-packages/oslo_config/cfg.py:3253}}
Aug 02 18:52:27.096890 np0000006314 nova-scheduler[96611]: DEBUG cotyledon.oslo_config_glue [-] oslo_versionedobjects.fatal_exception_format_errors = False {{(pid=96611) log_opt_values /opt/stack/data/venv/lib/python3.12/site-packages/oslo_config/cfg.py:3253}}
Aug 02 18:52:27.096890 np0000006314 nova-scheduler[96611]: DEBUG cotyledon.oslo_config_glue [-] oslo_middleware.http_basic_auth_user_file = /etc/htpasswd {{(pid=96611) log_opt_values /opt/stack/data/venv/lib/python3.12/site-packages/oslo_config/cfg.py:3253}}
Aug 02 18:52:27.097071 np0000006314 nova-scheduler[96611]: DEBUG cotyledon.oslo_config_glue [-] oslo_messaging_metrics.metrics_buffer_size = 1000 {{(pid=96611) log_opt_values /opt/stack/data/venv/lib/python3.12/site-packages/oslo_config/cfg.py:3253}}
Aug 02 18:52:27.097071 np0000006314 nova-scheduler[96611]: DEBUG cotyledon.oslo_config_glue [-] oslo_messaging_metrics.metrics_enabled = False {{(pid=96611) log_opt_values /opt/stack/data/venv/lib/python3.12/site-packages/oslo_config/cfg.py:3253}}
Aug 02 18:52:27.097071 np0000006314 nova-scheduler[96611]: DEBUG cotyledon.oslo_config_glue [-] oslo_messaging_metrics.metrics_process_name = {{(pid=96611) log_opt_values /opt/stack/data/venv/lib/python3.12/site-packages/oslo_config/cfg.py:3253}}
Aug 02 18:52:27.097071 np0000006314 nova-scheduler[96611]: DEBUG cotyledon.oslo_config_glue [-] oslo_messaging_metrics.metrics_socket_file = /var/tmp/metrics_collector.sock {{(pid=96611) log_opt_values /opt/stack/data/venv/lib/python3.12/site-packages/oslo_config/cfg.py:3253}}
Aug 02 18:52:27.097071 np0000006314 nova-scheduler[96611]: DEBUG cotyledon.oslo_config_glue [-] oslo_messaging_metrics.metrics_thread_stop_timeout = 10 {{(pid=96611) log_opt_values /opt/stack/data/venv/lib/python3.12/site-packages/oslo_config/cfg.py:3253}}
Aug 02 18:52:27.097071 np0000006314 nova-scheduler[96611]: DEBUG cotyledon.oslo_config_glue [-] profiler.connection_string = messaging:// {{(pid=96611) log_opt_values /opt/stack/data/venv/lib/python3.12/site-packages/oslo_config/cfg.py:3253}}
Aug 02 18:52:27.097071 np0000006314 nova-scheduler[96611]: DEBUG cotyledon.oslo_config_glue [-] profiler.enabled = False {{(pid=96611) log_opt_values /opt/stack/data/venv/lib/python3.12/site-packages/oslo_config/cfg.py:3253}}
Aug 02 18:52:27.097071 np0000006314 nova-scheduler[96611]: DEBUG cotyledon.oslo_config_glue [-] profiler.es_doc_type = notification {{(pid=96611) log_opt_values /opt/stack/data/venv/lib/python3.12/site-packages/oslo_config/cfg.py:3253}}
Aug 02 18:52:27.097071 np0000006314 nova-scheduler[96611]: DEBUG cotyledon.oslo_config_glue [-] profiler.es_scroll_size = 10000 {{(pid=96611) log_opt_values /opt/stack/data/venv/lib/python3.12/site-packages/oslo_config/cfg.py:3253}}
Aug 02 18:52:27.097284 np0000006314 nova-scheduler[96611]: DEBUG cotyledon.oslo_config_glue [-] profiler.es_scroll_time = 2m {{(pid=96611) log_opt_values /opt/stack/data/venv/lib/python3.12/site-packages/oslo_config/cfg.py:3253}}
Aug 02 18:52:27.097284 np0000006314 nova-scheduler[96611]: DEBUG cotyledon.oslo_config_glue [-] profiler.filter_error_trace = False {{(pid=96611) log_opt_values /opt/stack/data/venv/lib/python3.12/site-packages/oslo_config/cfg.py:3253}}
Aug 02 18:52:27.097284 np0000006314 nova-scheduler[96611]: DEBUG cotyledon.oslo_config_glue [-] profiler.hmac_keys = **** {{(pid=96611) log_opt_values /opt/stack/data/venv/lib/python3.12/site-packages/oslo_config/cfg.py:3253}}
Aug 02 18:52:27.097284 np0000006314 nova-scheduler[96611]: DEBUG cotyledon.oslo_config_glue [-] profiler.sentinel_service_name = mymaster {{(pid=96611) log_opt_values /opt/stack/data/venv/lib/python3.12/site-packages/oslo_config/cfg.py:3253}}
Aug 02 18:52:27.097284 np0000006314 nova-scheduler[96611]: DEBUG cotyledon.oslo_config_glue [-] profiler.socket_timeout = 0.1 {{(pid=96611) log_opt_values /opt/stack/data/venv/lib/python3.12/site-packages/oslo_config/cfg.py:3253}}
Aug 02 18:52:27.097284 np0000006314 nova-scheduler[96611]: DEBUG cotyledon.oslo_config_glue [-] profiler.trace_requests = False {{(pid=96611) log_opt_values /opt/stack/data/venv/lib/python3.12/site-packages/oslo_config/cfg.py:3253}}
Aug 02 18:52:27.097284 np0000006314 nova-scheduler[96611]: DEBUG cotyledon.oslo_config_glue [-] profiler.trace_sqlalchemy = False {{(pid=96611) log_opt_values /opt/stack/data/venv/lib/python3.12/site-packages/oslo_config/cfg.py:3253}}
Aug 02 18:52:27.097284 np0000006314 nova-scheduler[96611]: DEBUG cotyledon.oslo_config_glue [-] profiler_jaeger.process_tags = {} {{(pid=96611) log_opt_values /opt/stack/data/venv/lib/python3.12/site-packages/oslo_config/cfg.py:3253}}
Aug 02 18:52:27.097284 np0000006314 nova-scheduler[96611]: DEBUG cotyledon.oslo_config_glue [-] profiler_jaeger.service_name_prefix = None {{(pid=96611) log_opt_values /opt/stack/data/venv/lib/python3.12/site-packages/oslo_config/cfg.py:3253}}
Aug 02 18:52:27.097492 np0000006314 nova-scheduler[96611]: DEBUG cotyledon.oslo_config_glue [-] profiler_otlp.service_name_prefix = None {{(pid=96611) log_opt_values /opt/stack/data/venv/lib/python3.12/site-packages/oslo_config/cfg.py:3253}}
Aug 02 18:52:27.097492 np0000006314 nova-scheduler[96611]: DEBUG cotyledon.oslo_config_glue [-] oslo_messaging_rabbit.amqp_auto_delete = False {{(pid=96611) log_opt_values /opt/stack/data/venv/lib/python3.12/site-packages/oslo_config/cfg.py:3253}}
Aug 02 18:52:27.097492 np0000006314 nova-scheduler[96611]: DEBUG cotyledon.oslo_config_glue [-] oslo_messaging_rabbit.amqp_durable_queues = False {{(pid=96611) log_opt_values /opt/stack/data/venv/lib/python3.12/site-packages/oslo_config/cfg.py:3253}}
Aug 02 18:52:27.097492 np0000006314 nova-scheduler[96611]: DEBUG cotyledon.oslo_config_glue [-] oslo_messaging_rabbit.conn_pool_min_size = 2 {{(pid=96611) log_opt_values /opt/stack/data/venv/lib/python3.12/site-packages/oslo_config/cfg.py:3253}}
Aug 02 18:52:27.097492 np0000006314 nova-scheduler[96611]: DEBUG cotyledon.oslo_config_glue [-] oslo_messaging_rabbit.conn_pool_ttl = 1200 {{(pid=96611) log_opt_values /opt/stack/data/venv/lib/python3.12/site-packages/oslo_config/cfg.py:3253}}
Aug 02 18:52:27.097492 np0000006314 nova-scheduler[96611]: DEBUG cotyledon.oslo_config_glue [-] oslo_messaging_rabbit.direct_mandatory_flag = True {{(pid=96611) log_opt_values /opt/stack/data/venv/lib/python3.12/site-packages/oslo_config/cfg.py:3253}}
Aug 02 18:52:27.097492 np0000006314 nova-scheduler[96611]: DEBUG cotyledon.oslo_config_glue [-] oslo_messaging_rabbit.enable_cancel_on_failover = False {{(pid=96611) log_opt_values /opt/stack/data/venv/lib/python3.12/site-packages/oslo_config/cfg.py:3253}}
Aug 02 18:52:27.097492 np0000006314 nova-scheduler[96611]: DEBUG cotyledon.oslo_config_glue [-] oslo_messaging_rabbit.heartbeat_rate = 3 {{(pid=96611) log_opt_values /opt/stack/data/venv/lib/python3.12/site-packages/oslo_config/cfg.py:3253}}
Aug 02 18:52:27.097492 np0000006314 nova-scheduler[96611]: DEBUG cotyledon.oslo_config_glue [-] oslo_messaging_rabbit.heartbeat_timeout_threshold = 60 {{(pid=96611) log_opt_values /opt/stack/data/venv/lib/python3.12/site-packages/oslo_config/cfg.py:3253}}
Aug 02 18:52:27.097664 np0000006314 nova-scheduler[96611]: DEBUG cotyledon.oslo_config_glue [-] oslo_messaging_rabbit.hostname = np0000006314 {{(pid=96611) log_opt_values /opt/stack/data/venv/lib/python3.12/site-packages/oslo_config/cfg.py:3253}}
Aug 02 18:52:27.097664 np0000006314 nova-scheduler[96611]: DEBUG cotyledon.oslo_config_glue [-] oslo_messaging_rabbit.kombu_compression = None {{(pid=96611) log_opt_values /opt/stack/data/venv/lib/python3.12/site-packages/oslo_config/cfg.py:3253}}
Aug 02 18:52:27.097664 np0000006314 nova-scheduler[96611]: DEBUG cotyledon.oslo_config_glue [-] oslo_messaging_rabbit.kombu_failover_strategy = round-robin {{(pid=96611) log_opt_values /opt/stack/data/venv/lib/python3.12/site-packages/oslo_config/cfg.py:3253}}
Aug 02 18:52:27.097664 np0000006314 nova-scheduler[96611]: DEBUG cotyledon.oslo_config_glue [-] oslo_messaging_rabbit.kombu_missing_consumer_retry_timeout = 60 {{(pid=96611) log_opt_values /opt/stack/data/venv/lib/python3.12/site-packages/oslo_config/cfg.py:3253}}
Aug 02 18:52:27.097664 np0000006314 nova-scheduler[96611]: DEBUG cotyledon.oslo_config_glue [-] oslo_messaging_rabbit.kombu_reconnect_delay = 1.0 {{(pid=96611) log_opt_values /opt/stack/data/venv/lib/python3.12/site-packages/oslo_config/cfg.py:3253}}
Aug 02 18:52:27.097664 np0000006314 nova-scheduler[96611]: DEBUG cotyledon.oslo_config_glue [-] oslo_messaging_rabbit.kombu_reconnect_splay = 0.0 {{(pid=96611) log_opt_values /opt/stack/data/venv/lib/python3.12/site-packages/oslo_config/cfg.py:3253}}
Aug 02 18:52:27.097664 np0000006314 nova-scheduler[96611]: DEBUG cotyledon.oslo_config_glue [-] oslo_messaging_rabbit.processname = nova-scheduler {{(pid=96611) log_opt_values /opt/stack/data/venv/lib/python3.12/site-packages/oslo_config/cfg.py:3253}}
Aug 02 18:52:27.097664 np0000006314 nova-scheduler[96611]: DEBUG cotyledon.oslo_config_glue [-] oslo_messaging_rabbit.rabbit_ha_queues = False {{(pid=96611) log_opt_values /opt/stack/data/venv/lib/python3.12/site-packages/oslo_config/cfg.py:3253}}
Aug 02 18:52:27.097664 np0000006314 nova-scheduler[96611]: DEBUG cotyledon.oslo_config_glue [-] oslo_messaging_rabbit.rabbit_interval_max = 30 {{(pid=96611) log_opt_values /opt/stack/data/venv/lib/python3.12/site-packages/oslo_config/cfg.py:3253}}
Aug 02 18:52:27.097819 np0000006314 nova-scheduler[96611]: DEBUG cotyledon.oslo_config_glue [-] oslo_messaging_rabbit.rabbit_login_method = AMQPLAIN {{(pid=96611) log_opt_values /opt/stack/data/venv/lib/python3.12/site-packages/oslo_config/cfg.py:3253}}
Aug 02 18:52:27.097819 np0000006314 nova-scheduler[96611]: DEBUG cotyledon.oslo_config_glue [-] oslo_messaging_rabbit.rabbit_qos_prefetch_count = 0 {{(pid=96611) log_opt_values /opt/stack/data/venv/lib/python3.12/site-packages/oslo_config/cfg.py:3253}}
Aug 02 18:52:27.097819 np0000006314 nova-scheduler[96611]: DEBUG cotyledon.oslo_config_glue [-] oslo_messaging_rabbit.rabbit_quorum_delivery_limit = 0 {{(pid=96611) log_opt_values /opt/stack/data/venv/lib/python3.12/site-packages/oslo_config/cfg.py:3253}}
Aug 02 18:52:27.097819 np0000006314 nova-scheduler[96611]: DEBUG cotyledon.oslo_config_glue [-] oslo_messaging_rabbit.rabbit_quorum_max_memory_bytes = 0 {{(pid=96611) log_opt_values /opt/stack/data/venv/lib/python3.12/site-packages/oslo_config/cfg.py:3253}}
Aug 02 18:52:27.097819 np0000006314 nova-scheduler[96611]: DEBUG cotyledon.oslo_config_glue [-] oslo_messaging_rabbit.rabbit_quorum_max_memory_length = 0 {{(pid=96611) log_opt_values /opt/stack/data/venv/lib/python3.12/site-packages/oslo_config/cfg.py:3253}}
Aug 02 18:52:27.097819 np0000006314 nova-scheduler[96611]: DEBUG cotyledon.oslo_config_glue [-] oslo_messaging_rabbit.rabbit_quorum_queue = False {{(pid=96611) log_opt_values /opt/stack/data/venv/lib/python3.12/site-packages/oslo_config/cfg.py:3253}}
Aug 02 18:52:27.097819 np0000006314 nova-scheduler[96611]: DEBUG cotyledon.oslo_config_glue [-] oslo_messaging_rabbit.rabbit_retry_backoff = 2 {{(pid=96611) log_opt_values /opt/stack/data/venv/lib/python3.12/site-packages/oslo_config/cfg.py:3253}}
Aug 02 18:52:27.097819 np0000006314 nova-scheduler[96611]: DEBUG cotyledon.oslo_config_glue [-] oslo_messaging_rabbit.rabbit_retry_interval = 1 {{(pid=96611) log_opt_values /opt/stack/data/venv/lib/python3.12/site-packages/oslo_config/cfg.py:3253}}
Aug 02 18:52:27.097819 np0000006314 nova-scheduler[96611]: DEBUG cotyledon.oslo_config_glue [-] oslo_messaging_rabbit.rabbit_stream_fanout = False {{(pid=96611) log_opt_values /opt/stack/data/venv/lib/python3.12/site-packages/oslo_config/cfg.py:3253}}
Aug 02 18:52:27.098072 np0000006314 nova-scheduler[96611]: DEBUG cotyledon.oslo_config_glue [-] oslo_messaging_rabbit.rabbit_transient_queues_ttl = 1800 {{(pid=96611) log_opt_values /opt/stack/data/venv/lib/python3.12/site-packages/oslo_config/cfg.py:3253}}
Aug 02 18:52:27.098072 np0000006314 nova-scheduler[96611]: DEBUG cotyledon.oslo_config_glue [-] oslo_messaging_rabbit.rabbit_transient_quorum_queue = False {{(pid=96611) log_opt_values /opt/stack/data/venv/lib/python3.12/site-packages/oslo_config/cfg.py:3253}}
Aug 02 18:52:27.098072 np0000006314 nova-scheduler[96611]: DEBUG cotyledon.oslo_config_glue [-] oslo_messaging_rabbit.rpc_conn_pool_size = 30 {{(pid=96611) log_opt_values /opt/stack/data/venv/lib/python3.12/site-packages/oslo_config/cfg.py:3253}}
Aug 02 18:52:27.098072 np0000006314 nova-scheduler[96611]: DEBUG cotyledon.oslo_config_glue [-] oslo_messaging_rabbit.ssl = False {{(pid=96611) log_opt_values /opt/stack/data/venv/lib/python3.12/site-packages/oslo_config/cfg.py:3253}}
Aug 02 18:52:27.098072 np0000006314 nova-scheduler[96611]: DEBUG cotyledon.oslo_config_glue [-] oslo_messaging_rabbit.ssl_ca_file = {{(pid=96611) log_opt_values /opt/stack/data/venv/lib/python3.12/site-packages/oslo_config/cfg.py:3253}}
Aug 02 18:52:27.098072 np0000006314 nova-scheduler[96611]: DEBUG cotyledon.oslo_config_glue [-] oslo_messaging_rabbit.ssl_cert_file = {{(pid=96611) log_opt_values /opt/stack/data/venv/lib/python3.12/site-packages/oslo_config/cfg.py:3253}}
Aug 02 18:52:27.098072 np0000006314 nova-scheduler[96611]: DEBUG cotyledon.oslo_config_glue [-] oslo_messaging_rabbit.ssl_enforce_fips_mode = False {{(pid=96611) log_opt_values /opt/stack/data/venv/lib/python3.12/site-packages/oslo_config/cfg.py:3253}}
Aug 02 18:52:27.098072 np0000006314 nova-scheduler[96611]: DEBUG cotyledon.oslo_config_glue [-] oslo_messaging_rabbit.ssl_enforce_hostname_verification = True {{(pid=96611) log_opt_values /opt/stack/data/venv/lib/python3.12/site-packages/oslo_config/cfg.py:3253}}
Aug 02 18:52:27.098072 np0000006314 nova-scheduler[96611]: DEBUG cotyledon.oslo_config_glue [-] oslo_messaging_rabbit.ssl_key_file = {{(pid=96611) log_opt_values /opt/stack/data/venv/lib/python3.12/site-packages/oslo_config/cfg.py:3253}}
Aug 02 18:52:27.098292 np0000006314 nova-scheduler[96611]: DEBUG cotyledon.oslo_config_glue [-] oslo_messaging_rabbit.ssl_version = {{(pid=96611) log_opt_values /opt/stack/data/venv/lib/python3.12/site-packages/oslo_config/cfg.py:3253}}
Aug 02 18:52:27.098292 np0000006314 nova-scheduler[96611]: DEBUG cotyledon.oslo_config_glue [-] oslo_messaging_rabbit.use_queue_manager = False {{(pid=96611) log_opt_values /opt/stack/data/venv/lib/python3.12/site-packages/oslo_config/cfg.py:3253}}
Aug 02 18:52:27.098292 np0000006314 nova-scheduler[96611]: DEBUG cotyledon.oslo_config_glue [-] oslo_messaging_notifications.driver = ['messagingv2'] {{(pid=96611) log_opt_values /opt/stack/data/venv/lib/python3.12/site-packages/oslo_config/cfg.py:3253}}
Aug 02 18:52:27.098292 np0000006314 nova-scheduler[96611]: DEBUG cotyledon.oslo_config_glue [-] oslo_messaging_notifications.retry = -1 {{(pid=96611) log_opt_values /opt/stack/data/venv/lib/python3.12/site-packages/oslo_config/cfg.py:3253}}
Aug 02 18:52:27.098292 np0000006314 nova-scheduler[96611]: DEBUG cotyledon.oslo_config_glue [-] oslo_messaging_notifications.topics = ['notifications'] {{(pid=96611) log_opt_values /opt/stack/data/venv/lib/python3.12/site-packages/oslo_config/cfg.py:3253}}
Aug 02 18:52:27.098292 np0000006314 nova-scheduler[96611]: DEBUG cotyledon.oslo_config_glue [-] oslo_messaging_notifications.transport_url = **** {{(pid=96611) log_opt_values /opt/stack/data/venv/lib/python3.12/site-packages/oslo_config/cfg.py:3253}}
Aug 02 18:52:27.098292 np0000006314 nova-scheduler[96611]: DEBUG cotyledon.oslo_config_glue [-] oslo_limit.auth_section = None {{(pid=96611) log_opt_values /opt/stack/data/venv/lib/python3.12/site-packages/oslo_config/cfg.py:3253}}
Aug 02 18:52:27.098292 np0000006314 nova-scheduler[96611]: DEBUG cotyledon.oslo_config_glue [-] oslo_limit.auth_type = None {{(pid=96611) log_opt_values /opt/stack/data/venv/lib/python3.12/site-packages/oslo_config/cfg.py:3253}}
Aug 02 18:52:27.098292 np0000006314 nova-scheduler[96611]: DEBUG cotyledon.oslo_config_glue [-] oslo_limit.cafile = None {{(pid=96611) log_opt_values /opt/stack/data/venv/lib/python3.12/site-packages/oslo_config/cfg.py:3253}}
Aug 02 18:52:27.098478 np0000006314 nova-scheduler[96611]: DEBUG cotyledon.oslo_config_glue [-] oslo_limit.certfile = None {{(pid=96611) log_opt_values /opt/stack/data/venv/lib/python3.12/site-packages/oslo_config/cfg.py:3253}}
Aug 02 18:52:27.098478 np0000006314 nova-scheduler[96611]: DEBUG cotyledon.oslo_config_glue [-] oslo_limit.collect_timing = False {{(pid=96611) log_opt_values /opt/stack/data/venv/lib/python3.12/site-packages/oslo_config/cfg.py:3253}}
Aug 02 18:52:27.098478 np0000006314 nova-scheduler[96611]: DEBUG cotyledon.oslo_config_glue [-] oslo_limit.connect_retries = None {{(pid=96611) log_opt_values /opt/stack/data/venv/lib/python3.12/site-packages/oslo_config/cfg.py:3253}}
Aug 02 18:52:27.098478 np0000006314 nova-scheduler[96611]: DEBUG cotyledon.oslo_config_glue [-] oslo_limit.connect_retry_delay = None {{(pid=96611) log_opt_values /opt/stack/data/venv/lib/python3.12/site-packages/oslo_config/cfg.py:3253}}
Aug 02 18:52:27.098478 np0000006314 nova-scheduler[96611]: DEBUG cotyledon.oslo_config_glue [-] oslo_limit.endpoint_id = None {{(pid=96611) log_opt_values /opt/stack/data/venv/lib/python3.12/site-packages/oslo_config/cfg.py:3253}}
Aug 02 18:52:27.098478 np0000006314 nova-scheduler[96611]: DEBUG cotyledon.oslo_config_glue [-] oslo_limit.endpoint_interface = public {{(pid=96611) log_opt_values /opt/stack/data/venv/lib/python3.12/site-packages/oslo_config/cfg.py:3253}}
Aug 02 18:52:27.098478 np0000006314 nova-scheduler[96611]: DEBUG cotyledon.oslo_config_glue [-] oslo_limit.endpoint_override = None {{(pid=96611) log_opt_values /opt/stack/data/venv/lib/python3.12/site-packages/oslo_config/cfg.py:3253}}
Aug 02 18:52:27.098478 np0000006314 nova-scheduler[96611]: DEBUG cotyledon.oslo_config_glue [-] oslo_limit.endpoint_region_name = None {{(pid=96611) log_opt_values /opt/stack/data/venv/lib/python3.12/site-packages/oslo_config/cfg.py:3253}}
Aug 02 18:52:27.098478 np0000006314 nova-scheduler[96611]: DEBUG cotyledon.oslo_config_glue [-] oslo_limit.endpoint_service_name = None {{(pid=96611) log_opt_values /opt/stack/data/venv/lib/python3.12/site-packages/oslo_config/cfg.py:3253}}
Aug 02 18:52:27.098656 np0000006314 nova-scheduler[96611]: DEBUG cotyledon.oslo_config_glue [-] oslo_limit.endpoint_service_type = None {{(pid=96611) log_opt_values /opt/stack/data/venv/lib/python3.12/site-packages/oslo_config/cfg.py:3253}}
Aug 02 18:52:27.098656 np0000006314 nova-scheduler[96611]: DEBUG cotyledon.oslo_config_glue [-] oslo_limit.insecure = False {{(pid=96611) log_opt_values /opt/stack/data/venv/lib/python3.12/site-packages/oslo_config/cfg.py:3253}}
Aug 02 18:52:27.098656 np0000006314 nova-scheduler[96611]: DEBUG cotyledon.oslo_config_glue [-] oslo_limit.keyfile = None {{(pid=96611) log_opt_values /opt/stack/data/venv/lib/python3.12/site-packages/oslo_config/cfg.py:3253}}
Aug 02 18:52:27.098656 np0000006314 nova-scheduler[96611]: DEBUG cotyledon.oslo_config_glue [-] oslo_limit.max_version = None {{(pid=96611) log_opt_values /opt/stack/data/venv/lib/python3.12/site-packages/oslo_config/cfg.py:3253}}
Aug 02 18:52:27.098656 np0000006314 nova-scheduler[96611]: DEBUG cotyledon.oslo_config_glue [-] oslo_limit.min_version = None {{(pid=96611) log_opt_values /opt/stack/data/venv/lib/python3.12/site-packages/oslo_config/cfg.py:3253}}
Aug 02 18:52:27.098656 np0000006314 nova-scheduler[96611]: DEBUG cotyledon.oslo_config_glue [-] oslo_limit.region_name = None {{(pid=96611) log_opt_values /opt/stack/data/venv/lib/python3.12/site-packages/oslo_config/cfg.py:3253}}
Aug 02 18:52:27.098656 np0000006314 nova-scheduler[96611]: DEBUG cotyledon.oslo_config_glue [-] oslo_limit.retriable_status_codes = None {{(pid=96611) log_opt_values /opt/stack/data/venv/lib/python3.12/site-packages/oslo_config/cfg.py:3253}}
Aug 02 18:52:27.098656 np0000006314 nova-scheduler[96611]: DEBUG cotyledon.oslo_config_glue [-] oslo_limit.service_name = None {{(pid=96611) log_opt_values /opt/stack/data/venv/lib/python3.12/site-packages/oslo_config/cfg.py:3253}}
Aug 02 18:52:27.098656 np0000006314 nova-scheduler[96611]: DEBUG cotyledon.oslo_config_glue [-] oslo_limit.service_type = None {{(pid=96611) log_opt_values /opt/stack/data/venv/lib/python3.12/site-packages/oslo_config/cfg.py:3253}}
Aug 02 18:52:27.098875 np0000006314 nova-scheduler[96611]: DEBUG cotyledon.oslo_config_glue [-] oslo_limit.split_loggers = False {{(pid=96611) log_opt_values /opt/stack/data/venv/lib/python3.12/site-packages/oslo_config/cfg.py:3253}}
Aug 02 18:52:27.098875 np0000006314 nova-scheduler[96611]: DEBUG cotyledon.oslo_config_glue [-] oslo_limit.status_code_retries = None {{(pid=96611) log_opt_values /opt/stack/data/venv/lib/python3.12/site-packages/oslo_config/cfg.py:3253}}
Aug 02 18:52:27.098875 np0000006314 nova-scheduler[96611]: DEBUG cotyledon.oslo_config_glue [-] oslo_limit.status_code_retry_delay = None {{(pid=96611) log_opt_values /opt/stack/data/venv/lib/python3.12/site-packages/oslo_config/cfg.py:3253}}
Aug 02 18:52:27.098875 np0000006314 nova-scheduler[96611]: DEBUG cotyledon.oslo_config_glue [-] oslo_limit.timeout = None {{(pid=96611) log_opt_values /opt/stack/data/venv/lib/python3.12/site-packages/oslo_config/cfg.py:3253}}
Aug 02 18:52:27.098875 np0000006314 nova-scheduler[96611]: DEBUG cotyledon.oslo_config_glue [-] oslo_limit.valid_interfaces = None {{(pid=96611) log_opt_values /opt/stack/data/venv/lib/python3.12/site-packages/oslo_config/cfg.py:3253}}
Aug 02 18:52:27.098875 np0000006314 nova-scheduler[96611]: DEBUG cotyledon.oslo_config_glue [-] oslo_limit.version = None {{(pid=96611) log_opt_values /opt/stack/data/venv/lib/python3.12/site-packages/oslo_config/cfg.py:3253}}
Aug 02 18:52:27.098875 np0000006314 nova-scheduler[96611]: DEBUG cotyledon.oslo_config_glue [-] oslo_reports.file_event_handler = None {{(pid=96611) log_opt_values /opt/stack/data/venv/lib/python3.12/site-packages/oslo_config/cfg.py:3253}}
Aug 02 18:52:27.098875 np0000006314 nova-scheduler[96611]: DEBUG cotyledon.oslo_config_glue [-] oslo_reports.file_event_handler_interval = 1 {{(pid=96611) log_opt_values /opt/stack/data/venv/lib/python3.12/site-packages/oslo_config/cfg.py:3253}}
Aug 02 18:52:27.098875 np0000006314 nova-scheduler[96611]: DEBUG cotyledon.oslo_config_glue [-] oslo_reports.log_dir = None {{(pid=96611) log_opt_values /opt/stack/data/venv/lib/python3.12/site-packages/oslo_config/cfg.py:3253}}
Aug 02 18:52:27.099046 np0000006314 nova-scheduler[96611]: DEBUG cotyledon.oslo_config_glue [-] ******************************************************************************** {{(pid=96611) log_opt_values /opt/stack/data/venv/lib/python3.12/site-packages/oslo_config/cfg.py:3260}}
Aug 02 18:52:27.099046 np0000006314 nova-scheduler[96611]: DEBUG cotyledon._service_worker [-] Run service ServiceWrapper(2) [96611] {{(pid=96611) wait_forever /opt/stack/data/venv/lib/python3.12/site-packages/cotyledon/_service_worker.py:218}}
Aug 02 18:52:27.099046 np0000006314 nova-scheduler[96611]: INFO nova.service [-] Starting scheduler node (version 33.1.0)
Aug 02 18:52:27.099046 np0000006314 nova-scheduler[96611]: INFO dbcounter [None req-62d147d0-b768-4133-ba08-fa0c7cb99501 None None] Registered counter for database nova_cell0
Aug 02 18:52:27.099433 np0000006314 nova-scheduler[96608]: DEBUG dbcounter [-] [96608] Writer thread running {{(pid=96608) stat_writer /opt/stack/data/venv/lib/python3.12/site-packages/dbcounter.py:102}}
Aug 02 18:52:27.099494 np0000006314 nova-scheduler[96606]: DEBUG nova.service [None req-dc9a38a9-57c9-4e08-a4b7-ab78d8d4b4f2 None None] Creating RPC server for service: nova-scheduler on topic: scheduler {{(pid=96606) start /opt/stack/nova/nova/service.py:196}}
Aug 02 18:52:27.100496 np0000006314 nova-scheduler[96608]: DEBUG nova.service [None req-d61b85ce-e2b8-4328-87c7-569628ab2cac None None] Creating RPC server for service: nova-scheduler on topic: scheduler {{(pid=96608) start /opt/stack/nova/nova/service.py:196}}
Aug 02 18:52:27.109477 np0000006314 nova-scheduler[96606]: DEBUG nova.service [None req-dc9a38a9-57c9-4e08-a4b7-ab78d8d4b4f2 None None] Join ServiceGroup membership for this service scheduler {{(pid=96606) start /opt/stack/nova/nova/service.py:222}}
Aug 02 18:52:27.109720 np0000006314 nova-scheduler[96606]: DEBUG nova.servicegroup.drivers.db [None req-dc9a38a9-57c9-4e08-a4b7-ab78d8d4b4f2 None None] DB_Driver: join new ServiceGroup member np0000006314 to the scheduler group, service = {{(pid=96606) join /opt/stack/nova/nova/servicegroup/drivers/db.py:44}}
Aug 02 18:52:27.110288 np0000006314 nova-scheduler[96637]: DEBUG oslo_db.sqlalchemy.engines [None req-ef75beb4-59de-4fec-ae40-1987f4491f03 None None] MySQL server mode set to STRICT_TRANS_TABLES,STRICT_ALL_TABLES,NO_ZERO_IN_DATE,NO_ZERO_DATE,ERROR_FOR_DIVISION_BY_ZERO,TRADITIONAL,NO_ENGINE_SUBSTITUTION {{(pid=96637) _check_effective_sql_mode /opt/stack/data/venv/lib/python3.12/site-packages/oslo_db/sqlalchemy/engines.py:325}}
Aug 02 18:52:27.115382 np0000006314 nova-scheduler[96611]: DEBUG oslo_db.sqlalchemy.engines [None req-62d147d0-b768-4133-ba08-fa0c7cb99501 None None] MySQL server mode set to STRICT_TRANS_TABLES,STRICT_ALL_TABLES,NO_ZERO_IN_DATE,NO_ZERO_DATE,ERROR_FOR_DIVISION_BY_ZERO,TRADITIONAL,NO_ENGINE_SUBSTITUTION {{(pid=96611) _check_effective_sql_mode /opt/stack/data/venv/lib/python3.12/site-packages/oslo_db/sqlalchemy/engines.py:325}}
Aug 02 18:52:27.121872 np0000006314 nova-scheduler[96637]: DEBUG dbcounter [-] [96637] Writer thread running {{(pid=96637) stat_writer /opt/stack/data/venv/lib/python3.12/site-packages/dbcounter.py:102}}
Aug 02 18:52:27.122887 np0000006314 nova-scheduler[96608]: DEBUG nova.service [None req-d61b85ce-e2b8-4328-87c7-569628ab2cac None None] Join ServiceGroup membership for this service scheduler {{(pid=96608) start /opt/stack/nova/nova/service.py:222}}
Aug 02 18:52:27.123234 np0000006314 nova-scheduler[96608]: DEBUG nova.servicegroup.drivers.db [None req-d61b85ce-e2b8-4328-87c7-569628ab2cac None None] DB_Driver: join new ServiceGroup member np0000006314 to the scheduler group, service = {{(pid=96608) join /opt/stack/nova/nova/servicegroup/drivers/db.py:44}}
Aug 02 18:52:27.124789 np0000006314 nova-scheduler[96611]: DEBUG dbcounter [-] [96611] Writer thread running {{(pid=96611) stat_writer /opt/stack/data/venv/lib/python3.12/site-packages/dbcounter.py:102}}
Aug 02 18:52:27.125458 np0000006314 nova-scheduler[96637]: DEBUG nova.service [None req-ef75beb4-59de-4fec-ae40-1987f4491f03 None None] Creating RPC server for service: nova-scheduler on topic: scheduler {{(pid=96637) start /opt/stack/nova/nova/service.py:196}}
Aug 02 18:52:27.128254 np0000006314 nova-scheduler[96611]: DEBUG nova.service [None req-62d147d0-b768-4133-ba08-fa0c7cb99501 None None] Creating RPC server for service: nova-scheduler on topic: scheduler {{(pid=96611) start /opt/stack/nova/nova/service.py:196}}
Aug 02 18:52:27.146687 np0000006314 nova-scheduler[96611]: DEBUG nova.service [None req-62d147d0-b768-4133-ba08-fa0c7cb99501 None None] Join ServiceGroup membership for this service scheduler {{(pid=96611) start /opt/stack/nova/nova/service.py:222}}
Aug 02 18:52:27.146687 np0000006314 nova-scheduler[96611]: DEBUG nova.servicegroup.drivers.db [None req-62d147d0-b768-4133-ba08-fa0c7cb99501 None None] DB_Driver: join new ServiceGroup member np0000006314 to the scheduler group, service = {{(pid=96611) join /opt/stack/nova/nova/servicegroup/drivers/db.py:44}}
Aug 02 18:52:27.147136 np0000006314 nova-scheduler[96637]: DEBUG nova.service [None req-ef75beb4-59de-4fec-ae40-1987f4491f03 None None] Join ServiceGroup membership for this service scheduler {{(pid=96637) start /opt/stack/nova/nova/service.py:222}}
Aug 02 18:52:27.147434 np0000006314 nova-scheduler[96637]: DEBUG nova.servicegroup.drivers.db [None req-ef75beb4-59de-4fec-ae40-1987f4491f03 None None] DB_Driver: join new ServiceGroup member np0000006314 to the scheduler group, service = {{(pid=96637) join /opt/stack/nova/nova/servicegroup/drivers/db.py:44}}
Aug 02 18:52:30.125339 np0000006314 nova-scheduler[96608]: DEBUG oslo.service.backend._threading.loopingcall [None req-b1e1616e-450c-4f17-b576-440e913ce592 None None] Dynamic interval looping call 'nova.service.Service.periodic_tasks' sleeping for 60.00 seconds {{(pid=96608) _run_loop /opt/stack/data/venv/lib/python3.12/site-packages/oslo_service/backend/_threading/loopingcall.py:125}}
Aug 02 18:52:32.122499 np0000006314 nova-scheduler[96606]: DEBUG oslo.service.backend._threading.loopingcall [-] Fixed interval looping call 'nova.servicegroup.drivers.db.DbDriver._report_state' sleeping for 119.99 seconds {{(pid=96606) _run_loop /opt/stack/data/venv/lib/python3.12/site-packages/oslo_service/backend/_threading/loopingcall.py:125}}
Aug 02 18:52:32.129310 np0000006314 nova-scheduler[96608]: DEBUG oslo.service.backend._threading.loopingcall [-] Fixed interval looping call 'nova.servicegroup.drivers.db.DbDriver._report_state' sleeping for 120.00 seconds {{(pid=96608) _run_loop /opt/stack/data/venv/lib/python3.12/site-packages/oslo_service/backend/_threading/loopingcall.py:125}}
Aug 02 18:52:32.157134 np0000006314 nova-scheduler[96637]: DEBUG oslo.service.backend._threading.loopingcall [-] Fixed interval looping call 'nova.servicegroup.drivers.db.DbDriver._report_state' sleeping for 119.99 seconds {{(pid=96637) _run_loop /opt/stack/data/venv/lib/python3.12/site-packages/oslo_service/backend/_threading/loopingcall.py:125}}
Aug 02 18:52:32.157946 np0000006314 nova-scheduler[96611]: DEBUG oslo.service.backend._threading.loopingcall [-] Fixed interval looping call 'nova.servicegroup.drivers.db.DbDriver._report_state' sleeping for 119.99 seconds {{(pid=96611) _run_loop /opt/stack/data/venv/lib/python3.12/site-packages/oslo_service/backend/_threading/loopingcall.py:125}}
Aug 02 18:52:35.638638 np0000006314 nova-scheduler[95393]: DEBUG dbcounter [-] [95393] Writing DB stats nova_api:SELECT=3 {{(pid=95393) stat_writer /opt/stack/data/venv/lib/python3.12/site-packages/dbcounter.py:115}}
Aug 02 18:52:35.774428 np0000006314 nova-scheduler[95393]: DEBUG dbcounter [-] [95393] Writing DB stats nova_cell0:SELECT=1 {{(pid=95393) stat_writer /opt/stack/data/venv/lib/python3.12/site-packages/dbcounter.py:115}}
Aug 02 18:52:35.778583 np0000006314 nova-scheduler[95393]: DEBUG dbcounter [-] [95393] Writing DB stats nova_cell1:SELECT=1 {{(pid=95393) stat_writer /opt/stack/data/venv/lib/python3.12/site-packages/dbcounter.py:115}}
Aug 02 18:52:41.112406 np0000006314 nova-scheduler[96606]: DEBUG oslo.service.backend._threading.loopingcall [None req-4332edc0-9c50-42f1-8f1f-bf714d45e2f6 None None] Dynamic interval looping call 'nova.service.Service.periodic_tasks' sleeping for 60.00 seconds {{(pid=96606) _run_loop /opt/stack/data/venv/lib/python3.12/site-packages/oslo_service/backend/_threading/loopingcall.py:125}}
Aug 02 18:52:42.119375 np0000006314 nova-scheduler[96606]: DEBUG dbcounter [-] [96606] Writing DB stats nova_cell0:SELECT=4,nova_cell0:INSERT=1,nova_cell0:UPDATE=1 {{(pid=96606) stat_writer /opt/stack/data/venv/lib/python3.12/site-packages/dbcounter.py:115}}
Aug 02 18:52:42.126932 np0000006314 nova-scheduler[96608]: DEBUG dbcounter [-] [96608] Writing DB stats nova_cell0:SELECT=4,nova_cell0:INSERT=1 {{(pid=96608) stat_writer /opt/stack/data/venv/lib/python3.12/site-packages/dbcounter.py:115}}
Aug 02 18:52:42.154762 np0000006314 nova-scheduler[96637]: DEBUG dbcounter [-] [96637] Writing DB stats nova_cell0:SELECT=3 {{(pid=96637) stat_writer /opt/stack/data/venv/lib/python3.12/site-packages/dbcounter.py:115}}
Aug 02 18:52:42.155109 np0000006314 nova-scheduler[96611]: DEBUG dbcounter [-] [96611] Writing DB stats nova_cell0:SELECT=3 {{(pid=96611) stat_writer /opt/stack/data/venv/lib/python3.12/site-packages/dbcounter.py:115}}
Aug 02 18:53:14.149596 np0000006314 nova-scheduler[96637]: DEBUG oslo.service.backend._threading.loopingcall [None req-3469940f-edc6-44b0-9f98-2d21be3e55c8 None None] Dynamic interval looping call 'nova.service.Service.periodic_tasks' sleeping for 60.00 seconds {{(pid=96637) _run_loop /opt/stack/data/venv/lib/python3.12/site-packages/oslo_service/backend/_threading/loopingcall.py:125}}
Aug 02 18:53:24.148829 np0000006314 nova-scheduler[96611]: DEBUG oslo.service.backend._threading.loopingcall [None req-5cfea495-d3b2-4491-8679-dcec65b0b5a9 None None] Dynamic interval looping call 'nova.service.Service.periodic_tasks' sleeping for 60.00 seconds {{(pid=96611) _run_loop /opt/stack/data/venv/lib/python3.12/site-packages/oslo_service/backend/_threading/loopingcall.py:125}}
Aug 02 18:53:30.125938 np0000006314 nova-scheduler[96608]: DEBUG oslo.service.backend._threading.loopingcall [None req-b1e1616e-450c-4f17-b576-440e913ce592 None None] Dynamic interval looping call 'nova.service.Service.periodic_tasks' sleeping for 60.00 seconds {{(pid=96608) _run_loop /opt/stack/data/venv/lib/python3.12/site-packages/oslo_service/backend/_threading/loopingcall.py:125}}
Aug 02 18:53:41.112973 np0000006314 nova-scheduler[96606]: DEBUG oslo.service.backend._threading.loopingcall [None req-4332edc0-9c50-42f1-8f1f-bf714d45e2f6 None None] Dynamic interval looping call 'nova.service.Service.periodic_tasks' sleeping for 60.00 seconds {{(pid=96606) _run_loop /opt/stack/data/venv/lib/python3.12/site-packages/oslo_service/backend/_threading/loopingcall.py:125}}
Aug 02 18:54:14.150159 np0000006314 nova-scheduler[96637]: DEBUG oslo.service.backend._threading.loopingcall [None req-3469940f-edc6-44b0-9f98-2d21be3e55c8 None None] Dynamic interval looping call 'nova.service.Service.periodic_tasks' sleeping for 60.00 seconds {{(pid=96637) _run_loop /opt/stack/data/venv/lib/python3.12/site-packages/oslo_service/backend/_threading/loopingcall.py:125}}
Aug 02 18:54:24.149593 np0000006314 nova-scheduler[96611]: DEBUG oslo.service.backend._threading.loopingcall [None req-5cfea495-d3b2-4491-8679-dcec65b0b5a9 None None] Dynamic interval looping call 'nova.service.Service.periodic_tasks' sleeping for 60.00 seconds {{(pid=96611) _run_loop /opt/stack/data/venv/lib/python3.12/site-packages/oslo_service/backend/_threading/loopingcall.py:125}}
Aug 02 18:54:30.126554 np0000006314 nova-scheduler[96608]: DEBUG oslo.service.backend._threading.loopingcall [None req-b1e1616e-450c-4f17-b576-440e913ce592 None None] Dynamic interval looping call 'nova.service.Service.periodic_tasks' sleeping for 60.00 seconds {{(pid=96608) _run_loop /opt/stack/data/venv/lib/python3.12/site-packages/oslo_service/backend/_threading/loopingcall.py:125}}
Aug 02 18:54:32.119856 np0000006314 nova-scheduler[96606]: DEBUG oslo.service.backend._threading.loopingcall [-] Fixed interval looping call 'nova.servicegroup.drivers.db.DbDriver._report_state' sleeping for 119.99 seconds {{(pid=96606) _run_loop /opt/stack/data/venv/lib/python3.12/site-packages/oslo_service/backend/_threading/loopingcall.py:125}}
Aug 02 18:54:32.134059 np0000006314 nova-scheduler[96608]: DEBUG oslo.service.backend._threading.loopingcall [-] Fixed interval looping call 'nova.servicegroup.drivers.db.DbDriver._report_state' sleeping for 120.00 seconds {{(pid=96608) _run_loop /opt/stack/data/venv/lib/python3.12/site-packages/oslo_service/backend/_threading/loopingcall.py:125}}
Aug 02 18:54:32.151921 np0000006314 nova-scheduler[96637]: DEBUG oslo.service.backend._threading.loopingcall [-] Fixed interval looping call 'nova.servicegroup.drivers.db.DbDriver._report_state' sleeping for 120.00 seconds {{(pid=96637) _run_loop /opt/stack/data/venv/lib/python3.12/site-packages/oslo_service/backend/_threading/loopingcall.py:125}}
Aug 02 18:54:32.152643 np0000006314 nova-scheduler[96611]: DEBUG oslo.service.backend._threading.loopingcall [-] Fixed interval looping call 'nova.servicegroup.drivers.db.DbDriver._report_state' sleeping for 120.00 seconds {{(pid=96611) _run_loop /opt/stack/data/venv/lib/python3.12/site-packages/oslo_service/backend/_threading/loopingcall.py:125}}
Aug 02 18:54:41.113454 np0000006314 nova-scheduler[96606]: DEBUG oslo.service.backend._threading.loopingcall [None req-4332edc0-9c50-42f1-8f1f-bf714d45e2f6 None None] Dynamic interval looping call 'nova.service.Service.periodic_tasks' sleeping for 60.00 seconds {{(pid=96606) _run_loop /opt/stack/data/venv/lib/python3.12/site-packages/oslo_service/backend/_threading/loopingcall.py:125}}
Aug 02 18:54:42.117019 np0000006314 nova-scheduler[96606]: DEBUG dbcounter [-] [96606] Writing DB stats nova_cell0:SELECT=1,nova_cell0:UPDATE=1 {{(pid=96606) stat_writer /opt/stack/data/venv/lib/python3.12/site-packages/dbcounter.py:115}}
Aug 02 18:54:42.131711 np0000006314 nova-scheduler[96608]: DEBUG dbcounter [-] [96608] Writing DB stats nova_cell0:SELECT=1 {{(pid=96608) stat_writer /opt/stack/data/venv/lib/python3.12/site-packages/dbcounter.py:115}}
Aug 02 18:54:42.149757 np0000006314 nova-scheduler[96637]: DEBUG dbcounter [-] [96637] Writing DB stats nova_cell0:SELECT=1 {{(pid=96637) stat_writer /opt/stack/data/venv/lib/python3.12/site-packages/dbcounter.py:115}}
Aug 02 18:54:42.150421 np0000006314 nova-scheduler[96611]: DEBUG dbcounter [-] [96611] Writing DB stats nova_cell0:SELECT=1 {{(pid=96611) stat_writer /opt/stack/data/venv/lib/python3.12/site-packages/dbcounter.py:115}}
Aug 02 18:54:53.429993 np0000006314 nova-scheduler[96606]: DEBUG nova.scheduler.manager [None req-34550f92-c3a2-4b14-9f2b-484a1db5b505 tempest-DeleteServersTestJSON-2068797740 tempest-DeleteServersTestJSON-2068797740-project-member] Starting to schedule for instances: ['d1a0d604-ed91-4505-a2c8-d5d0953a9039'] {{(pid=96606) select_destinations /opt/stack/nova/nova/scheduler/manager.py:209}}
Aug 02 18:54:53.432477 np0000006314 nova-scheduler[96606]: DEBUG nova.scheduler.request_filter [None req-34550f92-c3a2-4b14-9f2b-484a1db5b505 tempest-DeleteServersTestJSON-2068797740 tempest-DeleteServersTestJSON-2068797740-project-member] compute_status_filter request filter added forbidden trait COMPUTE_STATUS_DISABLED {{(pid=96606) compute_status_filter /opt/stack/nova/nova/scheduler/request_filter.py:253}}
Aug 02 18:54:53.432477 np0000006314 nova-scheduler[96606]: DEBUG nova.scheduler.request_filter [None req-34550f92-c3a2-4b14-9f2b-484a1db5b505 tempest-DeleteServersTestJSON-2068797740 tempest-DeleteServersTestJSON-2068797740-project-member] Request filter 'compute_status_filter' took 0.0 seconds {{(pid=96606) wrapper /opt/stack/nova/nova/scheduler/request_filter.py:46}}
Aug 02 18:54:53.432477 np0000006314 nova-scheduler[96606]: DEBUG nova.scheduler.request_filter [None req-34550f92-c3a2-4b14-9f2b-484a1db5b505 tempest-DeleteServersTestJSON-2068797740 tempest-DeleteServersTestJSON-2068797740-project-member] Request filter 'accelerators_filter' took 0.0 seconds {{(pid=96606) wrapper /opt/stack/nova/nova/scheduler/request_filter.py:46}}
Aug 02 18:54:53.432734 np0000006314 nova-scheduler[96606]: DEBUG nova.scheduler.request_filter [None req-34550f92-c3a2-4b14-9f2b-484a1db5b505 tempest-DeleteServersTestJSON-2068797740 tempest-DeleteServersTestJSON-2068797740-project-member] Request filter 'packed_virtqueue_filter' took 0.0 seconds {{(pid=96606) wrapper /opt/stack/nova/nova/scheduler/request_filter.py:46}}
Aug 02 18:54:53.433048 np0000006314 nova-scheduler[96606]: DEBUG nova.scheduler.request_filter [None req-34550f92-c3a2-4b14-9f2b-484a1db5b505 tempest-DeleteServersTestJSON-2068797740 tempest-DeleteServersTestJSON-2068797740-project-member] Request filter 'remote_managed_ports_filter' took 0.0 seconds {{(pid=96606) wrapper /opt/stack/nova/nova/scheduler/request_filter.py:46}}
Aug 02 18:54:53.433345 np0000006314 nova-scheduler[96606]: DEBUG nova.scheduler.request_filter [None req-34550f92-c3a2-4b14-9f2b-484a1db5b505 tempest-DeleteServersTestJSON-2068797740 tempest-DeleteServersTestJSON-2068797740-project-member] ephemeral_encryption_filter skipped {{(pid=96606) ephemeral_encryption_filter /opt/stack/nova/nova/scheduler/request_filter.py:426}}
Aug 02 18:54:53.433770 np0000006314 nova-scheduler[96606]: DEBUG nova.scheduler.request_filter [None req-34550f92-c3a2-4b14-9f2b-484a1db5b505 tempest-DeleteServersTestJSON-2068797740 tempest-DeleteServersTestJSON-2068797740-project-member] virtio_sound_filter skipped {{(pid=96606) virtio_sound_filter /opt/stack/nova/nova/scheduler/request_filter.py:460}}
Aug 02 18:54:53.433970 np0000006314 nova-scheduler[96606]: DEBUG nova.scheduler.request_filter [None req-34550f92-c3a2-4b14-9f2b-484a1db5b505 tempest-DeleteServersTestJSON-2068797740 tempest-DeleteServersTestJSON-2068797740-project-member] tpm_secret_security_filter skipped {{(pid=96606) tpm_secret_security_filter /opt/stack/nova/nova/scheduler/request_filter.py:477}}
Aug 02 18:54:54.156270 np0000006314 nova-scheduler[96606]: INFO nova.utils [None req-34550f92-c3a2-4b14-9f2b-484a1db5b505 tempest-DeleteServersTestJSON-2068797740 tempest-DeleteServersTestJSON-2068797740-project-member] The cell worker thread pool ForkProcess-1.cell_worker is initialized
Aug 02 18:54:54.157308 np0000006314 nova-scheduler[96606]: DEBUG oslo_concurrency.lockutils [None req-34550f92-c3a2-4b14-9f2b-484a1db5b505 tempest-DeleteServersTestJSON-2068797740 tempest-DeleteServersTestJSON-2068797740-project-member] Acquiring lock "e657a460-5889-4af6-b472-7d36d9439b4c" by "nova.context.set_target_cell..get_or_set_cached_cell_and_set_connections" {{(pid=96606) inner /opt/stack/data/venv/lib/python3.12/site-packages/oslo_concurrency/lockutils.py:512}}
Aug 02 18:54:54.157308 np0000006314 nova-scheduler[96606]: DEBUG oslo_concurrency.lockutils [None req-34550f92-c3a2-4b14-9f2b-484a1db5b505 tempest-DeleteServersTestJSON-2068797740 tempest-DeleteServersTestJSON-2068797740-project-member] Lock "e657a460-5889-4af6-b472-7d36d9439b4c" acquired by "nova.context.set_target_cell..get_or_set_cached_cell_and_set_connections" :: waited 0.000s {{(pid=96606) inner /opt/stack/data/venv/lib/python3.12/site-packages/oslo_concurrency/lockutils.py:525}}
Aug 02 18:54:54.159237 np0000006314 nova-scheduler[96606]: DEBUG oslo_concurrency.lockutils [None req-34550f92-c3a2-4b14-9f2b-484a1db5b505 tempest-DeleteServersTestJSON-2068797740 tempest-DeleteServersTestJSON-2068797740-project-member] Lock "e657a460-5889-4af6-b472-7d36d9439b4c" "released" by "nova.context.set_target_cell..get_or_set_cached_cell_and_set_connections" :: held 0.002s {{(pid=96606) inner /opt/stack/data/venv/lib/python3.12/site-packages/oslo_concurrency/lockutils.py:544}}
Aug 02 18:54:54.161206 np0000006314 nova-scheduler[96606]: INFO dbcounter [None req-34550f92-c3a2-4b14-9f2b-484a1db5b505 tempest-DeleteServersTestJSON-2068797740 tempest-DeleteServersTestJSON-2068797740-project-member] Registered counter for database nova_cell1
Aug 02 18:54:54.209250 np0000006314 nova-scheduler[96606]: DEBUG oslo_db.sqlalchemy.engines [None req-34550f92-c3a2-4b14-9f2b-484a1db5b505 tempest-DeleteServersTestJSON-2068797740 tempest-DeleteServersTestJSON-2068797740-project-member] MySQL server mode set to STRICT_TRANS_TABLES,STRICT_ALL_TABLES,NO_ZERO_IN_DATE,NO_ZERO_DATE,ERROR_FOR_DIVISION_BY_ZERO,TRADITIONAL,NO_ENGINE_SUBSTITUTION {{(pid=96606) _check_effective_sql_mode /opt/stack/data/venv/lib/python3.12/site-packages/oslo_db/sqlalchemy/engines.py:325}}
Aug 02 18:54:54.223124 np0000006314 nova-scheduler[96606]: DEBUG dbcounter [-] [96606] Writer thread running {{(pid=96606) stat_writer /opt/stack/data/venv/lib/python3.12/site-packages/dbcounter.py:102}}
Aug 02 18:54:54.237337 np0000006314 nova-scheduler[96606]: DEBUG oslo_db.sqlalchemy.engines [None req-34550f92-c3a2-4b14-9f2b-484a1db5b505 tempest-DeleteServersTestJSON-2068797740 tempest-DeleteServersTestJSON-2068797740-project-member] Parent process 95393 forked (96606) with an open database connection, which is being discarded and recreated. {{(pid=96606) checkout /opt/stack/data/venv/lib/python3.12/site-packages/oslo_db/sqlalchemy/engines.py:402}}
Aug 02 18:54:54.282222 np0000006314 nova-scheduler[96606]: DEBUG dbcounter [-] [96606] Writer thread running {{(pid=96606) stat_writer /opt/stack/data/venv/lib/python3.12/site-packages/dbcounter.py:102}}
