Aug 02 18:52:32.281992 np0000006314 nova-conductor[99017]: DEBUG cotyledon.oslo_config_glue [-] workarounds.disable_deep_image_inspection = False {{(pid=99017) log_opt_values /opt/stack/data/venv/lib/python3.12/site-packages/oslo_config/cfg.py:3253}}
Aug 02 18:52:32.281992 np0000006314 nova-conductor[99017]: DEBUG cotyledon.oslo_config_glue [-] workarounds.disable_fallback_pcpu_query = False {{(pid=99017) log_opt_values /opt/stack/data/venv/lib/python3.12/site-packages/oslo_config/cfg.py:3253}}
Aug 02 18:52:32.281992 np0000006314 nova-conductor[99017]: DEBUG cotyledon.oslo_config_glue [-] workarounds.disable_group_policy_check_upcall = False {{(pid=99017) log_opt_values /opt/stack/data/venv/lib/python3.12/site-packages/oslo_config/cfg.py:3253}}
Aug 02 18:52:32.281992 np0000006314 nova-conductor[99017]: DEBUG cotyledon.oslo_config_glue [-] workarounds.disable_libvirt_livesnapshot = False {{(pid=99017) log_opt_values /opt/stack/data/venv/lib/python3.12/site-packages/oslo_config/cfg.py:3253}}
Aug 02 18:52:32.281992 np0000006314 nova-conductor[99017]: DEBUG cotyledon.oslo_config_glue [-] workarounds.disable_rootwrap = False {{(pid=99017) log_opt_values /opt/stack/data/venv/lib/python3.12/site-packages/oslo_config/cfg.py:3253}}
Aug 02 18:52:32.281992 np0000006314 nova-conductor[99017]: DEBUG cotyledon.oslo_config_glue [-] workarounds.enable_numa_live_migration = False {{(pid=99017) log_opt_values /opt/stack/data/venv/lib/python3.12/site-packages/oslo_config/cfg.py:3253}}
Aug 02 18:52:32.281992 np0000006314 nova-conductor[99017]: DEBUG cotyledon.oslo_config_glue [-] workarounds.enable_qemu_monitor_announce_self = False {{(pid=99017) log_opt_values /opt/stack/data/venv/lib/python3.12/site-packages/oslo_config/cfg.py:3253}}
Aug 02 18:52:32.281992 np0000006314 nova-conductor[99017]: DEBUG cotyledon.oslo_config_glue [-] workarounds.ensure_libvirt_rbd_instance_dir_cleanup = False {{(pid=99017) log_opt_values /opt/stack/data/venv/lib/python3.12/site-packages/oslo_config/cfg.py:3253}}
Aug 02 18:52:32.282239 np0000006314 nova-conductor[99017]: DEBUG cotyledon.oslo_config_glue [-] workarounds.handle_virt_lifecycle_events = True {{(pid=99017) log_opt_values /opt/stack/data/venv/lib/python3.12/site-packages/oslo_config/cfg.py:3253}}
Aug 02 18:52:32.282239 np0000006314 nova-conductor[99017]: DEBUG cotyledon.oslo_config_glue [-] workarounds.libvirt_disable_apic = False {{(pid=99017) log_opt_values /opt/stack/data/venv/lib/python3.12/site-packages/oslo_config/cfg.py:3253}}
Aug 02 18:52:32.282239 np0000006314 nova-conductor[99017]: DEBUG cotyledon.oslo_config_glue [-] workarounds.never_download_image_if_on_rbd = False {{(pid=99017) log_opt_values /opt/stack/data/venv/lib/python3.12/site-packages/oslo_config/cfg.py:3253}}
Aug 02 18:52:32.282239 np0000006314 nova-conductor[99017]: DEBUG cotyledon.oslo_config_glue [-] workarounds.qemu_monitor_announce_self_count = 3 {{(pid=99017) log_opt_values /opt/stack/data/venv/lib/python3.12/site-packages/oslo_config/cfg.py:3253}}
Aug 02 18:52:32.282239 np0000006314 nova-conductor[99017]: DEBUG cotyledon.oslo_config_glue [-] workarounds.qemu_monitor_announce_self_interval = 1 {{(pid=99017) log_opt_values /opt/stack/data/venv/lib/python3.12/site-packages/oslo_config/cfg.py:3253}}
Aug 02 18:52:32.282239 np0000006314 nova-conductor[99017]: DEBUG cotyledon.oslo_config_glue [-] workarounds.reserve_disk_resource_for_image_cache = False {{(pid=99017) log_opt_values /opt/stack/data/venv/lib/python3.12/site-packages/oslo_config/cfg.py:3253}}
Aug 02 18:52:32.282239 np0000006314 nova-conductor[99017]: DEBUG cotyledon.oslo_config_glue [-] workarounds.skip_cpu_compare_at_startup = False {{(pid=99017) log_opt_values /opt/stack/data/venv/lib/python3.12/site-packages/oslo_config/cfg.py:3253}}
Aug 02 18:52:32.282239 np0000006314 nova-conductor[99017]: DEBUG cotyledon.oslo_config_glue [-] workarounds.skip_cpu_compare_on_dest = False {{(pid=99017) log_opt_values /opt/stack/data/venv/lib/python3.12/site-packages/oslo_config/cfg.py:3253}}
Aug 02 18:52:32.282239 np0000006314 nova-conductor[99017]: DEBUG cotyledon.oslo_config_glue [-] workarounds.skip_hypervisor_version_check_on_lm = False {{(pid=99017) log_opt_values /opt/stack/data/venv/lib/python3.12/site-packages/oslo_config/cfg.py:3253}}
Aug 02 18:52:32.282416 np0000006314 nova-conductor[99017]: DEBUG cotyledon.oslo_config_glue [-] workarounds.skip_reserve_in_use_ironic_nodes = False {{(pid=99017) log_opt_values /opt/stack/data/venv/lib/python3.12/site-packages/oslo_config/cfg.py:3253}}
Aug 02 18:52:32.282416 np0000006314 nova-conductor[99017]: DEBUG cotyledon.oslo_config_glue [-] workarounds.unified_limits_count_pcpu_as_vcpu = False {{(pid=99017) log_opt_values /opt/stack/data/venv/lib/python3.12/site-packages/oslo_config/cfg.py:3253}}
Aug 02 18:52:32.282416 np0000006314 nova-conductor[99017]: DEBUG cotyledon.oslo_config_glue [-] workarounds.wait_for_vif_plugged_event_during_hard_reboot = [] {{(pid=99017) log_opt_values /opt/stack/data/venv/lib/python3.12/site-packages/oslo_config/cfg.py:3253}}
Aug 02 18:52:32.282416 np0000006314 nova-conductor[99017]: DEBUG cotyledon.oslo_config_glue [-] wsgi.api_paste_config = /etc/nova/api-paste.ini {{(pid=99017) log_opt_values /opt/stack/data/venv/lib/python3.12/site-packages/oslo_config/cfg.py:3253}}
Aug 02 18:52:32.282416 np0000006314 nova-conductor[99017]: DEBUG cotyledon.oslo_config_glue [-] wsgi.secure_proxy_ssl_header = None {{(pid=99017) log_opt_values /opt/stack/data/venv/lib/python3.12/site-packages/oslo_config/cfg.py:3253}}
Aug 02 18:52:32.282416 np0000006314 nova-conductor[99017]: DEBUG cotyledon.oslo_config_glue [-] zvm.ca_file = None {{(pid=99017) log_opt_values /opt/stack/data/venv/lib/python3.12/site-packages/oslo_config/cfg.py:3253}}
Aug 02 18:52:32.282416 np0000006314 nova-conductor[99017]: DEBUG cotyledon.oslo_config_glue [-] zvm.cloud_connector_url = None {{(pid=99017) log_opt_values /opt/stack/data/venv/lib/python3.12/site-packages/oslo_config/cfg.py:3253}}
Aug 02 18:52:32.282416 np0000006314 nova-conductor[99017]: DEBUG cotyledon.oslo_config_glue [-] zvm.image_tmp_path = /opt/stack/data/nova/images {{(pid=99017) log_opt_values /opt/stack/data/venv/lib/python3.12/site-packages/oslo_config/cfg.py:3253}}
Aug 02 18:52:32.282416 np0000006314 nova-conductor[99017]: DEBUG cotyledon.oslo_config_glue [-] zvm.reachable_timeout = 300 {{(pid=99017) log_opt_values /opt/stack/data/venv/lib/python3.12/site-packages/oslo_config/cfg.py:3253}}
Aug 02 18:52:32.282754 np0000006314 nova-conductor[99017]: DEBUG cotyledon.oslo_config_glue [-] oslo_versionedobjects.fatal_exception_format_errors = False {{(pid=99017) log_opt_values /opt/stack/data/venv/lib/python3.12/site-packages/oslo_config/cfg.py:3253}}
Aug 02 18:52:32.282754 np0000006314 nova-conductor[99017]: DEBUG cotyledon.oslo_config_glue [-] oslo_middleware.http_basic_auth_user_file = /etc/htpasswd {{(pid=99017) log_opt_values /opt/stack/data/venv/lib/python3.12/site-packages/oslo_config/cfg.py:3253}}
Aug 02 18:52:32.282754 np0000006314 nova-conductor[99017]: DEBUG cotyledon.oslo_config_glue [-] profiler.connection_string = messaging:// {{(pid=99017) log_opt_values /opt/stack/data/venv/lib/python3.12/site-packages/oslo_config/cfg.py:3253}}
Aug 02 18:52:32.282754 np0000006314 nova-conductor[99017]: DEBUG cotyledon.oslo_config_glue [-] profiler.enabled = False {{(pid=99017) log_opt_values /opt/stack/data/venv/lib/python3.12/site-packages/oslo_config/cfg.py:3253}}
Aug 02 18:52:32.282754 np0000006314 nova-conductor[99017]: DEBUG cotyledon.oslo_config_glue [-] profiler.es_doc_type = notification {{(pid=99017) log_opt_values /opt/stack/data/venv/lib/python3.12/site-packages/oslo_config/cfg.py:3253}}
Aug 02 18:52:32.282754 np0000006314 nova-conductor[99017]: DEBUG cotyledon.oslo_config_glue [-] profiler.es_scroll_size = 10000 {{(pid=99017) log_opt_values /opt/stack/data/venv/lib/python3.12/site-packages/oslo_config/cfg.py:3253}}
Aug 02 18:52:32.282754 np0000006314 nova-conductor[99017]: DEBUG cotyledon.oslo_config_glue [-] profiler.es_scroll_time = 2m {{(pid=99017) log_opt_values /opt/stack/data/venv/lib/python3.12/site-packages/oslo_config/cfg.py:3253}}
Aug 02 18:52:32.282754 np0000006314 nova-conductor[99017]: DEBUG cotyledon.oslo_config_glue [-] profiler.filter_error_trace = False {{(pid=99017) log_opt_values /opt/stack/data/venv/lib/python3.12/site-packages/oslo_config/cfg.py:3253}}
Aug 02 18:52:32.282754 np0000006314 nova-conductor[99017]: DEBUG cotyledon.oslo_config_glue [-] profiler.hmac_keys = **** {{(pid=99017) log_opt_values /opt/stack/data/venv/lib/python3.12/site-packages/oslo_config/cfg.py:3253}}
Aug 02 18:52:32.282927 np0000006314 nova-conductor[99017]: DEBUG cotyledon.oslo_config_glue [-] profiler.sentinel_service_name = mymaster {{(pid=99017) log_opt_values /opt/stack/data/venv/lib/python3.12/site-packages/oslo_config/cfg.py:3253}}
Aug 02 18:52:32.282927 np0000006314 nova-conductor[99017]: DEBUG cotyledon.oslo_config_glue [-] profiler.socket_timeout = 0.1 {{(pid=99017) log_opt_values /opt/stack/data/venv/lib/python3.12/site-packages/oslo_config/cfg.py:3253}}
Aug 02 18:52:32.282927 np0000006314 nova-conductor[99017]: DEBUG cotyledon.oslo_config_glue [-] profiler.trace_requests = False {{(pid=99017) log_opt_values /opt/stack/data/venv/lib/python3.12/site-packages/oslo_config/cfg.py:3253}}
Aug 02 18:52:32.282927 np0000006314 nova-conductor[99017]: DEBUG cotyledon.oslo_config_glue [-] profiler.trace_sqlalchemy = False {{(pid=99017) log_opt_values /opt/stack/data/venv/lib/python3.12/site-packages/oslo_config/cfg.py:3253}}
Aug 02 18:52:32.282927 np0000006314 nova-conductor[99017]: DEBUG cotyledon.oslo_config_glue [-] profiler_jaeger.process_tags = {} {{(pid=99017) log_opt_values /opt/stack/data/venv/lib/python3.12/site-packages/oslo_config/cfg.py:3253}}
Aug 02 18:52:32.282927 np0000006314 nova-conductor[99017]: DEBUG cotyledon.oslo_config_glue [-] profiler_jaeger.service_name_prefix = None {{(pid=99017) log_opt_values /opt/stack/data/venv/lib/python3.12/site-packages/oslo_config/cfg.py:3253}}
Aug 02 18:52:32.282927 np0000006314 nova-conductor[99017]: DEBUG cotyledon.oslo_config_glue [-] profiler_otlp.service_name_prefix = None {{(pid=99017) log_opt_values /opt/stack/data/venv/lib/python3.12/site-packages/oslo_config/cfg.py:3253}}
Aug 02 18:52:32.282927 np0000006314 nova-conductor[99017]: DEBUG cotyledon.oslo_config_glue [-] oslo_messaging_rabbit.amqp_auto_delete = False {{(pid=99017) log_opt_values /opt/stack/data/venv/lib/python3.12/site-packages/oslo_config/cfg.py:3253}}
Aug 02 18:52:32.282927 np0000006314 nova-conductor[99017]: DEBUG cotyledon.oslo_config_glue [-] oslo_messaging_rabbit.amqp_durable_queues = False {{(pid=99017) log_opt_values /opt/stack/data/venv/lib/python3.12/site-packages/oslo_config/cfg.py:3253}}
Aug 02 18:52:32.283105 np0000006314 nova-conductor[99017]: DEBUG cotyledon.oslo_config_glue [-] oslo_messaging_rabbit.conn_pool_min_size = 2 {{(pid=99017) log_opt_values /opt/stack/data/venv/lib/python3.12/site-packages/oslo_config/cfg.py:3253}}
Aug 02 18:52:32.283105 np0000006314 nova-conductor[99017]: DEBUG cotyledon.oslo_config_glue [-] oslo_messaging_rabbit.conn_pool_ttl = 1200 {{(pid=99017) log_opt_values /opt/stack/data/venv/lib/python3.12/site-packages/oslo_config/cfg.py:3253}}
Aug 02 18:52:32.283105 np0000006314 nova-conductor[99017]: DEBUG cotyledon.oslo_config_glue [-] oslo_messaging_rabbit.direct_mandatory_flag = True {{(pid=99017) log_opt_values /opt/stack/data/venv/lib/python3.12/site-packages/oslo_config/cfg.py:3253}}
Aug 02 18:52:32.283105 np0000006314 nova-conductor[99017]: DEBUG cotyledon.oslo_config_glue [-] oslo_messaging_rabbit.enable_cancel_on_failover = False {{(pid=99017) log_opt_values /opt/stack/data/venv/lib/python3.12/site-packages/oslo_config/cfg.py:3253}}
Aug 02 18:52:32.283105 np0000006314 nova-conductor[99017]: DEBUG cotyledon.oslo_config_glue [-] oslo_messaging_rabbit.heartbeat_rate = 3 {{(pid=99017) log_opt_values /opt/stack/data/venv/lib/python3.12/site-packages/oslo_config/cfg.py:3253}}
Aug 02 18:52:32.283105 np0000006314 nova-conductor[99017]: DEBUG cotyledon.oslo_config_glue [-] oslo_messaging_rabbit.heartbeat_timeout_threshold = 60 {{(pid=99017) log_opt_values /opt/stack/data/venv/lib/python3.12/site-packages/oslo_config/cfg.py:3253}}
Aug 02 18:52:32.283105 np0000006314 nova-conductor[99017]: DEBUG cotyledon.oslo_config_glue [-] oslo_messaging_rabbit.hostname = np0000006314 {{(pid=99017) log_opt_values /opt/stack/data/venv/lib/python3.12/site-packages/oslo_config/cfg.py:3253}}
Aug 02 18:52:32.283105 np0000006314 nova-conductor[99017]: DEBUG cotyledon.oslo_config_glue [-] oslo_messaging_rabbit.kombu_compression = None {{(pid=99017) log_opt_values /opt/stack/data/venv/lib/python3.12/site-packages/oslo_config/cfg.py:3253}}
Aug 02 18:52:32.283105 np0000006314 nova-conductor[99017]: DEBUG cotyledon.oslo_config_glue [-] oslo_messaging_rabbit.kombu_failover_strategy = round-robin {{(pid=99017) log_opt_values /opt/stack/data/venv/lib/python3.12/site-packages/oslo_config/cfg.py:3253}}
Aug 02 18:52:32.283288 np0000006314 nova-conductor[99017]: DEBUG cotyledon.oslo_config_glue [-] oslo_messaging_rabbit.kombu_missing_consumer_retry_timeout = 60 {{(pid=99017) log_opt_values /opt/stack/data/venv/lib/python3.12/site-packages/oslo_config/cfg.py:3253}}
Aug 02 18:52:32.283288 np0000006314 nova-conductor[99017]: DEBUG cotyledon.oslo_config_glue [-] oslo_messaging_rabbit.kombu_reconnect_delay = 1.0 {{(pid=99017) log_opt_values /opt/stack/data/venv/lib/python3.12/site-packages/oslo_config/cfg.py:3253}}
Aug 02 18:52:32.283288 np0000006314 nova-conductor[99017]: DEBUG cotyledon.oslo_config_glue [-] oslo_messaging_rabbit.kombu_reconnect_splay = 0.0 {{(pid=99017) log_opt_values /opt/stack/data/venv/lib/python3.12/site-packages/oslo_config/cfg.py:3253}}
Aug 02 18:52:32.283288 np0000006314 nova-conductor[99017]: DEBUG cotyledon.oslo_config_glue [-] oslo_messaging_rabbit.processname = nova-conductor {{(pid=99017) log_opt_values /opt/stack/data/venv/lib/python3.12/site-packages/oslo_config/cfg.py:3253}}
Aug 02 18:52:32.283288 np0000006314 nova-conductor[99017]: DEBUG cotyledon.oslo_config_glue [-] oslo_messaging_rabbit.rabbit_ha_queues = False {{(pid=99017) log_opt_values /opt/stack/data/venv/lib/python3.12/site-packages/oslo_config/cfg.py:3253}}
Aug 02 18:52:32.283288 np0000006314 nova-conductor[99017]: DEBUG cotyledon.oslo_config_glue [-] oslo_messaging_rabbit.rabbit_interval_max = 30 {{(pid=99017) log_opt_values /opt/stack/data/venv/lib/python3.12/site-packages/oslo_config/cfg.py:3253}}
Aug 02 18:52:32.283288 np0000006314 nova-conductor[99017]: DEBUG cotyledon.oslo_config_glue [-] oslo_messaging_rabbit.rabbit_login_method = AMQPLAIN {{(pid=99017) log_opt_values /opt/stack/data/venv/lib/python3.12/site-packages/oslo_config/cfg.py:3253}}
Aug 02 18:52:32.283288 np0000006314 nova-conductor[99017]: DEBUG cotyledon.oslo_config_glue [-] oslo_messaging_rabbit.rabbit_qos_prefetch_count = 0 {{(pid=99017) log_opt_values /opt/stack/data/venv/lib/python3.12/site-packages/oslo_config/cfg.py:3253}}
Aug 02 18:52:32.283288 np0000006314 nova-conductor[99017]: DEBUG cotyledon.oslo_config_glue [-] oslo_messaging_rabbit.rabbit_quorum_delivery_limit = 0 {{(pid=99017) log_opt_values /opt/stack/data/venv/lib/python3.12/site-packages/oslo_config/cfg.py:3253}}
Aug 02 18:52:32.283456 np0000006314 nova-conductor[99017]: DEBUG cotyledon.oslo_config_glue [-] oslo_messaging_rabbit.rabbit_quorum_max_memory_bytes = 0 {{(pid=99017) log_opt_values /opt/stack/data/venv/lib/python3.12/site-packages/oslo_config/cfg.py:3253}}
Aug 02 18:52:32.283456 np0000006314 nova-conductor[99017]: DEBUG cotyledon.oslo_config_glue [-] oslo_messaging_rabbit.rabbit_quorum_max_memory_length = 0 {{(pid=99017) log_opt_values /opt/stack/data/venv/lib/python3.12/site-packages/oslo_config/cfg.py:3253}}
Aug 02 18:52:32.283456 np0000006314 nova-conductor[99017]: DEBUG cotyledon.oslo_config_glue [-] oslo_messaging_rabbit.rabbit_quorum_queue = False {{(pid=99017) log_opt_values /opt/stack/data/venv/lib/python3.12/site-packages/oslo_config/cfg.py:3253}}
Aug 02 18:52:32.283456 np0000006314 nova-conductor[99017]: DEBUG cotyledon.oslo_config_glue [-] oslo_messaging_rabbit.rabbit_retry_backoff = 2 {{(pid=99017) log_opt_values /opt/stack/data/venv/lib/python3.12/site-packages/oslo_config/cfg.py:3253}}
Aug 02 18:52:32.283456 np0000006314 nova-conductor[99017]: DEBUG cotyledon.oslo_config_glue [-] oslo_messaging_rabbit.rabbit_retry_interval = 1 {{(pid=99017) log_opt_values /opt/stack/data/venv/lib/python3.12/site-packages/oslo_config/cfg.py:3253}}
Aug 02 18:52:32.283456 np0000006314 nova-conductor[99017]: DEBUG cotyledon.oslo_config_glue [-] oslo_messaging_rabbit.rabbit_stream_fanout = False {{(pid=99017) log_opt_values /opt/stack/data/venv/lib/python3.12/site-packages/oslo_config/cfg.py:3253}}
Aug 02 18:52:32.283456 np0000006314 nova-conductor[99017]: DEBUG cotyledon.oslo_config_glue [-] oslo_messaging_rabbit.rabbit_transient_queues_ttl = 1800 {{(pid=99017) log_opt_values /opt/stack/data/venv/lib/python3.12/site-packages/oslo_config/cfg.py:3253}}
Aug 02 18:52:32.283456 np0000006314 nova-conductor[99017]: DEBUG cotyledon.oslo_config_glue [-] oslo_messaging_rabbit.rabbit_transient_quorum_queue = False {{(pid=99017) log_opt_values /opt/stack/data/venv/lib/python3.12/site-packages/oslo_config/cfg.py:3253}}
Aug 02 18:52:32.283731 np0000006314 nova-conductor[99017]: DEBUG cotyledon.oslo_config_glue [-] oslo_messaging_rabbit.rpc_conn_pool_size = 30 {{(pid=99017) log_opt_values /opt/stack/data/venv/lib/python3.12/site-packages/oslo_config/cfg.py:3253}}
Aug 02 18:52:32.283731 np0000006314 nova-conductor[99017]: DEBUG cotyledon.oslo_config_glue [-] oslo_messaging_rabbit.ssl = False {{(pid=99017) log_opt_values /opt/stack/data/venv/lib/python3.12/site-packages/oslo_config/cfg.py:3253}}
Aug 02 18:52:32.283731 np0000006314 nova-conductor[99017]: DEBUG cotyledon.oslo_config_glue [-] oslo_messaging_rabbit.ssl_ca_file = {{(pid=99017) log_opt_values /opt/stack/data/venv/lib/python3.12/site-packages/oslo_config/cfg.py:3253}}
Aug 02 18:52:32.283731 np0000006314 nova-conductor[99017]: DEBUG cotyledon.oslo_config_glue [-] oslo_messaging_rabbit.ssl_cert_file = {{(pid=99017) log_opt_values /opt/stack/data/venv/lib/python3.12/site-packages/oslo_config/cfg.py:3253}}
Aug 02 18:52:32.283731 np0000006314 nova-conductor[99017]: DEBUG cotyledon.oslo_config_glue [-] oslo_messaging_rabbit.ssl_enforce_fips_mode = False {{(pid=99017) log_opt_values /opt/stack/data/venv/lib/python3.12/site-packages/oslo_config/cfg.py:3253}}
Aug 02 18:52:32.283731 np0000006314 nova-conductor[99017]: DEBUG cotyledon.oslo_config_glue [-] oslo_messaging_rabbit.ssl_enforce_hostname_verification = True {{(pid=99017) log_opt_values /opt/stack/data/venv/lib/python3.12/site-packages/oslo_config/cfg.py:3253}}
Aug 02 18:52:32.283731 np0000006314 nova-conductor[99017]: DEBUG cotyledon.oslo_config_glue [-] oslo_messaging_rabbit.ssl_key_file = {{(pid=99017) log_opt_values /opt/stack/data/venv/lib/python3.12/site-packages/oslo_config/cfg.py:3253}}
Aug 02 18:52:32.283731 np0000006314 nova-conductor[99017]: DEBUG cotyledon.oslo_config_glue [-] oslo_messaging_rabbit.ssl_version = {{(pid=99017) log_opt_values /opt/stack/data/venv/lib/python3.12/site-packages/oslo_config/cfg.py:3253}}
Aug 02 18:52:32.283731 np0000006314 nova-conductor[99017]: DEBUG cotyledon.oslo_config_glue [-] oslo_messaging_rabbit.use_queue_manager = False {{(pid=99017) log_opt_values /opt/stack/data/venv/lib/python3.12/site-packages/oslo_config/cfg.py:3253}}
Aug 02 18:52:32.283961 np0000006314 nova-conductor[99017]: DEBUG cotyledon.oslo_config_glue [-] oslo_messaging_notifications.driver = ['messagingv2'] {{(pid=99017) log_opt_values /opt/stack/data/venv/lib/python3.12/site-packages/oslo_config/cfg.py:3253}}
Aug 02 18:52:32.283961 np0000006314 nova-conductor[99017]: DEBUG cotyledon.oslo_config_glue [-] oslo_messaging_notifications.retry = -1 {{(pid=99017) log_opt_values /opt/stack/data/venv/lib/python3.12/site-packages/oslo_config/cfg.py:3253}}
Aug 02 18:52:32.283961 np0000006314 nova-conductor[99017]: DEBUG cotyledon.oslo_config_glue [-] oslo_messaging_notifications.topics = ['notifications'] {{(pid=99017) log_opt_values /opt/stack/data/venv/lib/python3.12/site-packages/oslo_config/cfg.py:3253}}
Aug 02 18:52:32.283961 np0000006314 nova-conductor[99017]: DEBUG cotyledon.oslo_config_glue [-] oslo_messaging_notifications.transport_url = **** {{(pid=99017) log_opt_values /opt/stack/data/venv/lib/python3.12/site-packages/oslo_config/cfg.py:3253}}
Aug 02 18:52:32.283961 np0000006314 nova-conductor[99017]: DEBUG cotyledon.oslo_config_glue [-] oslo_limit.auth_section = None {{(pid=99017) log_opt_values /opt/stack/data/venv/lib/python3.12/site-packages/oslo_config/cfg.py:3253}}
Aug 02 18:52:32.283961 np0000006314 nova-conductor[99017]: DEBUG cotyledon.oslo_config_glue [-] oslo_limit.auth_type = None {{(pid=99017) log_opt_values /opt/stack/data/venv/lib/python3.12/site-packages/oslo_config/cfg.py:3253}}
Aug 02 18:52:32.283961 np0000006314 nova-conductor[99017]: DEBUG cotyledon.oslo_config_glue [-] oslo_limit.cafile = None {{(pid=99017) log_opt_values /opt/stack/data/venv/lib/python3.12/site-packages/oslo_config/cfg.py:3253}}
Aug 02 18:52:32.283961 np0000006314 nova-conductor[99017]: DEBUG cotyledon.oslo_config_glue [-] oslo_limit.certfile = None {{(pid=99017) log_opt_values /opt/stack/data/venv/lib/python3.12/site-packages/oslo_config/cfg.py:3253}}
Aug 02 18:52:32.283961 np0000006314 nova-conductor[99017]: DEBUG cotyledon.oslo_config_glue [-] oslo_limit.collect_timing = False {{(pid=99017) log_opt_values /opt/stack/data/venv/lib/python3.12/site-packages/oslo_config/cfg.py:3253}}
Aug 02 18:52:32.284157 np0000006314 nova-conductor[99017]: DEBUG cotyledon.oslo_config_glue [-] oslo_limit.connect_retries = None {{(pid=99017) log_opt_values /opt/stack/data/venv/lib/python3.12/site-packages/oslo_config/cfg.py:3253}}
Aug 02 18:52:32.284157 np0000006314 nova-conductor[99017]: DEBUG cotyledon.oslo_config_glue [-] oslo_limit.connect_retry_delay = None {{(pid=99017) log_opt_values /opt/stack/data/venv/lib/python3.12/site-packages/oslo_config/cfg.py:3253}}
Aug 02 18:52:32.284157 np0000006314 nova-conductor[99017]: DEBUG cotyledon.oslo_config_glue [-] oslo_limit.endpoint_id = None {{(pid=99017) log_opt_values /opt/stack/data/venv/lib/python3.12/site-packages/oslo_config/cfg.py:3253}}
Aug 02 18:52:32.284157 np0000006314 nova-conductor[99017]: DEBUG cotyledon.oslo_config_glue [-] oslo_limit.endpoint_interface = public {{(pid=99017) log_opt_values /opt/stack/data/venv/lib/python3.12/site-packages/oslo_config/cfg.py:3253}}
Aug 02 18:52:32.284157 np0000006314 nova-conductor[99017]: DEBUG cotyledon.oslo_config_glue [-] oslo_limit.endpoint_override = None {{(pid=99017) log_opt_values /opt/stack/data/venv/lib/python3.12/site-packages/oslo_config/cfg.py:3253}}
Aug 02 18:52:32.284157 np0000006314 nova-conductor[99017]: DEBUG cotyledon.oslo_config_glue [-] oslo_limit.endpoint_region_name = None {{(pid=99017) log_opt_values /opt/stack/data/venv/lib/python3.12/site-packages/oslo_config/cfg.py:3253}}
Aug 02 18:52:32.284157 np0000006314 nova-conductor[99017]: DEBUG cotyledon.oslo_config_glue [-] oslo_limit.endpoint_service_name = None {{(pid=99017) log_opt_values /opt/stack/data/venv/lib/python3.12/site-packages/oslo_config/cfg.py:3253}}
Aug 02 18:52:32.284157 np0000006314 nova-conductor[99017]: DEBUG cotyledon.oslo_config_glue [-] oslo_limit.endpoint_service_type = None {{(pid=99017) log_opt_values /opt/stack/data/venv/lib/python3.12/site-packages/oslo_config/cfg.py:3253}}
Aug 02 18:52:32.284157 np0000006314 nova-conductor[99017]: DEBUG cotyledon.oslo_config_glue [-] oslo_limit.insecure = False {{(pid=99017) log_opt_values /opt/stack/data/venv/lib/python3.12/site-packages/oslo_config/cfg.py:3253}}
Aug 02 18:52:32.284350 np0000006314 nova-conductor[99017]: DEBUG cotyledon.oslo_config_glue [-] oslo_limit.keyfile = None {{(pid=99017) log_opt_values /opt/stack/data/venv/lib/python3.12/site-packages/oslo_config/cfg.py:3253}}
Aug 02 18:52:32.284350 np0000006314 nova-conductor[99017]: DEBUG cotyledon.oslo_config_glue [-] oslo_limit.max_version = None {{(pid=99017) log_opt_values /opt/stack/data/venv/lib/python3.12/site-packages/oslo_config/cfg.py:3253}}
Aug 02 18:52:32.284350 np0000006314 nova-conductor[99017]: DEBUG cotyledon.oslo_config_glue [-] oslo_limit.min_version = None {{(pid=99017) log_opt_values /opt/stack/data/venv/lib/python3.12/site-packages/oslo_config/cfg.py:3253}}
Aug 02 18:52:32.284350 np0000006314 nova-conductor[99017]: DEBUG cotyledon.oslo_config_glue [-] oslo_limit.region_name = None {{(pid=99017) log_opt_values /opt/stack/data/venv/lib/python3.12/site-packages/oslo_config/cfg.py:3253}}
Aug 02 18:52:32.284350 np0000006314 nova-conductor[99017]: DEBUG cotyledon.oslo_config_glue [-] oslo_limit.retriable_status_codes = None {{(pid=99017) log_opt_values /opt/stack/data/venv/lib/python3.12/site-packages/oslo_config/cfg.py:3253}}
Aug 02 18:52:32.284350 np0000006314 nova-conductor[99017]: DEBUG cotyledon.oslo_config_glue [-] oslo_limit.service_name = None {{(pid=99017) log_opt_values /opt/stack/data/venv/lib/python3.12/site-packages/oslo_config/cfg.py:3253}}
Aug 02 18:52:32.284350 np0000006314 nova-conductor[99017]: DEBUG cotyledon.oslo_config_glue [-] oslo_limit.service_type = None {{(pid=99017) log_opt_values /opt/stack/data/venv/lib/python3.12/site-packages/oslo_config/cfg.py:3253}}
Aug 02 18:52:32.284350 np0000006314 nova-conductor[99017]: DEBUG cotyledon.oslo_config_glue [-] oslo_limit.split_loggers = False {{(pid=99017) log_opt_values /opt/stack/data/venv/lib/python3.12/site-packages/oslo_config/cfg.py:3253}}
Aug 02 18:52:32.284350 np0000006314 nova-conductor[99017]: DEBUG cotyledon.oslo_config_glue [-] oslo_limit.status_code_retries = None {{(pid=99017) log_opt_values /opt/stack/data/venv/lib/python3.12/site-packages/oslo_config/cfg.py:3253}}
Aug 02 18:52:32.284586 np0000006314 nova-conductor[99017]: DEBUG cotyledon.oslo_config_glue [-] oslo_limit.status_code_retry_delay = None {{(pid=99017) log_opt_values /opt/stack/data/venv/lib/python3.12/site-packages/oslo_config/cfg.py:3253}}
Aug 02 18:52:32.284586 np0000006314 nova-conductor[99017]: DEBUG cotyledon.oslo_config_glue [-] oslo_limit.timeout = None {{(pid=99017) log_opt_values /opt/stack/data/venv/lib/python3.12/site-packages/oslo_config/cfg.py:3253}}
Aug 02 18:52:32.284586 np0000006314 nova-conductor[99017]: DEBUG cotyledon.oslo_config_glue [-] oslo_limit.valid_interfaces = None {{(pid=99017) log_opt_values /opt/stack/data/venv/lib/python3.12/site-packages/oslo_config/cfg.py:3253}}
Aug 02 18:52:32.284586 np0000006314 nova-conductor[99017]: DEBUG cotyledon.oslo_config_glue [-] oslo_limit.version = None {{(pid=99017) log_opt_values /opt/stack/data/venv/lib/python3.12/site-packages/oslo_config/cfg.py:3253}}
Aug 02 18:52:32.284586 np0000006314 nova-conductor[99017]: DEBUG cotyledon.oslo_config_glue [-] oslo_reports.file_event_handler = None {{(pid=99017) log_opt_values /opt/stack/data/venv/lib/python3.12/site-packages/oslo_config/cfg.py:3253}}
Aug 02 18:52:32.284586 np0000006314 nova-conductor[99017]: DEBUG cotyledon.oslo_config_glue [-] oslo_reports.file_event_handler_interval = 1 {{(pid=99017) log_opt_values /opt/stack/data/venv/lib/python3.12/site-packages/oslo_config/cfg.py:3253}}
Aug 02 18:52:32.284586 np0000006314 nova-conductor[99017]: DEBUG cotyledon.oslo_config_glue [-] oslo_reports.log_dir = None {{(pid=99017) log_opt_values /opt/stack/data/venv/lib/python3.12/site-packages/oslo_config/cfg.py:3253}}
Aug 02 18:52:32.284586 np0000006314 nova-conductor[99017]: DEBUG cotyledon.oslo_config_glue [-] ******************************************************************************** {{(pid=99017) log_opt_values /opt/stack/data/venv/lib/python3.12/site-packages/oslo_config/cfg.py:3260}}
Aug 02 18:52:32.284586 np0000006314 nova-conductor[99017]: DEBUG cotyledon._service_worker [-] Run service ServiceWrapper(3) [99017] {{(pid=99017) wait_forever /opt/stack/data/venv/lib/python3.12/site-packages/cotyledon/_service_worker.py:218}}
Aug 02 18:52:32.284792 np0000006314 nova-conductor[99017]: INFO nova.service [-] Starting conductor node (version 33.1.0)
Aug 02 18:52:32.284792 np0000006314 nova-conductor[99017]: INFO dbcounter [None req-b2c01f22-e998-44dd-af11-bc3d31d36114 None None] Registered counter for database nova_cell0
Aug 02 18:52:32.284834 np0000006314 nova-conductor[98992]: DEBUG oslo_db.sqlalchemy.engines [None req-3e9a8671-dc0b-4392-bcde-81ce90a92dd8 None None] MySQL server mode set to STRICT_TRANS_TABLES,STRICT_ALL_TABLES,NO_ZERO_IN_DATE,NO_ZERO_DATE,ERROR_FOR_DIVISION_BY_ZERO,TRADITIONAL,NO_ENGINE_SUBSTITUTION {{(pid=98992) _check_effective_sql_mode /opt/stack/data/venv/lib/python3.12/site-packages/oslo_db/sqlalchemy/engines.py:325}}
Aug 02 18:52:32.289730 np0000006314 nova-conductor[99003]: DEBUG oslo_db.sqlalchemy.engines [None req-e092f25f-fbc5-4529-bca2-c1b294a8bc2d None None] MySQL server mode set to STRICT_TRANS_TABLES,STRICT_ALL_TABLES,NO_ZERO_IN_DATE,NO_ZERO_DATE,ERROR_FOR_DIVISION_BY_ZERO,TRADITIONAL,NO_ENGINE_SUBSTITUTION {{(pid=99003) _check_effective_sql_mode /opt/stack/data/venv/lib/python3.12/site-packages/oslo_db/sqlalchemy/engines.py:325}}
Aug 02 18:52:32.291950 np0000006314 nova-conductor[98992]: DEBUG dbcounter [-] [98992] Writer thread running {{(pid=98992) stat_writer /opt/stack/data/venv/lib/python3.12/site-packages/dbcounter.py:102}}
Aug 02 18:52:32.297095 np0000006314 nova-conductor[98996]: DEBUG oslo_db.sqlalchemy.engines [None req-7464cad8-134b-4aa4-b7a3-66913d25bedb None None] MySQL server mode set to STRICT_TRANS_TABLES,STRICT_ALL_TABLES,NO_ZERO_IN_DATE,NO_ZERO_DATE,ERROR_FOR_DIVISION_BY_ZERO,TRADITIONAL,NO_ENGINE_SUBSTITUTION {{(pid=98996) _check_effective_sql_mode /opt/stack/data/venv/lib/python3.12/site-packages/oslo_db/sqlalchemy/engines.py:325}}
Aug 02 18:52:32.299529 np0000006314 nova-conductor[99003]: DEBUG dbcounter [-] [99003] Writer thread running {{(pid=99003) stat_writer /opt/stack/data/venv/lib/python3.12/site-packages/dbcounter.py:102}}
Aug 02 18:52:32.306136 np0000006314 nova-conductor[98996]: DEBUG dbcounter [-] [98996] Writer thread running {{(pid=98996) stat_writer /opt/stack/data/venv/lib/python3.12/site-packages/dbcounter.py:102}}
Aug 02 18:52:32.306864 np0000006314 nova-conductor[98992]: DEBUG nova.service [None req-3e9a8671-dc0b-4392-bcde-81ce90a92dd8 None None] Creating RPC server for service: nova-conductor on topic: conductor {{(pid=98992) start /opt/stack/nova/nova/service.py:196}}
Aug 02 18:52:32.308710 np0000006314 nova-conductor[98996]: DEBUG nova.service [None req-7464cad8-134b-4aa4-b7a3-66913d25bedb None None] Creating RPC server for service: nova-conductor on topic: conductor {{(pid=98996) start /opt/stack/nova/nova/service.py:196}}
Aug 02 18:52:32.314957 np0000006314 nova-conductor[99003]: DEBUG nova.service [None req-e092f25f-fbc5-4529-bca2-c1b294a8bc2d None None] Creating RPC server for service: nova-conductor on topic: conductor {{(pid=99003) start /opt/stack/nova/nova/service.py:196}}
Aug 02 18:52:32.315054 np0000006314 nova-conductor[99017]: DEBUG oslo_db.sqlalchemy.engines [None req-b2c01f22-e998-44dd-af11-bc3d31d36114 None None] MySQL server mode set to STRICT_TRANS_TABLES,STRICT_ALL_TABLES,NO_ZERO_IN_DATE,NO_ZERO_DATE,ERROR_FOR_DIVISION_BY_ZERO,TRADITIONAL,NO_ENGINE_SUBSTITUTION {{(pid=99017) _check_effective_sql_mode /opt/stack/data/venv/lib/python3.12/site-packages/oslo_db/sqlalchemy/engines.py:325}}
Aug 02 18:52:32.326292 np0000006314 nova-conductor[99017]: DEBUG dbcounter [-] [99017] Writer thread running {{(pid=99017) stat_writer /opt/stack/data/venv/lib/python3.12/site-packages/dbcounter.py:102}}
Aug 02 18:52:32.328794 np0000006314 nova-conductor[99017]: DEBUG nova.service [None req-b2c01f22-e998-44dd-af11-bc3d31d36114 None None] Creating RPC server for service: nova-conductor on topic: conductor {{(pid=99017) start /opt/stack/nova/nova/service.py:196}}
Aug 02 18:52:32.329257 np0000006314 nova-conductor[98992]: DEBUG nova.service [None req-3e9a8671-dc0b-4392-bcde-81ce90a92dd8 None None] Join ServiceGroup membership for this service conductor {{(pid=98992) start /opt/stack/nova/nova/service.py:222}}
Aug 02 18:52:32.329438 np0000006314 nova-conductor[98992]: DEBUG nova.servicegroup.drivers.db [None req-3e9a8671-dc0b-4392-bcde-81ce90a92dd8 None None] DB_Driver: join new ServiceGroup member np0000006314 to the conductor group, service = {{(pid=98992) join /opt/stack/nova/nova/servicegroup/drivers/db.py:44}}
Aug 02 18:52:32.329541 np0000006314 nova-conductor[98996]: DEBUG nova.service [None req-7464cad8-134b-4aa4-b7a3-66913d25bedb None None] Join ServiceGroup membership for this service conductor {{(pid=98996) start /opt/stack/nova/nova/service.py:222}}
Aug 02 18:52:32.329718 np0000006314 nova-conductor[98996]: DEBUG nova.servicegroup.drivers.db [None req-7464cad8-134b-4aa4-b7a3-66913d25bedb None None] DB_Driver: join new ServiceGroup member np0000006314 to the conductor group, service = {{(pid=98996) join /opt/stack/nova/nova/servicegroup/drivers/db.py:44}}
Aug 02 18:52:32.332323 np0000006314 nova-conductor[99003]: DEBUG nova.service [None req-e092f25f-fbc5-4529-bca2-c1b294a8bc2d None None] Join ServiceGroup membership for this service conductor {{(pid=99003) start /opt/stack/nova/nova/service.py:222}}
Aug 02 18:52:32.332530 np0000006314 nova-conductor[99003]: DEBUG nova.servicegroup.drivers.db [None req-e092f25f-fbc5-4529-bca2-c1b294a8bc2d None None] DB_Driver: join new ServiceGroup member np0000006314 to the conductor group, service = {{(pid=99003) join /opt/stack/nova/nova/servicegroup/drivers/db.py:44}}
Aug 02 18:52:32.345256 np0000006314 nova-conductor[99017]: DEBUG nova.service [None req-b2c01f22-e998-44dd-af11-bc3d31d36114 None None] Join ServiceGroup membership for this service conductor {{(pid=99017) start /opt/stack/nova/nova/service.py:222}}
Aug 02 18:52:32.345445 np0000006314 nova-conductor[99017]: DEBUG nova.servicegroup.drivers.db [None req-b2c01f22-e998-44dd-af11-bc3d31d36114 None None] DB_Driver: join new ServiceGroup member np0000006314 to the conductor group, service = {{(pid=99017) join /opt/stack/nova/nova/servicegroup/drivers/db.py:44}}
Aug 02 18:52:37.343478 np0000006314 nova-conductor[98996]: DEBUG oslo.service.backend._threading.loopingcall [-] Fixed interval looping call 'nova.servicegroup.drivers.db.DbDriver._report_state' sleeping for 119.99 seconds {{(pid=98996) _run_loop /opt/stack/data/venv/lib/python3.12/site-packages/oslo_service/backend/_threading/loopingcall.py:125}}
Aug 02 18:52:37.344048 np0000006314 nova-conductor[98992]: DEBUG oslo.service.backend._threading.loopingcall [-] Fixed interval looping call 'nova.servicegroup.drivers.db.DbDriver._report_state' sleeping for 119.99 seconds {{(pid=98992) _run_loop /opt/stack/data/venv/lib/python3.12/site-packages/oslo_service/backend/_threading/loopingcall.py:125}}
Aug 02 18:52:37.346404 np0000006314 nova-conductor[99003]: DEBUG oslo.service.backend._threading.loopingcall [-] Fixed interval looping call 'nova.servicegroup.drivers.db.DbDriver._report_state' sleeping for 119.99 seconds {{(pid=99003) _run_loop /opt/stack/data/venv/lib/python3.12/site-packages/oslo_service/backend/_threading/loopingcall.py:125}}
Aug 02 18:52:37.354514 np0000006314 nova-conductor[99017]: DEBUG oslo.service.backend._threading.loopingcall [-] Fixed interval looping call 'nova.servicegroup.drivers.db.DbDriver._report_state' sleeping for 119.99 seconds {{(pid=99017) _run_loop /opt/stack/data/venv/lib/python3.12/site-packages/oslo_service/backend/_threading/loopingcall.py:125}}
Aug 02 18:52:40.924694 np0000006314 nova-conductor[97550]: DEBUG dbcounter [-] [97550] Writing DB stats nova_api:SELECT=1 {{(pid=97550) stat_writer /opt/stack/data/venv/lib/python3.12/site-packages/dbcounter.py:115}}
Aug 02 18:52:41.044090 np0000006314 nova-conductor[97550]: DEBUG dbcounter [-] [97550] Writing DB stats nova_cell0:SELECT=1 {{(pid=97550) stat_writer /opt/stack/data/venv/lib/python3.12/site-packages/dbcounter.py:115}}
Aug 02 18:52:41.054464 np0000006314 nova-conductor[97550]: DEBUG dbcounter [-] [97550] Writing DB stats nova_cell1:SELECT=1 {{(pid=97550) stat_writer /opt/stack/data/venv/lib/python3.12/site-packages/dbcounter.py:115}}
Aug 02 18:52:42.331295 np0000006314 nova-conductor[98992]: DEBUG oslo.service.backend._threading.loopingcall [None req-86e3ed4d-3c1a-43a5-b8b7-245489023b20 None None] Dynamic interval looping call 'nova.service.Service.periodic_tasks' sleeping for 60.00 seconds {{(pid=98992) _run_loop /opt/stack/data/venv/lib/python3.12/site-packages/oslo_service/backend/_threading/loopingcall.py:125}}
Aug 02 18:52:43.334749 np0000006314 nova-conductor[99003]: DEBUG oslo.service.backend._threading.loopingcall [None req-2daf94a5-136d-44e7-b86d-f22562dbe676 None None] Dynamic interval looping call 'nova.service.Service.periodic_tasks' sleeping for 60.00 seconds {{(pid=99003) _run_loop /opt/stack/data/venv/lib/python3.12/site-packages/oslo_service/backend/_threading/loopingcall.py:125}}
Aug 02 18:52:47.338687 np0000006314 nova-conductor[98992]: DEBUG dbcounter [-] [98992] Writing DB stats nova_cell0:SELECT=4,nova_cell0:INSERT=1,nova_cell0:UPDATE=1 {{(pid=98992) stat_writer /opt/stack/data/venv/lib/python3.12/site-packages/dbcounter.py:115}}
Aug 02 18:52:47.341963 np0000006314 nova-conductor[98996]: DEBUG dbcounter [-] [98996] Writing DB stats nova_cell0:SELECT=3,nova_cell0:UPDATE=1 {{(pid=98996) stat_writer /opt/stack/data/venv/lib/python3.12/site-packages/dbcounter.py:115}}
Aug 02 18:52:47.345120 np0000006314 nova-conductor[99003]: DEBUG dbcounter [-] [99003] Writing DB stats nova_cell0:SELECT=5,nova_cell0:INSERT=1,nova_cell0:UPDATE=1 {{(pid=99003) stat_writer /opt/stack/data/venv/lib/python3.12/site-packages/dbcounter.py:115}}
Aug 02 18:52:47.352206 np0000006314 nova-conductor[99017]: DEBUG dbcounter [-] [99017] Writing DB stats nova_cell0:SELECT=3 {{(pid=99017) stat_writer /opt/stack/data/venv/lib/python3.12/site-packages/dbcounter.py:115}}
Aug 02 18:53:17.331891 np0000006314 nova-conductor[98996]: DEBUG oslo.service.backend._threading.loopingcall [None req-af87c3a9-7c85-4f18-862a-d98b38b82b3a None None] Dynamic interval looping call 'nova.service.Service.periodic_tasks' sleeping for 60.00 seconds {{(pid=98996) _run_loop /opt/stack/data/venv/lib/python3.12/site-packages/oslo_service/backend/_threading/loopingcall.py:125}}
Aug 02 18:53:20.347186 np0000006314 nova-conductor[99017]: DEBUG oslo.service.backend._threading.loopingcall [None req-f8e8cc1b-e2db-400c-b5fa-2b1caad85b3e None None] Dynamic interval looping call 'nova.service.Service.periodic_tasks' sleeping for 60.00 seconds {{(pid=99017) _run_loop /opt/stack/data/venv/lib/python3.12/site-packages/oslo_service/backend/_threading/loopingcall.py:125}}
Aug 02 18:53:42.331911 np0000006314 nova-conductor[98992]: DEBUG oslo.service.backend._threading.loopingcall [None req-86e3ed4d-3c1a-43a5-b8b7-245489023b20 None None] Dynamic interval looping call 'nova.service.Service.periodic_tasks' sleeping for 60.00 seconds {{(pid=98992) _run_loop /opt/stack/data/venv/lib/python3.12/site-packages/oslo_service/backend/_threading/loopingcall.py:125}}
Aug 02 18:53:43.335096 np0000006314 nova-conductor[99003]: DEBUG oslo.service.backend._threading.loopingcall [None req-2daf94a5-136d-44e7-b86d-f22562dbe676 None None] Dynamic interval looping call 'nova.service.Service.periodic_tasks' sleeping for 60.00 seconds {{(pid=99003) _run_loop /opt/stack/data/venv/lib/python3.12/site-packages/oslo_service/backend/_threading/loopingcall.py:125}}
Aug 02 18:54:17.332375 np0000006314 nova-conductor[98996]: DEBUG oslo.service.backend._threading.loopingcall [None req-af87c3a9-7c85-4f18-862a-d98b38b82b3a None None] Dynamic interval looping call 'nova.service.Service.periodic_tasks' sleeping for 60.00 seconds {{(pid=98996) _run_loop /opt/stack/data/venv/lib/python3.12/site-packages/oslo_service/backend/_threading/loopingcall.py:125}}
Aug 02 18:54:20.347974 np0000006314 nova-conductor[99017]: DEBUG oslo.service.backend._threading.loopingcall [None req-f8e8cc1b-e2db-400c-b5fa-2b1caad85b3e None None] Dynamic interval looping call 'nova.service.Service.periodic_tasks' sleeping for 60.00 seconds {{(pid=99017) _run_loop /opt/stack/data/venv/lib/python3.12/site-packages/oslo_service/backend/_threading/loopingcall.py:125}}
Aug 02 18:54:37.342403 np0000006314 nova-conductor[98996]: DEBUG oslo.service.backend._threading.loopingcall [-] Fixed interval looping call 'nova.servicegroup.drivers.db.DbDriver._report_state' sleeping for 119.99 seconds {{(pid=98996) _run_loop /opt/stack/data/venv/lib/python3.12/site-packages/oslo_service/backend/_threading/loopingcall.py:125}}
Aug 02 18:54:37.348072 np0000006314 nova-conductor[98992]: DEBUG oslo.service.backend._threading.loopingcall [-] Fixed interval looping call 'nova.servicegroup.drivers.db.DbDriver._report_state' sleeping for 119.99 seconds {{(pid=98992) _run_loop /opt/stack/data/venv/lib/python3.12/site-packages/oslo_service/backend/_threading/loopingcall.py:125}}
Aug 02 18:54:37.348552 np0000006314 nova-conductor[99003]: DEBUG oslo.service.backend._threading.loopingcall [-] Fixed interval looping call 'nova.servicegroup.drivers.db.DbDriver._report_state' sleeping for 119.99 seconds {{(pid=99003) _run_loop /opt/stack/data/venv/lib/python3.12/site-packages/oslo_service/backend/_threading/loopingcall.py:125}}
Aug 02 18:54:37.349634 np0000006314 nova-conductor[99017]: DEBUG oslo.service.backend._threading.loopingcall [-] Fixed interval looping call 'nova.servicegroup.drivers.db.DbDriver._report_state' sleeping for 120.00 seconds {{(pid=99017) _run_loop /opt/stack/data/venv/lib/python3.12/site-packages/oslo_service/backend/_threading/loopingcall.py:125}}
Aug 02 18:54:42.332584 np0000006314 nova-conductor[98992]: DEBUG oslo.service.backend._threading.loopingcall [None req-86e3ed4d-3c1a-43a5-b8b7-245489023b20 None None] Dynamic interval looping call 'nova.service.Service.periodic_tasks' sleeping for 60.00 seconds {{(pid=98992) _run_loop /opt/stack/data/venv/lib/python3.12/site-packages/oslo_service/backend/_threading/loopingcall.py:125}}
Aug 02 18:54:43.337010 np0000006314 nova-conductor[99003]: DEBUG oslo.service.backend._threading.loopingcall [None req-2daf94a5-136d-44e7-b86d-f22562dbe676 None None] Dynamic interval looping call 'nova.service.Service.periodic_tasks' sleeping for 60.00 seconds {{(pid=99003) _run_loop /opt/stack/data/venv/lib/python3.12/site-packages/oslo_service/backend/_threading/loopingcall.py:125}}
Aug 02 18:54:47.337763 np0000006314 nova-conductor[98996]: DEBUG dbcounter [-] [98996] Writing DB stats nova_cell0:SELECT=1,nova_cell0:UPDATE=1 {{(pid=98996) stat_writer /opt/stack/data/venv/lib/python3.12/site-packages/dbcounter.py:115}}
Aug 02 18:54:47.338204 np0000006314 nova-conductor[98992]: DEBUG dbcounter [-] [98992] Writing DB stats nova_cell0:SELECT=1,nova_cell0:UPDATE=1 {{(pid=98992) stat_writer /opt/stack/data/venv/lib/python3.12/site-packages/dbcounter.py:115}}
Aug 02 18:54:47.341948 np0000006314 nova-conductor[99003]: DEBUG dbcounter [-] [99003] Writing DB stats nova_cell0:SELECT=1,nova_cell0:UPDATE=1 {{(pid=99003) stat_writer /opt/stack/data/venv/lib/python3.12/site-packages/dbcounter.py:115}}
Aug 02 18:54:47.347903 np0000006314 nova-conductor[99017]: DEBUG dbcounter [-] [99017] Writing DB stats nova_cell0:SELECT=1 {{(pid=99017) stat_writer /opt/stack/data/venv/lib/python3.12/site-packages/dbcounter.py:115}}
Aug 02 18:54:53.328419 np0000006314 nova-conductor[98992]: DEBUG oslo_db.sqlalchemy.engines [None req-34550f92-c3a2-4b14-9f2b-484a1db5b505 tempest-DeleteServersTestJSON-2068797740 tempest-DeleteServersTestJSON-2068797740-project-member] Parent process 97550 forked (98992) with an open database connection, which is being discarded and recreated. {{(pid=98992) checkout /opt/stack/data/venv/lib/python3.12/site-packages/oslo_db/sqlalchemy/engines.py:402}}
Aug 02 18:54:53.387245 np0000006314 nova-conductor[98992]: DEBUG dbcounter [-] [98992] Writer thread running {{(pid=98992) stat_writer /opt/stack/data/venv/lib/python3.12/site-packages/dbcounter.py:102}}
Aug 02 18:54:54.505901 np0000006314 nova-conductor[98992]: DEBUG nova.conductor.manager [None req-34550f92-c3a2-4b14-9f2b-484a1db5b505 tempest-DeleteServersTestJSON-2068797740 tempest-DeleteServersTestJSON-2068797740-project-member] Took 1.11 seconds to select destinations for 1 instance(s). {{(pid=98992) _schedule_instances /opt/stack/nova/nova/conductor/manager.py:968}}
Aug 02 18:54:54.556025 np0000006314 nova-conductor[98992]: DEBUG oslo_concurrency.lockutils [None req-34550f92-c3a2-4b14-9f2b-484a1db5b505 tempest-DeleteServersTestJSON-2068797740 tempest-DeleteServersTestJSON-2068797740-project-member] Acquiring lock "e657a460-5889-4af6-b472-7d36d9439b4c" by "nova.context.set_target_cell..get_or_set_cached_cell_and_set_connections" {{(pid=98992) inner /opt/stack/data/venv/lib/python3.12/site-packages/oslo_concurrency/lockutils.py:512}}
Aug 02 18:54:54.556347 np0000006314 nova-conductor[98992]: DEBUG oslo_concurrency.lockutils [None req-34550f92-c3a2-4b14-9f2b-484a1db5b505 tempest-DeleteServersTestJSON-2068797740 tempest-DeleteServersTestJSON-2068797740-project-member] Lock "e657a460-5889-4af6-b472-7d36d9439b4c" acquired by "nova.context.set_target_cell..get_or_set_cached_cell_and_set_connections" :: waited 0.000s {{(pid=98992) inner /opt/stack/data/venv/lib/python3.12/site-packages/oslo_concurrency/lockutils.py:525}}
Aug 02 18:54:54.558474 np0000006314 nova-conductor[98992]: DEBUG oslo_concurrency.lockutils [None req-34550f92-c3a2-4b14-9f2b-484a1db5b505 tempest-DeleteServersTestJSON-2068797740 tempest-DeleteServersTestJSON-2068797740-project-member] Lock "e657a460-5889-4af6-b472-7d36d9439b4c" "released" by "nova.context.set_target_cell..get_or_set_cached_cell_and_set_connections" :: held 0.002s {{(pid=98992) inner /opt/stack/data/venv/lib/python3.12/site-packages/oslo_concurrency/lockutils.py:544}}
Aug 02 18:54:54.561260 np0000006314 nova-conductor[98992]: INFO dbcounter [None req-34550f92-c3a2-4b14-9f2b-484a1db5b505 tempest-DeleteServersTestJSON-2068797740 tempest-DeleteServersTestJSON-2068797740-project-member] Registered counter for database nova_cell1
Aug 02 18:54:54.613995 np0000006314 nova-conductor[98992]: DEBUG oslo_db.sqlalchemy.engines [None req-34550f92-c3a2-4b14-9f2b-484a1db5b505 tempest-DeleteServersTestJSON-2068797740 tempest-DeleteServersTestJSON-2068797740-project-member] MySQL server mode set to STRICT_TRANS_TABLES,STRICT_ALL_TABLES,NO_ZERO_IN_DATE,NO_ZERO_DATE,ERROR_FOR_DIVISION_BY_ZERO,TRADITIONAL,NO_ENGINE_SUBSTITUTION {{(pid=98992) _check_effective_sql_mode /opt/stack/data/venv/lib/python3.12/site-packages/oslo_db/sqlalchemy/engines.py:325}}
Aug 02 18:54:54.623737 np0000006314 nova-conductor[98992]: DEBUG dbcounter [-] [98992] Writer thread running {{(pid=98992) stat_writer /opt/stack/data/venv/lib/python3.12/site-packages/dbcounter.py:102}}
Aug 02 18:54:54.702264 np0000006314 nova-conductor[98992]: INFO nova.utils [None req-34550f92-c3a2-4b14-9f2b-484a1db5b505 tempest-DeleteServersTestJSON-2068797740 tempest-DeleteServersTestJSON-2068797740-project-member] The cell worker thread pool ForkProcess-1.cell_worker is initialized
Aug 02 18:54:54.702651 np0000006314 nova-conductor[98992]: DEBUG oslo_concurrency.lockutils [None req-34550f92-c3a2-4b14-9f2b-484a1db5b505 tempest-DeleteServersTestJSON-2068797740 tempest-DeleteServersTestJSON-2068797740-project-member] Acquiring lock "00000000-0000-0000-0000-000000000000" by "nova.context.set_target_cell..get_or_set_cached_cell_and_set_connections" {{(pid=98992) inner /opt/stack/data/venv/lib/python3.12/site-packages/oslo_concurrency/lockutils.py:512}}
Aug 02 18:54:54.702883 np0000006314 nova-conductor[98992]: DEBUG oslo_concurrency.lockutils [None req-34550f92-c3a2-4b14-9f2b-484a1db5b505 tempest-DeleteServersTestJSON-2068797740 tempest-DeleteServersTestJSON-2068797740-project-member] Lock "00000000-0000-0000-0000-000000000000" acquired by "nova.context.set_target_cell..get_or_set_cached_cell_and_set_connections" :: waited 0.000s {{(pid=98992) inner /opt/stack/data/venv/lib/python3.12/site-packages/oslo_concurrency/lockutils.py:525}}
Aug 02 18:54:54.703392 np0000006314 nova-conductor[98992]: DEBUG oslo_concurrency.lockutils [None req-34550f92-c3a2-4b14-9f2b-484a1db5b505 tempest-DeleteServersTestJSON-2068797740 tempest-DeleteServersTestJSON-2068797740-project-member] Lock "00000000-0000-0000-0000-000000000000" "released" by "nova.context.set_target_cell..get_or_set_cached_cell_and_set_connections" :: held 0.001s {{(pid=98992) inner /opt/stack/data/venv/lib/python3.12/site-packages/oslo_concurrency/lockutils.py:544}}
Aug 02 18:54:54.704395 np0000006314 nova-conductor[98992]: DEBUG oslo_concurrency.lockutils [None req-34550f92-c3a2-4b14-9f2b-484a1db5b505 tempest-DeleteServersTestJSON-2068797740 tempest-DeleteServersTestJSON-2068797740-project-member] Acquiring lock "e657a460-5889-4af6-b472-7d36d9439b4c" by "nova.context.set_target_cell..get_or_set_cached_cell_and_set_connections" {{(pid=98992) inner /opt/stack/data/venv/lib/python3.12/site-packages/oslo_concurrency/lockutils.py:512}}
Aug 02 18:54:54.704568 np0000006314 nova-conductor[98992]: DEBUG oslo_concurrency.lockutils [None req-34550f92-c3a2-4b14-9f2b-484a1db5b505 tempest-DeleteServersTestJSON-2068797740 tempest-DeleteServersTestJSON-2068797740-project-member] Lock "e657a460-5889-4af6-b472-7d36d9439b4c" acquired by "nova.context.set_target_cell..get_or_set_cached_cell_and_set_connections" :: waited 0.000s {{(pid=98992) inner /opt/stack/data/venv/lib/python3.12/site-packages/oslo_concurrency/lockutils.py:525}}
